000
CDUS46 KMTR 160836
CLIOAK


CLIMATE REPORT
NATIONAL WEATHER SERVICE SAN FRANCISCO BAY AREA
135 AM PDT TUE SEP 16 2014


...................................

...THE OAKLAND AIRPORT CLIMATE SUMMARY FOR SEPTEMBER 15 2014...

CLIMATE NORMAL PERIOD 1981 TO 2010
CLIMATE RECORD PERIOD 1948 TO 2014


WEATHER ITEM   OBSERVED TIME   RECORD YEAR NORMAL DEPARTURE LAST
                VALUE   (LST)  VALUE       VALUE  FROM      YEAR
                                                  NORMAL
..................................................................
TEMPERATURE (F)
 YESTERDAY
  MAXIMUM         77    312 PM  91    1971  75      2       73
  MINIMUM         62    633 AM  47    1955  55      7       60
  AVERAGE         70                        65      5       67

PRECIPITATION (IN)
  YESTERDAY        0.00          0.00 2006   0.01  -0.01     0.00
  MONTH TO DATE    0.00                      0.06  -0.06      T
  SINCE JUL 1      0.01                      0.12  -0.11      T
  SINCE JAN 1      7.99                     13.34  -5.35     2.82

SNOWFALL (IN)
  YESTERDAY        0.0                                       0.0
  MONTH TO DATE    0.0                                       0.0
  SINCE SEP 1      0.0                                       0.0
  SINCE JUL 1      0.0                                       0.0

DEGREE DAYS
 HEATING
  YESTERDAY        0                         2     -2        0
  MONTH TO DATE    1                        28    -27        3
  SINCE SEP 1      1                        28    -27        3
  SINCE JUL 1     26                       168   -142       90

 COOLING
  YESTERDAY        5                         2      3        2
  MONTH TO DATE   35                        30      5       47
  SINCE SEP 1     35                        30      5       47
  SINCE JAN 1    231                       110    121      191
..................................................................


WIND (MPH)
  RESULTANT WIND SPEED   8   RESULTANT WIND DIRECTION   W (280)
  HIGHEST WIND SPEED    18   HIGHEST WIND DIRECTION     W (270)
  HIGHEST GUST SPEED    49   HIGHEST GUST DIRECTION     E (90)
  AVERAGE WIND SPEED     9.2


SKY COVER
  POSSIBLE SUNSHINE  MM
  AVERAGE SKY COVER 0.5


WEATHER CONDITIONS
 THE FOLLOWING WEATHER WAS RECORDED YESTERDAY.
  NO SIGNIFICANT WEATHER WAS OBSERVED.


RELATIVE HUMIDITY (PERCENT)
 HIGHEST    84           100 AM
 LOWEST     43           300 PM
 AVERAGE    64

..........................................................


THE OAKLAND AIRPORT CLIMATE NORMALS FOR TODAY
                         NORMAL    RECORD    YEAR
 MAXIMUM TEMPERATURE (F)   75        94      1968
 MINIMUM TEMPERATURE (F)   54        47      2006


SUNRISE AND SUNSET
SEPTEMBER 16 2014.....SUNRISE   652 AM PDT   SUNSET   715 PM PDT
SEPTEMBER 17 2014.....SUNRISE   652 AM PDT   SUNSET   713 PM PDT


-  INDICATES NEGATIVE NUMBERS.
R  INDICATES RECORD WAS SET OR TIED.
MM INDICATES DATA IS MISSING.
T  INDICATES TRACE AMOUNT.




$$
