000
CDUS46 KMTR 240825
CLIOAK


CLIMATE REPORT
NATIONAL WEATHER SERVICE SAN FRANCISCO BAY AREA
1225 AM PST TUE JAN 24 2017


...................................

...THE OAKLAND AIRPORT CLIMATE SUMMARY FOR JANUARY 23 2017...

CLIMATE NORMAL PERIOD 1981 TO 2010
CLIMATE RECORD PERIOD 1948 TO 2017


WEATHER ITEM   OBSERVED TIME   RECORD YEAR NORMAL DEPARTURE LAST
                VALUE   (LST)  VALUE       VALUE  FROM      YEAR
                                                  NORMAL
..................................................................
TEMPERATURE (F)
 YESTERDAY
  MAXIMUM         53    308 PM  72    1948  58     -5       58
  MINIMUM         46    543 AM  30    2002  42      4       51
  AVERAGE         50                        50      0       55

PRECIPITATION (IN)
  YESTERDAY        0.18          1.05 1958   0.06   0.12     0.01
  MONTH TO DATE    7.53                      3.35   4.18     5.16
  SINCE OCT 1     15.96                     10.66   5.30    10.38
  SINCE JAN 1      7.53                      3.35   4.18     5.16

SNOWFALL (IN)
  YESTERDAY       MM                                         0.0
  MONTH TO DATE    0.0                                       0.0
  SINCE DEC 1      0.0                                       0.0
  SINCE JUL 1      0.0                                       0.0

DEGREE DAYS
 HEATING
  YESTERDAY       15                        15      0       10
  MONTH TO DATE  317                       369    -52      273
  SINCE DEC 1    756                       866   -110      760
  SINCE JUL 1   1126                      1541   -415     1157

 COOLING
  YESTERDAY        0                         0      0        0
  MONTH TO DATE    0                         0      0        0
  SINCE DEC 1      0                         0      0        0
  SINCE JAN 1      0                         0      0        0
..................................................................


WIND (MPH)
  RESULTANT WIND SPEED   6   RESULTANT WIND DIRECTION   S (180)
  HIGHEST WIND SPEED    18   HIGHEST WIND DIRECTION     W (290)
  HIGHEST GUST SPEED    23   HIGHEST GUST DIRECTION     W (280)
  AVERAGE WIND SPEED     6.6


SKY COVER
  POSSIBLE SUNSHINE  MM
  AVERAGE SKY COVER 0.8


WEATHER CONDITIONS
 THE FOLLOWING WEATHER WAS RECORDED YESTERDAY.
  LIGHT RAIN
  FOG


RELATIVE HUMIDITY (PERCENT)
 HIGHEST    93           500 AM
 LOWEST     71           300 PM
 AVERAGE    82

..........................................................


THE OAKLAND AIRPORT CLIMATE NORMALS FOR TODAY
                         NORMAL    RECORD    YEAR
 MAXIMUM TEMPERATURE (F)   58        69      2015
 MINIMUM TEMPERATURE (F)   42        33      2002


SUNRISE AND SUNSET
JANUARY 24 2017.......SUNRISE   718 AM PST   SUNSET   524 PM PST
JANUARY 25 2017.......SUNRISE   718 AM PST   SUNSET   525 PM PST


-  INDICATES NEGATIVE NUMBERS.
R  INDICATES RECORD WAS SET OR TIED.
MM INDICATES DATA IS MISSING.
T  INDICATES TRACE AMOUNT.




$$
