000
CDUS46 KMTR 180025
CLIOAK


CLIMATE REPORT
NATIONAL WEATHER SERVICE SAN FRANCISCO BAY AREA
525 PM PDT THU AUG 17 2017


...................................

...THE OAKLAND AIRPORT CLIMATE SUMMARY FOR AUGUST 17 2017...
VALID TODAY AS OF 0500 PM LOCAL TIME.

CLIMATE NORMAL PERIOD 1981 TO 2010
CLIMATE RECORD PERIOD 1948 TO 2017


WEATHER ITEM   OBSERVED TIME   RECORD YEAR NORMAL DEPARTURE LAST
                VALUE   (LST)  VALUE       VALUE  FROM      YEAR
                                                  NORMAL
..................................................................
TEMPERATURE (F)
 TODAY
  MAXIMUM         71    303 PM  88    1950  73     -2       70
  MINIMUM         59   1229 AM  49    2011  56      3       57
                                      2000
  AVERAGE         65                        64      1       64

PRECIPITATION (IN)
  TODAY            0.00          0.11 1976   0.00   0.00     0.00
  MONTH TO DATE    T                         0.01  -0.01      T
  SINCE OCT 1     28.48                     20.55   7.93    16.56
  SINCE JAN 1     20.05                     13.24   6.81    11.34

SNOWFALL (IN)
  TODAY            0.0           0.0  1985
  MONTH TO DATE    0.0
  SINCE JUN 1      0.0
  SINCE JUL 1      0.0

DEGREE DAYS
 HEATING
  TODAY            0                         2     -2        1
  MONTH TO DATE   18                        35    -17       16
  SINCE JUN 1     80                       221   -141       83
  SINCE JUL 1     41                       118    -77       52

 COOLING
  TODAY            0                         1     -1        0
  MONTH TO DATE   16                         9      7        2
  SINCE JUN 1    107                        45     62       51
  SINCE JAN 1    143                        61     82       85
..................................................................


WIND (MPH)
  RESULTANT WIND SPEED   7   RESULTANT WIND DIRECTION  NW (310)
  HIGHEST WIND SPEED    20   HIGHEST WIND DIRECTION     W (290)
  HIGHEST GUST SPEED    23   HIGHEST GUST DIRECTION     W (290)
  AVERAGE WIND SPEED     8.1


SKY COVER
  POSSIBLE SUNSHINE  MM
  AVERAGE SKY COVER 0.6


WEATHER CONDITIONS
 THE FOLLOWING WEATHER WAS RECORDED TODAY.
  FOG
  HAZE


RELATIVE HUMIDITY (PERCENT)
 HIGHEST    97           100 AM
 LOWEST     66          1200 PM
 AVERAGE    82

..........................................................


THE OAKLAND AIRPORT CLIMATE NORMALS FOR TOMORROW
                         NORMAL    RECORD    YEAR
 MAXIMUM TEMPERATURE (F)   73        87      1961
 MINIMUM TEMPERATURE (F)   56        49      2011


SUNRISE AND SUNSET
AUGUST 17 2017........SUNRISE   627 AM PDT   SUNSET   759 PM PDT
AUGUST 18 2017........SUNRISE   627 AM PDT   SUNSET   757 PM PDT


-  INDICATES NEGATIVE NUMBERS.
R  INDICATES RECORD WAS SET OR TIED.
MM INDICATES DATA IS MISSING.
T  INDICATES TRACE AMOUNT.




$$
