000
CDUS46 KMTR 230836
CLIOAK


CLIMATE REPORT
NATIONAL WEATHER SERVICE SAN FRANCISCO BAY AREA
136 AM PDT FRI JUN 23 2017


...................................

...THE OAKLAND AIRPORT CLIMATE SUMMARY FOR JUNE 22 2017...

CLIMATE NORMAL PERIOD 1981 TO 2010
CLIMATE RECORD PERIOD 1948 TO 2017


WEATHER ITEM   OBSERVED TIME   RECORD YEAR NORMAL DEPARTURE LAST
                VALUE   (LST)  VALUE       VALUE  FROM      YEAR
                                                  NORMAL
..................................................................
TEMPERATURE (F)
 YESTERDAY
  MAXIMUM         85   1248 PM  94    1957  71     14       67
  MINIMUM         61   1159 PM  50    2013  55      6       54
                                      1950
  AVERAGE         73                        63     10       61

PRECIPITATION (IN)
  YESTERDAY        0.00          0.01 2002   0.01  -0.01     0.00
  MONTH TO DATE    0.03                      0.17  -0.14      T
  SINCE OCT 1     28.48                     20.52   7.96    16.56
  SINCE JAN 1     20.05                     13.21   6.84    11.34

SNOWFALL (IN)
  YESTERDAY        0.0                                       0.0
  MONTH TO DATE    0.0                                       0.0
  SINCE JUN 1      0.0                                       0.0
  SINCE JUL 1      0.0                                       0.0

DEGREE DAYS
 HEATING
  YESTERDAY        0                         3     -3        4
  MONTH TO DATE   32                        82    -50       23
  SINCE JUN 1     32                        82    -50       23
  SINCE JUL 1   2021                      2852   -831     1915

 COOLING
  YESTERDAY        8                         1      7        0
  MONTH TO DATE   49                        11     38       27
  SINCE JUN 1     49                        11     38       27
  SINCE JAN 1     85                        27     58       61
..................................................................


WIND (MPH)
  RESULTANT WIND SPEED   8   RESULTANT WIND DIRECTION  NW (310)
  HIGHEST WIND SPEED    21   HIGHEST WIND DIRECTION    NW (310)
  HIGHEST GUST SPEED    26   HIGHEST GUST DIRECTION    NW (300)
  AVERAGE WIND SPEED     8.6


SKY COVER
  POSSIBLE SUNSHINE  MM
  AVERAGE SKY COVER 0.0


WEATHER CONDITIONS
 THE FOLLOWING WEATHER WAS RECORDED YESTERDAY.
  HAZE


RELATIVE HUMIDITY (PERCENT)
 HIGHEST    84           900 PM
 LOWEST     44          1100 AM
 AVERAGE    64

..........................................................


THE OAKLAND AIRPORT CLIMATE NORMALS FOR TODAY
                         NORMAL    RECORD    YEAR
 MAXIMUM TEMPERATURE (F)   71        93      1957
 MINIMUM TEMPERATURE (F)   55        48      1955


SUNRISE AND SUNSET
JUNE 23 2017..........SUNRISE   548 AM PDT   SUNSET   834 PM PDT
JUNE 24 2017..........SUNRISE   548 AM PDT   SUNSET   835 PM PDT


-  INDICATES NEGATIVE NUMBERS.
R  INDICATES RECORD WAS SET OR TIED.
MM INDICATES DATA IS MISSING.
T  INDICATES TRACE AMOUNT.




$$
