000
CDUS46 KMTR 300826
CLIOAK


CLIMATE REPORT
NATIONAL WEATHER SERVICE SAN FRANCISCO BAY AREA
126 AM PDT THU OCT 30 2014


...................................

...THE OAKLAND AIRPORT CLIMATE SUMMARY FOR OCTOBER 29 2014...

CLIMATE NORMAL PERIOD 1981 TO 2010
CLIMATE RECORD PERIOD 1948 TO 2014


WEATHER ITEM   OBSERVED TIME   RECORD YEAR NORMAL DEPARTURE LAST
                VALUE   (LST)  VALUE       VALUE  FROM      YEAR
                                                  NORMAL
..................................................................
TEMPERATURE (F)
 YESTERDAY
  MAXIMUM         77    358 PM  81    1955  67     10       62
  MINIMUM         50    600 AM  43    2009  49      1       47
                                      1971
  AVERAGE         64                        58      6       55

PRECIPITATION (IN)
  YESTERDAY        0.00          1.11 1975   0.08  -0.08      T
  MONTH TO DATE    0.25                      1.06  -0.81     0.01
  SINCE JUL 1      0.70                      1.34  -0.64     0.62
  SINCE JAN 1      8.68                     14.56  -5.88     3.44

SNOWFALL (IN)
  YESTERDAY        0.0                                       0.0
  MONTH TO DATE    0.0                                       0.0
  SINCE SEP 1      0.0                                       0.0
  SINCE JUL 1      0.0                                       0.0

DEGREE DAYS
 HEATING
  YESTERDAY        1                         7     -6       10
  MONTH TO DATE   57                       137    -80      150
  SINCE SEP 1     62                       197   -135      167
  SINCE JUL 1     87                       337   -250      254

 COOLING
  YESTERDAY        0                         0      0        0
  MONTH TO DATE   39                        12     27       13
  SINCE SEP 1    109                        57     52       68
  SINCE JAN 1    305                       137    168      212
..................................................................


WIND (MPH)
  RESULTANT WIND SPEED   2   RESULTANT WIND DIRECTION   W (280)
  HIGHEST WIND SPEED    15   HIGHEST WIND DIRECTION    NW (300)
  HIGHEST GUST SPEED    17   HIGHEST GUST DIRECTION    NW (300)
  AVERAGE WIND SPEED     3.5


SKY COVER
  POSSIBLE SUNSHINE  MM
  AVERAGE SKY COVER 0.1


WEATHER CONDITIONS
 THE FOLLOWING WEATHER WAS RECORDED YESTERDAY.
  FOG


RELATIVE HUMIDITY (PERCENT)
 HIGHEST    89           400 AM
 LOWEST     36           400 PM
 AVERAGE    63

..........................................................


THE OAKLAND AIRPORT CLIMATE NORMALS FOR TODAY
                         NORMAL    RECORD    YEAR
 MAXIMUM TEMPERATURE (F)   67        84      1966
 MINIMUM TEMPERATURE (F)   49        38      1948


SUNRISE AND SUNSET
OCTOBER 30 2014.......SUNRISE   732 AM PDT   SUNSET   612 PM PDT
OCTOBER 31 2014.......SUNRISE   733 AM PDT   SUNSET   611 PM PDT


-  INDICATES NEGATIVE NUMBERS.
R  INDICATES RECORD WAS SET OR TIED.
MM INDICATES DATA IS MISSING.
T  INDICATES TRACE AMOUNT.




$$
