000
CDUS43 KOAX 180810
CLIOAX


CLIMATE REPORT
NATIONAL WEATHER SERVICE OMAHA NEBRASKA
208 AM CST WED JAN 18 2017


...................................

...THE VALLEY  NWS, NEBRASKA CLIMATE SUMMARY FOR JANUARY 17 2017...

CLIMATE NORMAL PERIOD 1981 TO 2010
CLIMATE RECORD PERIOD 1997 TO 2017


WEATHER ITEM   OBSERVED TIME   NORMAL DEPARTURE LAST
                VALUE   (LST)  VALUE  FROM      YEAR
                                      NORMAL
......................................................
TEMPERATURE (F)
 YESTERDAY
  MAXIMUM         35    332 PM  32      3        8
  MINIMUM         24    811 AM  14     10       -5
  AVERAGE         30            23      7        2

PRECIPITATION (IN)
  YESTERDAY        0.00          0.02  -0.02      T
  MONTH TO DATE    0.79          0.39   0.40     0.49
  SINCE DEC 1      2.10          1.50   0.60     5.60
  SINCE JAN 1      0.79          0.39   0.40     0.49

SNOWFALL (IN)
  YESTERDAY        0.0                            T
  MONTH TO DATE    0.5                           1.8
  SINCE JUL 1      3.1                          14.2
  SNOW DEPTH       0

DEGREE DAYS
 HEATING
  YESTERDAY       35            42     -7       63
  MONTH TO DATE  733           714     19      714
  SINCE DEC 1   1911          1924    -13     1678
  SINCE JUL 1   2700          3194   -494     2563

 COOLING
  YESTERDAY        0             0      0        0
  MONTH TO DATE    0             0      0        0
  SINCE DEC 1      0             0      0        0
  SINCE JAN 1      0             0      0        0
......................................................


WIND (MPH)
  HIGHEST WIND SPEED    MM   HIGHEST WIND DIRECTION    MM
  HIGHEST GUST SPEED    25   HIGHEST GUST DIRECTION    MM


SKY COVER
  POSSIBLE SUNSHINE  MM


WEATHER CONDITIONS
 THE FOLLOWING WEATHER WAS RECORDED YESTERDAY.
  NO SIGNIFICANT WEATHER WAS OBSERVED.


..........................................................


THE VALLEY  NWS, NEBRASKA CLIMATE NORMALS FOR TODAY
                         NORMAL
 MAXIMUM TEMPERATURE (F)   32
 MINIMUM TEMPERATURE (F)   14


SUNRISE AND SUNSET
JANUARY 18 2017.......SUNRISE   747 AM CST   SUNSET   525 PM CST
JANUARY 19 2017.......SUNRISE   747 AM CST   SUNSET   526 PM CST


-  INDICATES NEGATIVE NUMBERS.
R  INDICATES RECORD WAS SET OR TIED.
MM INDICATES DATA IS MISSING.
T  INDICATES TRACE AMOUNT.




$$
