000
CDUS43 KOAX 280625
CLIOAX


CLIMATE REPORT
NATIONAL WEATHER SERVICE OMAHA NEBRASKA
125 AM CDT TUE MAR 28 2017


...................................

...THE VALLEY  NWS, NEBRASKA CLIMATE SUMMARY FOR MARCH 27 2017...

CLIMATE NORMAL PERIOD 1981 TO 2010
CLIMATE RECORD PERIOD 1997 TO 2017


WEATHER ITEM   OBSERVED TIME   NORMAL DEPARTURE LAST
                VALUE   (LST)  VALUE  FROM      YEAR
                                      NORMAL
......................................................
TEMPERATURE (F)
 YESTERDAY
  MAXIMUM         51    342 PM  54     -3       49
  MINIMUM         39   1135 PM  32      7       30
  AVERAGE         45            43      2       40

PRECIPITATION (IN)
  YESTERDAY        0.03          0.08  -0.05     0.00
  MONTH TO DATE    1.57          1.63  -0.06     1.03
  SINCE MAR 1      1.57          1.63  -0.06     1.03
  SINCE JAN 1      3.28          3.34  -0.06     2.77

SNOWFALL (IN)
  YESTERDAY        0.0                           0.0
  MONTH TO DATE    0.5                           0.2
  SINCE JUL 1     11.8                          28.7
  SNOW DEPTH       0

DEGREE DAYS
 HEATING
  YESTERDAY       20            22     -2       25
  MONTH TO DATE  600           744   -144      504
  SINCE MAR 1    600           744   -144      504
  SINCE JUL 1   4477          5575  -1098     4492

 COOLING
  YESTERDAY        0             0      0        0
  MONTH TO DATE    0             0      0        0
  SINCE MAR 1      0             0      0        0
  SINCE JAN 1      0             0      0        0
......................................................


WIND (MPH)
  HIGHEST WIND SPEED    MM   HIGHEST WIND DIRECTION    MM
  HIGHEST GUST SPEED    14   HIGHEST GUST DIRECTION    MM


SKY COVER
  POSSIBLE SUNSHINE  MM


WEATHER CONDITIONS
 THE FOLLOWING WEATHER WAS RECORDED YESTERDAY.
  LIGHT RAIN


..........................................................


THE VALLEY  NWS, NEBRASKA CLIMATE NORMALS FOR TODAY
                         NORMAL
 MAXIMUM TEMPERATURE (F)   54
 MINIMUM TEMPERATURE (F)   33


SUNRISE AND SUNSET
MARCH 28 2017.........SUNRISE   715 AM CDT   SUNSET   747 PM CDT
MARCH 29 2017.........SUNRISE   713 AM CDT   SUNSET   748 PM CDT


-  INDICATES NEGATIVE NUMBERS.
R  INDICATES RECORD WAS SET OR TIED.
MM INDICATES DATA IS MISSING.
T  INDICATES TRACE AMOUNT.




$$
