000
CDUS43 KOAX 032127 CCA
CLIOAX

CLIMATE REPORT...CORRECTION
NATIONAL WEATHER SERVICE OMAHA NEBRASKA
132 AM CDT MON AUG 3 2015

...CORRECTED TIME OF LOW...


...................................

...THE VALLEY  NWS, NEBRASKA CLIMATE SUMMARY FOR AUGUST 2 2015...

CLIMATE NORMAL PERIOD 1981 TO 2010
CLIMATE RECORD PERIOD 1997 TO 2015


WEATHER ITEM   OBSERVED TIME   NORMAL DEPARTURE LAST
                VALUE   (LST)  VALUE  FROM      YEAR
                                      NORMAL
......................................................
TEMPERATURE (F)
 YESTERDAY
  MAXIMUM         94    338 PM  86      8       84
  MINIMUM         71    703 AM  67      4       64
  AVERAGE         83            76      7       74

PRECIPITATION (IN)
  YESTERDAY        0.13          0.13   0.00     0.00
  MONTH TO DATE    0.13          0.25  -0.12     0.00
  SINCE JUN 1      8.20          9.79  -1.59    12.57
  SINCE JAN 1     20.05         21.11  -1.06    21.48

SNOWFALL (IN)
  YESTERDAY        0.0                           0.0
  MONTH TO DATE    0.0                           0.0
  SINCE JUL 1      0.0                           0.0
  SNOW DEPTH       0

DEGREE DAYS
 HEATING
  YESTERDAY        0             0      0        0
  MONTH TO DATE    0             0      0        0
  SINCE JUN 1      1            17    -16        5
  SINCE JUL 1      0             1     -1        1

 COOLING
  YESTERDAY       18            11      7        9
  MONTH TO DATE   27            22      5       17
  SINCE JUN 1    604           615    -11      504
  SINCE JAN 1    635           687    -52      634
......................................................


WIND (MPH)
  HIGHEST WIND SPEED    MM   HIGHEST WIND DIRECTION    MM
  HIGHEST GUST SPEED    22   HIGHEST GUST DIRECTION    MM


SKY COVER
  POSSIBLE SUNSHINE  MM


WEATHER CONDITIONS
 THE FOLLOWING WEATHER WAS RECORDED YESTERDAY.
  THUNDERSTORM
  LIGHT RAIN


..........................................................


THE VALLEY  NWS, NEBRASKA CLIMATE NORMALS FOR TODAY
                         NORMAL
 MAXIMUM TEMPERATURE (F)   86
 MINIMUM TEMPERATURE (F)   67


SUNRISE AND SUNSET
AUGUST  3 2015........SUNRISE   622 AM CDT   SUNSET   840 PM CDT
AUGUST  4 2015........SUNRISE   623 AM CDT   SUNSET   839 PM CDT


-  INDICATES NEGATIVE NUMBERS.
R  INDICATES RECORD WAS SET OR TIED.
MM INDICATES DATA IS MISSING.
T  INDICATES TRACE AMOUNT.




$$

COR BY KLISH
