000
CDUS43 KOAX 240630
CLIOAX


CLIMATE REPORT
NATIONAL WEATHER SERVICE OMAHA NEBRASKA
129 AM CDT WED MAY 24 2017


...................................

...THE VALLEY  NWS, NEBRASKA CLIMATE SUMMARY FOR MAY 23 2017...

CLIMATE NORMAL PERIOD 1981 TO 2010
CLIMATE RECORD PERIOD 1997 TO 2017


WEATHER ITEM   OBSERVED TIME   NORMAL DEPARTURE LAST
                VALUE   (LST)  VALUE  FROM      YEAR
                                      NORMAL
......................................................
TEMPERATURE (F)
 YESTERDAY
  MAXIMUM         59    136 PM  75    -16       75
  MINIMUM         49    517 AM  55     -6       61
  AVERAGE         54            65    -11       68

PRECIPITATION (IN)
  YESTERDAY        0.03          0.14  -0.11     1.90
  MONTH TO DATE    7.23          3.36   3.87     6.07
  SINCE MAR 1     13.62          8.39   5.23    13.86
  SINCE JAN 1     15.33         10.10   5.23    15.60

SNOWFALL (IN)
  YESTERDAY        0.0                           0.0
  MONTH TO DATE    T                             0.0
  SINCE JUL 1     11.8                          28.7
  SNOW DEPTH       0

DEGREE DAYS
 HEATING
  YESTERDAY       11             3      8        0
  MONTH TO DATE  123           133    -10      129
  SINCE MAR 1   1161          1400   -239     1011
  SINCE JUL 1   5038          6231  -1193     4999

 COOLING
  YESTERDAY        0             3     -3        3
  MONTH TO DATE   51            37     14       13
  SINCE MAR 1     54            44     10       13
  SINCE JAN 1     54            44     10       13
......................................................


WIND (MPH)
  HIGHEST WIND SPEED    MM   HIGHEST WIND DIRECTION    MM
  HIGHEST GUST SPEED    29   HIGHEST GUST DIRECTION    MM


SKY COVER
  POSSIBLE SUNSHINE  MM


WEATHER CONDITIONS
 THE FOLLOWING WEATHER WAS RECORDED YESTERDAY.
  LIGHT RAIN


..........................................................


THE VALLEY  NWS, NEBRASKA CLIMATE NORMALS FOR TODAY
                         NORMAL
 MAXIMUM TEMPERATURE (F)   75
 MINIMUM TEMPERATURE (F)   55


SUNRISE AND SUNSET
MAY 24 2017...........SUNRISE   559 AM CDT   SUNSET   846 PM CDT
MAY 25 2017...........SUNRISE   558 AM CDT   SUNSET   847 PM CDT


-  INDICATES NEGATIVE NUMBERS.
R  INDICATES RECORD WAS SET OR TIED.
MM INDICATES DATA IS MISSING.
T  INDICATES TRACE AMOUNT.




$$
