000
CDUS43 KOAX 232128
CLIOAX


CLIMATE REPORT
NATIONAL WEATHER SERVICE OMAHA NEBRASKA
427 PM CDT MON OCT 23 2017


...................................

...THE VALLEY  NWS, NEBRASKA CLIMATE SUMMARY FOR OCTOBER 23 2017...
VALID TODAY AS OF 0400 PM LOCAL TIME.

CLIMATE NORMAL PERIOD 1981 TO 2010
CLIMATE RECORD PERIOD 1997 TO 2017


WEATHER ITEM   OBSERVED TIME   NORMAL DEPARTURE LAST
                VALUE   (LST)  VALUE  FROM      YEAR
                                      NORMAL
......................................................
TEMPERATURE (F)
 TODAY
  MAXIMUM         65   1235 PM  61      4       71
  MINIMUM         48    417 AM  39      9       45
  AVERAGE         57            50      7       58

PRECIPITATION (IN)
  TODAY            T             0.07  -0.07     0.00
  MONTH TO DATE    5.41          1.79   3.62     1.71
  SINCE SEP 1     10.35          4.64   5.71     4.33
  SINCE JAN 1     35.57         29.56   6.01    41.77

SNOWFALL (IN)
  TODAY            0.0                           0.0
  MONTH TO DATE    0.0                           0.0
  SINCE JUL 1      0.0                           0.0
  SNOW DEPTH       0

DEGREE DAYS
 HEATING
  TODAY            8            15     -7        7
  MONTH TO DATE  150           249    -99      168
  SINCE SEP 1    184           339   -155      206
  SINCE JUL 1    184           345   -161      208

 COOLING
  TODAY            0             0      0        0
  MONTH TO DATE   14            13      1        8
  SINCE SEP 1    200           121     79      182
  SINCE JAN 1   1205          1072    133     1279
......................................................


WIND (MPH)
  HIGHEST WIND SPEED    MM   HIGHEST WIND DIRECTION    MM
  HIGHEST GUST SPEED    47   HIGHEST GUST DIRECTION    MM



WEATHER CONDITIONS
 THE FOLLOWING WEATHER WAS RECORDED TODAY.
  NO SIGNIFICANT WEATHER WAS OBSERVED.


..........................................................


THE VALLEY  NWS, NEBRASKA CLIMATE NORMALS FOR TOMORROW
                         NORMAL
 MAXIMUM TEMPERATURE (F)   61
 MINIMUM TEMPERATURE (F)   39


SUNRISE AND SUNSET
OCTOBER 23 2017.......SUNRISE   747 AM CDT   SUNSET   632 PM CDT
OCTOBER 24 2017.......SUNRISE   748 AM CDT   SUNSET   631 PM CDT


-  INDICATES NEGATIVE NUMBERS.
R  INDICATES RECORD WAS SET OR TIED.
MM INDICATES DATA IS MISSING.
T  INDICATES TRACE AMOUNT.




$$
