000
CDUS43 KGID 050639
CLIODX


CLIMATE REPORT
NATIONAL WEATHER SERVICE HASTINGS NE
1238 AM CST THU MAR 5 2015


...................................

...THE ORD NE CLIMATE SUMMARY FOR MARCH 4 2015...

CLIMATE NORMAL PERIOD 1981 TO 2010
CLIMATE RECORD PERIOD 1895 TO 2015


WEATHER ITEM   OBSERVED TIME   NORMAL DEPARTURE LAST
                VALUE   (LST)  VALUE  FROM      YEAR
                                      NORMAL
......................................................
TEMPERATURE (F)
 YESTERDAY
  MAXIMUM         28    331 PM  46    -18       46
  MINIMUM         -1   1131 PM  20    -21        8
  AVERAGE         14            33    -19       27

PRECIPITATION (IN)
  YESTERDAY        0.00          0.02  -0.02      T
  MONTH TO DATE    T             0.06  -0.06     0.01
  SINCE MAR 1      T             0.06  -0.06     0.01
  SINCE JAN 1      0.74          0.87  -0.13     0.26

DEGREE DAYS
 HEATING
  YESTERDAY       51            32     19       38
  MONTH TO DATE  170           131     39      219
  SINCE MAR 1    170           131     39      219
  SINCE JUL 1   5302          5148    154     5372

 COOLING
  YESTERDAY        0             0      0        0
  MONTH TO DATE    0             0      0        0
  SINCE MAR 1      0             0      0        0
  SINCE JAN 1      0             0      0        0
......................................................


WIND (MPH)
  HIGHEST WIND SPEED    25   HIGHEST WIND DIRECTION    NW (330)
  HIGHEST GUST SPEED    37   HIGHEST GUST DIRECTION    NW (320)
  AVERAGE WIND SPEED     9.8


SKY COVER
  AVERAGE SKY COVER 0.1


WEATHER CONDITIONS
 THE FOLLOWING WEATHER WAS RECORDED YESTERDAY.
  NO SIGNIFICANT WEATHER WAS OBSERVED.


RELATIVE HUMIDITY (PERCENT)
 HIGHEST    73           300 AM
 LOWEST     24           200 PM
 AVERAGE    49

..........................................................


THE ORD NE CLIMATE NORMALS FOR TODAY
                         NORMAL
 MAXIMUM TEMPERATURE (F)   46
 MINIMUM TEMPERATURE (F)   20


SUNRISE AND SUNSET
MARCH  5 2015.........SUNRISE   704 AM CST   SUNSET   631 PM CST
MARCH  6 2015.........SUNRISE   703 AM CST   SUNSET   632 PM CST


-  INDICATES NEGATIVE NUMBERS.
R  INDICATES RECORD WAS SET OR TIED.
MM INDICATES DATA IS MISSING.
T  INDICATES TRACE AMOUNT.




$$
