000
CDUS43 KGID 120736
CLIODX


CLIMATE REPORT
NATIONAL WEATHER SERVICE HASTINGS NE
136 AM CST TUE DEC 12 2017


...................................

...THE ORD NE CLIMATE SUMMARY FOR DECEMBER 11 2017...

CLIMATE NORMAL PERIOD 1981 TO 2010
CLIMATE RECORD PERIOD 1895 TO 2017


WEATHER ITEM   OBSERVED TIME   NORMAL DEPARTURE LAST
                VALUE   (LST)  VALUE  FROM      YEAR
                                      NORMAL
......................................................
TEMPERATURE (F)
 YESTERDAY
  MAXIMUM         49    357 AM  37     12       26
  MINIMUM         27   1121 PM  14     13        3
  AVERAGE         38            25     13       15

PRECIPITATION (IN)
  YESTERDAY        T             0.02  -0.02     0.00
  MONTH TO DATE    0.01          0.41  -0.40     0.01
  SINCE DEC 1      0.01          0.41  -0.40     0.01
  SINCE JAN 1     28.65         24.76   3.89    30.22

DEGREE DAYS
 HEATING
  YESTERDAY       27            40    -13       50
  MONTH TO DATE  327           419    -92      454
  SINCE DEC 1    327           419    -92      454
  SINCE JUL 1   1672          1900   -228     1570

 COOLING
  YESTERDAY        0             0      0        0
  MONTH TO DATE    0             0      0        0
  SINCE DEC 1      0             0      0        0
  SINCE JAN 1    840           845     -5      887
......................................................


WIND (MPH)
  HIGHEST WIND SPEED    40   HIGHEST WIND DIRECTION    NW (330)
  HIGHEST GUST SPEED    54   HIGHEST GUST DIRECTION     N (340)
  AVERAGE WIND SPEED    20.3


SKY COVER
  AVERAGE SKY COVER 0.4


WEATHER CONDITIONS
 THE FOLLOWING WEATHER WAS RECORDED YESTERDAY.
  LIGHT RAIN
  FOG


RELATIVE HUMIDITY (PERCENT)
 HIGHEST    89           900 PM
 LOWEST     26           400 AM
 AVERAGE    58

..........................................................


THE ORD NE CLIMATE NORMALS FOR TODAY
                         NORMAL
 MAXIMUM TEMPERATURE (F)   37
 MINIMUM TEMPERATURE (F)   13


SUNRISE AND SUNSET
DECEMBER 12 2017......SUNRISE   753 AM CST   SUNSET   506 PM CST
DECEMBER 13 2017......SUNRISE   754 AM CST   SUNSET   506 PM CST


-  INDICATES NEGATIVE NUMBERS.
R  INDICATES RECORD WAS SET OR TIED.
MM INDICATES DATA IS MISSING.
T  INDICATES TRACE AMOUNT.




$$
