000
CDUS43 KGID 020739
CLIODX


CLIMATE REPORT
NATIONAL WEATHER SERVICE HASTINGS NE
239 AM CDT MON MAY 2 2016


...................................

...THE ORD NE CLIMATE SUMMARY FOR MAY 1 2016...

CLIMATE NORMAL PERIOD 1981 TO 2010
CLIMATE RECORD PERIOD 1895 TO 2016


WEATHER ITEM   OBSERVED TIME   NORMAL DEPARTURE LAST
                VALUE   (LST)  VALUE  FROM      YEAR
                                      NORMAL
......................................................
TEMPERATURE (F)
 YESTERDAY
  MAXIMUM         55    452 PM  67    -12       76
  MINIMUM         36   1151 PM  41     -5       49
  AVERAGE         46            54     -8       63

PRECIPITATION (IN)
  YESTERDAY        0.22          0.12   0.10     0.00
  MONTH TO DATE    0.22          0.12   0.10     0.00
  SINCE MAR 1     10.56          4.16   6.40     2.74
  SINCE JAN 1     11.71          4.97   6.74     3.48

DEGREE DAYS
 HEATING
  YESTERDAY       19            11      8        2
  MONTH TO DATE   19            11      8        2
  SINCE MAR 1   1137          1347   -210     1151
  SINCE JUL 1   5486          6364   -878     6283

 COOLING
  YESTERDAY        0             0      0        0
  MONTH TO DATE    0             0      0        0
  SINCE MAR 1      0             2     -2        4
  SINCE JAN 1      0             2     -2        4
......................................................


WIND (MPH)
  HIGHEST WIND SPEED    23   HIGHEST WIND DIRECTION    NE (30)
  HIGHEST GUST SPEED    33   HIGHEST GUST DIRECTION     N (20)
  AVERAGE WIND SPEED    14.1


SKY COVER
  AVERAGE SKY COVER 0.8


WEATHER CONDITIONS
 THE FOLLOWING WEATHER WAS RECORDED YESTERDAY.
  RAIN
  LIGHT RAIN
  FOG


RELATIVE HUMIDITY (PERCENT)
 HIGHEST    93           300 AM
 LOWEST     59           300 PM
 AVERAGE    76

..........................................................


THE ORD NE CLIMATE NORMALS FOR TODAY
                         NORMAL
 MAXIMUM TEMPERATURE (F)   67
 MINIMUM TEMPERATURE (F)   42


SUNRISE AND SUNSET
MAY  2 2016...........SUNRISE   631 AM CDT   SUNSET   835 PM CDT
MAY  3 2016...........SUNRISE   629 AM CDT   SUNSET   837 PM CDT


-  INDICATES NEGATIVE NUMBERS.
R  INDICATES RECORD WAS SET OR TIED.
MM INDICATES DATA IS MISSING.
T  INDICATES TRACE AMOUNT.




$$
