000
CDUS43 KGID 030625
CLIODX


CLIMATE REPORT
NATIONAL WEATHER SERVICE HASTINGS NE
124 AM CDT MON AUG 3 2015


...................................

...THE ORD NE CLIMATE SUMMARY FOR AUGUST 2 2015...

CLIMATE NORMAL PERIOD 1981 TO 2010
CLIMATE RECORD PERIOD 1895 TO 2015


WEATHER ITEM   OBSERVED TIME   NORMAL DEPARTURE LAST
                VALUE   (LST)  VALUE  FROM      YEAR
                                      NORMAL
......................................................
TEMPERATURE (F)
 YESTERDAY
  MAXIMUM         96    254 PM  87      9       90
  MINIMUM         57    507 AM  62     -5       60
  AVERAGE         77            75      2       75

PRECIPITATION (IN)
  YESTERDAY        0.00          0.10  -0.10     0.04
  MONTH TO DATE    0.25          0.19   0.06     0.04
  SINCE JUN 1      6.20          7.28  -1.08    10.19
  SINCE JAN 1     12.66         15.94  -3.28    12.41

DEGREE DAYS
 HEATING
  YESTERDAY        0             0      0        0
  MONTH TO DATE    0             0      0        0
  SINCE JUN 1     11            42    -31       51
  SINCE JUL 1      5             5      0       19

 COOLING
  YESTERDAY       12            10      2       10
  MONTH TO DATE   20            20      0       15
  SINCE JUN 1    480           479      1      346
  SINCE JAN 1    489           520    -31      415
......................................................


WIND (MPH)
  HIGHEST WIND SPEED    21   HIGHEST WIND DIRECTION     W (270)
  HIGHEST GUST SPEED    25   HIGHEST GUST DIRECTION     W (260)
  AVERAGE WIND SPEED     4.6


SKY COVER
  AVERAGE SKY COVER 0.0


WEATHER CONDITIONS
 THE FOLLOWING WEATHER WAS RECORDED YESTERDAY.
  THUNDERSTORM


RELATIVE HUMIDITY (PERCENT)
 HIGHEST   100           400 AM
 LOWEST     33           100 PM
 AVERAGE    67

..........................................................


THE ORD NE CLIMATE NORMALS FOR TODAY
                         NORMAL
 MAXIMUM TEMPERATURE (F)   87
 MINIMUM TEMPERATURE (F)   62


SUNRISE AND SUNSET
AUGUST  3 2015........SUNRISE   632 AM CDT   SUNSET   851 PM CDT
AUGUST  4 2015........SUNRISE   633 AM CDT   SUNSET   850 PM CDT


-  INDICATES NEGATIVE NUMBERS.
R  INDICATES RECORD WAS SET OR TIED.
MM INDICATES DATA IS MISSING.
T  INDICATES TRACE AMOUNT.




$$
