000
CDUS43 KGID 080624
CLIODX


CLIMATE REPORT
NATIONAL WEATHER SERVICE HASTINGS NE
123 AM CDT WED JUL 8 2015


...................................

...THE ORD NE CLIMATE SUMMARY FOR JULY 7 2015...

CLIMATE NORMAL PERIOD 1981 TO 2010
CLIMATE RECORD PERIOD 1895 TO 2015


WEATHER ITEM   OBSERVED TIME   NORMAL DEPARTURE LAST
                VALUE   (LST)  VALUE  FROM      YEAR
                                      NORMAL
......................................................
TEMPERATURE (F)
 YESTERDAY
  MAXIMUM         76    441 PM  87    -11       85
  MINIMUM         49    532 AM  61    -12       56
  AVERAGE         63            74    -11       71

PRECIPITATION (IN)
  YESTERDAY        0.00          0.09  -0.09     0.13
  MONTH TO DATE    0.17          0.66  -0.49     0.13
  SINCE JUN 1      3.44          4.78  -1.34     8.21
  SINCE JAN 1      9.90         13.44  -3.54    10.43

DEGREE DAYS
 HEATING
  YESTERDAY        2             0      2        0
  MONTH TO DATE    2             0      2        5
  SINCE JUN 1      8            37    -29       37
  SINCE JUL 1      2             0      2        5

 COOLING
  YESTERDAY        0             9     -9        6
  MONTH TO DATE   46            61    -15       37
  SINCE JUN 1    206           223    -17      183
  SINCE JAN 1    215           264    -49      252
......................................................


WIND (MPH)
  HIGHEST WIND SPEED    13   HIGHEST WIND DIRECTION     E (70)
  HIGHEST GUST SPEED    16   HIGHEST GUST DIRECTION     E (80)
  AVERAGE WIND SPEED     4.7


SKY COVER
  AVERAGE SKY COVER 0.1


WEATHER CONDITIONS
 THE FOLLOWING WEATHER WAS RECORDED YESTERDAY.
  FOG
  HAZE


RELATIVE HUMIDITY (PERCENT)
 HIGHEST    96           200 AM
 LOWEST     38           300 PM
 AVERAGE    67

..........................................................


THE ORD NE CLIMATE NORMALS FOR TODAY
                         NORMAL
 MAXIMUM TEMPERATURE (F)   87
 MINIMUM TEMPERATURE (F)   61


SUNRISE AND SUNSET
JULY  8 2015..........SUNRISE   609 AM CDT   SUNSET   912 PM CDT
JULY  9 2015..........SUNRISE   610 AM CDT   SUNSET   912 PM CDT


-  INDICATES NEGATIVE NUMBERS.
R  INDICATES RECORD WAS SET OR TIED.
MM INDICATES DATA IS MISSING.
T  INDICATES TRACE AMOUNT.




$$

BRYANT
