000
CDUS43 KGID 160647
CLIODX


CLIMATE REPORT
NATIONAL WEATHER SERVICE HASTINGS NE
144 AM CDT WED AUG 16 2017


...................................

...THE ORD NE CLIMATE SUMMARY FOR AUGUST 15 2017...

CLIMATE NORMAL PERIOD 1981 TO 2010
CLIMATE RECORD PERIOD 1895 TO 2017


WEATHER ITEM   OBSERVED TIME   NORMAL DEPARTURE LAST
                VALUE   (LST)  VALUE  FROM      YEAR
                                      NORMAL
......................................................
TEMPERATURE (F)
 YESTERDAY
  MAXIMUM         82    300 PM  86     -4       87
  MINIMUM         64    627 PM  61      3       59
  AVERAGE         73            74     -1       73

PRECIPITATION (IN)
  YESTERDAY        2.08          0.11   1.97     0.00
  MONTH TO DATE    3.37          1.56   1.81     0.38
  SINCE JUN 1      6.49          8.65  -2.16    10.56
  SINCE JAN 1     17.61         17.31   0.30    27.10

DEGREE DAYS
 HEATING
  YESTERDAY        0             0      0        0
  MONTH TO DATE    8             0      8        0
  SINCE JUN 1     18            42    -24       10
  SINCE JUL 1      8             5      3        8

 COOLING
  YESTERDAY        8             9     -1        8
  MONTH TO DATE   54           142    -88      133
  SINCE JUN 1    651           601     50      687
  SINCE JAN 1    665           642     23      709
......................................................


WIND (MPH)
  HIGHEST WIND SPEED    24   HIGHEST WIND DIRECTION     N (350)
  HIGHEST GUST SPEED    35   HIGHEST GUST DIRECTION     N (350)
  AVERAGE WIND SPEED    10.4


SKY COVER
  AVERAGE SKY COVER 0.6


WEATHER CONDITIONS
 THE FOLLOWING WEATHER WAS RECORDED YESTERDAY.
  THUNDERSTORM
  HEAVY RAIN
  RAIN
  LIGHT RAIN
  FOG


RELATIVE HUMIDITY (PERCENT)
 HIGHEST    87           600 AM
 LOWEST     60          1100 AM
 AVERAGE    74

..........................................................


THE ORD NE CLIMATE NORMALS FOR TODAY
                         NORMAL
 MAXIMUM TEMPERATURE (F)   86
 MINIMUM TEMPERATURE (F)   61


SUNRISE AND SUNSET
AUGUST 16 2017........SUNRISE   646 AM CDT   SUNSET   834 PM CDT
AUGUST 17 2017........SUNRISE   647 AM CDT   SUNSET   832 PM CDT


-  INDICATES NEGATIVE NUMBERS.
R  INDICATES RECORD WAS SET OR TIED.
MM INDICATES DATA IS MISSING.
T  INDICATES TRACE AMOUNT.




$$
