000
CDUS43 KGID 300636
CLIODX


CLIMATE REPORT
NATIONAL WEATHER SERVICE HASTINGS NE
136 AM CDT TUE SEP 30 2014


...................................

...THE ORD NE CLIMATE SUMMARY FOR SEPTEMBER 29 2014...

CLIMATE NORMAL PERIOD 1981 TO 2010
CLIMATE RECORD PERIOD 1895 TO 2014


WEATHER ITEM   OBSERVED TIME   NORMAL DEPARTURE LAST
                VALUE   (LST)  VALUE  FROM      YEAR
                                      NORMAL
......................................................
TEMPERATURE (F)
 YESTERDAY
  MAXIMUM         83    206 PM  72     11       79
  MINIMUM         51    636 AM  43      8       43
  AVERAGE         67            57     10       61

PRECIPITATION (IN)
  YESTERDAY        0.00          0.06  -0.06     0.00
  MONTH TO DATE    1.67          2.39  -0.72     2.80
  SINCE SEP 1      1.67          2.39  -0.72     2.80
  SINCE JAN 1     19.31         21.30  -1.99    22.23

DEGREE DAYS
 HEATING
  YESTERDAY        0             9     -9        4
  MONTH TO DATE  137           114     23       45
  SINCE SEP 1    137           114     23       45
  SINCE JUL 1    156           128     28       52

 COOLING
  YESTERDAY        2             1      1        0
  MONTH TO DATE   53            81    -28      144
  SINCE SEP 1     53            81    -28      144
  SINCE JAN 1    688           838   -150      904
......................................................


WIND (MPH)
  HIGHEST WIND SPEED    18   HIGHEST WIND DIRECTION    SE (140)
  HIGHEST GUST SPEED    27   HIGHEST GUST DIRECTION    SE (130)
  AVERAGE WIND SPEED     6.6


SKY COVER
  AVERAGE SKY COVER 0.2


WEATHER CONDITIONS
 THE FOLLOWING WEATHER WAS RECORDED YESTERDAY.
  FOG


RELATIVE HUMIDITY (PERCENT)
 HIGHEST   100           400 AM
 LOWEST     39           300 PM
 AVERAGE    70

..........................................................


THE ORD NE CLIMATE NORMALS FOR TODAY
                         NORMAL
 MAXIMUM TEMPERATURE (F)   71
 MINIMUM TEMPERATURE (F)   42


SUNRISE AND SUNSET
SEPTEMBER 30 2014.....SUNRISE   732 AM CDT   SUNSET   719 PM CDT
OCTOBER  1 2014.......SUNRISE   733 AM CDT   SUNSET   717 PM CDT


-  INDICATES NEGATIVE NUMBERS.
R  INDICATES RECORD WAS SET OR TIED.
MM INDICATES DATA IS MISSING.
T  INDICATES TRACE AMOUNT.




$$
