000
CDUS43 KGID 260707
CLIODX


CLIMATE REPORT
NATIONAL WEATHER SERVICE HASTINGS NE
206 AM CDT FRI AUG 26 2016


...................................

...THE ORD NE CLIMATE SUMMARY FOR AUGUST 25 2016...

CLIMATE NORMAL PERIOD 1981 TO 2010
CLIMATE RECORD PERIOD 1895 TO 2016


WEATHER ITEM   OBSERVED TIME   NORMAL DEPARTURE LAST
                VALUE   (LST)  VALUE  FROM      YEAR
                                      NORMAL
......................................................
TEMPERATURE (F)
 YESTERDAY
  MAXIMUM         78    500 PM  85     -7       82
  MINIMUM         54   1141 PM  59     -5       48
  AVERAGE         66            72     -6       65

PRECIPITATION (IN)
  YESTERDAY        0.00          0.10  -0.10     0.00
  MONTH TO DATE    0.44          2.64  -2.20     2.13
  SINCE JUN 1     10.62          9.73   0.89     8.08
  SINCE JAN 1     27.16         18.39   8.77    14.54

DEGREE DAYS
 HEATING
  YESTERDAY        0             0      0        0
  MONTH TO DATE    3             0      3       18
  SINCE JUN 1     13            42    -29       29
  SINCE JUL 1     11             5      6       23

 COOLING
  YESTERDAY        1             7     -6        0
  MONTH TO DATE  195           220    -25      153
  SINCE JUN 1    749           679     70      613
  SINCE JAN 1    771           720     51      622
......................................................


WIND (MPH)
  HIGHEST WIND SPEED    14   HIGHEST WIND DIRECTION     N (360)
  HIGHEST GUST SPEED    18   HIGHEST GUST DIRECTION     N (360)
  AVERAGE WIND SPEED     4.5


SKY COVER
  AVERAGE SKY COVER 0.0


WEATHER CONDITIONS
 THE FOLLOWING WEATHER WAS RECORDED YESTERDAY.
  NO SIGNIFICANT WEATHER WAS OBSERVED.


RELATIVE HUMIDITY (PERCENT)
 HIGHEST    93           500 AM
 LOWEST     35           500 PM
 AVERAGE    64

..........................................................


THE ORD NE CLIMATE NORMALS FOR TODAY
                         NORMAL
 MAXIMUM TEMPERATURE (F)   84
 MINIMUM TEMPERATURE (F)   59


SUNRISE AND SUNSET
AUGUST 26 2016........SUNRISE   656 AM CDT   SUNSET   818 PM CDT
AUGUST 27 2016........SUNRISE   657 AM CDT   SUNSET   816 PM CDT


-  INDICATES NEGATIVE NUMBERS.
R  INDICATES RECORD WAS SET OR TIED.
MM INDICATES DATA IS MISSING.
T  INDICATES TRACE AMOUNT.




$$
