000
CDUS43 KOAX 210630
CLIOFK


CLIMATE REPORT
NATIONAL WEATHER SERVICE OMAHA NEBRASKA
1228 AM CST TUE FEB 21 2017


...................................

...THE NORFOLK, NEBRASKA CLIMATE SUMMARY FOR FEBRUARY 20 2017...

CLIMATE NORMAL PERIOD 1981 TO 2010
CLIMATE RECORD PERIOD 1888 TO 2017


WEATHER ITEM   OBSERVED TIME   RECORD YEAR NORMAL DEPARTURE LAST
                VALUE   (LST)  VALUE       VALUE  FROM      YEAR
                                                  NORMAL
..................................................................
TEMPERATURE (F)
 YESTERDAY
  MAXIMUM         62    313 PM  66    1930  38     24       52
  MINIMUM         33   1109 PM -16    1918  18     15       28
  AVERAGE         48                        28     20       40

PRECIPITATION (IN)
  YESTERDAY        T             0.53 1962   0.03  -0.03     0.00
  MONTH TO DATE    0.45                      0.51  -0.06     1.49
  SINCE DEC 1      2.54                      1.85   0.69     4.33
  SINCE JAN 1      1.70                      1.10   0.60     2.06

SNOWFALL (IN)
  YESTERDAY        0.0                       0.2   -0.2      0.0
  MONTH TO DATE    5.0                       4.1    0.9     16.3
  SINCE JUL 1     22.1                      21.4    0.7     40.8
  SNOW DEPTH       0

DEGREE DAYS
 HEATING
  YESTERDAY       17                        37    -20       25
  MONTH TO DATE  612                       787   -175      702
  SINCE DEC 1   3165                      3364   -199     3045
  SINCE JUL 1   4210                      4809   -599     4066

 COOLING
  YESTERDAY        0                         0      0        0
  MONTH TO DATE    0                         0      0        0
  SINCE DEC 1      0                         0      0        0
  SINCE JAN 1      0                         0      0        0
..................................................................


WIND (MPH)
  HIGHEST WIND SPEED    25   HIGHEST WIND DIRECTION    NW (330)
  HIGHEST GUST SPEED    30   HIGHEST GUST DIRECTION     N (350)
  AVERAGE WIND SPEED    11.0


SKY COVER
  POSSIBLE SUNSHINE  MM
  AVERAGE SKY COVER 0.4


WEATHER CONDITIONS
 THE FOLLOWING WEATHER WAS RECORDED YESTERDAY.
  LIGHT RAIN
  FOG


RELATIVE HUMIDITY (PERCENT)
 HIGHEST    93           300 AM
 LOWEST     47           500 PM
 AVERAGE    70

..........................................................


THE NORFOLK, NEBRASKA CLIMATE NORMALS FOR TODAY
                         NORMAL    RECORD    YEAR
 MAXIMUM TEMPERATURE (F)   39        74      1995
 MINIMUM TEMPERATURE (F)   18       -19      1918


SUNRISE AND SUNSET
FEBRUARY 21 2017......SUNRISE   717 AM CST   SUNSET   611 PM CST
FEBRUARY 22 2017......SUNRISE   715 AM CST   SUNSET   612 PM CST


-  INDICATES NEGATIVE NUMBERS.
R  INDICATES RECORD WAS SET OR TIED.
MM INDICATES DATA IS MISSING.
T  INDICATES TRACE AMOUNT.




$$
