000
CDUS43 KOAX 010630
CLIOFK


CLIMATE REPORT
NATIONAL WEATHER SERVICE OMAHA NEBRASKA
127 AM CDT SUN MAY 1 2016


...................................

...THE NORFOLK, NEBRASKA CLIMATE SUMMARY FOR APRIL 30 2016...

CLIMATE NORMAL PERIOD 1981 TO 2010
CLIMATE RECORD PERIOD 1888 TO 2016


WEATHER ITEM   OBSERVED TIME   RECORD YEAR NORMAL DEPARTURE LAST
                VALUE   (LST)  VALUE       VALUE  FROM      YEAR
                                                  NORMAL
..................................................................
TEMPERATURE (F)
 YESTERDAY
  MAXIMUM         46    525 PM  96    1926  67    -21       76
  MINIMUM         42   1159 PM  15    1907  43     -1       35
  AVERAGE         44                        55    -11       56

PRECIPITATION (IN)
  YESTERDAY        1.12          1.35 1972   0.10   1.02     0.00
  MONTH TO DATE    5.21                      2.65   2.56     1.94
  SINCE MAR 1      7.62                      4.42   3.20     2.76
  SINCE JAN 1      9.77                      5.77   4.00     3.64

SNOWFALL (IN)
  YESTERDAY        0.0                       0.0    0.0      0.0
  MONTH TO DATE    T                         2.6   -2.6      0.2
  SINCE JUL 1     53.0                      30.5   22.5     20.7
  SNOW DEPTH       0

DEGREE DAYS
 HEATING
  YESTERDAY       21                        11     10        9
  MONTH TO DATE  419                       473    -54      371
  SINCE MAR 1   1082                      1330   -248     1054
  SINCE JUL 1   5383                      6423  -1040     6100

 COOLING
  YESTERDAY        0                         1     -1        0
  MONTH TO DATE    0                        12    -12        5
  SINCE MAR 1      0                        12    -12        5
  SINCE JAN 1      0                        12    -12        5
..................................................................


WIND (MPH)
  HIGHEST WIND SPEED    29   HIGHEST WIND DIRECTION    NE (40)
  HIGHEST GUST SPEED    35   HIGHEST GUST DIRECTION    NE (40)
  AVERAGE WIND SPEED    14.6


SKY COVER
  POSSIBLE SUNSHINE  MM
  AVERAGE SKY COVER 1.0


WEATHER CONDITIONS
 THE FOLLOWING WEATHER WAS RECORDED YESTERDAY.
  RAIN
  LIGHT RAIN
  FOG


RELATIVE HUMIDITY (PERCENT)
 HIGHEST    96          1100 AM
 LOWEST     82          1200 AM
 AVERAGE    89

..........................................................


THE NORFOLK, NEBRASKA CLIMATE NORMALS FOR TODAY
                         NORMAL    RECORD    YEAR
 MAXIMUM TEMPERATURE (F)   68        95      1955
 MINIMUM TEMPERATURE (F)   43        21      1909


SUNRISE AND SUNSET
MAY  1 2016...........SUNRISE   625 AM CDT   SUNSET   829 PM CDT
MAY  2 2016...........SUNRISE   624 AM CDT   SUNSET   830 PM CDT


-  INDICATES NEGATIVE NUMBERS.
R  INDICATES RECORD WAS SET OR TIED.
MM INDICATES DATA IS MISSING.
T  INDICATES TRACE AMOUNT.




$$
