000
CDUS43 KOAX 260626
CLIOFK


CLIMATE REPORT
NATIONAL WEATHER SERVICE OMAHA NEBRASKA
1225 AM CST WED NOV 26 2014


...................................

...THE NORFOLK, NEBRASKA CLIMATE SUMMARY FOR NOVEMBER 25 2014...

CLIMATE NORMAL PERIOD 1981 TO 2010
CLIMATE RECORD PERIOD 1888 TO 2014


WEATHER ITEM   OBSERVED TIME   RECORD YEAR NORMAL DEPARTURE LAST
                VALUE   (LST)  VALUE       VALUE  FROM      YEAR
                                                  NORMAL
..................................................................
TEMPERATURE (F)
 YESTERDAY
  MAXIMUM         45    136 PM  76    1960  41      4       45
  MINIMUM         13    542 AM  -3    1993  21     -8       27
  AVERAGE         29                        31     -2       36

PRECIPITATION (IN)
  YESTERDAY        T             2.16 1896   0.04  -0.04     0.00
  MONTH TO DATE    0.32                      1.17  -0.85     0.83
  SINCE SEP 1      3.29                      5.93  -2.64     6.38
  SINCE JAN 1     28.51                     26.46   2.05    24.79

SNOWFALL (IN)
  YESTERDAY        T                         0.2   -0.2      0.0
  MONTH TO DATE    3.7                       3.1    0.6      0.9
  SINCE JUL 1      3.7                       3.9   -0.2      0.9
  SNOW DEPTH       0

DEGREE DAYS
 HEATING
  YESTERDAY       36                        34      2       29
  MONTH TO DATE  824                       682    142      673
  SINCE SEP 1   1315                      1251     64     1179
  SINCE JUL 1   1327                      1267     60     1195

 COOLING
  YESTERDAY        0                         0      0        0
  MONTH TO DATE    0                         0      0        0
  SINCE SEP 1     85                        99    -14      181
  SINCE JAN 1    812                       915   -103     1005
..................................................................


WIND (MPH)
  HIGHEST WIND SPEED    20   HIGHEST WIND DIRECTION    SW (220)
  HIGHEST GUST SPEED    26   HIGHEST GUST DIRECTION    SW (240)
  AVERAGE WIND SPEED     8.1


SKY COVER
  POSSIBLE SUNSHINE  MM
  AVERAGE SKY COVER 0.4


WEATHER CONDITIONS
 THE FOLLOWING WEATHER WAS RECORDED YESTERDAY.
  LIGHT RAIN
  LIGHT SNOW


RELATIVE HUMIDITY (PERCENT)
 HIGHEST    80           400 AM
 LOWEST     45           400 PM
 AVERAGE    63

..........................................................


THE NORFOLK, NEBRASKA CLIMATE NORMALS FOR TODAY
                         NORMAL    RECORD    YEAR
 MAXIMUM TEMPERATURE (F)   41        70      1914
 MINIMUM TEMPERATURE (F)   20        -7      1898


SUNRISE AND SUNSET
NOVEMBER 26 2014......SUNRISE   733 AM CST   SUNSET   501 PM CST
NOVEMBER 27 2014......SUNRISE   734 AM CST   SUNSET   501 PM CST


-  INDICATES NEGATIVE NUMBERS.
R  INDICATES RECORD WAS SET OR TIED.
MM INDICATES DATA IS MISSING.
T  INDICATES TRACE AMOUNT.


$$

BCM
