000
CDUS43 KOAX 160630
CLIOFK


CLIMATE REPORT
NATIONAL WEATHER SERVICE OMAHA NEBRASKA
129 AM CDT WED AUG 16 2017


...................................

...THE NORFOLK, NEBRASKA CLIMATE SUMMARY FOR AUGUST 15 2017...

CLIMATE NORMAL PERIOD 1981 TO 2010
CLIMATE RECORD PERIOD 1888 TO 2017


WEATHER ITEM   OBSERVED TIME   RECORD YEAR NORMAL DEPARTURE LAST
                VALUE   (LST)  VALUE       VALUE  FROM      YEAR
                                                  NORMAL
..................................................................
TEMPERATURE (F)
 YESTERDAY
  MAXIMUM         81    116 PM 106    1937  85     -4       84
  MINIMUM         63    731 AM  46    1929  62      1       57
  AVERAGE         72                        73     -1       71

PRECIPITATION (IN)
  YESTERDAY        1.40          2.05 2001   0.12   1.28     0.00
  MONTH TO DATE    3.13                      1.70   1.43     1.08
  SINCE JUN 1      7.70                      9.28  -1.58     7.17
  SINCE JAN 1     19.31                     18.98   0.33    23.62

SNOWFALL (IN)
  YESTERDAY        0.0                       0.0    0.0      0.0
  MONTH TO DATE    0.0                       0.0    0.0      0.0
  SINCE JUL 1      0.0                       0.0    0.0      0.0
  SNOW DEPTH       0

DEGREE DAYS
 HEATING
  YESTERDAY        0                         0      0        0
  MONTH TO DATE   10                         0     10        0
  SINCE JUN 1     22                        34    -12       10
  SINCE JUL 1     10                         4      6        7

 COOLING
  YESTERDAY        7                         9     -2        6
  MONTH TO DATE   48                       140    -92      133
  SINCE JUN 1    662                       640     22      704
  SINCE JAN 1    690                       701    -11      742
..................................................................


WIND (MPH)
  HIGHEST WIND SPEED    26   HIGHEST WIND DIRECTION    NW (330)
  HIGHEST GUST SPEED    38   HIGHEST GUST DIRECTION     N (340)
  AVERAGE WIND SPEED    10.8


SKY COVER
  POSSIBLE SUNSHINE  MM
  AVERAGE SKY COVER 0.7


WEATHER CONDITIONS
 THE FOLLOWING WEATHER WAS RECORDED YESTERDAY.
  THUNDERSTORM
  HEAVY RAIN
  RAIN
  LIGHT RAIN
  FOG


RELATIVE HUMIDITY (PERCENT)
 HIGHEST    93           600 AM
 LOWEST     74          1100 AM
 AVERAGE    84

..........................................................


THE NORFOLK, NEBRASKA CLIMATE NORMALS FOR TODAY
                         NORMAL    RECORD    YEAR
 MAXIMUM TEMPERATURE (F)   84       107      1983
 MINIMUM TEMPERATURE (F)   62        44      1897


SUNRISE AND SUNSET
AUGUST 16 2017........SUNRISE   639 AM CDT   SUNSET   828 PM CDT
AUGUST 17 2017........SUNRISE   640 AM CDT   SUNSET   827 PM CDT


-  INDICATES NEGATIVE NUMBERS.
R  INDICATES RECORD WAS SET OR TIED.
MM INDICATES DATA IS MISSING.
T  INDICATES TRACE AMOUNT.




$$
