000
CDUS43 KOAX 170626
CLIOFK


CLIMATE REPORT
NATIONAL WEATHER SERVICE OMAHA NEBRASKA
125 AM CDT TUE OCT 17 2017


...................................

...THE NORFOLK, NEBRASKA CLIMATE SUMMARY FOR OCTOBER 16 2017...

CLIMATE NORMAL PERIOD 1981 TO 2010
CLIMATE RECORD PERIOD 1888 TO 2017


WEATHER ITEM   OBSERVED TIME   RECORD YEAR NORMAL DEPARTURE LAST
                VALUE   (LST)  VALUE       VALUE  FROM      YEAR
                                                  NORMAL
..................................................................
TEMPERATURE (F)
 YESTERDAY
  MAXIMUM         76    305 PM  90    1910  64     12       69
  MINIMUM         31    639 AM  22    1943  39     -8       42
  AVERAGE         54                        51      3       56

PRECIPITATION (IN)
  YESTERDAY        0.00          2.12 1968   0.07  -0.07     0.00
  MONTH TO DATE    3.52                      1.22   2.30     2.33
  SINCE SEP 1      5.60                      3.91   1.69     4.37
  SINCE JAN 1     27.38                     24.44   2.94    29.24

SNOWFALL (IN)
  YESTERDAY        0.0                       0.0    0.0      0.0
  MONTH TO DATE    0.0                       0.2   -0.2      0.0
  SINCE JUL 1      0.0                       0.2   -0.2      0.0
  SNOW DEPTH       0

DEGREE DAYS
 HEATING
  YESTERDAY       11                        14     -3        9
  MONTH TO DATE  169                       184    -15      169
  SINCE SEP 1    251                       310    -59      240
  SINCE JUL 1    262                       326    -64      253

 COOLING
  YESTERDAY        0                         0      0        0
  MONTH TO DATE    3                         8     -5        3
  SINCE SEP 1    119                        98     21      119
  SINCE JAN 1    877                       914    -37      962
..................................................................


WIND (MPH)
  HIGHEST WIND SPEED    24   HIGHEST WIND DIRECTION    SW (210)
  HIGHEST GUST SPEED    31   HIGHEST GUST DIRECTION     S (190)
  AVERAGE WIND SPEED    10.6


SKY COVER
  POSSIBLE SUNSHINE  MM
  AVERAGE SKY COVER 0.0


WEATHER CONDITIONS
 THE FOLLOWING WEATHER WAS RECORDED YESTERDAY.
  NO SIGNIFICANT WEATHER WAS OBSERVED.


RELATIVE HUMIDITY (PERCENT)
 HIGHEST    92           300 AM
 LOWEST     23           200 PM
 AVERAGE    58

..........................................................


THE NORFOLK, NEBRASKA CLIMATE NORMALS FOR TODAY
                         NORMAL    RECORD    YEAR
 MAXIMUM TEMPERATURE (F)   63        89      1961
 MINIMUM TEMPERATURE (F)   38        16      1922


SUNRISE AND SUNSET
OCTOBER 17 2017.......SUNRISE   745 AM CDT   SUNSET   645 PM CDT
OCTOBER 18 2017.......SUNRISE   746 AM CDT   SUNSET   643 PM CDT


-  INDICATES NEGATIVE NUMBERS.
R  INDICATES RECORD WAS SET OR TIED.
MM INDICATES DATA IS MISSING.
T  INDICATES TRACE AMOUNT.




$$
