000
CDUS43 KOAX 110631
CLIOFK


CLIMATE REPORT
NATIONAL WEATHER SERVICE OMAHA NEBRASKA
1229 AM CST SUN DEC 11 2016


...................................

...THE NORFOLK, NEBRASKA CLIMATE SUMMARY FOR DECEMBER 10 2016...

CLIMATE NORMAL PERIOD 1981 TO 2010
CLIMATE RECORD PERIOD 1888 TO 2016


WEATHER ITEM   OBSERVED TIME   RECORD YEAR NORMAL DEPARTURE LAST
                VALUE   (LST)  VALUE       VALUE  FROM      YEAR
                                                  NORMAL
..................................................................
TEMPERATURE (F)
 YESTERDAY
  MAXIMUM         27   1159 PM  62    1990  35     -8       59
  MINIMUM         11   1238 AM -26    1919  15     -4       34
  AVERAGE         19                        25     -6       47

PRECIPITATION (IN)
  YESTERDAY        0.09          0.37 1970   0.03   0.06      T
  MONTH TO DATE    0.11                      0.29  -0.18     0.03
  SINCE DEC 1      0.11                      0.29  -0.18     0.03
  SINCE JAN 1     30.70                     26.95   3.75    25.60

SNOWFALL (IN)
  YESTERDAY        1.0                       0.2    0.8      0.0
  MONTH TO DATE    1.0                       2.0   -1.0      0.4
  SINCE JUL 1      3.5                       6.9   -3.4      9.2
  SNOW DEPTH       T

DEGREE DAYS
 HEATING
  YESTERDAY       46                        40      6       18
  MONTH TO DATE  408                       385     23      262
  SINCE DEC 1    408                       385     23      262
  SINCE JUL 1   1453                      1830   -377     1283

 COOLING
  YESTERDAY        0                         0      0        0
  MONTH TO DATE    0                         0      0        0
  SINCE DEC 1      0                         0      0        0
  SINCE JAN 1    963                       915     48      917
..................................................................


WIND (MPH)
  HIGHEST WIND SPEED    22   HIGHEST WIND DIRECTION    SE (130)
  HIGHEST GUST SPEED    29   HIGHEST GUST DIRECTION    SE (130)
  AVERAGE WIND SPEED    10.6


SKY COVER
  POSSIBLE SUNSHINE  MM
  AVERAGE SKY COVER 0.8


WEATHER CONDITIONS
 THE FOLLOWING WEATHER WAS RECORDED YESTERDAY.
  LIGHT SNOW
  FOG


RELATIVE HUMIDITY (PERCENT)
 HIGHEST    88           400 AM
 LOWEST     68           300 PM
 AVERAGE    78

..........................................................


THE NORFOLK, NEBRASKA CLIMATE NORMALS FOR TODAY
                         NORMAL    RECORD    YEAR
 MAXIMUM TEMPERATURE (F)   35        62      1905
 MINIMUM TEMPERATURE (F)   15       -13      1989


SUNRISE AND SUNSET
DECEMBER 11 2016......SUNRISE   748 AM CST   SUNSET   458 PM CST
DECEMBER 12 2016......SUNRISE   749 AM CST   SUNSET   459 PM CST


-  INDICATES NEGATIVE NUMBERS.
R  INDICATES RECORD WAS SET OR TIED.
MM INDICATES DATA IS MISSING.
T  INDICATES TRACE AMOUNT.




$$
