000
CDUS43 KOAX 010718
CLIOFK


CLIMATE REPORT
NATIONAL WEATHER SERVICE OMAHA NEBRASKA
118 AM CST SUN MAR 1 2015


...................................

...THE NORFOLK, NEBRASKA CLIMATE SUMMARY FOR FEBRUARY 28 2015...

CLIMATE NORMAL PERIOD 1981 TO 2010
CLIMATE RECORD PERIOD 1888 TO 2015


WEATHER ITEM   OBSERVED TIME   RECORD YEAR NORMAL DEPARTURE LAST
                VALUE   (LST)  VALUE       VALUE  FROM      YEAR
                                                  NORMAL
..................................................................
TEMPERATURE (F)
 YESTERDAY
  MAXIMUM         30    342 PM  71    1972  41    -11       34
  MINIMUM          3    150 AM -26    1962  21    -18        8
  AVERAGE         17                        31    -14       21

PRECIPITATION (IN)
  YESTERDAY        0.00          0.74 1951   0.03  -0.03     0.03
  MONTH TO DATE    0.31                      0.76  -0.45     0.42
  SINCE DEC 1      2.08                      2.10  -0.02     0.70
  SINCE JAN 1      0.88                      1.35  -0.47     0.56

SNOWFALL (IN)
  YESTERDAY        0.0                       0.2   -0.2      0.7
  MONTH TO DATE    4.0                       5.5   -1.5      6.9
  SINCE JUL 1     20.3                      22.8   -2.5     11.4
  SNOW DEPTH       T

DEGREE DAYS
 HEATING
  YESTERDAY       48                        34     14       44
  MONTH TO DATE 1215                      1069    146     1254
  SINCE DEC 1   3553                      3648    -95     3964
  SINCE JUL 1   5046                      5093    -47     5350

 COOLING
  YESTERDAY        0                         0      0        0
  MONTH TO DATE    0                         0      0        0
  SINCE DEC 1      0                         0      0        0
  SINCE JAN 1      0                         0      0        0
..................................................................


WIND (MPH)
  HIGHEST WIND SPEED    23   HIGHEST WIND DIRECTION     S (190)
  HIGHEST GUST SPEED    28   HIGHEST GUST DIRECTION     S (200)
  AVERAGE WIND SPEED    12.5


SKY COVER
  POSSIBLE SUNSHINE  MM
  AVERAGE SKY COVER 0.2


WEATHER CONDITIONS
 THE FOLLOWING WEATHER WAS RECORDED YESTERDAY.
  NO SIGNIFICANT WEATHER WAS OBSERVED.


RELATIVE HUMIDITY (PERCENT)
 HIGHEST    86           200 AM
 LOWEST     43           300 PM
 AVERAGE    65

..........................................................


THE NORFOLK, NEBRASKA CLIMATE NORMALS FOR TODAY
                         NORMAL    RECORD    YEAR
 MAXIMUM TEMPERATURE (F)   42        80      1992
 MINIMUM TEMPERATURE (F)   21       -11      2009
                                             1962


SUNRISE AND SUNSET
MARCH  1 2015.........SUNRISE   705 AM CST   SUNSET   620 PM CST
MARCH  2 2015.........SUNRISE   703 AM CST   SUNSET   621 PM CST


-  INDICATES NEGATIVE NUMBERS.
R  INDICATES RECORD WAS SET OR TIED.
MM INDICATES DATA IS MISSING.
T  INDICATES TRACE AMOUNT.




$$
