000
CDUS42 KCAE 232206
CLIOGB


CLIMATE REPORT
NATIONAL WEATHER SERVICE COLUMBIA SC
504 PM EST TUE JAN 23 2018


...................................

...THE ORANGEBURG AIRPORT SC CLIMATE SUMMARY FOR JANUARY 23 2018...
VALID TODAY AS OF 0500 PM LOCAL TIME.

CLIMATE NORMAL PERIOD 1981 TO 2010
CLIMATE RECORD PERIOD 9999 TO 9999


WEATHER ITEM   OBSERVED TIME   NORMAL DEPARTURE LAST
                VALUE   (LST)  VALUE  FROM      YEAR
                                      NORMAL
......................................................
TEMPERATURE (F)
 TODAY
  MAXIMUM         72   1108 AM  57     15       61
  MINIMUM         63   1235 AM  36     27       49
  AVERAGE         68            46     22       55

PRECIPITATION (IN)
  TODAY            0.13          0.14  -0.01     0.09
  MONTH TO DATE    0.70          2.80  -2.10     5.17
  SINCE DEC 1      2.44          6.12  -3.68     9.57
  SINCE JAN 1      0.70          2.80  -2.10     5.17

DEGREE DAYS
 HEATING
  TODAY            0            19    -19       10
  MONTH TO DATE  521           449     72      227
  SINCE DEC 1   1005           984     21      674
  SINCE JUL 1   1369          1353     16      979

 COOLING
  TODAY            3             0      3        0
  MONTH TO DATE    4             0      4        7
  SINCE DEC 1      4             4      0       11
  SINCE JAN 1      4             0      4        7
......................................................


WIND (MPH)
  HIGHEST WIND SPEED    30   HIGHEST WIND DIRECTION    SW (240)
  HIGHEST GUST SPEED    37   HIGHEST GUST DIRECTION    SW (240)
  AVERAGE WIND SPEED    17.4


SKY COVER
  AVERAGE SKY COVER 0.6


WEATHER CONDITIONS
 THE FOLLOWING WEATHER WAS RECORDED TODAY.
  HEAVY RAIN
  LIGHT RAIN
  FOG


RELATIVE HUMIDITY (PERCENT)
 HIGHEST    93          1200 AM
 LOWEST     22           400 PM

..........................................................


THE ORANGEBURG AIRPORT SC CLIMATE NORMALS FOR TOMORROW
                         NORMAL
 MAXIMUM TEMPERATURE (F)   57
 MINIMUM TEMPERATURE (F)   36


SUNRISE AND SUNSET
JANUARY 23 2018.......SUNRISE   725 AM EST   SUNSET   546 PM EST
JANUARY 24 2018.......SUNRISE   724 AM EST   SUNSET   547 PM EST


-  INDICATES NEGATIVE NUMBERS.
R  INDICATES RECORD WAS SET OR TIED.
MM INDICATES DATA IS MISSING.
T  INDICATES TRACE AMOUNT.




$$
