924
CDUS42 KCAE 270632
CLIOGB


CLIMATE REPORT
NATIONAL WEATHER SERVICE COLUMBIA SC
232 AM EDT THU APR 27 2017


...................................

...THE ORANGEBURG AIRPORT SC CLIMATE SUMMARY FOR APRIL 26 2017...

CLIMATE NORMAL PERIOD 1981 TO 2010
CLIMATE RECORD PERIOD 9999 TO 9999


WEATHER ITEM   OBSERVED TIME   NORMAL DEPARTURE LAST
                VALUE   (LST)  VALUE  FROM      YEAR
                                      NORMAL
......................................................
TEMPERATURE (F)
 YESTERDAY
  MAXIMUM         84    418 PM  79      5       84
  MINIMUM         58    606 AM  53      5       56
  AVERAGE         71            66      5       70

PRECIPITATION (IN)
  YESTERDAY        0.00          0.09  -0.09     0.00
  MONTH TO DATE    5.50          2.59   2.91     2.57
  SINCE MAR 1      7.26          6.57   0.69     4.92
  SINCE JAN 1     13.91         14.14  -0.23    12.09

DEGREE DAYS
 HEATING
  YESTERDAY        0             2     -2        0
  MONTH TO DATE   37           102    -65       79
  SINCE MAR 1    309           379    -70      220
  SINCE JUL 1   1618          2311   -693     1621

 COOLING
  YESTERDAY        6             3      3        5
  MONTH TO DATE   91            51     40       48
  SINCE MAR 1    137            68     69      116
  SINCE JAN 1    163            71     92      122
......................................................


WIND (MPH)
  HIGHEST WIND SPEED    14   HIGHEST WIND DIRECTION    SW (220)
  HIGHEST GUST SPEED    22   HIGHEST GUST DIRECTION    SW (230)
  AVERAGE WIND SPEED     5.5


SKY COVER
  AVERAGE SKY COVER 0.2


WEATHER CONDITIONS
 THE FOLLOWING WEATHER WAS RECORDED YESTERDAY.
  FOG


RELATIVE HUMIDITY (PERCENT)
 HIGHEST   100           400 AM
 LOWEST     43           300 PM

..........................................................


THE ORANGEBURG AIRPORT SC CLIMATE NORMALS FOR TODAY
                         NORMAL    RECORD    YEAR
 MAXIMUM TEMPERATURE (F)   79        MM        MM
 MINIMUM TEMPERATURE (F)   53        MM        MM


SUNRISE AND SUNSET
APRIL 27 2017.........SUNRISE   639 AM EDT   SUNSET   803 PM EDT
APRIL 28 2017.........SUNRISE   638 AM EDT   SUNSET   804 PM EDT


-  INDICATES NEGATIVE NUMBERS.
R  INDICATES RECORD WAS SET OR TIED.
MM INDICATES DATA IS MISSING.
T  INDICATES TRACE AMOUNT.




$$
