000
CDUS42 KCAE 270551
CLIOGB


CLIMATE REPORT
NATIONAL WEATHER SERVICE COLUMBIA SC
150 AM EDT FRI MAY 27 2016


...................................

...THE ORANGEBURG AIRPORT SC CLIMATE SUMMARY FOR MAY 26 2016...

CLIMATE NORMAL PERIOD 1981 TO 2010
CLIMATE RECORD PERIOD 9999 TO 9999


WEATHER ITEM   OBSERVED TIME   NORMAL DEPARTURE LAST
                VALUE   (LST)  VALUE  FROM      YEAR
                                      NORMAL
......................................................
TEMPERATURE (F)
 YESTERDAY
  MAXIMUM         88    127 PM  86      2       88
  MINIMUM         63    557 AM  63      0       64
  AVERAGE         76            74      2       76

PRECIPITATION (IN)
  YESTERDAY        0.00          0.14  -0.14      T
  MONTH TO DATE    1.35          2.45  -1.10     2.32
  SINCE MAR 1      4.96          9.28  -4.32     8.41
  SINCE JAN 1     12.13         16.85  -4.72    15.26

DEGREE DAYS
 HEATING
  YESTERDAY        0             0      0        0
  MONTH TO DATE    8            10     -2        7
  SINCE MAR 1    228           395   -167      252
  SINCE JUL 1   1629          2327   -698     2326

 COOLING
  YESTERDAY       11             9      2       11
  MONTH TO DATE  182           168     14      198
  SINCE MAR 1    343           250     93      320
  SINCE JAN 1    349           253     96      320
......................................................


WIND (MPH)
  HIGHEST WIND SPEED    14   HIGHEST WIND DIRECTION     S (170)
  HIGHEST GUST SPEED    26   HIGHEST GUST DIRECTION    SW (220)
  AVERAGE WIND SPEED     5.2


SKY COVER
  AVERAGE SKY COVER 0.1


WEATHER CONDITIONS
 THE FOLLOWING WEATHER WAS RECORDED YESTERDAY.
  FOG


RELATIVE HUMIDITY (PERCENT)
 HIGHEST    93           200 AM
 LOWEST     40           400 PM

..........................................................


THE ORANGEBURG AIRPORT SC CLIMATE NORMALS FOR TODAY
                         NORMAL    RECORD    YEAR
 MAXIMUM TEMPERATURE (F)   86        MM        MM
 MINIMUM TEMPERATURE (F)   63        MM        MM


SUNRISE AND SUNSET
MAY 27 2016...........SUNRISE   616 AM EDT   SUNSET   825 PM EDT
MAY 28 2016...........SUNRISE   616 AM EDT   SUNSET   826 PM EDT


-  INDICATES NEGATIVE NUMBERS.
R  INDICATES RECORD WAS SET OR TIED.
MM INDICATES DATA IS MISSING.
T  INDICATES TRACE AMOUNT.




$$
