000
CDHW42 PHFO 090235
CLIOGG


CLIMATE REPORT
NATIONAL WEATHER SERVICE HONOLULU HI
434 PM HST THU DEC 8 2016


...................................

...THE KAHULUI HI CLIMATE SUMMARY FOR DECEMBER 8 2016...
VALID TODAY AS OF 0400 PM LOCAL TIME.

CLIMATE NORMAL PERIOD 1981 TO 2010
CLIMATE RECORD PERIOD 1946 TO 2016


WEATHER ITEM   OBSERVED TIME   RECORD YEAR NORMAL DEPARTURE LAST
                VALUE   (LST)  VALUE       VALUE  FROM      YEAR
                                                  NORMAL
..................................................................
TEMPERATURE (F)
 TODAY
  MAXIMUM         77    346 AM  88    1980  82     -5       84
                                      1951
  MINIMUM         71   1225 AM  49    2008  66      5       66
  AVERAGE         74                        74      0       75

PRECIPITATION (IN)
  TODAY            0.19          0.63 1973   0.10   0.09      T
  MONTH TO DATE    0.56                      0.81  -0.25     0.01
  SINCE DEC 1      0.56                      0.81  -0.25     0.01
  SINCE JAN 1     12.82                     15.29  -2.47    26.71

SNOWFALL (IN)
  TODAY            0.0
  MONTH TO DATE    0.0
  SINCE DEC 1      0.0
  SINCE JUL 1      0.0
  SNOW DEPTH       0

DEGREE DAYS
 HEATING
  TODAY            0                         0      0        0
  MONTH TO DATE    0                         0      0        0
  SINCE DEC 1      0                         0      0        0
  SINCE JUL 1      0                         0      0        0

 COOLING
  TODAY            9                         9      0       10
  MONTH TO DATE   85                        74     11       81
  SINCE DEC 1     85                        74     11       81
  SINCE JAN 1   4293                      3781    512     4082
..................................................................


WIND (MPH)
  HIGHEST WIND SPEED    13   HIGHEST WIND DIRECTION    NW (300)
  HIGHEST GUST SPEED    16   HIGHEST GUST DIRECTION     W (290)
  AVERAGE WIND SPEED     4.4


SKY COVER
  POSSIBLE SUNSHINE  MM
  AVERAGE SKY COVER 0.6


WEATHER CONDITIONS
 THE FOLLOWING WEATHER WAS RECORDED TODAY.
  LIGHT RAIN
  FOG


RELATIVE HUMIDITY (PERCENT)
 HIGHEST    87          1200 AM
 LOWEST     82           200 AM
 AVERAGE    85

..........................................................


THE KAHULUI HI CLIMATE NORMALS FOR TOMORROW
                         NORMAL    RECORD    YEAR
 MAXIMUM TEMPERATURE (F)   82        88      2013
                                             1952
 MINIMUM TEMPERATURE (F)   66        58      2009


SUNRISE AND SUNSET
DECEMBER  8 2016......SUNRISE   651 AM HST   SUNSET   545 PM HST
DECEMBER  9 2016......SUNRISE   652 AM HST   SUNSET   545 PM HST


-  INDICATES NEGATIVE NUMBERS.
R  INDICATES RECORD WAS SET OR TIED.
MM INDICATES DATA IS MISSING.
T  INDICATES TRACE AMOUNT.




$$
