000
CDHW42 PHFO 241245
CLIOGG


CLIMATE REPORT
NATIONAL WEATHER SERVICE HONOLULU HI
245 AM HST SAT JUN 24 2017


...................................

...THE KAHULUI HI CLIMATE SUMMARY FOR JUNE 23 2017...

CLIMATE NORMAL PERIOD 1981 TO 2010
CLIMATE RECORD PERIOD 1946 TO 2017


WEATHER ITEM   OBSERVED TIME   RECORD YEAR NORMAL DEPARTURE LAST
                VALUE   (LST)  VALUE       VALUE  FROM      YEAR
                                                  NORMAL
..................................................................
TEMPERATURE (F)
 YESTERDAY
  MAXIMUM         87    442 PM  90    1980  87      0       86
                                      1969
  MINIMUM         70    636 AM  62    1968  70      0       68
  AVERAGE         79                        78      1       77

PRECIPITATION (IN)
  YESTERDAY        0.00          0.22 2014   0.00   0.00     0.02
  MONTH TO DATE    0.07                      0.14  -0.07     0.31
  SINCE JUN 1      0.07                      0.14  -0.07     0.31
  SINCE JAN 1     14.54                      9.64   4.90     8.04

SNOWFALL (IN)
  YESTERDAY        0.0
  MONTH TO DATE    0.0
  SINCE JUN 1      0.0
  SINCE JUL 1      0.0
  SNOW DEPTH      MM

DEGREE DAYS
 HEATING
  YESTERDAY        0                         0      0        0
  MONTH TO DATE    0                         0      0        0
  SINCE JUN 1      0                         0      0        0
  SINCE JUL 1      0                         0      0        0

 COOLING
  YESTERDAY       14                        13      1       12
  MONTH TO DATE  335                       293     42      316
  SINCE JUN 1    335                       293     42      316
  SINCE JAN 1   1698                      1552    146     1805
..................................................................


WIND (MPH)
  HIGHEST WIND SPEED    24   HIGHEST WIND DIRECTION    NE (40)
  HIGHEST GUST SPEED    28   HIGHEST GUST DIRECTION    NE (30)
  AVERAGE WIND SPEED    12.4


SKY COVER
  POSSIBLE SUNSHINE  MM
  AVERAGE SKY COVER  MM


WEATHER CONDITIONS
 THE FOLLOWING WEATHER WAS RECORDED YESTERDAY.
  NO SIGNIFICANT WEATHER WAS OBSERVED.


RELATIVE HUMIDITY (PERCENT)
 HIGHEST    MM
 LOWEST     MM
 AVERAGE    MM

..........................................................


THE KAHULUI HI CLIMATE NORMALS FOR TODAY
                         NORMAL    RECORD    YEAR
 MAXIMUM TEMPERATURE (F)   87        91      1969
 MINIMUM TEMPERATURE (F)   70        61      1985


SUNRISE AND SUNSET
JUNE 24 2017..........SUNRISE   546 AM HST   SUNSET   710 PM HST
JUNE 25 2017..........SUNRISE   547 AM HST   SUNSET   710 PM HST


-  INDICATES NEGATIVE NUMBERS.
R  INDICATES RECORD WAS SET OR TIED.
MM INDICATES DATA IS MISSING.
T  INDICATES TRACE AMOUNT.




$$
