000
CDHW42 PHFO 271245
CLIOGG


CLIMATE REPORT
NATIONAL WEATHER SERVICE HONOLULU HI
245 AM HST WED MAY 27 2015


...................................

...THE KAHULUI HI CLIMATE SUMMARY FOR MAY 26 2015...

CLIMATE NORMAL PERIOD 1981 TO 2010
CLIMATE RECORD PERIOD 1946 TO 2015


WEATHER ITEM   OBSERVED TIME   RECORD YEAR NORMAL DEPARTURE LAST
                VALUE   (LST)  VALUE       VALUE  FROM      YEAR
                                                  NORMAL
..................................................................
TEMPERATURE (F)
 YESTERDAY
  MAXIMUM         82    227 PM  92    1953  85     -3       88
  MINIMUM         61    608 AM  58    1952  68     -7       67
  AVERAGE         72                        77     -5       78

PRECIPITATION (IN)
  YESTERDAY        0.00          0.21 1978   0.02  -0.02     0.00
  MONTH TO DATE    1.06                      0.68   0.38     1.02
  SINCE MAR 1     13.48                      4.68   8.80     7.30
  SINCE JAN 1     17.79                      9.44   8.35    13.95

SNOWFALL (IN)
  YESTERDAY        0.0
  MONTH TO DATE    0.0
  SINCE MAR 1      0.0
  SINCE JUL 1      0.0
  SNOW DEPTH       0

DEGREE DAYS
 HEATING
  YESTERDAY        0                         0      0        0
  MONTH TO DATE    0                         0      0        0
  SINCE MAR 1      0                         0      0        0
  SINCE JUL 1      0                         0      0        0

 COOLING
  YESTERDAY        7                        12     -5       13
  MONTH TO DATE  283                       275      8      314
  SINCE MAR 1    860                       792     68      913
  SINCE JAN 1   1264                      1201     63     1424
..................................................................


WIND (MPH)
  HIGHEST WIND SPEED    14   HIGHEST WIND DIRECTION     N (10)
  HIGHEST GUST SPEED    18   HIGHEST GUST DIRECTION     N (10)
  AVERAGE WIND SPEED     5.8


SKY COVER
  POSSIBLE SUNSHINE  MM
  AVERAGE SKY COVER 0.5


WEATHER CONDITIONS
 THE FOLLOWING WEATHER WAS RECORDED YESTERDAY.
  NO SIGNIFICANT WEATHER WAS OBSERVED.


RELATIVE HUMIDITY (PERCENT)
 HIGHEST   100           600 AM
 LOWEST     54          1100 AM
 AVERAGE    77

..........................................................


THE KAHULUI HI CLIMATE NORMALS FOR TODAY
                         NORMAL    RECORD    YEAR
 MAXIMUM TEMPERATURE (F)   85        91      1980
                                             1951
 MINIMUM TEMPERATURE (F)   68        60      1952


SUNRISE AND SUNSET
MAY 27 2015...........SUNRISE   545 AM HST   SUNSET   701 PM HST
MAY 28 2015...........SUNRISE   545 AM HST   SUNSET   702 PM HST


-  INDICATES NEGATIVE NUMBERS.
R  INDICATES RECORD WAS SET OR TIED.
MM INDICATES DATA IS MISSING.
T  INDICATES TRACE AMOUNT.




$$
