000
CDHW42 PHFO 140245
CLIOGG


CLIMATE REPORT
NATIONAL WEATHER SERVICE HONOLULU HI
444 PM HST WED DEC 13 2017


...................................

...THE KAHULUI HI CLIMATE SUMMARY FOR DECEMBER 13 2017...
VALID TODAY AS OF 0400 PM LOCAL TIME.

CLIMATE NORMAL PERIOD 1981 TO 2010
CLIMATE RECORD PERIOD 1946 TO 2017


WEATHER ITEM   OBSERVED TIME   RECORD YEAR NORMAL DEPARTURE LAST
                VALUE   (LST)  VALUE       VALUE  FROM      YEAR
                                                  NORMAL
..................................................................
TEMPERATURE (F)
 TODAY
  MAXIMUM         80    221 PM  90    1991  82     -2       81
  MINIMUM         72    614 AM  55    1972  65      7       65
  AVERAGE         76                        74      2       73

PRECIPITATION (IN)
  TODAY            0.00          2.02 1996   0.11  -0.11      T
  MONTH TO DATE    0.30                      1.35  -1.05     3.62
  SINCE DEC 1      0.30                      1.35  -1.05     3.62
  SINCE JAN 1     18.33                     15.83   2.50    15.88

SNOWFALL (IN)
  TODAY            0.0
  MONTH TO DATE    0.0
  SINCE DEC 1      0.0
  SINCE JUL 1      0.0
  SNOW DEPTH      MM

DEGREE DAYS
 HEATING
  TODAY            0                         0      0        0
  MONTH TO DATE    0                         0      0        0
  SINCE DEC 1      0                         0      0        0
  SINCE JUL 1      0                         0      0        0

 COOLING
  TODAY           11                         9      2        8
  MONTH TO DATE  101                       119    -18      132
  SINCE DEC 1    101                       119    -18      132
  SINCE JAN 1   4047                      3826    221     4340
..................................................................


WIND (MPH)
  HIGHEST WIND SPEED    20   HIGHEST WIND DIRECTION     N (10)
  HIGHEST GUST SPEED    24   HIGHEST GUST DIRECTION     N (20)
  AVERAGE WIND SPEED    MM


SKY COVER
  POSSIBLE SUNSHINE  MM
  AVERAGE SKY COVER  MM


WEATHER CONDITIONS
 THE FOLLOWING WEATHER WAS RECORDED TODAY.
  NO SIGNIFICANT WEATHER WAS OBSERVED.


RELATIVE HUMIDITY (PERCENT)
 HIGHEST    MM
 LOWEST     MM
 AVERAGE    MM

..........................................................


THE KAHULUI HI CLIMATE NORMALS FOR TOMORROW
                         NORMAL    RECORD    YEAR
 MAXIMUM TEMPERATURE (F)   82        87      2010
                                             1991
                                             1949
 MINIMUM TEMPERATURE (F)   65        57      2002


SUNRISE AND SUNSET
DECEMBER 13 2017......SUNRISE   654 AM HST   SUNSET   547 PM HST
DECEMBER 14 2017......SUNRISE   654 AM HST   SUNSET   547 PM HST


-  INDICATES NEGATIVE NUMBERS.
R  INDICATES RECORD WAS SET OR TIED.
MM INDICATES DATA IS MISSING.
T  INDICATES TRACE AMOUNT.




$$
