000
CDHW42 PHFO 250245
CLIOGG


CLIMATE REPORT
NATIONAL WEATHER SERVICE HONOLULU HI
445 PM HST TUE JAN 24 2017


...................................

...THE KAHULUI HI CLIMATE SUMMARY FOR JANUARY 24 2017...
VALID TODAY AS OF 0400 PM LOCAL TIME.

CLIMATE NORMAL PERIOD 1981 TO 2010
CLIMATE RECORD PERIOD 1946 TO 2017


WEATHER ITEM   OBSERVED TIME   RECORD YEAR NORMAL DEPARTURE LAST
                VALUE   (LST)  VALUE       VALUE  FROM      YEAR
                                                  NORMAL
..................................................................
TEMPERATURE (F)
 TODAY
  MAXIMUM         81    146 PM  88    2016  81      0       88
                                      1981
  MINIMUM         61    342 AM  55    2014  63     -2       61
  AVERAGE         71                        72     -1       75

PRECIPITATION (IN)
  TODAY            T             1.07 1950   0.09  -0.09     0.00
  MONTH TO DATE    0.15                      2.27  -2.12     0.55
  SINCE DEC 1      6.74                      5.62   1.12     1.28
  SINCE JAN 1      0.15                      2.27  -2.12     0.55

SNOWFALL (IN)
  TODAY            0.0
  MONTH TO DATE    0.0
  SINCE DEC 1      0.0
  SINCE JUL 1      0.0
  SNOW DEPTH       0

DEGREE DAYS
 HEATING
  TODAY            0                         0      0        0
  MONTH TO DATE    0                         0      0        0
  SINCE DEC 1      0                         0      0        0
  SINCE JUL 1      0                         0      0        0

 COOLING
  TODAY            6                         7     -1       10
  MONTH TO DATE  173                       168      5      174
  SINCE DEC 1    468                       427     41      489
  SINCE JAN 1    173                       168      5      174
..................................................................


WIND (MPH)
  HIGHEST WIND SPEED    25   HIGHEST WIND DIRECTION    NE (40)
  HIGHEST GUST SPEED    30   HIGHEST GUST DIRECTION    NE (60)
  AVERAGE WIND SPEED     8.6


SKY COVER
  POSSIBLE SUNSHINE  MM
  AVERAGE SKY COVER 0.4


WEATHER CONDITIONS
 THE FOLLOWING WEATHER WAS RECORDED TODAY.
  LIGHT RAIN


RELATIVE HUMIDITY (PERCENT)
 HIGHEST    93          1200 AM
 LOWEST     58          1000 AM
 AVERAGE    76

..........................................................


THE KAHULUI HI CLIMATE NORMALS FOR TOMORROW
                         NORMAL    RECORD    YEAR
 MAXIMUM TEMPERATURE (F)   81        86      2013
                                             1981
 MINIMUM TEMPERATURE (F)   63        54      2000


SUNRISE AND SUNSET
JANUARY 24 2017.......SUNRISE   704 AM HST   SUNSET   612 PM HST
JANUARY 25 2017.......SUNRISE   704 AM HST   SUNSET   612 PM HST


-  INDICATES NEGATIVE NUMBERS.
R  INDICATES RECORD WAS SET OR TIED.
MM INDICATES DATA IS MISSING.
T  INDICATES TRACE AMOUNT.




$$
