000
CDHW42 PHFO 161245
CLIOGG


CLIMATE REPORT
NATIONAL WEATHER SERVICE HONOLULU HI
245 AM HST TUE SEP 16 2014


...................................

...THE KAHULUI HI CLIMATE SUMMARY FOR SEPTEMBER 15 2014...

CLIMATE NORMAL PERIOD 1981 TO 2010
CLIMATE RECORD PERIOD 1946 TO 2014


WEATHER ITEM   OBSERVED TIME   RECORD YEAR NORMAL DEPARTURE LAST
                VALUE   (LST)  VALUE       VALUE  FROM      YEAR
                                                  NORMAL
..................................................................
TEMPERATURE (F)
 YESTERDAY
  MAXIMUM         88    339 PM  93    1950  88      0       90
  MINIMUM         73   1226 AM  59    2009  70      3       69
  AVERAGE         81                        79      2       80

PRECIPITATION (IN)
  YESTERDAY        0.62R         0.37 1992   0.01   0.61     0.00
  MONTH TO DATE    0.66                      0.17   0.49     0.09
  SINCE SEP 1      0.66                      0.17   0.49     0.09
  SINCE JAN 1     16.31                     10.87   5.44     8.75

SNOWFALL (IN)
  YESTERDAY        0.0
  MONTH TO DATE    0.0
  SINCE SEP 1      0.0
  SINCE JUL 1      0.0
  SNOW DEPTH       0

DEGREE DAYS
 HEATING
  YESTERDAY        0                         0      0        0
  MONTH TO DATE    0                         0      0        0
  SINCE SEP 1      0                         0      0        0
  SINCE JUL 1      0                         0      0        0

 COOLING
  YESTERDAY       16                        14      2       15
  MONTH TO DATE  225                       212     13      233
  SINCE SEP 1    225                       212     13      233
  SINCE JAN 1   3113                      2754    359     3020
..................................................................


WIND (MPH)
  HIGHEST WIND SPEED    15   HIGHEST WIND DIRECTION    NE (30)
  HIGHEST GUST SPEED    20   HIGHEST GUST DIRECTION     N (10)
  AVERAGE WIND SPEED     7.5


SKY COVER
  POSSIBLE SUNSHINE  MM
  AVERAGE SKY COVER 0.5


WEATHER CONDITIONS
 THE FOLLOWING WEATHER WAS RECORDED YESTERDAY.
  HEAVY RAIN
  RAIN
  LIGHT RAIN
  FOG


RELATIVE HUMIDITY (PERCENT)
 HIGHEST    94           200 AM
 LOWEST     59           400 PM
 AVERAGE    77

..........................................................


THE KAHULUI HI CLIMATE NORMALS FOR TODAY
                         NORMAL    RECORD    YEAR
 MAXIMUM TEMPERATURE (F)   88        94      1996
                                             1995
                                             1951
 MINIMUM TEMPERATURE (F)   70        62      2009


SUNRISE AND SUNSET
SEPTEMBER 16 2014.....SUNRISE   613 AM HST   SUNSET   627 PM HST
SEPTEMBER 17 2014.....SUNRISE   613 AM HST   SUNSET   626 PM HST


-  INDICATES NEGATIVE NUMBERS.
R  INDICATES RECORD WAS SET OR TIED.
MM INDICATES DATA IS MISSING.
T  INDICATES TRACE AMOUNT.




$$
