000
CDUS43 KEAX 240633
CLIOJC


CLIMATE REPORT
NATIONAL WEATHER SERVICE KANSAS CITY/PLEASANT HILL MO
133 AM CDT MON APR 24 2017


...................................

...THE JOHNSON COUNTY EXECUTIVE KS CLIMATE SUMMARY FOR APRIL 23 2017...

CLIMATE NORMAL PERIOD 1981 TO 2010
CLIMATE RECORD PERIOD 9999 TO 9999


WEATHER ITEM   OBSERVED TIME   NORMAL DEPARTURE LAST
                VALUE   (LST)  VALUE  FROM      YEAR
                                      NORMAL
......................................................
TEMPERATURE (F)
 YESTERDAY
  MAXIMUM         70    352 PM  67      3       76
  MINIMUM         41    558 AM  48     -7       49
  AVERAGE         56            58     -2       63

PRECIPITATION (IN)
  YESTERDAY        0.00          0.15  -0.15     0.00
  MONTH TO DATE    2.56          2.76  -0.20     1.26
  SINCE MAR 1      4.87          5.39  -0.52     3.35
  SINCE JAN 1      5.79          8.08  -2.29     4.60

DEGREE DAYS
 HEATING
  YESTERDAY        9             8      1        2
  MONTH TO DATE  174           265    -91      195
  SINCE MAR 1    691           889   -198      629
  SINCE JUL 1   3831          4782   -951     3974

 COOLING
  YESTERDAY        0             1     -1        0
  MONTH TO DATE   17            15      2        2
  SINCE MAR 1     26            16     10        2
  SINCE JAN 1     26            16     10        2
......................................................


WIND (MPH)
  HIGHEST WIND SPEED     9   HIGHEST WIND DIRECTION     S (180)
  HIGHEST GUST SPEED    13   HIGHEST GUST DIRECTION    SE (140)
  AVERAGE WIND SPEED     3.4


SKY COVER
  AVERAGE SKY COVER 0.0


WEATHER CONDITIONS
 THE FOLLOWING WEATHER WAS RECORDED YESTERDAY.
  NO SIGNIFICANT WEATHER WAS OBSERVED.


RELATIVE HUMIDITY (PERCENT)
 HIGHEST    73           600 AM
 LOWEST     26           300 PM
 AVERAGE    50

..........................................................


THE JOHNSON COUNTY EXECUTIVE KS CLIMATE NORMALS FOR TODAY
                         NORMAL
 MAXIMUM TEMPERATURE (F)   68
 MINIMUM TEMPERATURE (F)   48


SUNRISE AND SUNSET
APRIL 24 2017.........SUNRISE   630 AM CDT   SUNSET   805 PM CDT
APRIL 25 2017.........SUNRISE   628 AM CDT   SUNSET   806 PM CDT


-  INDICATES NEGATIVE NUMBERS.
R  INDICATES RECORD WAS SET OR TIED.
MM INDICATES DATA IS MISSING.
T  INDICATES TRACE AMOUNT.




$$
