694
CDUS43 KEAX 160632
CLIOJC


CLIMATE REPORT
NATIONAL WEATHER SERVICE KANSAS CITY/PLEASANT HILL MO
1232 AM CST MON JAN 16 2017


...................................

...THE JOHNSON COUNTY EXECUTIVE KS CLIMATE SUMMARY FOR JANUARY 15 2017...

CLIMATE NORMAL PERIOD 1981 TO 2010
CLIMATE RECORD PERIOD 9999 TO 9999


WEATHER ITEM   OBSERVED TIME   NORMAL DEPARTURE LAST
                VALUE   (LST)  VALUE  FROM      YEAR
                                      NORMAL
......................................................
TEMPERATURE (F)
 YESTERDAY
  MAXIMUM         32   1159 PM  39     -7       43
  MINIMUM         28    548 AM  21      7       23
  AVERAGE         30            30      0       33

PRECIPITATION (IN)
  YESTERDAY        0.14          0.03   0.11     0.00
  MONTH TO DATE    0.23          0.43  -0.20     0.73
  SINCE DEC 1      1.13          2.07  -0.94     4.53
  SINCE JAN 1      0.23          0.43  -0.20     0.73

DEGREE DAYS
 HEATING
  YESTERDAY       35            35      0       32
  MONTH TO DATE  575           525     50      518
  SINCE DEC 1   1571          1535     36     1280
  SINCE JUL 1   2153          2490   -337     2055

 COOLING
  YESTERDAY        0             0      0        0
  MONTH TO DATE    0             0      0        0
  SINCE DEC 1      0             0      0        0
  SINCE JAN 1      0             0      0        0
......................................................


WIND (MPH)
  HIGHEST WIND SPEED    14   HIGHEST WIND DIRECTION     E (80)
  HIGHEST GUST SPEED    18   HIGHEST GUST DIRECTION     E (80)
  AVERAGE WIND SPEED     7.3


SKY COVER
  AVERAGE SKY COVER 1.0


WEATHER CONDITIONS
 THE FOLLOWING WEATHER WAS RECORDED YESTERDAY.
  LT FREEZING RAIN
  FOG
  FOG W/VISIBILITY <= 1/4 MILE


RELATIVE HUMIDITY (PERCENT)
 HIGHEST   100           400 AM
 LOWEST     92          1200 AM
 AVERAGE    96

..........................................................


THE JOHNSON COUNTY EXECUTIVE KS CLIMATE NORMALS FOR TODAY
                         NORMAL
 MAXIMUM TEMPERATURE (F)   39
 MINIMUM TEMPERATURE (F)   21


SUNRISE AND SUNSET
JANUARY 16 2017.......SUNRISE   735 AM CST   SUNSET   523 PM CST
JANUARY 17 2017.......SUNRISE   735 AM CST   SUNSET   524 PM CST


-  INDICATES NEGATIVE NUMBERS.
R  INDICATES RECORD WAS SET OR TIED.
MM INDICATES DATA IS MISSING.
T  INDICATES TRACE AMOUNT.




$$
