000
CDUS43 KEAX 220632
CLIOJC


CLIMATE REPORT
NATIONAL WEATHER SERVICE KANSAS CITY/PLEASANT HILL MO
132 AM CDT THU JUN 22 2017


...................................

...THE JOHNSON COUNTY EXECUTIVE KS CLIMATE SUMMARY FOR JUNE 21 2017...

CLIMATE NORMAL PERIOD 1981 TO 2010
CLIMATE RECORD PERIOD 9999 TO 9999


WEATHER ITEM   OBSERVED TIME   NORMAL DEPARTURE LAST
                VALUE   (LST)  VALUE  FROM      YEAR
                                      NORMAL
......................................................
TEMPERATURE (F)
 YESTERDAY
  MAXIMUM         90    220 PM  84      6       95
  MINIMUM         70    521 AM  65      5       72
  AVERAGE         80            75      5       84

PRECIPITATION (IN)
  YESTERDAY        0.00          0.20  -0.20     0.00
  MONTH TO DATE    2.15          4.37  -2.22     0.55
  SINCE JUN 1      2.15          4.37  -2.22     0.55
  SINCE JAN 1     15.51         19.11  -3.60    15.95

DEGREE DAYS
 HEATING
  YESTERDAY        0             0      0        0
  MONTH TO DATE    0             6     -6        0
  SINCE JUN 1      0             6     -6        0
  SINCE JUL 1   4018          4932   -914     4139

 COOLING
  YESTERDAY       15            10      5       19
  MONTH TO DATE  209           161     48      256
  SINCE JUN 1    209           161     48      256
  SINCE JAN 1    305           265     40      310
......................................................


WIND (MPH)
  HIGHEST WIND SPEED    21   HIGHEST WIND DIRECTION     S (200)
  HIGHEST GUST SPEED    27   HIGHEST GUST DIRECTION    SW (210)
  AVERAGE WIND SPEED    10.6


SKY COVER
  AVERAGE SKY COVER 0.0


WEATHER CONDITIONS
 THE FOLLOWING WEATHER WAS RECORDED YESTERDAY.
  NO SIGNIFICANT WEATHER WAS OBSERVED.


RELATIVE HUMIDITY (PERCENT)
 HIGHEST    90           200 AM
 LOWEST     38           100 PM
 AVERAGE    64

..........................................................


THE JOHNSON COUNTY EXECUTIVE KS CLIMATE NORMALS FOR TODAY
                         NORMAL
 MAXIMUM TEMPERATURE (F)   84
 MINIMUM TEMPERATURE (F)   66


SUNRISE AND SUNSET
JUNE 22 2017..........SUNRISE   554 AM CDT   SUNSET   848 PM CDT
JUNE 23 2017..........SUNRISE   555 AM CDT   SUNSET   848 PM CDT


-  INDICATES NEGATIVE NUMBERS.
R  INDICATES RECORD WAS SET OR TIED.
MM INDICATES DATA IS MISSING.
T  INDICATES TRACE AMOUNT.




$$
