000
CDUS43 KEAX 220632
CLIOJC


CLIMATE REPORT
NATIONAL WEATHER SERVICE KANSAS CITY/PLEASANT HILL MO
132 AM CDT SUN OCT 22 2017


...................................

...THE JOHNSON COUNTY EXECUTIVE KS CLIMATE SUMMARY FOR OCTOBER 21 2017...

CLIMATE NORMAL PERIOD 1981 TO 2010
CLIMATE RECORD PERIOD 9999 TO 9999


WEATHER ITEM   OBSERVED TIME   NORMAL DEPARTURE LAST
                VALUE   (LST)  VALUE  FROM      YEAR
                                      NORMAL
......................................................
TEMPERATURE (F)
 YESTERDAY
  MAXIMUM         75    112 PM  65     10       62
  MINIMUM         51   1159 PM  45      6       38
  AVERAGE         63            55      8       50

PRECIPITATION (IN)
  YESTERDAY        1.32          0.11   1.21     0.00
  MONTH TO DATE    3.33          2.51   0.82     1.69
  SINCE SEP 1      5.54          7.02  -1.48     5.06
  SINCE JAN 1     44.14         34.98   9.16    34.94

DEGREE DAYS
 HEATING
  YESTERDAY        2            10     -8       15
  MONTH TO DATE   77           154    -77      106
  SINCE SEP 1     91           202   -111      126
  SINCE JUL 1     94           203   -109      126

 COOLING
  YESTERDAY        0             0      0        0
  MONTH TO DATE   43            27     16       33
  SINCE SEP 1    229           183     46      227
  SINCE JAN 1   1236          1348   -112     1446
......................................................


WIND (MPH)
  HIGHEST WIND SPEED    28   HIGHEST WIND DIRECTION     S (180)
  HIGHEST GUST SPEED    36   HIGHEST GUST DIRECTION     S (180)
  AVERAGE WIND SPEED    15.1


SKY COVER
  AVERAGE SKY COVER 0.8


WEATHER CONDITIONS
 THE FOLLOWING WEATHER WAS RECORDED YESTERDAY.
  THUNDERSTORM
  HEAVY RAIN
  RAIN
  LIGHT RAIN
  FOG


RELATIVE HUMIDITY (PERCENT)
 HIGHEST   100          1000 PM
 LOWEST     68           100 PM
 AVERAGE    84

..........................................................


THE JOHNSON COUNTY EXECUTIVE KS CLIMATE NORMALS FOR TODAY
                         NORMAL
 MAXIMUM TEMPERATURE (F)   65
 MINIMUM TEMPERATURE (F)   45


SUNRISE AND SUNSET
OCTOBER 22 2017.......SUNRISE   736 AM CDT   SUNSET   630 PM CDT
OCTOBER 23 2017.......SUNRISE   737 AM CDT   SUNSET   629 PM CDT


-  INDICATES NEGATIVE NUMBERS.
R  INDICATES RECORD WAS SET OR TIED.
MM INDICATES DATA IS MISSING.
T  INDICATES TRACE AMOUNT.




$$
