176
CDUS43 KEAX 200634
CLIOJC


CLIMATE REPORT
NATIONAL WEATHER SERVICE KANSAS CITY/PLEASANT HILL MO
134 AM CDT SUN AUG 20 2017


...................................

...THE JOHNSON COUNTY EXECUTIVE KS CLIMATE SUMMARY FOR AUGUST 19 2017...

CLIMATE NORMAL PERIOD 1981 TO 2010
CLIMATE RECORD PERIOD 9999 TO 9999


WEATHER ITEM   OBSERVED TIME   NORMAL DEPARTURE LAST
                VALUE   (LST)  VALUE  FROM      YEAR
                                      NORMAL
......................................................
TEMPERATURE (F)
 YESTERDAY
  MAXIMUM         90    125 PM  87      3       88
  MINIMUM         65    511 AM  68     -3       67
  AVERAGE         78            78      0       78

PRECIPITATION (IN)
  YESTERDAY        0.00          0.15  -0.15     0.87
  MONTH TO DATE    3.57          1.94   1.63     1.46
  SINCE JUN 1     19.24         11.44   7.80     7.46
  SINCE JAN 1     32.60         26.18   6.42    22.86

DEGREE DAYS
 HEATING
  YESTERDAY        0             0      0        0
  MONTH TO DATE    3             0      3        0
  SINCE JUN 1      8             8      0        0
  SINCE JUL 1      3             0      3        0

 COOLING
  YESTERDAY       13            13      0       13
  MONTH TO DATE  148           260   -112      260
  SINCE JUN 1    833           928    -95     1064
  SINCE JAN 1    929          1032   -103     1118
......................................................


WIND (MPH)
  HIGHEST WIND SPEED    12   HIGHEST WIND DIRECTION     S (170)
  HIGHEST GUST SPEED    15   HIGHEST GUST DIRECTION    SE (150)
  AVERAGE WIND SPEED     4.4


SKY COVER
  AVERAGE SKY COVER 0.0


WEATHER CONDITIONS
 THE FOLLOWING WEATHER WAS RECORDED YESTERDAY.
  FOG


RELATIVE HUMIDITY (PERCENT)
 HIGHEST   100          1200 AM
 LOWEST     44           300 PM
 AVERAGE    72

..........................................................


THE JOHNSON COUNTY EXECUTIVE KS CLIMATE NORMALS FOR TODAY
                         NORMAL
 MAXIMUM TEMPERATURE (F)   87
 MINIMUM TEMPERATURE (F)   68


SUNRISE AND SUNSET
AUGUST 20 2017........SUNRISE   637 AM CDT   SUNSET   806 PM CDT
AUGUST 21 2017........SUNRISE   638 AM CDT   SUNSET   805 PM CDT


-  INDICATES NEGATIVE NUMBERS.
R  INDICATES RECORD WAS SET OR TIED.
MM INDICATES DATA IS MISSING.
T  INDICATES TRACE AMOUNT.




$$
