000
CDUS43 KEAX 220632
CLIOJC


CLIMATE REPORT
NATIONAL WEATHER SERVICE KANSAS CITY/PLEASANT HILL MO
132 AM CDT TUE JUL 22 2014


...................................

...THE JOHNSON COUNTY EXECUTIVE KS CLIMATE SUMMARY FOR JULY 21 2014...

CLIMATE NORMAL PERIOD 1981 TO 2010
CLIMATE RECORD PERIOD 9999 TO 9999


WEATHER ITEM   OBSERVED TIME   NORMAL DEPARTURE LAST
                VALUE   (LST)  VALUE  FROM      YEAR
                                      NORMAL
......................................................
TEMPERATURE (F)
 YESTERDAY
  MAXIMUM         91    453 PM  88      3       87
  MINIMUM         69    612 AM  69      0       70
  AVERAGE         80            79      1       79

PRECIPITATION (IN)
  YESTERDAY        0.00          0.11  -0.11     0.01
  MONTH TO DATE    1.38          2.62  -1.24     0.76
  SINCE JUN 1      9.57          8.40   1.17     4.66
  SINCE JAN 1     17.15         23.14  -5.99    22.59

DEGREE DAYS
 HEATING
  YESTERDAY        0             0      0        0
  MONTH TO DATE    1             0      1        0
  SINCE JUN 1      2             8     -6       14
  SINCE JUL 1      1             0      1        0

 COOLING
  YESTERDAY       15            14      1       14
  MONTH TO DATE  155           271   -116      294
  SINCE JUN 1    409           528   -119      572
  SINCE JAN 1    562           632    -70      673
......................................................


WIND (MPH)
  HIGHEST WIND SPEED    18   HIGHEST WIND DIRECTION     S (180)
  HIGHEST GUST SPEED    24   HIGHEST GUST DIRECTION     S (180)
  AVERAGE WIND SPEED    10.7


SKY COVER
  AVERAGE SKY COVER 0.0


WEATHER CONDITIONS
 THE FOLLOWING WEATHER WAS RECORDED YESTERDAY.
  NO SIGNIFICANT WEATHER WAS OBSERVED.


RELATIVE HUMIDITY (PERCENT)
 HIGHEST    85           900 PM
 LOWEST     56           500 PM
 AVERAGE    71

..........................................................


THE JOHNSON COUNTY EXECUTIVE KS CLIMATE NORMALS FOR TODAY
                         NORMAL
 MAXIMUM TEMPERATURE (F)   88
 MINIMUM TEMPERATURE (F)   69


SUNRISE AND SUNSET
JULY 22 2014..........SUNRISE   611 AM CDT   SUNSET   839 PM CDT
JULY 23 2014..........SUNRISE   612 AM CDT   SUNSET   838 PM CDT


-  INDICATES NEGATIVE NUMBERS.
R  INDICATES RECORD WAS SET OR TIED.
MM INDICATES DATA IS MISSING.
T  INDICATES TRACE AMOUNT.




$$
