000
CDUS43 KEAX 251240
CLIOJC


CLIMATE REPORT
NATIONAL WEATHER SERVICE KANSAS CITY/PLEASANT HILL MO
739 AM CDT SAT OCT 25 2014


...................................

...THE JOHNSON COUNTY EXECUTIVE KS CLIMATE SUMMARY FOR OCTOBER 25 2014...
VALID AS OF 0700 AM LOCAL TIME.

CLIMATE NORMAL PERIOD 1981 TO 2010
CLIMATE RECORD PERIOD 9999 TO 9999


WEATHER ITEM   OBSERVED TIME   NORMAL DEPARTURE LAST
                VALUE   (LST)  VALUE  FROM      YEAR
                                      NORMAL
......................................................
TEMPERATURE (F)
 TODAY
  MAXIMUM         62   1228 AM  64     -2       55
  MINIMUM         52    555 AM  44      8       29
  AVERAGE         57            54      3       42

PRECIPITATION (IN)
  TODAY            0.00          0.10  -0.10     0.00
  MONTH TO DATE    5.06          2.90   2.16     1.06
  SINCE SEP 1      7.76          7.41   0.35     4.05
  SINCE JAN 1     29.71         35.37  -5.66    30.56

DEGREE DAYS
 HEATING
  TODAY            8            12     -4       23
  MONTH TO DATE  157           199    -42      250
  SINCE SEP 1    214           247    -33      277
  SINCE JUL 1    215           248    -33      277

 COOLING
  TODAY            0             0      0        0
  MONTH TO DATE   10            27    -17       31
  SINCE SEP 1    139           183    -44      247
  SINCE JAN 1   1228          1348   -120     1360
......................................................


WIND (MPH)
  HIGHEST WIND SPEED     6   HIGHEST WIND DIRECTION    SW (210)
  HIGHEST GUST SPEED     8   HIGHEST GUST DIRECTION    SW (230)
  AVERAGE WIND SPEED     2.1


SKY COVER
  AVERAGE SKY COVER 0.4


WEATHER CONDITIONS
 THE FOLLOWING WEATHER WAS RECORDED TODAY.
  FOG
  FOG W/VISIBILITY <= 1/4 MILE


RELATIVE HUMIDITY (PERCENT)
 HIGHEST   100           100 AM
 LOWEST     93          1200 AM
 AVERAGE    97

..........................................................


THE JOHNSON COUNTY EXECUTIVE KS CLIMATE NORMALS FOR TOMORROW
                         NORMAL
 MAXIMUM TEMPERATURE (F)   63
 MINIMUM TEMPERATURE (F)   44


SUNRISE AND SUNSET
OCTOBER 25 2014.......SUNRISE   739 AM CDT   SUNSET   627 PM CDT
OCTOBER 26 2014.......SUNRISE   740 AM CDT   SUNSET   626 PM CDT


-  INDICATES NEGATIVE NUMBERS.
R  INDICATES RECORD WAS SET OR TIED.
MM INDICATES DATA IS MISSING.
T  INDICATES TRACE AMOUNT.




$$
