000
CDUS46 KSGX 291136
CLIOKB


CLIMATE REPORT
NATIONAL WEATHER SERVICE SAN DIEGO, CA
436 AM PDT THU JUN 29 2017


...................................

...THE OCEANSIDE AIRPORT CA CLIMATE SUMMARY FOR JUNE 28 2017...

CLIMATE NORMAL PERIOD 1981 TO 2010
CLIMATE RECORD PERIOD 1999 TO 2017


WEATHER ITEM   OBSERVED TIME   RECORD YEAR NORMAL DEPARTURE LAST
                VALUE   (LST)  VALUE       VALUE  FROM      YEAR
                                                  NORMAL
..................................................................
TEMPERATURE (F)
 YESTERDAY
  MAXIMUM         72    308 PM  79    2015  74     -2       77
                                      2006
  MINIMUM         62   1203 AM  53    2001  60      2       66
  AVERAGE         67                        67      0       72

PRECIPITATION (IN)
  YESTERDAY        0.00          T    2010   0.00   0.00     0.00
  MONTH TO DATE    0.05                      0.10  -0.05     0.00
  SINCE OCT 1     14.97                     13.14   1.83     7.12
  SINCE JAN 1      9.82                      9.26   0.56     4.95

DEGREE DAYS
 HEATING
  YESTERDAY        0                         0      0        0
  MONTH TO DATE   14                        27    -13        2
  SINCE JUN 1     14                        27    -13        2
  SINCE JUL 1   1426                      2028   -602     1602

 COOLING
  YESTERDAY        2                         2      0        7
  MONTH TO DATE   42                        33      9       66
  SINCE JUN 1     42                        33      9       66
  SINCE JAN 1     59                        43     16       86
..................................................................


WIND (MPH)
  RESULTANT WIND SPEED   5   RESULTANT WIND DIRECTION  SW (220)
  HIGHEST WIND SPEED    13   HIGHEST WIND DIRECTION     S (200)
  HIGHEST GUST SPEED    20   HIGHEST GUST DIRECTION    SW (230)
  AVERAGE WIND SPEED     6.6


SKY COVER
  POSSIBLE SUNSHINE  MM
  AVERAGE SKY COVER 0.6


WEATHER CONDITIONS
 THE FOLLOWING WEATHER WAS RECORDED YESTERDAY.
  NO SIGNIFICANT WEATHER WAS OBSERVED.


RELATIVE HUMIDITY (PERCENT)
 HIGHEST    97          1200 AM
 LOWEST     66          1000 AM
 AVERAGE    82

..........................................................


THE OCEANSIDE AIRPORT CA CLIMATE NORMALS FOR TODAY
                         NORMAL    RECORD    YEAR
 MAXIMUM TEMPERATURE (F)   74        81      2015
 MINIMUM TEMPERATURE (F)   60        55      2005


SUNRISE AND SUNSET
JUNE 29 2017..........SUNRISE   543 AM PDT   SUNSET   803 PM PDT
JUNE 30 2017..........SUNRISE   544 AM PDT   SUNSET   803 PM PDT


-  INDICATES NEGATIVE NUMBERS.
R  INDICATES RECORD WAS SET OR TIED.
MM INDICATES DATA IS MISSING.
T  INDICATES TRACE AMOUNT.




$$
