000
CDUS46 KSGX 270016
CLIOKB


CLIMATE REPORT
NATIONAL WEATHER SERVICE SAN DIEGO, CA
516 PM PDT SUN MAR 26 2017


...................................

...THE OCEANSIDE AIRPORT CA CLIMATE SUMMARY FOR MARCH 26 2017...
VALID TODAY AS OF 0500 PM LOCAL TIME.

CLIMATE NORMAL PERIOD 1981 TO 2010
CLIMATE RECORD PERIOD 1999 TO 2017


WEATHER ITEM   OBSERVED TIME   RECORD YEAR NORMAL DEPARTURE LAST
                VALUE   (LST)  VALUE       VALUE  FROM      YEAR
                                                  NORMAL
..................................................................
TEMPERATURE (F)
 TODAY
  MAXIMUM         68   1221 PM  85    2015  66      2       68
  MINIMUM         49    414 AM  41    2002  47      2       51
  AVERAGE         59                        56      3       60

PRECIPITATION (IN)
  TODAY            T             0.17 2004   0.04  -0.04     0.00
  MONTH TO DATE    0.06                      2.02  -1.96     1.19
  SINCE OCT 1     13.63                     11.62   2.01     6.10
  SINCE JAN 1      8.48                      7.74   0.74     3.93

DEGREE DAYS
 HEATING
  TODAY            6                         9     -3        5
  MONTH TO DATE  177                       249    -72      175
  SINCE MAR 1    177                       249    -72      175
  SINCE JUL 1   1192                      1657   -465     1343

 COOLING
  TODAY            0                         0      0        0
  MONTH TO DATE    0                         0      0        0
  SINCE MAR 1      0                         0      0        0
  SINCE JAN 1      0                         0      0        6
..................................................................


WIND (MPH)
  RESULTANT WIND SPEED   3   RESULTANT WIND DIRECTION   W (260)
  HIGHEST WIND SPEED    15   HIGHEST WIND DIRECTION     W (260)
  HIGHEST GUST SPEED    18   HIGHEST GUST DIRECTION    SW (240)
  AVERAGE WIND SPEED     4.2


SKY COVER
  POSSIBLE SUNSHINE  MM
  AVERAGE SKY COVER 0.4


WEATHER CONDITIONS
 THE FOLLOWING WEATHER WAS RECORDED TODAY.
  LIGHT RAIN
  FOG


RELATIVE HUMIDITY (PERCENT)
 HIGHEST   100          1200 AM
 LOWEST     68          1200 PM
 AVERAGE    84

..........................................................


THE OCEANSIDE AIRPORT CA CLIMATE NORMALS FOR TOMORROW
                         NORMAL    RECORD    YEAR
 MAXIMUM TEMPERATURE (F)   66        84      2015
 MINIMUM TEMPERATURE (F)   47        39      2012


SUNRISE AND SUNSET
MARCH 26 2017.........SUNRISE   645 AM PDT   SUNSET   706 PM PDT
MARCH 27 2017.........SUNRISE   643 AM PDT   SUNSET   706 PM PDT


-  INDICATES NEGATIVE NUMBERS.
R  INDICATES RECORD WAS SET OR TIED.
MM INDICATES DATA IS MISSING.
T  INDICATES TRACE AMOUNT.




$$
