000
CDUS46 KSGX 201519
CLIOKB


CLIMATE REPORT
NATIONAL WEATHER SERVICE SAN DIEGO, CA
719 AM PST FRI JAN 20 2017


...................................

...THE OCEANSIDE AIRPORT CA CLIMATE SUMMARY FOR JANUARY 19 2017...

CLIMATE NORMAL PERIOD 1981 TO 2010
CLIMATE RECORD PERIOD 1999 TO 2017


WEATHER ITEM   OBSERVED TIME   RECORD YEAR NORMAL DEPARTURE LAST
                VALUE   (LST)  VALUE       VALUE  FROM      YEAR
                                                  NORMAL
..................................................................
TEMPERATURE (F)
 YESTERDAY
  MAXIMUM         63   1123 AM  87    2005  66     -3       63
  MINIMUM         50    736 PM  31    2012  40     10       45
  AVERAGE         57                        53      4       54

PRECIPITATION (IN)
  YESTERDAY        0.52R         0.42 2010   0.08   0.44     0.00
  MONTH TO DATE    1.95                      1.93   0.02     2.35
  SINCE OCT 1      7.10                      5.81   1.29     4.52
  SINCE JAN 1      1.95                      1.93   0.02     2.35

DEGREE DAYS
 HEATING
  YESTERDAY        8                        12     -4       11
  MONTH TO DATE  182                       233    -51      218
  SINCE DEC 1    462                       617   -155      627
  SINCE JUL 1    648                       967   -319      858

 COOLING
  YESTERDAY        0                         0      0        0
  MONTH TO DATE    0                         0      0        0
  SINCE DEC 1      0                         0      0        0
  SINCE JAN 1      0                         0      0        0
..................................................................


WIND (MPH)
  RESULTANT WIND SPEED   5   RESULTANT WIND DIRECTION  SW (240)
  HIGHEST WIND SPEED    18   HIGHEST WIND DIRECTION    SW (240)
  HIGHEST GUST SPEED    27   HIGHEST GUST DIRECTION     S (190)
  AVERAGE WIND SPEED     7.4


SKY COVER
  POSSIBLE SUNSHINE  MM
  AVERAGE SKY COVER 0.7


WEATHER CONDITIONS
 THE FOLLOWING WEATHER WAS RECORDED YESTERDAY.
  HEAVY RAIN
  RAIN
  LIGHT RAIN
  FOG


RELATIVE HUMIDITY (PERCENT)
 HIGHEST   100           700 AM
 LOWEST     72           300 AM
 AVERAGE    86

..........................................................


THE OCEANSIDE AIRPORT CA CLIMATE NORMALS FOR TODAY
                         NORMAL    RECORD    YEAR
 MAXIMUM TEMPERATURE (F)   66        79      2013
 MINIMUM TEMPERATURE (F)   41        32      2008


SUNRISE AND SUNSET
JANUARY 20 2017.......SUNRISE   651 AM PST   SUNSET   510 PM PST
JANUARY 21 2017.......SUNRISE   651 AM PST   SUNSET   511 PM PST


-  INDICATES NEGATIVE NUMBERS.
R  INDICATES RECORD WAS SET OR TIED.
MM INDICATES DATA IS MISSING.
T  INDICATES TRACE AMOUNT.




$$
