000
CDUS46 KSGX 301419
CLIOKB


CLIMATE REPORT
NATIONAL WEATHER SERVICE SAN DIEGO, CA
719 AM PDT MON MAY 30 2016


...................................

...THE OCEANSIDE AIRPORT CA CLIMATE SUMMARY FOR MAY 29 2016...

CLIMATE NORMAL PERIOD 1981 TO 2010
CLIMATE RECORD PERIOD 1999 TO 2016


WEATHER ITEM   OBSERVED TIME   RECORD YEAR NORMAL DEPARTURE LAST
                VALUE   (LST)  VALUE       VALUE  FROM      YEAR
                                                  NORMAL
..................................................................
TEMPERATURE (F)
 YESTERDAY
  MAXIMUM         69    401 PM  75    2013  70     -1       71
  MINIMUM         61    551 AM  44    2010  56      5       61
  AVERAGE         65                        63      2       66

PRECIPITATION (IN)
  YESTERDAY        0.00          0.03 2009   0.00   0.00     0.00
                                      2009
                                      2011
  MONTH TO DATE    0.54                      0.26   0.28     1.46
  SINCE OCT 1      7.12                     13.04  -5.92     7.38
  SINCE JAN 1      4.95                      9.16  -4.21     2.98

DEGREE DAYS
 HEATING
  YESTERDAY        0                         2     -2        0
  MONTH TO DATE   69                       103    -34       79
  SINCE MAR 1    432                       589   -157      329
  SINCE JUL 1   1600                      1997   -397     1203

 COOLING
  YESTERDAY        0                         0      0        1
  MONTH TO DATE    8                         0      8        4
  SINCE MAR 1     12                         3      9       38
  SINCE JAN 1     18                         3     15       38
..................................................................


WIND (MPH)
  RESULTANT WIND SPEED   7   RESULTANT WIND DIRECTION   W (260)
  HIGHEST WIND SPEED    15   HIGHEST WIND DIRECTION     W (250)
  HIGHEST GUST SPEED    24   HIGHEST GUST DIRECTION    SE (150)
  AVERAGE WIND SPEED     6.9


SKY COVER
  POSSIBLE SUNSHINE  MM
  AVERAGE SKY COVER 0.9


WEATHER CONDITIONS
 THE FOLLOWING WEATHER WAS RECORDED YESTERDAY.
  NO SIGNIFICANT WEATHER WAS OBSERVED.


RELATIVE HUMIDITY (PERCENT)
 HIGHEST    78           100 AM
 LOWEST     57           200 PM
 AVERAGE    68

..........................................................


THE OCEANSIDE AIRPORT CA CLIMATE NORMALS FOR TODAY
                         NORMAL    RECORD    YEAR
 MAXIMUM TEMPERATURE (F)   70        76      2004
 MINIMUM TEMPERATURE (F)   56        45      2011


SUNRISE AND SUNSET
MAY 30 2016...........SUNRISE   542 AM PDT   SUNSET   753 PM PDT
MAY 31 2016...........SUNRISE   541 AM PDT   SUNSET   753 PM PDT


-  INDICATES NEGATIVE NUMBERS.
R  INDICATES RECORD WAS SET OR TIED.
MM INDICATES DATA IS MISSING.
T  INDICATES TRACE AMOUNT.




$$
