000
CDUS46 KSGX 291435
CLIOKB


CLIMATE REPORT
NATIONAL WEATHER SERVICE SAN DIEGO, CA
735 AM PDT SUN MAR 29 2015


...................................

...THE OCEANSIDE AIRPORT CA CLIMATE SUMMARY FOR MARCH 28 2015...

CLIMATE NORMAL PERIOD 1981 TO 2010
CLIMATE RECORD PERIOD 1999 TO 2015


WEATHER ITEM   OBSERVED TIME   RECORD YEAR NORMAL DEPARTURE LAST
                VALUE   (LST)  VALUE       VALUE  FROM      YEAR
                                                  NORMAL
..................................................................
TEMPERATURE (F)
 YESTERDAY
  MAXIMUM         74    100 PM  83    2004  66      8       69
  MINIMUM         54    646 AM  37    2012  47      7       45
  AVERAGE         64                        57      7       57

PRECIPITATION (IN)
  YESTERDAY        0.00          0.47 2006   0.04  -0.04     0.00
  MONTH TO DATE    0.74                      2.10  -1.36     0.51
  SINCE OCT 1      5.88                     11.70  -5.82     3.86
  SINCE JAN 1      1.48                      7.82  -6.34     2.27

SNOWFALL (IN)
  YESTERDAY        0.0
  MONTH TO DATE    0.0
  SINCE MAR 1      0.0
  SINCE JUL 1      0.0
  SNOW DEPTH       0

DEGREE DAYS
 HEATING
  YESTERDAY        1                         8     -7        8
  MONTH TO DATE  120                       266   -146      146
  SINCE MAR 1    120                       266   -146      146
  SINCE JUL 1    994                      1674   -680     1318

 COOLING
  YESTERDAY        0                         0      0        0
  MONTH TO DATE   31                         0     31        2
  SINCE MAR 1     31                         0     31        2
  SINCE JAN 1     31                         0     31        2
..................................................................


WIND (MPH)
  RESULTANT WIND SPEED   2   RESULTANT WIND DIRECTION   W (260)
  HIGHEST WIND SPEED    14   HIGHEST WIND DIRECTION    SW (230)
  HIGHEST GUST SPEED    17   HIGHEST GUST DIRECTION     W (250)
  AVERAGE WIND SPEED     4.9


SKY COVER
  POSSIBLE SUNSHINE  MM
  AVERAGE SKY COVER 0.4


WEATHER CONDITIONS
 THE FOLLOWING WEATHER WAS RECORDED YESTERDAY.
  FOG
  FOG W/VISIBILITY <= 1/4 MILE
  HAZE


RELATIVE HUMIDITY (PERCENT)
 HIGHEST    93          1200 AM
 LOWEST     40           900 AM
 AVERAGE    67

..........................................................


THE OCEANSIDE AIRPORT CA CLIMATE NORMALS FOR TODAY
                         NORMAL    RECORD    YEAR
 MAXIMUM TEMPERATURE (F)   66        88      2004
 MINIMUM TEMPERATURE (F)   47        40      2007


SUNRISE AND SUNSET
MARCH 29 2015.........SUNRISE   641 AM PDT   SUNSET   707 PM PDT
MARCH 30 2015.........SUNRISE   640 AM PDT   SUNSET   708 PM PDT


-  INDICATES NEGATIVE NUMBERS.
R  INDICATES RECORD WAS SET OR TIED.
MM INDICATES DATA IS MISSING.
T  INDICATES TRACE AMOUNT.




$$
