000
CDUS46 KSGX 201420
CLIOKB


CLIMATE REPORT
NATIONAL WEATHER SERVICE SAN DIEGO, CA
720 AM PDT SUN APR 20 2014


...................................

...THE OCEANSIDE AIRPORT CA CLIMATE SUMMARY FOR APRIL 19 2014...

CLIMATE NORMAL PERIOD 1981 TO 2010
CLIMATE RECORD PERIOD 1999 TO 2014


WEATHER ITEM   OBSERVED TIME   RECORD YEAR NORMAL DEPARTURE LAST
                VALUE   (LST)  VALUE       VALUE  FROM      YEAR
                                                  NORMAL
..................................................................
TEMPERATURE (F)
 YESTERDAY
  MAXIMUM         69    115 PM  90    2009  68      1       82
  MINIMUM         47    541 AM  38    2013  50     -3       38
  AVERAGE         58                        59     -1       60

PRECIPITATION (IN)
  YESTERDAY        0.00          0.00 2006   0.04  -0.04     0.00
                                      2005
                                      2004
  MONTH TO DATE    0.30                      0.65  -0.35      T
  SINCE JUL 1      4.17                     12.97  -8.80     5.58
  SINCE JAN 1      2.57                      8.58  -6.01     1.74

SNOWFALL (IN)
  YESTERDAY        0.0
  MONTH TO DATE    0.0
  SINCE JAN 1      0.0
  SINCE JUL 1      0.0
  SNOW DEPTH       0

DEGREE DAYS
 HEATING
  YESTERDAY        7                         6      1        5
  MONTH TO DATE  112                       135    -23      100
  SINCE MAR 1    280                       425   -145      313
  SINCE JUL 1   1452                      1833   -381     1711

 COOLING
  YESTERDAY        0                         0      0        0
  MONTH TO DATE    2                         0      2        0
  SINCE MAR 1      4                         1      3        0
  SINCE JAN 1      4                         1      3        0
..................................................................


WIND (MPH)
  RESULTANT WIND SPEED   4   RESULTANT WIND DIRECTION   W (260)
  HIGHEST WIND SPEED    15   HIGHEST WIND DIRECTION     W (250)
  HIGHEST GUST SPEED    22   HIGHEST GUST DIRECTION     W (250)
  AVERAGE WIND SPEED     4.0


SKY COVER
  POSSIBLE SUNSHINE  MM
  AVERAGE SKY COVER 0.2


WEATHER CONDITIONS
 THE FOLLOWING WEATHER WAS RECORDED YESTERDAY.
  FOG


RELATIVE HUMIDITY (PERCENT)
 HIGHEST   100           300 AM
 LOWEST     53          1000 AM
 AVERAGE    77

..........................................................


THE OCEANSIDE AIRPORT CA CLIMATE NORMALS FOR TODAY
                         NORMAL    RECORD    YEAR
 MAXIMUM TEMPERATURE (F)   68        98      2009
 MINIMUM TEMPERATURE (F)   50        42      2013
                                             2002


SUNRISE AND SUNSET
APRIL 20 2014.........SUNRISE   613 AM PDT   SUNSET   724 PM PDT
APRIL 21 2014.........SUNRISE   612 AM PDT   SUNSET   724 PM PDT


-  INDICATES NEGATIVE NUMBERS.
R  INDICATES RECORD WAS SET OR TIED.
MM INDICATES DATA IS MISSING.
T  INDICATES TRACE AMOUNT.




$$
