000
CDUS46 KSGX 270021
CLIOKB


CLIMATE REPORT
NATIONAL WEATHER SERVICE SAN DIEGO, CA
521 PM PDT TUE MAY 26 2015


...................................

...THE OCEANSIDE AIRPORT CA CLIMATE SUMMARY FOR MAY 26 2015...
VALID TODAY AS OF 0500 PM LOCAL TIME.

CLIMATE NORMAL PERIOD 1981 TO 2010
CLIMATE RECORD PERIOD 1999 TO 2015


WEATHER ITEM   OBSERVED TIME   RECORD YEAR NORMAL DEPARTURE LAST
                VALUE   (LST)  VALUE       VALUE  FROM      YEAR
                                                  NORMAL
..................................................................
TEMPERATURE (F)
 TODAY
  MAXIMUM         71    203 PM  73    2014  70      1       73
                                      2005
  MINIMUM         61    550 AM  50    2010  55      6       62
  AVERAGE         66                        63      3       68

PRECIPITATION (IN)
  TODAY            0.00          T    2008   0.00   0.00     0.00
                                      2008
                                      2012
  MONTH TO DATE    1.46                      0.25   1.21      T
  SINCE OCT 1      7.38                     13.03  -5.65     4.19
  SINCE JAN 1      2.98                      9.15  -6.17     2.60

SNOWFALL (IN)
  TODAY            0.0
  MONTH TO DATE    0.0
  SINCE MAR 1      0.0
  SINCE JUL 1      0.0
  SNOW DEPTH       0

DEGREE DAYS
 HEATING
  TODAY            0                         2     -2        0
  MONTH TO DATE   79                        97    -18       34
  SINCE MAR 1    329                       583   -254      363
  SINCE JUL 1   1203                      1991   -788     1535

 COOLING
  TODAY            1                         0      1        3
  MONTH TO DATE    1                         0      1       71
  SINCE MAR 1     35                         3     32       87
  SINCE JAN 1     35                         3     32       87
..................................................................


WIND (MPH)
  RESULTANT WIND SPEED   4   RESULTANT WIND DIRECTION   W (260)
  HIGHEST WIND SPEED    15   HIGHEST WIND DIRECTION    SW (240)
  HIGHEST GUST SPEED    18   HIGHEST GUST DIRECTION     W (250)
  AVERAGE WIND SPEED     5.0


SKY COVER
  POSSIBLE SUNSHINE  MM
  AVERAGE SKY COVER 0.9


WEATHER CONDITIONS
 THE FOLLOWING WEATHER WAS RECORDED TODAY.
  NO SIGNIFICANT WEATHER WAS OBSERVED.


RELATIVE HUMIDITY (PERCENT)
 HIGHEST    84           600 AM
 LOWEST     61           100 PM
 AVERAGE    73

..........................................................


THE OCEANSIDE AIRPORT CA CLIMATE NORMALS FOR TOMORROW
                         NORMAL    RECORD    YEAR
 MAXIMUM TEMPERATURE (F)   70        75      2000
 MINIMUM TEMPERATURE (F)   56        47      2008


SUNRISE AND SUNSET
MAY 26 2015...........SUNRISE   543 AM PDT   SUNSET   750 PM PDT
MAY 27 2015...........SUNRISE   543 AM PDT   SUNSET   750 PM PDT


-  INDICATES NEGATIVE NUMBERS.
R  INDICATES RECORD WAS SET OR TIED.
MM INDICATES DATA IS MISSING.
T  INDICATES TRACE AMOUNT.




$$
