000
CDUS44 KOUN 300631
CLIOKC

CLIMATE REPORT
NATIONAL WEATHER SERVICE NORMAN OK
130 AM CDT FRI SEP 30 2016


...................................

...THE OKLAHOMA CITY CLIMATE SUMMARY FOR SEPTEMBER 29 2016...

CLIMATE NORMAL PERIOD 1981 TO 2010
CLIMATE RECORD PERIOD 1890 TO 2016


WEATHER ITEM   OBSERVED TIME   RECORD YEAR NORMAL DEPARTURE LAST
                VALUE   (LST)  VALUE       VALUE  FROM      YEAR
                                                  NORMAL
..................................................................
TEMPERATURE (F)
 YESTERDAY
  MAXIMUM         73    402 PM  96    1977  79     -6       88
  MINIMUM         53    651 AM  39    1916  58     -5       63
                                      1895
  AVERAGE         63                        68     -5       76

PRECIPITATION (IN)
  YESTERDAY        0.00          2.90 1986   0.12  -0.12     0.00
  MONTH TO DATE    4.25                      3.94   0.31     1.06
  SINCE JAN 1     24.16                     28.83  -4.67    43.97

DEGREE DAYS
 HEATING
  YESTERDAY        2                         2      0        0
  MONTH TO DATE    2                        17    -15        0
  SINCE JUL 1      2                        17    -15        0

 COOLING
  YESTERDAY        0                         5     -5       11
  MONTH TO DATE  330                       281     49      376
  SINCE JAN 1   2056                      2018     38     1956
..................................................................


WIND (MPH)
  HIGHEST WIND SPEED    16   HIGHEST WIND DIRECTION    NE (40)
  HIGHEST GUST SPEED    21   HIGHEST GUST DIRECTION     N (10)
  AVERAGE WIND SPEED    10.0


SKY COVER
  AVERAGE SKY COVER 0.4


WEATHER CONDITIONS
 THE FOLLOWING WEATHER WAS RECORDED YESTERDAY.
  NO SIGNIFICANT WEATHER WAS OBSERVED.


RELATIVE HUMIDITY (PERCENT)
 HIGHEST    83           600 AM
 LOWEST     41           300 PM
 AVERAGE    62

..........................................................


THE OKLAHOMA CITY CLIMATE NORMALS FOR TODAY
                         NORMAL    RECORD    YEAR
 MAXIMUM TEMPERATURE (F)   79       100      1977
 MINIMUM TEMPERATURE (F)   57        36      1895


SUNRISE AND SUNSET
SEPTEMBER 30 2016.....SUNRISE   725 AM CDT   SUNSET   715 PM CDT
OCTOBER  1 2016.......SUNRISE   726 AM CDT   SUNSET   713 PM CDT


-  INDICATES NEGATIVE NUMBERS.
R  INDICATES RECORD WAS SET OR TIED.
MM INDICATES DATA IS MISSING.
T  INDICATES TRACE AMOUNT.

$$
