000
CDUS44 KOUN 302207
CLIOKC

CLIMATE REPORT
NATIONAL WEATHER SERVICE NORMAN OK
507 PM CDT SUN AUG 30 2015


...................................

...THE OKLAHOMA CITY CLIMATE SUMMARY FOR AUGUST 30 2015...
VALID TODAY AS OF 0500 PM LOCAL TIME.

CLIMATE NORMAL PERIOD 1981 TO 2010
CLIMATE RECORD PERIOD 1890 TO 2015


WEATHER ITEM   OBSERVED TIME   RECORD YEAR NORMAL DEPARTURE LAST
                VALUE   (LST)  VALUE       VALUE  FROM      YEAR
                                                  NORMAL
..................................................................
TEMPERATURE (F)
 TODAY
  MAXIMUM         90    344 PM 105    1947  91     -1       97
  MINIMUM         65    630 AM  49    1915  69     -4       67
  AVERAGE         78                        80     -2       82

PRECIPITATION (IN)
  TODAY            0.00          2.04 2003   0.12  -0.12     0.00
  MONTH TO DATE    1.17                      3.16  -1.99     0.82
  SINCE JAN 1     42.91                     24.77  18.14    20.73

DEGREE DAYS
 COOLING
  TODAY           13                        15     -2       17
  MONTH TO DATE  442                       523    -81      515
  SINCE JAN 1   1565                      1722   -157     1654
..................................................................


WIND (MPH)
  HIGHEST WIND SPEED    12   HIGHEST WIND DIRECTION     N (340)
  HIGHEST GUST SPEED    15   HIGHEST GUST DIRECTION     N (340)
  AVERAGE WIND SPEED     6.1


SKY COVER
  AVERAGE SKY COVER 0.3


WEATHER CONDITIONS
 THE FOLLOWING WEATHER WAS RECORDED TODAY.
  NO SIGNIFICANT WEATHER WAS OBSERVED.


RELATIVE HUMIDITY (PERCENT)
 HIGHEST   100           600 AM
 LOWEST     43           300 PM
 AVERAGE    72

..........................................................


THE OKLAHOMA CITY CLIMATE NORMALS FOR TOMORROW
                         NORMAL    RECORD    YEAR
 MAXIMUM TEMPERATURE (F)   91       105      2011
 MINIMUM TEMPERATURE (F)   69        51      1915


SUNRISE AND SUNSET
AUGUST 30 2015........SUNRISE   701 AM CDT   SUNSET   800 PM CDT
AUGUST 31 2015........SUNRISE   702 AM CDT   SUNSET   759 PM CDT


-  INDICATES NEGATIVE NUMBERS.
R  INDICATES RECORD WAS SET OR TIED.
MM INDICATES DATA IS MISSING.
T  INDICATES TRACE AMOUNT.

$$
