000
CDUS44 KOUN 210703
CLIOKC

OUNCLIOKC 000
TTAA00 KOUN 210635


CLIMATE REPORT
NATIONAL WEATHER SERVICE NORMAN OK
1235 AM CST WED FEB 21 2018


...................................

...THE OKLAHOMA CITY CLIMATE SUMMARY FOR FEBRUARY 20 2018...

CLIMATE NORMAL PERIOD 1981 TO 2010
CLIMATE RECORD PERIOD 1890 TO 2018


WEATHER ITEM   OBSERVED TIME   RECORD YEAR NORMAL DEPARTURE LAST
                VALUE   (LST)  VALUE       VALUE  FROM      YEAR
                                                  NORMAL
..................................................................
TEMPERATURE (F)
 YESTERDAY
  MAXIMUM         68    628 AM  84    1981  56     12       65
  MINIMUM         24   1159 PM   9    1918  34    -10       48
  AVERAGE         46                        45      1       57

PRECIPITATION (IN)
  YESTERDAY        0.76          1.55 1997   0.06   0.70     0.25
  MONTH TO DATE    1.14                      1.08   0.06     3.12
  SINCE DEC 1      2.02                      4.35  -2.33     5.48
  SINCE JAN 1      1.34                      2.47  -1.13     4.69

SNOWFALL (IN)
  YESTERDAY        T             4.0  1912   0.0   0.0       0.0
  MONTH TO DATE    T                         1.1   -1.1      0.0
  SINCE DEC 1      0.1                       6.0   -5.9      2.1
  SINCE JUL 1      0.1                       6.4   -6.3      2.1
  SNOW DEPTH       0

DEGREE DAYS
 HEATING
  YESTERDAY       19                        20     -1        8
  MONTH TO DATE  501                       447     54      303
  SINCE DEC 1   2131                      2001    130     1807
  SINCE JUL 1   2681                      2600     81     2130

 COOLING
  YESTERDAY        0                         0      0        0
  MONTH TO DATE    4                         0      4        7
  SINCE DEC 1      4                         0      4        7
  SINCE JAN 1      4                         0      4        7
..................................................................


WIND (MPH)
  HIGHEST WIND SPEED    33   HIGHEST WIND DIRECTION     N (340)
  HIGHEST GUST SPEED    40   HIGHEST GUST DIRECTION    NW (330)
  AVERAGE WIND SPEED    20.9


SKY COVER
  AVERAGE SKY COVER 0.9


WEATHER CONDITIONS
 THE FOLLOWING WEATHER WAS RECORDED YESTERDAY.
  THUNDERSTORM
  HEAVY RAIN
  RAIN
  LIGHT RAIN
  FREEZING RAIN
  LT FREEZING RAIN
  HAIL
  SNOW
  LIGHT SNOW
  SLEET
  FOG
  FOG W/VISIBILITY <= 1/4 MILE
  HAZE


RELATIVE HUMIDITY (PERCENT)
 HIGHEST    96           700 AM
 LOWEST     80          1200 AM
 AVERAGE    88

..........................................................


THE OKLAHOMA CITY CLIMATE NORMALS FOR TODAY
                         NORMAL    RECORD    YEAR
 MAXIMUM TEMPERATURE (F)   56        82      1996
 MINIMUM TEMPERATURE (F)   34         9      1939


SUNRISE AND SUNSET
FEBRUARY 21 2018......SUNRISE   710 AM CST   SUNSET   618 PM CST
FEBRUARY 22 2018......SUNRISE   709 AM CST   SUNSET   619 PM CST


-  INDICATES NEGATIVE NUMBERS.
R  INDICATES RECORD WAS SET OR TIED.
MM INDICATES DATA IS MISSING.
T  INDICATES TRACE AMOUNT.




$$
