000
CDUS44 KOUN 220644
CLIOKC

CLIMATE REPORT
NATIONAL WEATHER SERVICE NORMAN OK
144 AM CDT SAT JUL 22 2017


...................................

...THE OKLAHOMA CITY CLIMATE SUMMARY FOR JULY 21 2017...

CLIMATE NORMAL PERIOD 1981 TO 2010
CLIMATE RECORD PERIOD 1890 TO 2017


WEATHER ITEM   OBSERVED TIME   RECORD YEAR NORMAL DEPARTURE LAST
                VALUE   (LST)  VALUE       VALUE  FROM      YEAR
                                                  NORMAL
..................................................................
TEMPERATURE (F)
 YESTERDAY
  MAXIMUM        102    409 PM 107    1939  95      7       98
  MINIMUM         74    549 AM  54    1970  73      1       72
  AVERAGE         88                        84      4       85

PRECIPITATION (IN)
  YESTERDAY        0.00          1.96 2015   0.09  -0.09     0.00
  MONTH TO DATE    1.31                      2.04  -0.73     1.44
  SINCE JUN 1      1.42                      6.97  -5.55     4.74
  SINCE JAN 1     16.08                     20.72  -4.64    17.15

SNOWFALL (IN)
  YESTERDAY        0.0

DEGREE DAYS
 HEATING
  YESTERDAY        0                         0      0        0
  MONTH TO DATE    0                         0      0        0
  SINCE JUN 1      0                         1     -1        0
  SINCE JUL 1      0                         0      0        0

 COOLING
  YESTERDAY       23                        19      4       20
  MONTH TO DATE  370                       372     -2      390
  SINCE JUN 1    760                       762     -2      826
  SINCE JAN 1    985                      1012    -27     1012
..................................................................


WIND (MPH)
  HIGHEST WIND SPEED    17   HIGHEST WIND DIRECTION     S (190)
  HIGHEST GUST SPEED    24   HIGHEST GUST DIRECTION    SW (210)
  AVERAGE WIND SPEED    10.6


SKY COVER
  AVERAGE SKY COVER 0.3


WEATHER CONDITIONS
 THE FOLLOWING WEATHER WAS RECORDED YESTERDAY.
  NO SIGNIFICANT WEATHER WAS OBSERVED.


RELATIVE HUMIDITY (PERCENT)
 HIGHEST    82           400 AM
 LOWEST     27           200 PM
 AVERAGE    55

..........................................................


THE OKLAHOMA CITY CLIMATE NORMALS FOR TODAY
                         NORMAL    RECORD    YEAR
 MAXIMUM TEMPERATURE (F)   95       107      1974
 MINIMUM TEMPERATURE (F)   73        57      1970


SUNRISE AND SUNSET
JULY 22 2017..........SUNRISE   632 AM CDT   SUNSET   842 PM CDT
JULY 23 2017..........SUNRISE   633 AM CDT   SUNSET   841 PM CDT


-  INDICATES NEGATIVE NUMBERS.
R  INDICATES RECORD WAS SET OR TIED.
MM INDICATES DATA IS MISSING.
T  INDICATES TRACE AMOUNT.




$$
