599
CDUS44 KOUN 252316
CLIOKC

CLIMATE REPORT
NATIONAL WEATHER SERVICE NORMAN OK
516 PM CST SAT FEB 25 2017


...................................

...THE OKLAHOMA CITY CLIMATE SUMMARY FOR FEBRUARY 25 2017...
VALID TODAY AS OF 0500 PM LOCAL TIME.

CLIMATE NORMAL PERIOD 1981 TO 2010
CLIMATE RECORD PERIOD 1890 TO 2017


WEATHER ITEM   OBSERVED TIME   RECORD YEAR NORMAL DEPARTURE LAST
                VALUE   (LST)  VALUE       VALUE  FROM      YEAR
                                                  NORMAL
..................................................................
TEMPERATURE (F)
 TODAY
  MAXIMUM         49    412 PM  84    1917  57     -8       50
  MINIMUM         23    645 AM  10    1960  36    -13       34
  AVERAGE         36                        46    -10       42

PRECIPITATION (IN)
  TODAY            0.00          0.80 2013   0.07  -0.07     0.00
  MONTH TO DATE    3.12                      1.38   1.74     0.95
  SINCE JAN 1      4.69                      2.77   1.92     1.06

SNOWFALL (IN)
  TODAY            0.0           0.7  1952   0.0    0.0      0.0
  MONTH TO DATE    0.0                       1.3   -1.3      0.0
  SINCE JUL 1      2.1                       6.6   -4.5      1.2
  SNOW DEPTH       0

DEGREE DAYS
 HEATING
  TODAY           29                        19     10       23
  MONTH TO DATE  366                       543   -177      424
  SINCE JUL 1   2193                      2696   -503     2312
..................................................................


WIND (MPH)
  HIGHEST WIND SPEED    21   HIGHEST WIND DIRECTION     N (10)
  HIGHEST GUST SPEED    26   HIGHEST GUST DIRECTION     N (10)
  AVERAGE WIND SPEED    10.1


SKY COVER
  AVERAGE SKY COVER 0.2


WEATHER CONDITIONS
 THE FOLLOWING WEATHER WAS RECORDED TODAY.
  NO SIGNIFICANT WEATHER WAS OBSERVED.


RELATIVE HUMIDITY (PERCENT)
 HIGHEST    81           800 AM
 LOWEST     23           400 PM
 AVERAGE    52

..........................................................


THE OKLAHOMA CITY CLIMATE NORMALS FOR TOMORROW
                         NORMAL    RECORD    YEAR
 MAXIMUM TEMPERATURE (F)   58        82      1996
 MINIMUM TEMPERATURE (F)   36        10      1891


SUNRISE AND SUNSET
FEBRUARY 25 2017......SUNRISE   705 AM CST   SUNSET   622 PM CST
FEBRUARY 26 2017......SUNRISE   704 AM CST   SUNSET   623 PM CST


-  INDICATES NEGATIVE NUMBERS.
R  INDICATES RECORD WAS SET OR TIED.
MM INDICATES DATA IS MISSING.
T  INDICATES TRACE AMOUNT.

$$
