000
CDUS45 KGGW 290742
CLIOLF


CLIMATE REPORT
NATIONAL WEATHER SERVICE GLASGOW MT
141 AM MDT THU SEP 29 2016


...................................

...THE WOLF POINT MT CLIMATE SUMMARY FOR SEPTEMBER 28 2016...

CLIMATE NORMAL PERIOD 1981 TO 2010
CLIMATE RECORD PERIOD 9999 TO 9999


WEATHER ITEM   OBSERVED RECORD YEAR NORMAL DEPARTURE
                VALUE   VALUE       VALUE  FROM
                                           NORMAL
........................................................
TEMPERATURE (F)
 YESTERDAY
  MAXIMUM         75     MM      MM  68
  MINIMUM         50     MM      MM  36
  AVERAGE         63

PRECIPITATION (IN)
  YESTERDAY        0.00  MM      MM   0.03  -0.03
  MONTH TO DATE    2.32               0.95   1.37
  SINCE OCT 1     15.60              12.12   3.48
  SINCE JAN 1     13.93              10.62   3.31

SNOWFALL (IN)
  YESTERDAY        0.0   MM      MM  MM
  MONTH TO DATE    0.0               MM
  SINCE SEP 1      0.0               MM
  SINCE JUL 1      0.0               MM

DEGREE DAYS
 HEATING
  YESTERDAY        2

 COOLING
  YESTERDAY        0
........................................................







THE WOLF POINT MT CLIMATE NORMALS FOR TODAY
                         NORMAL    RECORD    YEAR
 MAXIMUM TEMPERATURE (F)   67        MM        MM
 MINIMUM TEMPERATURE (F)   35        MM        MM


SUNRISE AND SUNSET
SEPTEMBER 29 2016.....SUNRISE   700 AM MDT   SUNSET   644 PM MDT
SEPTEMBER 30 2016.....SUNRISE   701 AM MDT   SUNSET   642 PM MDT


-  INDICATES NEGATIVE NUMBERS.
R  INDICATES RECORD WAS SET OR TIED.
MM INDICATES DATA IS MISSING.
T  INDICATES TRACE AMOUNT.




$$
