000
CDUS45 KGGW 221234
CLIOLF


CLIMATE REPORT
NATIONAL WEATHER SERVICE GLASGOW MT
633 AM MDT MON MAY 22 2017


...................................

...THE WOLF POINT MT CLIMATE SUMMARY FOR MAY 22 2017...
VALID AS OF 0600 AM LOCAL TIME.

CLIMATE NORMAL PERIOD 1981 TO 2010
CLIMATE RECORD PERIOD 9999 TO 9999


WEATHER ITEM   OBSERVED RECORD YEAR NORMAL DEPARTURE
                VALUE   VALUE       VALUE  FROM
                                           NORMAL
........................................................
TEMPERATURE (F)
 TODAY
  MAXIMUM         48     MM      MM  71
  MINIMUM         43     MM      MM  41
  AVERAGE         46

PRECIPITATION (IN)
  TODAY            0.00  MM      MM   0.06  -0.06
  MONTH TO DATE    0.19               1.03  -0.84
  SINCE OCT 1      3.42               4.45  -1.03
  SINCE JAN 1      1.55               2.95  -1.40

SNOWFALL (IN)
  TODAY            0.0   MM      MM  MM
  MONTH TO DATE    0.0               MM
  SINCE MAR 1      0.0               MM
  SINCE JUL 1      0.0               MM

DEGREE DAYS
 HEATING
  TODAY           19

 COOLING
  TODAY            0
........................................................







THE WOLF POINT MT CLIMATE NORMALS FOR TOMORROW
                         NORMAL    RECORD    YEAR
 MAXIMUM TEMPERATURE (F)   71        MM        MM
 MINIMUM TEMPERATURE (F)   42        MM        MM


SUNRISE AND SUNSET
MAY 22 2017...........SUNRISE   515 AM MDT   SUNSET   844 PM MDT
MAY 23 2017...........SUNRISE   514 AM MDT   SUNSET   845 PM MDT


-  INDICATES NEGATIVE NUMBERS.
R  INDICATES RECORD WAS SET OR TIED.
MM INDICATES DATA IS MISSING.
T  INDICATES TRACE AMOUNT.




$$
