000
CDUS45 KGGW 221230
CLIOLF


CLIMATE REPORT
NATIONAL WEATHER SERVICE GLASGOW MT
630 AM MDT TUE JUL 22 2014


...................................

...THE WOLF POINT MT CLIMATE SUMMARY FOR JULY 22 2014...
VALID AS OF 0600 AM LOCAL TIME.

CLIMATE NORMAL PERIOD 1981 TO 2010
CLIMATE RECORD PERIOD 9999 TO 9999


WEATHER ITEM   OBSERVED RECORD YEAR NORMAL DEPARTURE
                VALUE   VALUE       VALUE  FROM
                                           NORMAL
........................................................
TEMPERATURE (F)
 TODAY
  MAXIMUM         59     MM      MM  88
  MINIMUM         52     MM      MM  56
  AVERAGE         56

PRECIPITATION (IN)
  TODAY            0.00  MM      MM   0.05  -0.05
  MONTH TO DATE    0.41               1.43  -1.02
  SINCE OCT 1      5.49               9.34  -3.85
  SINCE JAN 1      4.93               7.84  -2.91

SNOWFALL (IN)
  TODAY            0.0   MM      MM  MM
  MONTH TO DATE    0.0               MM
  SINCE JUN 1      0.0               MM
  SINCE JUL 1      0.0               MM

DEGREE DAYS
 HEATING
  TODAY            9

 COOLING
  TODAY            0
........................................................







THE WOLF POINT MT CLIMATE NORMALS FOR TOMORROW
                         NORMAL    RECORD    YEAR
 MAXIMUM TEMPERATURE (F)   88        MM        MM
 MINIMUM TEMPERATURE (F)   56        MM        MM


SUNRISE AND SUNSET
JULY 22 2014..........SUNRISE   526 AM MDT   SUNSET   851 PM MDT
JULY 23 2014..........SUNRISE   527 AM MDT   SUNSET   850 PM MDT


-  INDICATES NEGATIVE NUMBERS.
R  INDICATES RECORD WAS SET OR TIED.
MM INDICATES DATA IS MISSING.
T  INDICATES TRACE AMOUNT.




$$
