000
CDUS46 KSEW 030827
CLIOLM


CLIMATE REPORT
NATIONAL WEATHER SERVICE SEATTLE WA
127 AM PDT THU SEP 3 2015


...................................

...THE OLYMPIA WA AIRPORT CLIMATE SUMMARY FOR SEPTEMBER 2 2015...

CLIMATE NORMAL PERIOD 1981 TO 2010
CLIMATE RECORD PERIOD 1948 TO 2015


WEATHER ITEM   OBSERVED TIME   RECORD YEAR NORMAL DEPARTURE LAST
                VALUE   (LST)  VALUE       VALUE  FROM      YEAR
                                                  NORMAL
..................................................................
TEMPERATURE (F)
 YESTERDAY
  MAXIMUM         69    324 PM  98    1988  76     -7       72
  MINIMUM         49   1136 PM  36    1973  49      0       50
                                      1960
  AVERAGE         59                        62     -3       61

PRECIPITATION (IN)
  YESTERDAY        T             0.52 1979   0.05  -0.05      T
  MONTH TO DATE    0.25                      0.09   0.16      T
  SINCE OCT 1     42.90                     48.38  -5.48    41.25
  SINCE JAN 1     23.87                     27.69  -3.82    32.41

DEGREE DAYS
 HEATING
  YESTERDAY        6                         4      2        4
  MONTH TO DATE   11                         7      4        6
  SINCE SEP 1     11                         7      4        6
  SINCE JUL 1     56                       157   -101       59

 COOLING
  YESTERDAY        0                         1     -1        0
  MONTH TO DATE    0                         2     -2        0
  SINCE SEP 1      0                         2     -2        0
  SINCE JAN 1    262                       101    161      181
..................................................................


WIND (MPH)
  RESULTANT WIND SPEED   5   RESULTANT WIND DIRECTION  SW (220)
  HIGHEST WIND SPEED    17   HIGHEST WIND DIRECTION     W (260)
  HIGHEST GUST SPEED    23   HIGHEST GUST DIRECTION     W (260)
  AVERAGE WIND SPEED     7.3


SKY COVER
  AVERAGE SKY COVER 0.4


WEATHER CONDITIONS
 THE FOLLOWING WEATHER WAS RECORDED YESTERDAY.
  LIGHT RAIN


RELATIVE HUMIDITY (PERCENT)
 HIGHEST    93          1200 AM
 LOWEST     42           300 PM
 AVERAGE    68

..........................................................


THE OLYMPIA WA AIRPORT CLIMATE NORMALS FOR TODAY
                         NORMAL    RECORD    YEAR
 MAXIMUM TEMPERATURE (F)   75        91      2003
                                             1972
 MINIMUM TEMPERATURE (F)   48        36      1956


SUNRISE AND SUNSET
SEPTEMBER  3 2015.....SUNRISE   633 AM PDT   SUNSET   748 PM PDT
SEPTEMBER  4 2015.....SUNRISE   635 AM PDT   SUNSET   746 PM PDT


-  INDICATES NEGATIVE NUMBERS.
R  INDICATES RECORD WAS SET OR TIED.
MM INDICATES DATA IS MISSING.
T  INDICATES TRACE AMOUNT.




$$
