000
CDUS46 KSEW 270851
CLIOLM


CLIMATE REPORT
NATIONAL WEATHER SERVICE SEATTLE WA
151 AM PDT THU APR 27 2017


...................................

...THE OLYMPIA WA AIRPORT CLIMATE SUMMARY FOR APRIL 26 2017...

CLIMATE NORMAL PERIOD 1981 TO 2010
CLIMATE RECORD PERIOD 1948 TO 2017


WEATHER ITEM   OBSERVED TIME   RECORD YEAR NORMAL DEPARTURE LAST
                VALUE   (LST)  VALUE       VALUE  FROM      YEAR
                                                  NORMAL
..................................................................
TEMPERATURE (F)
 YESTERDAY
  MAXIMUM         58    227 PM  82    2004  61     -3       60
  MINIMUM         42   1159 PM  27    2008  39      3       32
                                      1984
                                      1976
  AVERAGE         50                        50      0       46

PRECIPITATION (IN)
  YESTERDAY        0.07          0.69 1985   0.10  -0.03     0.00
  MONTH TO DATE    5.14                      3.18   1.96     1.57
  SINCE OCT 1     57.58                     42.27  15.31    58.22
  SINCE JAN 1     29.48                     21.58   7.90    25.22

DEGREE DAYS
 HEATING
  YESTERDAY       15                        15      0       19
  MONTH TO DATE  443                       442      1      297
  SINCE MAR 1   1078                      1078      0      876
  SINCE JUL 1   4806                      4800      6     4234

 COOLING
  YESTERDAY        0                         0      0        0
  MONTH TO DATE    0                         0      0        1
  SINCE MAR 1      0                         0      0        1
  SINCE JAN 1      0                         0      0        1
..................................................................


WIND (MPH)
  RESULTANT WIND SPEED  10   RESULTANT WIND DIRECTION  SW (230)
  HIGHEST WIND SPEED    21   HIGHEST WIND DIRECTION     W (260)
  HIGHEST GUST SPEED    27   HIGHEST GUST DIRECTION     W (250)
  AVERAGE WIND SPEED    10.2


SKY COVER
  AVERAGE SKY COVER 0.6


WEATHER CONDITIONS
 THE FOLLOWING WEATHER WAS RECORDED YESTERDAY.
  RAIN
  LIGHT RAIN
  FOG


RELATIVE HUMIDITY (PERCENT)
 HIGHEST   100           200 AM
 LOWEST     54           500 PM
 AVERAGE    77

..........................................................


THE OLYMPIA WA AIRPORT CLIMATE NORMALS FOR TODAY
                         NORMAL    RECORD    YEAR
 MAXIMUM TEMPERATURE (F)   61        87      1987
 MINIMUM TEMPERATURE (F)   39        26      1954


SUNRISE AND SUNSET
APRIL 27 2017.........SUNRISE   602 AM PDT   SUNSET   817 PM PDT
APRIL 28 2017.........SUNRISE   600 AM PDT   SUNSET   819 PM PDT


-  INDICATES NEGATIVE NUMBERS.
R  INDICATES RECORD WAS SET OR TIED.
MM INDICATES DATA IS MISSING.
T  INDICATES TRACE AMOUNT.




$$
