000
CDUS46 KSEW 170830
CLIOLM


CLIMATE REPORT
NATIONAL WEATHER SERVICE SEATTLE WA
129 AM PDT THU AUG 17 2017


...................................

...THE OLYMPIA WA AIRPORT CLIMATE SUMMARY FOR AUGUST 16 2017...

CLIMATE NORMAL PERIOD 1981 TO 2010
CLIMATE RECORD PERIOD 1948 TO 2017


WEATHER ITEM   OBSERVED TIME   RECORD YEAR NORMAL DEPARTURE LAST
                VALUE   (LST)  VALUE       VALUE  FROM      YEAR
                                                  NORMAL
..................................................................
TEMPERATURE (F)
 YESTERDAY
  MAXIMUM         81    341 PM  96    2012  78      3       85
                                      1967
  MINIMUM         48    541 AM  40    2000  51     -3       53
                                      1986
  AVERAGE         65                        64      1       69

PRECIPITATION (IN)
  YESTERDAY        0.00          0.58 1995   0.03  -0.03     0.00
  MONTH TO DATE    0.11                      0.34  -0.23     0.21
  SINCE OCT 1     62.53                     47.69  14.84    60.45
  SINCE JAN 1     34.43                     27.00   7.43    27.45

DEGREE DAYS
 HEATING
  YESTERDAY        0                         2     -2        0
  MONTH TO DATE    8                        32    -24       30
  SINCE JUN 1    195                       300   -105      254
  SINCE JUL 1     44                       112    -68       88

 COOLING
  YESTERDAY        0                         2     -2        4
  MONTH TO DATE   71                        32     39       32
  SINCE JUN 1    129                        86     43      103
  SINCE JAN 1    139                        89     50      104
..................................................................


WIND (MPH)
  RESULTANT WIND SPEED   4   RESULTANT WIND DIRECTION  SW (230)
  HIGHEST WIND SPEED    15   HIGHEST WIND DIRECTION     W (250)
  HIGHEST GUST SPEED    19   HIGHEST GUST DIRECTION     W (250)
  AVERAGE WIND SPEED     5.1


SKY COVER
  AVERAGE SKY COVER 0.1


WEATHER CONDITIONS
 THE FOLLOWING WEATHER WAS RECORDED YESTERDAY.
  NO SIGNIFICANT WEATHER WAS OBSERVED.


RELATIVE HUMIDITY (PERCENT)
 HIGHEST   100           500 AM
 LOWEST     45           200 PM
 AVERAGE    73

..........................................................


THE OLYMPIA WA AIRPORT CLIMATE NORMALS FOR TODAY
                         NORMAL    RECORD    YEAR
 MAXIMUM TEMPERATURE (F)   78        98      1977
 MINIMUM TEMPERATURE (F)   51        38      1973


SUNRISE AND SUNSET
AUGUST 17 2017........SUNRISE   612 AM PDT   SUNSET   818 PM PDT
AUGUST 18 2017........SUNRISE   613 AM PDT   SUNSET   816 PM PDT


-  INDICATES NEGATIVE NUMBERS.
R  INDICATES RECORD WAS SET OR TIED.
MM INDICATES DATA IS MISSING.
T  INDICATES TRACE AMOUNT.




$$
