000
CDUS46 KSEW 240830
CLIOLM


CLIMATE REPORT
NATIONAL WEATHER SERVICE SEATTLE WA
130 AM PDT WED AUG 24 2016


...................................

...THE OLYMPIA WA AIRPORT CLIMATE SUMMARY FOR AUGUST 23 2016...

CLIMATE NORMAL PERIOD 1981 TO 2010
CLIMATE RECORD PERIOD 1948 TO 2016


WEATHER ITEM   OBSERVED TIME   RECORD YEAR NORMAL DEPARTURE LAST
                VALUE   (LST)  VALUE       VALUE  FROM      YEAR
                                                  NORMAL
..................................................................
TEMPERATURE (F)
 YESTERDAY
  MAXIMUM         81    449 PM  90    1981  77      4       85
  MINIMUM         46    302 AM  39    1973  50     -4       47
  AVERAGE         64                        64      0       66

PRECIPITATION (IN)
  YESTERDAY        0.00          1.38 1977   0.04  -0.04     0.00
  MONTH TO DATE    0.21                      0.58  -0.37     0.93
  SINCE OCT 1     60.45                     47.93  12.52    40.74
  SINCE JAN 1     27.45                     27.24   0.21    21.71

DEGREE DAYS
 HEATING
  YESTERDAY        1                         2     -1        0
  MONTH TO DATE   38                        46     -8       14
  SINCE JUN 1    262                       314    -52       94
  SINCE JUL 1     96                       126    -30       31

 COOLING
  YESTERDAY        0                         1     -1        1
  MONTH TO DATE   57                        39     18       64
  SINCE JUN 1    128                        93     35      254
  SINCE JAN 1    129                        96     33      255
..................................................................


WIND (MPH)
  RESULTANT WIND SPEED   4   RESULTANT WIND DIRECTION  NE (30)
  HIGHEST WIND SPEED    15   HIGHEST WIND DIRECTION    NE (30)
  HIGHEST GUST SPEED    21   HIGHEST GUST DIRECTION    NE (60)
  AVERAGE WIND SPEED     4.5


SKY COVER
  AVERAGE SKY COVER 0.2


WEATHER CONDITIONS
 THE FOLLOWING WEATHER WAS RECORDED YESTERDAY.
  FOG
  FOG W/VISIBILITY <= 1/4 MILE


RELATIVE HUMIDITY (PERCENT)
 HIGHEST   100           500 AM
 LOWEST     33           300 PM
 AVERAGE    67

..........................................................


THE OLYMPIA WA AIRPORT CLIMATE NORMALS FOR TODAY
                         NORMAL    RECORD    YEAR
 MAXIMUM TEMPERATURE (F)   77        94      1982
 MINIMUM TEMPERATURE (F)   50        38      2003


SUNRISE AND SUNSET
AUGUST 24 2016........SUNRISE   621 AM PDT   SUNSET   805 PM PDT
AUGUST 25 2016........SUNRISE   623 AM PDT   SUNSET   803 PM PDT


-  INDICATES NEGATIVE NUMBERS.
R  INDICATES RECORD WAS SET OR TIED.
MM INDICATES DATA IS MISSING.
T  INDICATES TRACE AMOUNT.




$$
