000
CDUS46 KSEW 310857
CLIOLM


CLIMATE REPORT
NATIONAL WEATHER SERVICE SEATTLE WA
157 AM PDT FRI JUL 31 2015


...................................

...THE OLYMPIA WA AIRPORT CLIMATE SUMMARY FOR JULY 30 2015...

CLIMATE NORMAL PERIOD 1981 TO 2010
CLIMATE RECORD PERIOD 1948 TO 2015


WEATHER ITEM   OBSERVED TIME   RECORD YEAR NORMAL DEPARTURE LAST
                VALUE   (LST)  VALUE       VALUE  FROM      YEAR
                                                  NORMAL
..................................................................
TEMPERATURE (F)
 YESTERDAY
  MAXIMUM         96    503 PM  97    1965  79     17       87
  MINIMUM         50    511 AM  42    1969  52     -2       53
                                      1956
  AVERAGE         73                        65      8       70

PRECIPITATION (IN)
  YESTERDAY        0.00          0.13 1955   0.02  -0.02     0.00
  MONTH TO DATE    0.15                      0.62  -0.47     0.27
  SINCE OCT 1     39.81                     47.34  -7.53    39.80
  SINCE JAN 1     20.78                     26.65  -5.87    30.96

DEGREE DAYS
 HEATING
  YESTERDAY        0                         2     -2        0
  MONTH TO DATE   17                        78    -61       33
  SINCE JUN 1     80                       266   -186      188
  SINCE JUL 1     17                        78    -61       33

 COOLING
  YESTERDAY        8                         2      6        5
  MONTH TO DATE  109                        44     65       90
  SINCE JUN 1    181                        55    126       91
  SINCE JAN 1    182                        58    124       92
..................................................................


WIND (MPH)
  RESULTANT WIND SPEED   5   RESULTANT WIND DIRECTION  NE (30)
  HIGHEST WIND SPEED    15   HIGHEST WIND DIRECTION    NE (30)
  HIGHEST GUST SPEED    21   HIGHEST GUST DIRECTION    NE (40)
  AVERAGE WIND SPEED     4.9


SKY COVER
  AVERAGE SKY COVER 0.0


WEATHER CONDITIONS
 THE FOLLOWING WEATHER WAS RECORDED YESTERDAY.
  NO SIGNIFICANT WEATHER WAS OBSERVED.


RELATIVE HUMIDITY (PERCENT)
 HIGHEST    86           500 AM
 LOWEST     16           400 PM
 AVERAGE    51

..........................................................


THE OLYMPIA WA AIRPORT CLIMATE NORMALS FOR TODAY
                         NORMAL    RECORD    YEAR
 MAXIMUM TEMPERATURE (F)   79        99      1965
 MINIMUM TEMPERATURE (F)   52        40      1957


SUNRISE AND SUNSET
JULY 31 2015..........SUNRISE   550 AM PDT   SUNSET   845 PM PDT
AUGUST  1 2015........SUNRISE   551 AM PDT   SUNSET   844 PM PDT


-  INDICATES NEGATIVE NUMBERS.
R  INDICATES RECORD WAS SET OR TIED.
MM INDICATES DATA IS MISSING.
T  INDICATES TRACE AMOUNT.




$$
