000
CDUS46 KSEW 100830
CLIOLM


CLIMATE REPORT
NATIONAL WEATHER SERVICE SEATTLE WA
1230 AM PST WED FEB 10 2016


...................................

...THE OLYMPIA WA AIRPORT CLIMATE SUMMARY FOR FEBRUARY 9 2016...

CLIMATE NORMAL PERIOD 1981 TO 2010
CLIMATE RECORD PERIOD 1948 TO 2016


WEATHER ITEM   OBSERVED TIME   RECORD YEAR NORMAL DEPARTURE LAST
                VALUE   (LST)  VALUE       VALUE  FROM      YEAR
                                                  NORMAL
..................................................................
TEMPERATURE (F)
 YESTERDAY
  MAXIMUM         66R   336 PM  63    1963  49     17       55
  MINIMUM         30    555 AM  12    1989  33     -3       47
  AVERAGE         48                        41      7       51

PRECIPITATION (IN)
  YESTERDAY        0.00          3.64 1951   0.20  -0.20     0.23
  MONTH TO DATE    1.27                      1.83  -0.56     4.59
  SINCE OCT 1     42.74                     30.36  12.38    30.30
  SINCE JAN 1      9.74                      9.67   0.07    11.27

DEGREE DAYS
 HEATING
  YESTERDAY       17                        24     -7       14
  MONTH TO DATE  201                       217    -16      155
  SINCE DEC 1   1707                      1823   -116     1564
  SINCE JUL 1   2983                      3268   -285     2663

 COOLING
  YESTERDAY        0                         0      0        0
  MONTH TO DATE    0                         0      0        0
  SINCE DEC 1      0                         0      0        0
  SINCE JAN 1      0                         0      0        0
..................................................................


WIND (MPH)
  RESULTANT WIND SPEED   0   RESULTANT WIND DIRECTION   E (90)
  HIGHEST WIND SPEED     7   HIGHEST WIND DIRECTION     N (360)
  HIGHEST GUST SPEED     8   HIGHEST GUST DIRECTION     N (10)
  AVERAGE WIND SPEED     2.0


SKY COVER
  AVERAGE SKY COVER 0.4


WEATHER CONDITIONS
 THE FOLLOWING WEATHER WAS RECORDED YESTERDAY.
  FOG
  FOG W/VISIBILITY <= 1/4 MILE


RELATIVE HUMIDITY (PERCENT)
 HIGHEST   100           300 AM
 LOWEST     52           200 PM
 AVERAGE    76

..........................................................


THE OLYMPIA WA AIRPORT CLIMATE NORMALS FOR TODAY
                         NORMAL    RECORD    YEAR
 MAXIMUM TEMPERATURE (F)   49        66      1963
 MINIMUM TEMPERATURE (F)   33        15      1982


SUNRISE AND SUNSET
FEBRUARY 10 2016......SUNRISE   724 AM PST   SUNSET   528 PM PST
FEBRUARY 11 2016......SUNRISE   723 AM PST   SUNSET   529 PM PST


-  INDICATES NEGATIVE NUMBERS.
R  INDICATES RECORD WAS SET OR TIED.
MM INDICATES DATA IS MISSING.
T  INDICATES TRACE AMOUNT.




$$
