000
CDUS43 KOAX 250632
CLIOMA


CLIMATE REPORT
NATIONAL WEATHER SERVICE OMAHA NEBRASKA
1228 AM CST SUN JAN 25 2015


...................................

...THE OMAHA EPPLEY, NEBRASKA CLIMATE SUMMARY FOR JANUARY 24 2015...

CLIMATE NORMAL PERIOD 1981 TO 2010
CLIMATE RECORD PERIOD 1871 TO 2015


WEATHER ITEM   OBSERVED TIME   RECORD YEAR NORMAL DEPARTURE LAST
                VALUE   (LST)  VALUE       VALUE  FROM      YEAR
                                                  NORMAL
..................................................................
TEMPERATURE (F)
 YESTERDAY
  MAXIMUM         55    339 PM  66    1981  34     21       52
  MINIMUM         25    558 AM -22    1894  14     11       13
  AVERAGE         40                        24     16       33

PRECIPITATION (IN)
  YESTERDAY        0.02          1.52 1967   0.02   0.00      T
  MONTH TO DATE    0.06                      0.54  -0.48     0.11
  SINCE DEC 1      1.74                      1.58   0.16     0.31
  SINCE JAN 1      0.06                      0.54  -0.48     0.11

SNOWFALL (IN)
  YESTERDAY        0.0                       0.2   -0.2      0.0
  MONTH TO DATE    1.3                       4.6   -3.3      1.5
  SINCE JUL 1      4.4                      13.6   -9.2      5.0
  SNOW DEPTH       0

DEGREE DAYS
 HEATING
  YESTERDAY       25                        41    -16       32
  MONTH TO DATE  954                      1005    -51     1056
  SINCE DEC 1   1984                      2214   -230     2374
  SINCE JUL 1   3285                      3484   -199     3600

 COOLING
  YESTERDAY        0                         0      0        0
  MONTH TO DATE    0                         0      0        0
  SINCE DEC 1      0                         0      0        0
  SINCE JAN 1      0                         0      0        0
..................................................................


WIND (MPH)
  HIGHEST WIND SPEED    24   HIGHEST WIND DIRECTION    NW (300)
  HIGHEST GUST SPEED    30   HIGHEST GUST DIRECTION    NW (300)
  AVERAGE WIND SPEED     5.8


SKY COVER
  POSSIBLE SUNSHINE  MM
  AVERAGE SKY COVER 0.6


WEATHER CONDITIONS
 THE FOLLOWING WEATHER WAS RECORDED YESTERDAY.
  LIGHT RAIN


RELATIVE HUMIDITY (PERCENT)
 HIGHEST   100           200 AM
 LOWEST     41           300 PM
 AVERAGE    71

..........................................................


THE OMAHA EPPLEY, NEBRASKA CLIMATE NORMALS FOR TODAY
                         NORMAL    RECORD    YEAR
 MAXIMUM TEMPERATURE (F)   34        69      1944
 MINIMUM TEMPERATURE (F)   14       -18      1936
                                             1905


SUNRISE AND SUNSET
JANUARY 25 2015.......SUNRISE   741 AM CST   SUNSET   531 PM CST
JANUARY 26 2015.......SUNRISE   740 AM CST   SUNSET   532 PM CST


-  INDICATES NEGATIVE NUMBERS.
R  INDICATES RECORD WAS SET OR TIED.
MM INDICATES DATA IS MISSING.
T  INDICATES TRACE AMOUNT.




$$
