000
CDUS43 KOAX 050650
CLIOMA


CLIMATE REPORT
NATIONAL WEATHER SERVICE OMAHA NEBRASKA
1249 AM CST MON DEC 5 2016


...................................

...THE OMAHA EPPLEY, NEBRASKA CLIMATE SUMMARY FOR DECEMBER 4 2016...

CLIMATE NORMAL PERIOD 1981 TO 2010
CLIMATE RECORD PERIOD 1871 TO 2016


WEATHER ITEM   OBSERVED TIME   RECORD YEAR NORMAL DEPARTURE LAST
                VALUE   (LST)  VALUE       VALUE  FROM      YEAR
                                                  NORMAL
..................................................................
TEMPERATURE (F)
 YESTERDAY
  MAXIMUM         42    323 PM  66    1998  39      3       53
                                      1888
  MINIMUM         29   1143 PM -11    1871  20      9       27
  AVERAGE         36                        29      7       40

PRECIPITATION (IN)
  YESTERDAY        0.02          0.83 1879   0.04  -0.02     0.00
  MONTH TO DATE    0.45                      0.16   0.29     0.03
  SINCE DEC 1      0.45                      0.16   0.29     0.03
  SINCE JAN 1     33.62                     29.74   3.88    39.29

SNOWFALL (IN)
  YESTERDAY        0.0                       0.2   -0.2      0.0
  MONTH TO DATE    1.1                       0.7    0.4      0.6
  SINCE JUL 1      1.1                       3.5   -2.4      2.5
  SNOW DEPTH       1

DEGREE DAYS
 HEATING
  YESTERDAY       29                        36     -7       25
  MONTH TO DATE  124                       140    -16      122
  SINCE DEC 1    124                       140    -16      122
  SINCE JUL 1    875                      1410   -535     1000

 COOLING
  YESTERDAY        0                         0      0        0
  MONTH TO DATE    0                         0      0        0
  SINCE DEC 1      0                         0      0        0
  SINCE JAN 1   1476                      1113    363     1215
..................................................................


WIND (MPH)
  HIGHEST WIND SPEED    13   HIGHEST WIND DIRECTION     S (160)
  HIGHEST GUST SPEED    16   HIGHEST GUST DIRECTION    SW (230)
  AVERAGE WIND SPEED     6.6


SKY COVER
  POSSIBLE SUNSHINE  MM
  AVERAGE SKY COVER 0.5


WEATHER CONDITIONS
 THE FOLLOWING WEATHER WAS RECORDED YESTERDAY.
  LIGHT RAIN
  FOG


RELATIVE HUMIDITY (PERCENT)
 HIGHEST    89           100 AM
 LOWEST     70           300 PM
 AVERAGE    80

..........................................................


THE OMAHA EPPLEY, NEBRASKA CLIMATE NORMALS FOR TODAY
                         NORMAL    RECORD    YEAR
 MAXIMUM TEMPERATURE (F)   38        66      2001
 MINIMUM TEMPERATURE (F)   20        -4      1950
                                             1880


SUNRISE AND SUNSET
DECEMBER  5 2016......SUNRISE   734 AM CST   SUNSET   454 PM CST
DECEMBER  6 2016......SUNRISE   735 AM CST   SUNSET   454 PM CST


-  INDICATES NEGATIVE NUMBERS.
R  INDICATES RECORD WAS SET OR TIED.
MM INDICATES DATA IS MISSING.
T  INDICATES TRACE AMOUNT.




$$
