000
CDUS43 KOAX 300629
CLIOMA


CLIMATE REPORT
NATIONAL WEATHER SERVICE OMAHA NEBRASKA
128 AM CDT TUE SEP 30 2014


...................................

...THE OMAHA EPPLEY, NEBRASKA CLIMATE SUMMARY FOR SEPTEMBER 29 2014...

CLIMATE NORMAL PERIOD 1981 TO 2010
CLIMATE RECORD PERIOD 1871 TO 2014


WEATHER ITEM   OBSERVED TIME   RECORD YEAR NORMAL DEPARTURE LAST
                VALUE   (LST)  VALUE       VALUE  FROM      YEAR
                                                  NORMAL
..................................................................
TEMPERATURE (F)
 YESTERDAY
  MAXIMUM         84    306 PM  92    1971  72     12       78
  MINIMUM         60    713 AM  28    1984  48     12       47
  AVERAGE         72                        60     12       63

PRECIPITATION (IN)
  YESTERDAY        0.00          3.67 1881   0.09  -0.09     0.00
  MONTH TO DATE    4.45                      2.60   1.85     2.72
  SINCE SEP 1      4.45                      2.60   1.85     2.72
  SINCE JAN 1     33.10                     25.71   7.39    23.96

SNOWFALL (IN)
  YESTERDAY        0.0                       0.0    0.0      0.0
  MONTH TO DATE    0.0                       0.0    0.0      0.0
  SINCE JUL 1      0.0                       0.0    0.0      0.0
  SNOW DEPTH       0

DEGREE DAYS
 HEATING
  YESTERDAY        0                         7     -7        2
  MONTH TO DATE   74                        88    -14       17
  SINCE SEP 1     74                        88    -14       17
  SINCE JUL 1     78                        96    -18       22

 COOLING
  YESTERDAY        7                         2      5        0
  MONTH TO DATE  115                       116     -1      204
  SINCE SEP 1    115                       116     -1      204
  SINCE JAN 1   1138                      1096     42     1270
..................................................................


WIND (MPH)
  HIGHEST WIND SPEED    12   HIGHEST WIND DIRECTION     N (360)
  HIGHEST GUST SPEED    15   HIGHEST GUST DIRECTION     N (360)
  AVERAGE WIND SPEED     5.2


SKY COVER
  POSSIBLE SUNSHINE  MM
  AVERAGE SKY COVER 0.2


WEATHER CONDITIONS
 THE FOLLOWING WEATHER WAS RECORDED YESTERDAY.
  NO SIGNIFICANT WEATHER WAS OBSERVED.


RELATIVE HUMIDITY (PERCENT)
 HIGHEST    84           300 AM
 LOWEST     40           200 PM
 AVERAGE    62

..........................................................


THE OMAHA EPPLEY, NEBRASKA CLIMATE NORMALS FOR TODAY
                         NORMAL    RECORD    YEAR
 MAXIMUM TEMPERATURE (F)   72        93      1994
                                             1952
 MINIMUM TEMPERATURE (F)   47        31      1974
                                             1972


SUNRISE AND SUNSET
SEPTEMBER 30 2014.....SUNRISE   719 AM CDT   SUNSET   707 PM CDT
OCTOBER  1 2014.......SUNRISE   720 AM CDT   SUNSET   705 PM CDT


-  INDICATES NEGATIVE NUMBERS.
R  INDICATES RECORD WAS SET OR TIED.
MM INDICATES DATA IS MISSING.
T  INDICATES TRACE AMOUNT.




$$
