000
CDUS43 KOAX 272145
CLIOMA


CLIMATE REPORT
NATIONAL WEATHER SERVICE OMAHA NEBRASKA
444 PM CDT FRI MAR 27 2015


...................................

...THE OMAHA EPPLEY, NEBRASKA CLIMATE SUMMARY FOR MARCH 27 2015...
VALID TODAY AS OF 0400 PM LOCAL TIME.

CLIMATE NORMAL PERIOD 1981 TO 2010
CLIMATE RECORD PERIOD 1871 TO 2015


WEATHER ITEM   OBSERVED TIME   RECORD YEAR NORMAL DEPARTURE LAST
                VALUE   (LST)  VALUE       VALUE  FROM      YEAR
                                                  NORMAL
..................................................................
TEMPERATURE (F)
 TODAY
  MAXIMUM         41    133 PM  83    1895  56    -15       53
  MINIMUM         22    647 AM  11    1955  32    -10       34
  AVERAGE         32                        44    -12       44

PRECIPITATION (IN)
  TODAY            0.00          2.44 2004   0.08  -0.08     0.08
  MONTH TO DATE    0.54                      1.65  -1.11     0.21
  SINCE MAR 1      0.54                      1.65  -1.11     0.21
  SINCE JAN 1      1.68                      3.22  -1.54     1.07

SNOWFALL (IN)
  TODAY            0.0                       0.1   -0.1       T
  MONTH TO DATE    0.2                       3.8   -3.6      2.3
  SINCE JUL 1     13.8                      25.0  -11.2     17.2
  SNOW DEPTH       0

DEGREE DAYS
 HEATING
  TODAY           33                        21     12       21
  MONTH TO DATE  599                       711   -112      803
  SINCE MAR 1    599                       711   -112      803
  SINCE JUL 1   5310                      5509   -199     5908

 COOLING
  TODAY            0                         0      0        0
  MONTH TO DATE    0                         0      0        0
  SINCE MAR 1      0                         0      0        0
  SINCE JAN 1      0                         0      0        0
..................................................................


WIND (MPH)
  HIGHEST WIND SPEED    16   HIGHEST WIND DIRECTION     N (360)
  HIGHEST GUST SPEED    21   HIGHEST GUST DIRECTION     N (010)
  AVERAGE WIND SPEED     5.3


SKY COVER
  POSSIBLE SUNSHINE  MM
  AVERAGE SKY COVER 0.6


WEATHER CONDITIONS
 THE FOLLOWING WEATHER WAS RECORDED TODAY.
  NO SIGNIFICANT WEATHER WAS OBSERVED.


RELATIVE HUMIDITY (PERCENT)
 HIGHEST    88           700 AM
 LOWEST     27           200 PM
 AVERAGE    58

..........................................................


THE OMAHA EPPLEY, NEBRASKA CLIMATE NORMALS FOR TOMORROW
                         NORMAL    RECORD    YEAR
 MAXIMUM TEMPERATURE (F)   57        86      1986
 MINIMUM TEMPERATURE (F)   33        11      1970


SUNRISE AND SUNSET
MARCH 27 2015.........SUNRISE   716 AM CDT   SUNSET   743 PM CDT
MARCH 28 2015.........SUNRISE   714 AM CDT   SUNSET   744 PM CDT


-  INDICATES NEGATIVE NUMBERS.
R  INDICATES RECORD WAS SET OR TIED.
MM INDICATES DATA IS MISSING.
T  INDICATES TRACE AMOUNT.




$$
