000
CDUS43 KOAX 272123
CLIOMA


CLIMATE REPORT
NATIONAL WEATHER SERVICE OMAHA NEBRASKA
423 PM CDT SUN JUL 27 2014


...................................

...THE OMAHA EPPLEY, NEBRASKA CLIMATE SUMMARY FOR JULY 27 2014...
VALID TODAY AS OF 0400 PM LOCAL TIME.

CLIMATE NORMAL PERIOD 1981 TO 2010
CLIMATE RECORD PERIOD 1871 TO 2014


WEATHER ITEM   OBSERVED TIME   RECORD YEAR NORMAL DEPARTURE LAST
                VALUE   (LST)  VALUE       VALUE  FROM      YEAR
                                                  NORMAL
..................................................................
TEMPERATURE (F)
 TODAY
  MAXIMUM         83    256 PM 109    1930  87     -4       75
  MINIMUM         65    539 AM  53    2013  66     -1       53
                                      2005
  AVERAGE         74                        77     -3       64

PRECIPITATION (IN)
  TODAY            0.00          1.77 1875   0.12  -0.12     0.00
  MONTH TO DATE    1.72                      3.32  -1.60     0.38
  SINCE JUN 1     12.24                      7.50   4.74     5.12
  SINCE JAN 1     19.06                     18.78   0.28    19.46

SNOWFALL (IN)
  TODAY            0.0                       0.0    0.0      0.0
  MONTH TO DATE    0.0                       0.0    0.0      0.0
  SINCE JUL 1      0.0                       0.0    0.0      0.0
  SNOW DEPTH       0

DEGREE DAYS
 HEATING
  TODAY            0                         0      0        1
  MONTH TO DATE    4                         0      4        1
  SINCE JUN 1     10                        17     -7       17
  SINCE JUL 1      4                         0      4        1

 COOLING
  TODAY            9                        12     -3        0
  MONTH TO DATE  262                       320    -58      347
  SINCE JUN 1    529                       550    -21      582
  SINCE JAN 1    672                       632     40      678
..................................................................


WIND (MPH)
  HIGHEST WIND SPEED    28   HIGHEST WIND DIRECTION    NW (330)
  HIGHEST GUST SPEED    35   HIGHEST GUST DIRECTION    NW (310)
  AVERAGE WIND SPEED    12.1


SKY COVER
  POSSIBLE SUNSHINE  MM
  AVERAGE SKY COVER 0.2


WEATHER CONDITIONS
 THE FOLLOWING WEATHER WAS RECORDED TODAY.
  FOG


RELATIVE HUMIDITY (PERCENT)
 HIGHEST    93           200 AM
 LOWEST     40           100 PM
 AVERAGE    67

..........................................................


THE OMAHA EPPLEY, NEBRASKA CLIMATE NORMALS FOR TOMORROW
                         NORMAL    RECORD    YEAR
 MAXIMUM TEMPERATURE (F)   87       105      1931
 MINIMUM TEMPERATURE (F)   66        48      2013


SUNRISE AND SUNSET
JULY 27 2014..........SUNRISE   614 AM CDT   SUNSET   846 PM CDT
JULY 28 2014..........SUNRISE   615 AM CDT   SUNSET   845 PM CDT


-  INDICATES NEGATIVE NUMBERS.
R  INDICATES RECORD WAS SET OR TIED.
MM INDICATES DATA IS MISSING.
T  INDICATES TRACE AMOUNT.




$$
