000
CDUS43 KOAX 050640
CLIOMA


CLIMATE REPORT
NATIONAL WEATHER SERVICE OMAHA NEBRASKA
138 AM CDT SUN JUL 5 2015


...................................

...THE OMAHA EPPLEY, NEBRASKA CLIMATE SUMMARY FOR JULY 4 2015...

CLIMATE NORMAL PERIOD 1981 TO 2010
CLIMATE RECORD PERIOD 1871 TO 2015


WEATHER ITEM   OBSERVED TIME   RECORD YEAR NORMAL DEPARTURE LAST
                VALUE   (LST)  VALUE       VALUE  FROM      YEAR
                                                  NORMAL
..................................................................
TEMPERATURE (F)
 YESTERDAY
  MAXIMUM         83    222 PM 110    1936  87     -4       83
  MINIMUM         56    502 AM  48    1967  66    -10       62
  AVERAGE         70                        76     -6       73

PRECIPITATION (IN)
  YESTERDAY        0.00          2.74 2010   0.13  -0.13     0.00
  MONTH TO DATE    0.33                      0.49  -0.16      T
  SINCE JUN 1      4.94                      4.67   0.27    10.52
  SINCE JAN 1     15.63                     15.95  -0.32    17.34

SNOWFALL (IN)
  YESTERDAY        0.0                       0.0    0.0      0.0
  MONTH TO DATE    0.0                       0.0    0.0      0.0
  SINCE JUL 1      0.0                       0.0    0.0      0.0
  SNOW DEPTH       0

DEGREE DAYS
 HEATING
  YESTERDAY        0                         0      0        0
  MONTH TO DATE    0                         0      0        1
  SINCE JUN 1      0                        17    -17        7
  SINCE JUL 1      0                         0      0        1

 COOLING
  YESTERDAY        5                        11     -6        8
  MONTH TO DATE   22                        44    -22       15
  SINCE JUN 1    284                       274     10      282
  SINCE JAN 1    330                       356    -26      425
..................................................................


WIND (MPH)
  HIGHEST WIND SPEED    17   HIGHEST WIND DIRECTION     S (160)
  HIGHEST GUST SPEED    21   HIGHEST GUST DIRECTION    SE (140)
  AVERAGE WIND SPEED     7.0


SKY COVER
  POSSIBLE SUNSHINE  MM
  AVERAGE SKY COVER 0.3


WEATHER CONDITIONS
 THE FOLLOWING WEATHER WAS RECORDED YESTERDAY.
  FOG
  HAZE


RELATIVE HUMIDITY (PERCENT)
 HIGHEST   100           400 AM
 LOWEST     45           100 PM
 AVERAGE    73

..........................................................


THE OMAHA EPPLEY, NEBRASKA CLIMATE NORMALS FOR TODAY
                         NORMAL    RECORD    YEAR
 MAXIMUM TEMPERATURE (F)   87       107      1911
 MINIMUM TEMPERATURE (F)   66        44      1972


SUNRISE AND SUNSET
JULY  5 2015..........SUNRISE   556 AM CDT   SUNSET   900 PM CDT
JULY  6 2015..........SUNRISE   557 AM CDT   SUNSET   859 PM CDT


-  INDICATES NEGATIVE NUMBERS.
R  INDICATES RECORD WAS SET OR TIED.
MM INDICATES DATA IS MISSING.
T  INDICATES TRACE AMOUNT.




$$
