000
CDUS43 KOAX 172223
CLIOMA


CLIMATE REPORT
NATIONAL WEATHER SERVICE OMAHA NEBRASKA
423 PM CST WED DEC 17 2014


...................................

...THE OMAHA EPPLEY, NEBRASKA CLIMATE SUMMARY FOR DECEMBER 17 2014...
VALID TODAY AS OF 0400 PM LOCAL TIME.

CLIMATE NORMAL PERIOD 1981 TO 2010
CLIMATE RECORD PERIOD 1871 TO 2014


WEATHER ITEM   OBSERVED TIME   RECORD YEAR NORMAL DEPARTURE LAST
                VALUE   (LST)  VALUE       VALUE  FROM      YEAR
                                                  NORMAL
..................................................................
TEMPERATURE (F)
 TODAY
  MAXIMUM         28    359 PM  68    1939  34     -6       42
  MINIMUM         17    738 AM  -9    1983  16      1       24
                                      1981
  AVERAGE         23                        25     -2       33

PRECIPITATION (IN)
  TODAY            0.00          0.45 1897   0.03  -0.03     0.00
  MONTH TO DATE    0.75                      0.64   0.11     0.16
  SINCE DEC 1      0.75                      0.64   0.11     0.16
  SINCE JAN 1     38.21                     30.22   7.99    28.96

SNOWFALL (IN)
  TODAY            0.0                       0.2   -0.2      0.0
  MONTH TO DATE    T                         3.4   -3.4      2.5
  SINCE JUL 1      2.4                       6.2   -3.8      2.9
  SNOW DEPTH       0

DEGREE DAYS
 HEATING
  TODAY           42                        40      2       32
  MONTH TO DATE  514                       637   -123      735
  SINCE DEC 1    514                       637   -123      735
  SINCE JUL 1   1815                      1907    -92     1961

 COOLING
  TODAY            0                         0      0        0
  MONTH TO DATE    0                         0      0        0
  SINCE DEC 1      0                         0      0        0
  SINCE JAN 1   1149                      1113     36     1294
..................................................................


WIND (MPH)
  HIGHEST WIND SPEED    13   HIGHEST WIND DIRECTION     N (360)
  HIGHEST GUST SPEED    14   HIGHEST GUST DIRECTION     N (360)
  AVERAGE WIND SPEED     4.8


SKY COVER
  POSSIBLE SUNSHINE  MM
  AVERAGE SKY COVER 0.7


WEATHER CONDITIONS
 THE FOLLOWING WEATHER WAS RECORDED TODAY.
  NO SIGNIFICANT WEATHER WAS OBSERVED.


RELATIVE HUMIDITY (PERCENT)
 HIGHEST    84          1200 AM
 LOWEST     58           300 PM
 AVERAGE    71

..........................................................


THE OMAHA EPPLEY, NEBRASKA CLIMATE NORMALS FOR TOMORROW
                         NORMAL    RECORD    YEAR
 MAXIMUM TEMPERATURE (F)   34        69      1976
 MINIMUM TEMPERATURE (F)   16       -18      1983


SUNRISE AND SUNSET
DECEMBER 17 2014......SUNRISE   744 AM CST   SUNSET   456 PM CST
DECEMBER 18 2014......SUNRISE   744 AM CST   SUNSET   456 PM CST


-  INDICATES NEGATIVE NUMBERS.
R  INDICATES RECORD WAS SET OR TIED.
MM INDICATES DATA IS MISSING.
T  INDICATES TRACE AMOUNT.




$$
