000
CDAK49 PAOM 020911
CLIOME

CLIMATE REPORT
NATIONAL WEATHER SERVICE NOME, AK
111 AM AKDT SUN AUG 2 2015

...................................
...THE NOME WSO AP CLIMATE SUMMARY FOR AUGUST 1 2015...

CLIMATE NORMAL PERIOD  1981 TO  2010
CLIMATE RECORD PERIOD  1906 TO  2015

WEATHER ITEM   OBSERVED TIME    RECORD YEAR NORMAL DEPARTURE LAST
               VALUE    (LST)   VALUE       VALUE  FROM      YEAR
                                                   NORMAL
...................................................................
TEMPERATURE
YESTERDAY
 MAXIMUM            53  0539 PM    77  1972     57      -4     58
 MINIMUM            49  1159 PM    33  1967     46       3     51
 AVERAGE            51                          52      -1     55

PRECIPITATION
(INCHES)
 YESTERDAY        0.10           1.13  1984   0.10    0.00      T
 MONTH TO DATE    0.10                        0.10    0.00      T
 SINCE JUN 1      2.20                        3.19   -0.99   2.84
 SINCE JAN 1      6.64                        7.33   -0.69   7.31

SNOWFALL
(INCHES)
 YESTERDAY         0.0            0.0  2015    0.0     0.0    0.0
 MONTH TO DATE     0.0                         0.0     0.0    0.0
 SINCE JUN 1       0.0                         0.3    -0.3    0.0
 SINCE JUL 1       0.0                         0.0     0.0    0.0
 SNOW DEPTH (IN)     0                                          0

DEGREE DAYS
 HEATING
  YESTERDAY         14                          14       0     10
  MONTH TO DATE     14                          14       0     10
  SINCE JUN 1      846                         930     -84   1001
  SINCE JUL 1      321                         414     -93    433

 COOLING
  YESTERDAY          0                           0       0      0
  MONTH TO DATE      0                           0       0      0
  SINCE JUN 1        5                           0       5      2
  SINCE JAN 1        5                           0       5      2
...................................................................

WIND (MPH)
 HIGHEST WIND SPEED    20     HIGHEST WIND DIRECTION    240
 HIGHEST GUST SPEED    23     HIGHEST GUST DIRECTION    240
 AVERAGE WIND SPEED  13.1

SKY COVER
  POSSIBLE SUNSHINE    MM          AVERAGE SKY COVER     MM

WEATHER CONDITIONS
 THE FOLLOWING WEATHER WAS RECORDED YESTERDAY.
  FOG
DRIZZLE
RAIN


RELATIVE HUMIDITY
 HIGHEST RH     MM PERCENT       MM
 LOWEST  RH     MM PERCENT       MM
 AVERAGE RH     MM PERCENT       MM
...................................................................

THE NOME CLIMATE NORMALS FOR TODAY
                           NORMAL    RECORD   YEAR
 MAXIMUM TEMPERATURE (F)     57        78     1972
 MINIMUM TEMPERATURE (F)     46        30     1938

SUNRISE AND SUNSET
 AUG 2 2015..........SUNRISE  6:09 AM      SUNSET 12:06 AM
 AUG 3 2015..........SUNRISE  6:12 AM      SUNSET 12:02 AM

-  INDICATES NEGATIVE NUMBERS.
R  INDICATES RECORD HAS BEEN SET OR TIED.
MM INDICATES DATA IS MISSING.
T  INDICATES TRACE OF PRECIPITATION.

&&
-------------------------------------------------------------------

AMOUNT OF DAYLIGHT TODAY  (HOUR:MIN)........17 HOURS 57 MINUTES
GAIN/LOSS SINCE YESTERDAY (HOUR:MIN:SEC)....-0:06:44

TIDE INFORMATION FOR SUNDAY AUGUST 2 2015
12:39 AM LOW -0.2 FT
 7:40 AM HIGH 1.3 FT
12:38 PM LOW  0.8 FT
 6:20 PM HIGH 1.5 FT

$$
RWM AUG 15
