000
CDAK49 PAOM 290041
CLIOME

CLIMATE REPORT
NATIONAL WEATHER SERVICE NOME, AK
341 PM AKST SUN DEC 28 2014

...................................
...THE NOME WSO AP CLIMATE SUMMARY FOR DECEMBER 28 2014...
VALID TODAY AS OF 2:00 PM LOCAL TIME

CLIMATE NORMAL PERIOD  1981 TO  2010
CLIMATE RECORD PERIOD  1906 TO  2014

WEATHER ITEM   OBSERVED TIME    RECORD YEAR NORMAL DEPARTURE LAST
               VALUE    (LST)   VALUE       VALUE  FROM      YEAR
                                                   NORMAL
...................................................................
TEMPERATURE
TODAY
 MAXIMUM            30  0905 AM    38  2009     15      15     -6
 MINIMUM            26  0208 AM   -41  1961     -1      27    -19
 AVERAGE            28                           7      21    -13

PRECIPITATION
(INCHES)
 TODAY            0.05           0.53  1951   0.03    0.02   0.00
 MONTH TO DATE    0.30                        0.97   -0.67   1.98
 SINCE DEC 1      0.30                        0.97   -0.67   1.98
 SINCE JAN 1     13.97                       16.70   -2.73  22.30

SNOWFALL
(INCHES)
 TODAY             0.7            5.5  2003    0.5     0.2    0.0
 MONTH TO DATE     3.6                        13.0    -9.4   18.1
 SINCE DEC 1       3.6                        13.0    -9.4   18.1
 SINCE JUL 1      21.2                        30.3    -9.1   32.7
 SNOW DEPTH (IN)    11                                         15

DEGREE DAYS
 HEATING
  TODAY             37                          58     -21     78
  MONTH TO DATE   1429                        1546    -117   1404
  SINCE JUL 1     4971                        5644    -673   5206

 COOLING
  TODAY              0                           0       0      0
  MONTH TO DATE      0                           0       0      0
  SINCE DEC 1        0                           0       0      0
  SINCE JAN 1        3                           0       3      7
...................................................................

WIND (MPH)
 HIGHEST WIND SPEED    35     HIGHEST WIND DIRECTION    100
 HIGHEST GUST SPEED    43     HIGHEST GUST DIRECTION    100
 AVERAGE WIND SPEED    MM

SKY COVER
  POSSIBLE SUNSHINE  MM            AVERAGE SKY COVER MM

WEATHER CONDITIONS
 THE FOLLOWING WEATHER WAS RECORDED TODAY.
FOG
BLOWING SNOW
SNOW


RELATIVE HUMIDITY
 HIGHEST RH     MM PERCENT       MM
 LOWEST  RH     MM PERCENT       MM
 AVERAGE RH     MM PERCENT       MM
...................................................................

THE NOME CLIMATE NORMALS FOR TOMORROW
                        NORMAL    RECORD   YEAR
 MAXIMUM TEMPERATURE      15        38     1993
 MINIMUM TEMPERATURE      -1       -42     1929

SUNRISE AND SUNSET
 DEC 28 2014..........SUNRISE 12:03 PM      SUNSET  4:05 PM
 DEC 29 2014..........SUNRISE 12:03 PM      SUNSET  4:06 PM

-  INDICATES NEGATIVE NUMBERS.
R  INDICATES RECORD HAS BEEN SET OR TIED.
MM INDICATES DATA IS MISSING.
T  INDICATES TRACE OF PRECIPITATION.

&&
-------------------------------------------------------------------

AMOUNT OF DAYLIGHT TODAY  (HOUR:MIN)........4 HOURS 2 MINUTES
GAIN/LOSS SINCE YESTERDAY (HOUR:MIN:SEC)....+0:02:00

$$
*** DEC 14
