000
CDAK49 PAFG 230946
CLIOME

CLIMATE REPORT
NATIONAL WEATHER SERVICE FAIRBANKS AK
1246 AM AKST FRI FEB 23 2018


...................................

...THE NOME AK CLIMATE SUMMARY FOR FEBRUARY 22 2018...

CLIMATE NORMAL PERIOD 1981 TO 2010
CLIMATE RECORD PERIOD 1906 TO 2018


WEATHER ITEM   OBSERVED TIME   RECORD YEAR NORMAL DEPARTURE LAST
                VALUE   (LST)  VALUE       VALUE  FROM      YEAR
                                                  NORMAL
..................................................................
TEMPERATURE (F)
 YESTERDAY
  MAXIMUM         30    155 AM  35    2015  17     13        9
                                      1940
                                      1928
  MINIMUM         13   1159 PM -36    1990   1     12      -25
                                      1971
  AVERAGE         22                         9     13       -8

PRECIPITATION (IN)
  YESTERDAY        0.01          0.70 1922   0.03  -0.02     0.10
  MONTH TO DATE    1.43                      0.74   0.69     0.10
  SINCE DEC 1      3.45                      2.76   0.69     1.89
  SINCE JAN 1      1.89                      1.68   0.21     0.82

SNOWFALL (IN)
  YESTERDAY        0.1           7.0  1922   0.5   -0.4      3.8
  MONTH TO DATE   16.8                       9.6    7.2      4.1
  SINCE DEC 1     41.3                      36.8    4.5     30.5
  SINCE JUL 1     72.9                      54.1   18.8     39.1
  SNOW DEPTH      39

DEGREE DAYS
 HEATING
  YESTERDAY       43                        56    -13       73
  MONTH TO DATE  932                      1275   -343     1463
  SINCE DEC 1   4024                      4850   -826     4892
  SINCE JUL 1   7812                      8943  -1131     8507

 COOLING
  YESTERDAY        0                         0      0        0
  MONTH TO DATE    0                         0      0        0
  SINCE DEC 1      0                         0      0        0
  SINCE JAN 1      0                         0      0        0
..................................................................


WIND (MPH)
  HIGHEST GUST SPEED    47   HIGHEST GUST DIRECTION     W (280)


SKY COVER
  AVERAGE SKY COVER 1.0


WEATHER CONDITIONS
 THE FOLLOWING WEATHER WAS RECORDED YESTERDAY.
  LT FREEZING RAIN
  SNOW
  LIGHT SNOW
  FOG
  FOG W/VISIBILITY <= 1/4 MILE
  BLOWING SNOW


RELATIVE HUMIDITY (PERCENT)
 HIGHEST   100
 LOWEST     80
 AVERAGE    90

..........................................................


THE NOME AK CLIMATE NORMALS FOR TODAY
                         NORMAL    RECORD    YEAR
 MAXIMUM TEMPERATURE (F)   17        36      1940
                                             1928
 MINIMUM TEMPERATURE (F)    1       -37      1976
                                             1971


SUNRISE AND SUNSET
FEBRUARY 23 2018......SUNRISE   931 AM AKST  SUNSET   702 PM AKST
FEBRUARY 24 2018......SUNRISE   927 AM AKST  SUNSET   705 PM AKST

-  INDICATES NEGATIVE NUMBERS.
R  INDICATES RECORD WAS SET OR TIED.
MM INDICATES DATA IS MISSING.
T  INDICATES TRACE AMOUNT.

&&

SNOW DEPTH IS MEASURED AT 3AM AKST/4AM AKDT.

----------------------------
AVAILABLE DAYLIGHT

AMOUNT OF DAYLIGHT TODAY  (HOUR:MIN)........9:31
GAIN/LOSS SINCE YESTERDAY (HOUR:MIN:SEC)....+0:06:41

NOME TIDAL INFORMATION FOR 23 FEBRUARY 2018
0407  +0.4
1044  +1.3
1607  +0.6
2200  +1.3

$$
SDB FEB 18
