000
CDAK49 PAFG 270954
CLIOME

CLIMATE REPORT
NATIONAL WEATHER SERVICE FAIRBANKS AK
154 AM AKDT SAT MAY 27 2017


...................................

...THE NOME AK CLIMATE SUMMARY FOR MAY 26 2017...

CLIMATE NORMAL PERIOD 1981 TO 2010
CLIMATE RECORD PERIOD 1906 TO 2017


WEATHER ITEM   OBSERVED TIME   RECORD YEAR NORMAL DEPARTURE LAST
                VALUE   (LST)  VALUE       VALUE  FROM      YEAR
                                                  NORMAL
..................................................................
TEMPERATURE (F)
 YESTERDAY
  MAXIMUM         38    946 PM  72    1997  48    -10       42
  MINIMUM         31    231 AM  19    1952  34     -3       38
  AVERAGE         35                        41     -6       40

PRECIPITATION (IN)
  YESTERDAY        0.30R         0.22 1950   0.03   0.27     0.05
                                      1918
  MONTH TO DATE    0.89                      0.72   0.17     1.22
  SINCE MAR 1      1.05                      2.13  -1.08     2.06
  SINCE JAN 1      2.80                      4.00  -1.20     3.09

SNOWFALL (IN)
  YESTERDAY        0.4           1.2  1984   0.0    0.4     MM
  MONTH TO DATE    0.4                       2.1   -1.7      0.0
  SINCE MAR 1      2.4                      18.5  -16.1      0.7
  SINCE JUL 1     54.6                      75.2  -20.6     16.2
  SNOW DEPTH       0

DEGREE DAYS
 HEATING
  YESTERDAY       30                        24      6       25
  MONTH TO DATE  690                       760    -70      584
  SINCE MAR 1   3707                      3791    -84     3106
  SINCE JUL 1  12502                     13070   -568     5897

 COOLING
  YESTERDAY        0                         0      0        0
  MONTH TO DATE    0                         0      0        0
  SINCE MAR 1      0                         0      0        0
  SINCE JAN 1      0                         0      0        0
..................................................................


WIND (MPH)
  HIGHEST GUST SPEED    26   HIGHEST GUST DIRECTION    SE (120)


SKY COVER
  AVERAGE SKY COVER 1.0


WEATHER CONDITIONS
 THE FOLLOWING WEATHER WAS RECORDED YESTERDAY.
  LIGHT RAIN
  SNOW
  LIGHT SNOW
  FOG


RELATIVE HUMIDITY (PERCENT)
 HIGHEST   100
 LOWEST     89
 AVERAGE    95

..........................................................


THE NOME AK CLIMATE NORMALS FOR TODAY
                         NORMAL    RECORD    YEAR
 MAXIMUM TEMPERATURE (F)   48        71      2011
 MINIMUM TEMPERATURE (F)   35        20      1907


SUNRISE AND SUNSET
MAY 27 2017...........SUNRISE   503 AM AKDT  SUNSET  1258 AM AKDT
MAY 28 2017...........SUNRISE   500 AM AKDT  SUNSET   102 AM AKDT

-  INDICATES NEGATIVE NUMBERS.
R  INDICATES RECORD WAS SET OR TIED.
MM INDICATES DATA IS MISSING.
T  INDICATES TRACE AMOUNT.

&&

SNOW DEPTH IS MEASURED AT 3AM AKST/4AM AKDT.

----------------------------
AVAILABLE DAYLIGHT

AMOUNT OF DAYLIGHT TODAY  (HOUR:MIN)........19:52
GAIN/LOSS SINCE YESTERDAY (HOUR:MIN:SEC)....+0:06:15

NOME TIDAL INFORMATION FOR 27 MAY 2017
0012  -0.6
0721  +1.0
1207  +0.4
1747  +1.1

$$
CCC MAY 17
