000
CDAK49 PAOM 071200
CLIOME

CLIMATE REPORT
NATIONAL WEATHER SERVICE NOME, AK
4 AM AKDT TUE JUL 7 2015

...................................
...THE NOME WSO AP CLIMATE SUMMARY FOR JULY 6 2015...

CLIMATE NORMAL PERIOD  1981 TO  2010
CLIMATE RECORD PERIOD  1906 TO  2015

WEATHER ITEM   OBSERVED TIME    RECORD YEAR NORMAL DEPARTURE LAST
               VALUE    (LST)   VALUE       VALUE  FROM      YEAR
                                                   NORMAL
...................................................................
TEMPERATURE
YESTERDAY
 MAXIMUM            67  0324 AM    77  1986     59       8     68
 MINIMUM            58  1159 PM    34  1929     46      12     53
 AVERAGE            63                          52      11     61

PRECIPITATION
(INCHES)
 YESTERDAY        0.18           0.82  1948   0.06    0.12   0.02
 MONTH TO DATE    0.20                        0.29   -0.09   0.51
 SINCE JUN 1      0.86                        1.27   -0.41   0.73
 SINCE JAN 1      5.30                        5.41   -0.11   5.20

SNOWFALL
(INCHES)
 YESTERDAY         0.0            0.0  2015    0.0     0.0    0.0
 MONTH TO DATE     0.0                         0.0     0.0    0.0
 SINCE JUN 1       0.0                         0.3    -0.3    0.0
 SINCE JUL 1       0.0                         0.0     0.0    0.0
 SNOW DEPTH (IN)     0                                          0

DEGREE DAYS
 HEATING
  YESTERDAY          2                          13     -11      4
  MONTH TO DATE     71                          78      -7     90
  SINCE JUN 1      596                         594       2    658
  SINCE JUL 1       71                          78      -7     90

 COOLING
  YESTERDAY          0                           0       0      0
  MONTH TO DATE      0                           0       0      0
  SINCE JUN 1        5                           0       5      0
  SINCE JAN 1        5                           0       5      0
...................................................................

WIND (MPH)
 HIGHEST WIND SPEED    22     HIGHEST WIND DIRECTION    110
 HIGHEST GUST SPEED    25     HIGHEST GUST DIRECTION    120
 AVERAGE WIND SPEED  11.9

SKY COVER
  POSSIBLE SUNSHINE    MM          AVERAGE SKY COVER     MM

WEATHER CONDITIONS
 THE FOLLOWING WEATHER WAS RECORDED YESTERDAY.
  SMOKE
  PATCHY FOG
  LIGHT RAINFALL
  MODERATE RAINFALL

RELATIVE HUMIDITY
 HIGHEST RH     MM PERCENT       MM
 LOWEST  RH     MM PERCENT       MM
 AVERAGE RH     MM PERCENT       MM
...................................................................

THE NOME CLIMATE NORMALS FOR TODAY
                           NORMAL    RECORD   YEAR
 MAXIMUM TEMPERATURE (F)     59        84     2014
 MINIMUM TEMPERATURE (F)     46        35     1960

SUNRISE AND SUNSET
 JUL 7 2015..........SUNRISE  4:45 AM      SUNSET  1:27 AM
 JUL 8 2015..........SUNRISE  4:48 AM      SUNSET  1:24 AM

-  INDICATES NEGATIVE NUMBERS.
R  INDICATES RECORD HAS BEEN SET OR TIED.
MM INDICATES DATA IS MISSING.
T  INDICATES TRACE OF PRECIPITATION.

&&
-------------------------------------------------------------------

AMOUNT OF DAYLIGHT TODAY  (HOUR:MIN)........20 HOURS 42 MINUTES
GAIN/LOSS SINCE YESTERDAY (HOUR:MIN:SEC)....-0:04:59

NOME TIDAL INFORMATION FOR THE 7TH OF JULY 2015
0324AM  -0.3
1024AM  +1.5
0405PM  +0.7
0937PM  +1.3

$$

CKC JUL 15
