229
CDAK49 PAOM 240903
CLIOME

CLIMATE REPORT
NATIONAL WEATHER SERVICE NOME, AK
103 AM AKDT SUN JUL 24 2016

...................................
...THE NOME WSO AP CLIMATE SUMMARY FOR JULY 23 2016...

CLIMATE NORMAL PERIOD  1981 TO  2010
CLIMATE RECORD PERIOD  1906 TO  2016

WEATHER ITEM   OBSERVED TIME    RECORD YEAR NORMAL DEPARTURE LAST
               VALUE    (LST)   VALUE       VALUE  FROM      YEAR
                                                   NORMAL
...................................................................
TEMPERATURE
YESTERDAY
 MAXIMUM            58  0845 PM    75  1991     58       0     61
 MINIMUM            49  0648 AM    34  1992     46       3     49
 AVERAGE            54                          52       2     55

PRECIPITATION
(INCHES)
 YESTERDAY        0.27           0.98  1979   0.08    0.19      T
 MONTH TO DATE    2.22                        1.40    0.82   1.44
 SINCE JUN 1      2.56                        2.38    0.18   2.10
 SINCE JAN 1      5.65                        6.52   -0.87   6.54

SNOWFALL
(INCHES)
 YESTERDAY         0.0            0.0  2016    0.0     0.0    0.0
 MONTH TO DATE     0.0                         0.0     0.0    0.0
 SINCE JUN 1       0.0                         0.3    -0.3    0.0
 SINCE JUL 1       0.0                         0.0     0.0    0.0
 SNOW DEPTH (IN)     0                                          0

DEGREE DAYS
 HEATING
  YESTERDAY         11                          13      -2     10
  MONTH TO DATE    301                         296       5    208
  SINCE JUN 1      765                         812     -47    733
  SINCE JUL 1      301                         296       5    208

 COOLING
  YESTERDAY          0                           0       0      0
  MONTH TO DATE      0                           0       0      0
  SINCE JUN 1        0                           0       0      5
  SINCE JAN 1        0                           0       0      5
...................................................................

WIND (MPH)
 HIGHEST WIND SPEED    17     HIGHEST WIND DIRECTION    280
 HIGHEST GUST SPEED    20     HIGHEST GUST DIRECTION    270
 AVERAGE WIND SPEED   6.3

SKY COVER
  POSSIBLE SUNSHINE    MM          AVERAGE SKY COVER     MM

WEATHER CONDITIONS
 THE FOLLOWING WEATHER WAS RECORDED YESTERDAY.
  FOG
RAIN


RELATIVE HUMIDITY
 HIGHEST RH     MM PERCENT       MM
 LOWEST  RH     MM PERCENT       MM
 AVERAGE RH     MM PERCENT       MM
...................................................................

THE NOME CLIMATE NORMALS FOR TODAY
                           NORMAL    RECORD   YEAR
 MAXIMUM TEMPERATURE (F)     58        76     2006
 MINIMUM TEMPERATURE (F)     46        30     1914

SUNRISE AND SUNSET
 JUL 24 2016..........SUNRISE  5:41 AM      SUNSET 12:34 AM
 JUL 25 2016..........SUNRISE  5:44 AM      SUNSET 12:30 AM

-  INDICATES NEGATIVE NUMBERS.
R  INDICATES RECORD HAS BEEN SET OR TIED.
MM INDICATES DATA IS MISSING.
T  INDICATES TRACE OF PRECIPITATION.

&&
-------------------------------------------------------------------

AMOUNT OF DAYLIGHT TODAY  (HOUR:MIN)........18 HOURS 53 MINUTES
GAIN/LOSS SINCE YESTERDAY (HOUR:MIN:SEC)....-0:06:35

TIDE INFORMATION FOR SUNDAY JULY 24 2016
2:30 AM LOW -0.1 FT
9:45 AM HIGH 1.3 FT
2:54 PM LOW  0.7 FT
8:43 PM HIGH 1.2 FT

$$
RWM JUL 16
