099
CDAK49 PAFG 251102
CLIOME

CLIMATE REPORT
NATIONAL WEATHER SERVICE FAIRBANKS AK
302 AM AKDT TUE JUL 25 2017


...................................

...THE NOME AK CLIMATE SUMMARY FOR JULY 24 2017...

CLIMATE NORMAL PERIOD 1981 TO 2010
CLIMATE RECORD PERIOD 1906 TO 2017


WEATHER ITEM   OBSERVED TIME   RECORD YEAR NORMAL DEPARTURE LAST
                VALUE   (LST)  VALUE       VALUE  FROM      YEAR
                                                  NORMAL
..................................................................
TEMPERATURE (F)
 YESTERDAY
  MAXIMUM         53    426 PM  76    2006  58     -5       66
  MINIMUM         49    629 AM  30    1914  46      3       48
  AVERAGE         51                        52     -1       57

PRECIPITATION (IN)
  YESTERDAY        0.02          1.64 1942   0.08  -0.06     0.00
  MONTH TO DATE    3.21                      1.48   1.73     2.20
  SINCE JUN 1      4.39                      2.46   1.93     2.54
  SINCE JAN 1      7.24                      6.60   0.64     5.63

SNOWFALL (IN)
  YESTERDAY       MM             0.0    MM   0.0   MM        0.0
  MONTH TO DATE    0.0                       0.0    0.0      0.0
  SINCE JUN 1      0.0                       0.3   -0.3      0.0
  SINCE JUL 1      0.0                       0.0    0.0      0.0
  SNOW DEPTH       0

DEGREE DAYS
 HEATING
  YESTERDAY       14                        13      1        8
  MONTH TO DATE  280                       309    -29      283
  SINCE JUN 1    645                       826   -181      730
  SINCE JUL 1    280                       309    -29      283

 COOLING
  YESTERDAY        0                         0      0        0
  MONTH TO DATE    0                         0      0        0
  SINCE JUN 1      4                         1      3        0
  SINCE JAN 1      4                         1      3        0
..................................................................


WIND (MPH)
  HIGHEST GUST SPEED    16   HIGHEST GUST DIRECTION    SW (230)


SKY COVER
  AVERAGE SKY COVER 1.0


WEATHER CONDITIONS
 THE FOLLOWING WEATHER WAS RECORDED YESTERDAY.
  LIGHT RAIN
  FOG


RELATIVE HUMIDITY (PERCENT)
 HIGHEST   100
 LOWEST     93
 AVERAGE    97

..........................................................


THE NOME AK CLIMATE NORMALS FOR TODAY
                         NORMAL    RECORD    YEAR
 MAXIMUM TEMPERATURE (F)   58        76      1966
 MINIMUM TEMPERATURE (F)   46        32      1931
                                             1916


SUNRISE AND SUNSET
JULY 25 2017..........SUNRISE   544 AM AKDT  SUNSET  1231 AM AKDT
JULY 26 2017..........SUNRISE   547 AM AKDT  SUNSET  1228 AM AKDT

-  INDICATES NEGATIVE NUMBERS.
R  INDICATES RECORD WAS SET OR TIED.
MM INDICATES DATA IS MISSING.
T  INDICATES TRACE AMOUNT.

&&

SNOW DEPTH IS MEASURED AT 3AM AKST/4AM AKDT.

----------------------------
AVAILABLE DAYLIGHT

AMOUNT OF DAYLIGHT TODAY  (HOUR:MIN)........18:51
GAIN/LOSS SINCE YESTERDAY (HOUR:MIN:SEC)....-0:06:37

NOME TIDAL INFORMATION FOR 25 JULY 2017
0040  -0.5
0758  +1.2
1238  +0.6
1839  +1.3

$$
JUL 17
