000
CDAK49 PAFG 201019
CLIOME

CLIMATE REPORT
NATIONAL WEATHER SERVICE FAIRBANKS AK
219 AM AKDT WED SEP 20 2017


...................................

...THE NOME AK CLIMATE SUMMARY FOR SEPTEMBER 19 2017...

CLIMATE NORMAL PERIOD 1981 TO 2010
CLIMATE RECORD PERIOD 1906 TO 2017


WEATHER ITEM   OBSERVED TIME   RECORD YEAR NORMAL DEPARTURE LAST
                VALUE   (LST)  VALUE       VALUE  FROM      YEAR
                                                  NORMAL
..................................................................
TEMPERATURE (F)
 YESTERDAY
  MAXIMUM         41    903 PM  60    2010  48     -7       47
  MINIMUM         29   1202 AM  20    1968  36     -7       44
                                      1930
  AVERAGE         35                        42     -7       46

PRECIPITATION (IN)
  YESTERDAY        0.15          0.60 1926   0.08   0.07     0.46
  MONTH TO DATE    2.73                      1.66   1.07     0.97
  SINCE SEP 1      2.73                      1.66   1.07     0.97
  SINCE JAN 1     12.46                     12.11   0.35    11.23

SNOWFALL (IN)
  YESTERDAY        T             0.3  1956   0.0    0.0      0.0
  MONTH TO DATE    T                         0.2   -0.2      0.0
  SINCE SEP 1      T                         0.2   -0.2      0.0
  SINCE JUL 1      T                         0.2   -0.2      0.0
  SNOW DEPTH       0

DEGREE DAYS
 HEATING
  YESTERDAY       30                        23      7       19
  MONTH TO DATE  400                       377     23      379
  SINCE SEP 1    400                       377     23      379
  SINCE JUL 1   1246                      1237      9     1064

 COOLING
  YESTERDAY        0                         0      0        0
  MONTH TO DATE    0                         0      0        0
  SINCE SEP 1      0                         0      0        0
  SINCE JAN 1      4                         3      1        0
..................................................................


WIND (MPH)
  HIGHEST GUST SPEED    36   HIGHEST GUST DIRECTION    NE (60)


SKY COVER
  AVERAGE SKY COVER 1.0


WEATHER CONDITIONS
 THE FOLLOWING WEATHER WAS RECORDED YESTERDAY.
  LIGHT RAIN
  FOG


RELATIVE HUMIDITY (PERCENT)
 HIGHEST   100
 LOWEST     70
 AVERAGE    85

..........................................................


THE NOME AK CLIMATE NORMALS FOR TODAY
                         NORMAL    RECORD    YEAR
 MAXIMUM TEMPERATURE (F)   47        64      1995
 MINIMUM TEMPERATURE (F)   35        17      1975


SUNRISE AND SUNSET
SEPTEMBER 20 2017.....SUNRISE   841 AM AKDT  SUNSET   908 PM AKDT
SEPTEMBER 21 2017.....SUNRISE   844 AM AKDT  SUNSET   905 PM AKDT

-  INDICATES NEGATIVE NUMBERS.
R  INDICATES RECORD WAS SET OR TIED.
MM INDICATES DATA IS MISSING.
T  INDICATES TRACE AMOUNT.

&&

SNOW DEPTH IS MEASURED AT 3AM AKST/4AM AKDT.

----------------------------
AVAILABLE DAYLIGHT

AMOUNT OF DAYLIGHT TODAY  (HOUR:MIN)........12:28
GAIN/LOSS SINCE YESTERDAY (HOUR:MIN:SEC)....-0:06:32

NOME TIDAL INFORMATION FOR 20 SEPTEMBER 2017
0630  +1.4
1126  +0.7
1747  +1.4

$$
CCC SEP 17
