000
CDAK49 PAOM 240902
CLIOME

CLIMATE REPORT
NATIONAL WEATHER SERVICE NOME, AK
103 AM AKDT SUN MAY 24 2015

...................................
...THE NOME WSO AP CLIMATE SUMMARY FOR MAY 23 2015...

CLIMATE NORMAL PERIOD  1981 TO  2010
CLIMATE RECORD PERIOD  1906 TO  2015

WEATHER ITEM   OBSERVED TIME    RECORD YEAR NORMAL DEPARTURE LAST
               VALUE    (LST)   VALUE       VALUE  FROM      YEAR
                                                   NORMAL
...................................................................
TEMPERATURE
YESTERDAY
 MAXIMUM            52  0600 PM    63  1925     47       5     46
 MINIMUM            43  1042 AM    20  2000     33      10     28
 AVERAGE            48                          40       8     37

PRECIPITATION
(INCHES)
 YESTERDAY        0.05           0.62  2004   0.03    0.02   0.00
 MONTH TO DATE    1.39                        0.64    0.75   0.54
 SINCE MAR 1      2.70                        2.05    0.65   1.52
 SINCE JAN 1      4.34                        3.92    0.42   3.69

SNOWFALL
(INCHES)
 YESTERDAY         0.0            0.7  1943    0.0     0.0    0.0
 MONTH TO DATE       T                         2.0    -2.0    2.3
 SINCE MAR 1      16.4                        18.4    -2.0   17.7
 SINCE JUL 1      59.7                        75.1   -15.4   72.0
 SNOW DEPTH (IN)     0                                          0

DEGREE DAYS
 HEATING
  YESTERDAY         17                          25      -8     28
  MONTH TO DATE    610                         687     -77    715
  SINCE MAR 1     3717                        3718      -1   3435
  SINCE JUL 1    11881                       13000   -1119  11589

 COOLING
  YESTERDAY          0                           0       0      0
  MONTH TO DATE      0                           0       0      0
  SINCE MAR 1        0                           0       0      0
  SINCE JAN 1        0                           0       0      0
...................................................................

WIND (MPH)
 HIGHEST WIND SPEED    26     HIGHEST WIND DIRECTION    120
 HIGHEST GUST SPEED    33     HIGHEST GUST DIRECTION    120
 AVERAGE WIND SPEED  14.4

SKY COVER
  POSSIBLE SUNSHINE    MM          AVERAGE SKY COVER     MM

WEATHER CONDITIONS
 THE FOLLOWING WEATHER WAS RECORDED YESTERDAY.
  FOG
RAIN


RELATIVE HUMIDITY
 HIGHEST RH     MM PERCENT       MM
 LOWEST  RH     MM PERCENT       MM
 AVERAGE RH     MM PERCENT       MM
...................................................................

THE NOME CLIMATE NORMALS FOR TODAY
                           NORMAL    RECORD   YEAR
 MAXIMUM TEMPERATURE (F)     47        68     1969
 MINIMUM TEMPERATURE (F)     34        14     1920

SUNRISE AND SUNSET
 MAY 24 2015..........SUNRISE  5:14 AM      SUNSET 12:47 AM
 MAY 25 2015..........SUNRISE  5:11 AM      SUNSET 12:50 AM

-  INDICATES NEGATIVE NUMBERS.
R  INDICATES RECORD HAS BEEN SET OR TIED.
MM INDICATES DATA IS MISSING.
T  INDICATES TRACE OF PRECIPITATION.

&&
-------------------------------------------------------------------

AMOUNT OF DAYLIGHT TODAY  (HOUR:MIN)........19 HOURS 33 MINUTES
GAIN/LOSS SINCE YESTERDAY (HOUR:MIN:SEC)....+0:06:28

TIDE INFORMATION FOR SUNDAY MAY 24 2015
 4:18 AM LOW  0.0 FT
11:40 AM HIGH 1.4 FT
 5:23 PM LOW  0.8 FT
10:32 PM HIGH 1.1 FT

$$
RWM MAY 15
