000
CDAK49 PAFG 210942
CLIOME

CLIMATE REPORT
NATIONAL WEATHER SERVICE FAIRBANKS AK
1242 AM AKST TUE NOV 21 2017


...................................

...THE NOME AK CLIMATE SUMMARY FOR NOVEMBER 20 2017...

CLIMATE NORMAL PERIOD 1981 TO 2010
CLIMATE RECORD PERIOD 1906 TO 2017


WEATHER ITEM   OBSERVED TIME   RECORD YEAR NORMAL DEPARTURE LAST
                VALUE   (LST)  VALUE       VALUE  FROM      YEAR
                                                  NORMAL
..................................................................
TEMPERATURE (F)
 YESTERDAY
  MAXIMUM         27    151 PM  44    1949  22      5       21
  MINIMUM          0    311 AM -24    1974   9     -9        0
  AVERAGE         14                        15     -1       11

PRECIPITATION (IN)
  YESTERDAY        0.03          0.84 2003   0.04  -0.01      T
  MONTH TO DATE    1.86                      0.85   1.01     0.71
  SINCE SEP 1      7.68                      4.91   2.77     4.70
  SINCE JAN 1     17.41                     15.36   2.05    14.96

SNOWFALL (IN)
  YESTERDAY        0.5           8.0  1997   0.4    0.1       T
  MONTH TO DATE   21.3                       7.9   13.4      8.2
  SINCE SEP 1     30.7                      13.1   17.6      8.3
  SINCE JUL 1     30.7                      13.1   17.6      8.3
  SNOW DEPTH      11

DEGREE DAYS
 HEATING
  YESTERDAY       51                        50      1       54
  MONTH TO DATE  763                       932   -169      824
  SINCE SEP 1   2472                      2722   -250     2289
  SINCE JUL 1   3318                      3582   -264     2974

 COOLING
  YESTERDAY        0                         0      0        0
  MONTH TO DATE    0                         0      0        0
  SINCE SEP 1      0                         0      0        0
  SINCE JAN 1      4                         3      1        0
..................................................................


WIND (MPH)
  HIGHEST GUST SPEED    47   HIGHEST GUST DIRECTION    SE (140)


SKY COVER
  AVERAGE SKY COVER 0.6


WEATHER CONDITIONS
 THE FOLLOWING WEATHER WAS RECORDED YESTERDAY.
  HEAVY SNOW
  SNOW
  FOG
  FOG W/VISIBILITY <= 1/4 MILE
  HAZE


RELATIVE HUMIDITY (PERCENT)
 HIGHEST   100
 LOWEST     62
 AVERAGE    81

..........................................................


THE NOME AK CLIMATE NORMALS FOR TODAY
                         NORMAL    RECORD    YEAR
 MAXIMUM TEMPERATURE (F)   21        44      1949
 MINIMUM TEMPERATURE (F)    9       -27      1988


SUNRISE AND SUNSET
NOVEMBER 21 2017......SUNRISE  1056 AM AKST  SUNSET   440 PM AKST
NOVEMBER 22 2017......SUNRISE  1059 AM AKST  SUNSET   437 PM AKST

-  INDICATES NEGATIVE NUMBERS.
R  INDICATES RECORD WAS SET OR TIED.
MM INDICATES DATA IS MISSING.
T  INDICATES TRACE AMOUNT.

&&

SNOW DEPTH IS MEASURED AT 3AM AKST/4AM AKDT.

----------------------------
AVAILABLE DAYLIGHT

AMOUNT OF DAYLIGHT TODAY  (HOUR:MIN)........5:43
GAIN/LOSS SINCE YESTERDAY (HOUR:MIN:SEC)....-0:06:00

NOME TIDAL INFORMATION FOR 21 NOVEMBER 2017
0544  +1.7
1246  +0.7
1958  +1.7

$$
SDB NOV 17
