000
CDUS46 KOTX 280825
CLIOMK


CLIMATE REPORT
NATIONAL WEATHER SERVICE SPOKANE, WA
130 AM PDT SAT MAR 28 2015


...................................

...THE OMAK WA AIRPORT CLIMATE SUMMARY FOR MARCH 27 2015...

CLIMATE NORMAL PERIOD 1981 TO 2010
CLIMATE RECORD PERIOD 9999 TO 9999


WEATHER ITEM   OBSERVED TIME   RECORD YEAR NORMAL DEPARTURE LAST
                VALUE   (LST)  VALUE       VALUE  FROM      YEAR
                                                  NORMAL
..................................................................
TEMPERATURE (F)
 YESTERDAY
  MAXIMUM         70R   235 PM  68    1994  57     13       54
  MINIMUM         36    505 AM  18    1944  34      2       33
  AVERAGE         53                        46      7       44

PRECIPITATION (IN)
  YESTERDAY        T             0.59 1963   0.04  -0.04     0.41
  MONTH TO DATE    0.92                      1.01  -0.09     0.97
  SINCE OCT 1      9.22                      9.45  -0.23     3.96
  SINCE JAN 1      2.65                      4.00  -1.35     2.79

DEGREE DAYS
 HEATING
  YESTERDAY       12                        19     -7       21
  MONTH TO DATE  502                       654   -152      660
  SINCE MAR 1    502                       654   -152      660
  SINCE JUL 1   4688                      5515   -827     5650

 COOLING
  YESTERDAY        0                         0      0        0
  MONTH TO DATE    0                         0      0        0
  SINCE MAR 1      0                         0      0        0
  SINCE JAN 1      0                         0      0        0
..................................................................


WIND (MPH)
  HIGHEST WIND SPEED    15   HIGHEST WIND DIRECTION     S (160)
  HIGHEST GUST SPEED    20   HIGHEST GUST DIRECTION    SE (140)
  AVERAGE WIND SPEED     6.1


SKY COVER
  POSSIBLE SUNSHINE  MM
  AVERAGE SKY COVER 0.3


WEATHER CONDITIONS
 THE FOLLOWING WEATHER WAS RECORDED YESTERDAY.
  LIGHT RAIN
  FOG


RELATIVE HUMIDITY (PERCENT)
 HIGHEST   100           500 AM
 LOWEST     49           200 PM
 AVERAGE    75

..........................................................


THE OMAK WA AIRPORT CLIMATE NORMALS FOR TODAY
                         NORMAL    RECORD    YEAR
 MAXIMUM TEMPERATURE (F)   58        73      1994
 MINIMUM TEMPERATURE (F)   34        19      1954


SUNRISE AND SUNSET
MARCH 28 2015.........SUNRISE   645 AM PDT   SUNSET   723 PM PDT
MARCH 29 2015.........SUNRISE   643 AM PDT   SUNSET   724 PM PDT


-  INDICATES NEGATIVE NUMBERS.
R  INDICATES RECORD WAS SET OR TIED.
MM INDICATES DATA IS MISSING.
T  INDICATES TRACE AMOUNT.




$$
