000
CDUS46 KOTX 220820
CLIOMK


CLIMATE REPORT
NATIONAL WEATHER SERVICE SPOKANE, WA
1219 AM PST MON JAN 22 2018


...................................

...THE OMAK WA AIRPORT CLIMATE SUMMARY FOR JANUARY 21 2018...

CLIMATE NORMAL PERIOD 1981 TO 2010
CLIMATE RECORD PERIOD 9999 TO 9999


WEATHER ITEM   OBSERVED TIME   RECORD YEAR NORMAL DEPARTURE LAST
                VALUE   (LST)  VALUE       VALUE  FROM      YEAR
                                                  NORMAL
..................................................................
TEMPERATURE (F)
 YESTERDAY
  MAXIMUM         38    834 PM  52    1934  34      4       36
  MINIMUM         28    156 AM  -6    1949  21      7       33
  AVERAGE         33                        28      5       35

PRECIPITATION (IN)
  YESTERDAY        0.18                      0.05   0.13     0.23
  MONTH TO DATE    1.47                      1.42   0.05     1.73
  SINCE OCT 1      4.85                      6.31  -1.46     8.21
  SINCE JAN 1      1.47                      1.42   0.05     1.73

SNOWFALL (IN)
  YESTERDAY       MM

DEGREE DAYS
 HEATING
  YESTERDAY       32                        37     -5       30
  MONTH TO DATE  733                       819    -86      996
  SINCE DEC 1   1946                      2035    -89     2289
  SINCE JUL 1   3406                      3568   -162     3527

 COOLING
  YESTERDAY        0                         0      0        0
  MONTH TO DATE    0                         0      0        0
  SINCE DEC 1      0                         0      0        0
  SINCE JAN 1      0                         0      0        0
..................................................................


WIND (MPH)
  HIGHEST WIND SPEED    17   HIGHEST WIND DIRECTION     S (170)
  HIGHEST GUST SPEED    22   HIGHEST GUST DIRECTION     S (170)
  AVERAGE WIND SPEED     8.5


SKY COVER
  POSSIBLE SUNSHINE  MM
  AVERAGE SKY COVER 0.9


WEATHER CONDITIONS
 THE FOLLOWING WEATHER WAS RECORDED YESTERDAY.
  LIGHT SNOW
  FOG


RELATIVE HUMIDITY (PERCENT)
 HIGHEST   100           100 AM
 LOWEST     76          1000 AM
 AVERAGE    88

..........................................................


THE OMAK WA AIRPORT CLIMATE NORMALS FOR TODAY
                         NORMAL    RECORD    YEAR
 MAXIMUM TEMPERATURE (F)   34        48      1934
 MINIMUM TEMPERATURE (F)   22        -9      1957


SUNRISE AND SUNSET
JANUARY 22 2018.......SUNRISE   739 AM PST   SUNSET   441 PM PST
JANUARY 23 2018.......SUNRISE   738 AM PST   SUNSET   443 PM PST


-  INDICATES NEGATIVE NUMBERS.
R  INDICATES RECORD WAS SET OR TIED.
MM INDICATES DATA IS MISSING.
T  INDICATES TRACE AMOUNT.




$$
