000
CDUS46 KOTX 250822
CLIOMK


CLIMATE REPORT
NATIONAL WEATHER SERVICE SPOKANE, WA
1221 AM PST THU DEC 25 2014


...................................

...THE OMAK WA AIRPORT CLIMATE SUMMARY FOR DECEMBER 24 2014...

CLIMATE NORMAL PERIOD 1981 TO 2010
CLIMATE RECORD PERIOD 9999 TO 9999


WEATHER ITEM   OBSERVED TIME   RECORD YEAR NORMAL DEPARTURE LAST
                VALUE   (LST)  VALUE       VALUE  FROM      YEAR
                                                  NORMAL
..................................................................
TEMPERATURE (F)
 YESTERDAY
  MAXIMUM         40    128 AM  46    1972  30     10       27
  MINIMUM         26   1104 PM -18    1948  18      8       12
  AVERAGE         33                        24      9       20

PRECIPITATION (IN)
  YESTERDAY        0.00          0.74 1959   0.10  -0.10     0.00
  MONTH TO DATE    2.52                      1.90   0.62     0.11
  SINCE OCT 1      6.56                      4.81   1.75     1.17
  SINCE JAN 1     13.57                     14.41  -0.84    10.00

SNOWFALL (IN)
  YESTERDAY       MM

DEGREE DAYS
 HEATING
  YESTERDAY       32                        41     -9       45
  MONTH TO DATE  781                       933   -152     1033
  SINCE DEC 1    781                       933   -152     1033
  SINCE JUL 1   2178                      2466   -288     2630

 COOLING
  YESTERDAY        0                         0      0        0
  MONTH TO DATE    0                         0      0        0
  SINCE DEC 1      0                         0      0        0
  SINCE JAN 1    873                       665    208      814
..................................................................


WIND (MPH)
  HIGHEST WIND SPEED    12   HIGHEST WIND DIRECTION     N (360)
  HIGHEST GUST SPEED    14   HIGHEST GUST DIRECTION     N (350)
  AVERAGE WIND SPEED     3.7


SKY COVER
  POSSIBLE SUNSHINE  MM
  AVERAGE SKY COVER 0.4


WEATHER CONDITIONS
 THE FOLLOWING WEATHER WAS RECORDED YESTERDAY.
  NO SIGNIFICANT WEATHER WAS OBSERVED.


RELATIVE HUMIDITY (PERCENT)
 HIGHEST   100           800 AM
 LOWEST     78          1000 PM
 AVERAGE    89

..........................................................


THE OMAK WA AIRPORT CLIMATE NORMALS FOR TODAY
                         NORMAL    RECORD    YEAR
 MAXIMUM TEMPERATURE (F)   30        47      1972
 MINIMUM TEMPERATURE (F)   18       -20      1948


SUNRISE AND SUNSET
DECEMBER 25 2014......SUNRISE   749 AM PST   SUNSET   408 PM PST
DECEMBER 26 2014......SUNRISE   749 AM PST   SUNSET   408 PM PST


-  INDICATES NEGATIVE NUMBERS.
R  INDICATES RECORD WAS SET OR TIED.
MM INDICATES DATA IS MISSING.
T  INDICATES TRACE AMOUNT.




$$
