000
CDUS46 KOTX 300827
CLIOMK


CLIMATE REPORT
NATIONAL WEATHER SERVICE SPOKANE, WA
125 AM PDT SUN AUG 30 2015


...................................

...THE OMAK WA AIRPORT CLIMATE SUMMARY FOR AUGUST 29 2015...

CLIMATE NORMAL PERIOD 1981 TO 2010
CLIMATE RECORD PERIOD 9999 TO 9999


WEATHER ITEM   OBSERVED TIME   RECORD YEAR NORMAL DEPARTURE LAST
                VALUE   (LST)  VALUE       VALUE  FROM      YEAR
                                                  NORMAL
..................................................................
TEMPERATURE (F)
 YESTERDAY
  MAXIMUM         85    222 PM  96    1967  84      1       80
  MINIMUM         62   1148 PM  38    1965  54      8       54
  AVERAGE         74                        69      5       67

PRECIPITATION (IN)
  YESTERDAY        T             0.24 1951   0.01  -0.01     0.00
  MONTH TO DATE    0.08                      0.46  -0.38     0.85
  SINCE OCT 1     11.53                     14.14  -2.61     7.41
  SINCE JAN 1      4.96                      9.25  -4.29     6.24

SNOWFALL (IN)
  YESTERDAY       MM

DEGREE DAYS
 HEATING
  YESTERDAY        0                         1     -1        0
  MONTH TO DATE    1                         9     -8        0
  SINCE JUN 1     16                        93    -77       40
  SINCE JUL 1      1                        24    -23        2

 COOLING
  YESTERDAY        9                         5      4        2
  MONTH TO DATE  276                       236     40      328
  SINCE JUN 1    904                       574    330      810
  SINCE JAN 1    950                       597    353      824
..................................................................


WIND (MPH)
  HIGHEST WIND SPEED    29   HIGHEST WIND DIRECTION     S (180)
  HIGHEST GUST SPEED    38   HIGHEST GUST DIRECTION    SW (210)
  AVERAGE WIND SPEED    13.1


SKY COVER
  POSSIBLE SUNSHINE  MM
  AVERAGE SKY COVER 0.4


WEATHER CONDITIONS
 THE FOLLOWING WEATHER WAS RECORDED YESTERDAY.
  LIGHT RAIN
  HAZE


RELATIVE HUMIDITY (PERCENT)
 HIGHEST    60           100 AM
 LOWEST     24           500 PM
 AVERAGE    42

..........................................................


THE OMAK WA AIRPORT CLIMATE NORMALS FOR TODAY
                         NORMAL    RECORD    YEAR
 MAXIMUM TEMPERATURE (F)   84        97      1967
 MINIMUM TEMPERATURE (F)   53        34      1965


SUNRISE AND SUNSET
AUGUST 30 2015........SUNRISE   612 AM PDT   SUNSET   744 PM PDT
AUGUST 31 2015........SUNRISE   614 AM PDT   SUNSET   742 PM PDT


-  INDICATES NEGATIVE NUMBERS.
R  INDICATES RECORD WAS SET OR TIED.
MM INDICATES DATA IS MISSING.
T  INDICATES TRACE AMOUNT.




$$
