000
CDUS46 KOTX 200822
CLIOMK


CLIMATE REPORT
NATIONAL WEATHER SERVICE SPOKANE, WA
122 AM PDT WED SEP 20 2017


...................................

...THE OMAK WA AIRPORT CLIMATE SUMMARY FOR SEPTEMBER 19 2017...

CLIMATE NORMAL PERIOD 1981 TO 2010
CLIMATE RECORD PERIOD 9999 TO 9999


WEATHER ITEM   OBSERVED TIME   RECORD YEAR NORMAL DEPARTURE LAST
                VALUE   (LST)  VALUE       VALUE  FROM      YEAR
                                                  NORMAL
..................................................................
TEMPERATURE (F)
 YESTERDAY
  MAXIMUM         63    235 PM  92    1938  77    -14       71
  MINIMUM         37    359 AM  27    1945  46     -9       38
  AVERAGE         50                        61    -11       55

PRECIPITATION (IN)
  YESTERDAY        0.01                      0.02  -0.01      T
  MONTH TO DATE    0.01                      0.34  -0.33      T
  SINCE OCT 1     16.88                     14.51   2.37    14.83
  SINCE JAN 1     10.40                      9.62   0.78     9.47

SNOWFALL (IN)
  YESTERDAY       MM

DEGREE DAYS
 HEATING
  YESTERDAY       15                         5     10       10
  MONTH TO DATE   52                        56     -4       61
  SINCE SEP 1     52                        56     -4       61
  SINCE JUL 1     52                        87    -35       69

 COOLING
  YESTERDAY        0                         1     -1        0
  MONTH TO DATE   93                        51     42       10
  SINCE SEP 1     93                        51     42       10
  SINCE JAN 1    885                       657    228      636
..................................................................


WIND (MPH)
  HIGHEST WIND SPEED    15   HIGHEST WIND DIRECTION     N (10)
  HIGHEST GUST SPEED    19   HIGHEST GUST DIRECTION     N (350)
  AVERAGE WIND SPEED     5.3


SKY COVER
  POSSIBLE SUNSHINE  MM
  AVERAGE SKY COVER 0.6


WEATHER CONDITIONS
 THE FOLLOWING WEATHER WAS RECORDED YESTERDAY.
  NO SIGNIFICANT WEATHER WAS OBSERVED.


RELATIVE HUMIDITY (PERCENT)
 HIGHEST    85           400 AM
 LOWEST     42           100 PM
 AVERAGE    64

..........................................................


THE OMAK WA AIRPORT CLIMATE NORMALS FOR TODAY
                         NORMAL    RECORD    YEAR
 MAXIMUM TEMPERATURE (F)   76        90      1994
 MINIMUM TEMPERATURE (F)   46        29      1972


SUNRISE AND SUNSET
SEPTEMBER 20 2017.....SUNRISE   642 AM PDT   SUNSET   659 PM PDT
SEPTEMBER 21 2017.....SUNRISE   644 AM PDT   SUNSET   657 PM PDT


-  INDICATES NEGATIVE NUMBERS.
R  INDICATES RECORD WAS SET OR TIED.
MM INDICATES DATA IS MISSING.
T  INDICATES TRACE AMOUNT.




$$
