000
CDUS46 KOTX 280832
CLIOMK


CLIMATE REPORT
NATIONAL WEATHER SERVICE SPOKANE, WA
132 AM PDT SUN MAY 28 2017


...................................

...THE OMAK WA AIRPORT CLIMATE SUMMARY FOR MAY 27 2017...

CLIMATE NORMAL PERIOD 1981 TO 2010
CLIMATE RECORD PERIOD 9999 TO 9999


WEATHER ITEM   OBSERVED TIME   RECORD YEAR NORMAL DEPARTURE LAST
                VALUE   (LST)  VALUE       VALUE  FROM      YEAR
                                                  NORMAL
..................................................................
TEMPERATURE (F)
 YESTERDAY
  MAXIMUM         85    427 PM  96    1958  75     10       67
  MINIMUM         46    401 AM  29    1955  48     -2       45
  AVERAGE         66                        61      5       56

PRECIPITATION (IN)
  YESTERDAY        0.00                      0.04  -0.04     0.00
  MONTH TO DATE    1.50                      1.05   0.45     0.69
  SINCE OCT 1     16.58                     11.47   5.11    12.43
  SINCE JAN 1     10.10                      6.58   3.52     7.07

SNOWFALL (IN)
  YESTERDAY       MM

DEGREE DAYS
 HEATING
  YESTERDAY        0                         5     -5        9
  MONTH TO DATE  205                       217    -12       97
  SINCE MAR 1   1468                      1395     73      966
  SINCE JUL 1   6403                      6256    147     5372

 COOLING
  YESTERDAY        1                         1      0        0
  MONTH TO DATE   14                        17     -3       18
  SINCE MAR 1     14                        18     -4       23
  SINCE JAN 1     14                        18     -4       23
..................................................................


WIND (MPH)
  HIGHEST WIND SPEED    14   HIGHEST WIND DIRECTION    SW (210)
  HIGHEST GUST SPEED    17   HIGHEST GUST DIRECTION     S (200)
  AVERAGE WIND SPEED     5.5


SKY COVER
  POSSIBLE SUNSHINE  MM
  AVERAGE SKY COVER 0.0


WEATHER CONDITIONS
 THE FOLLOWING WEATHER WAS RECORDED YESTERDAY.
  NO SIGNIFICANT WEATHER WAS OBSERVED.


RELATIVE HUMIDITY (PERCENT)
 HIGHEST    86           400 AM
 LOWEST     20           300 PM
 AVERAGE    53

..........................................................


THE OMAK WA AIRPORT CLIMATE NORMALS FOR TODAY
                         NORMAL    RECORD    YEAR
 MAXIMUM TEMPERATURE (F)   75        98      1934
 MINIMUM TEMPERATURE (F)   48        32      1977


SUNRISE AND SUNSET
MAY 28 2017...........SUNRISE   504 AM PDT   SUNSET   848 PM PDT
MAY 29 2017...........SUNRISE   503 AM PDT   SUNSET   849 PM PDT


-  INDICATES NEGATIVE NUMBERS.
R  INDICATES RECORD WAS SET OR TIED.
MM INDICATES DATA IS MISSING.
T  INDICATES TRACE AMOUNT.




$$
