000
CDUS46 KOTX 291245
CLIOMK


CLIMATE REPORT
NATIONAL WEATHER SERVICE SPOKANE, WA
545 AM PDT MON JUN 29 2015


...................................

...THE OMAK WA AIRPORT CLIMATE SUMMARY FOR JUNE 28 2015...

CLIMATE NORMAL PERIOD 1981 TO 2010
CLIMATE RECORD PERIOD 9999 TO 9999


WEATHER ITEM   OBSERVED TIME   RECORD YEAR NORMAL DEPARTURE LAST
                VALUE   (LST)  VALUE       VALUE  FROM      YEAR
                                                  NORMAL
..................................................................
TEMPERATURE (F)
 YESTERDAY
  MAXIMUM        110R   204 PM 110    2015  83     27       83
  MINIMUM         71    437 AM  37    1975  54     17       51
  AVERAGE         91                        68     23       67

PRECIPITATION (IN)
  YESTERDAY        0.00          0.38 1966   0.03  -0.03     0.00
  MONTH TO DATE    0.41                      1.16  -0.75     0.53
  SINCE OCT 1     11.15                     12.80  -1.65     6.34
  SINCE JAN 1      4.58                      7.91  -3.33     5.17

SNOWFALL (IN)
  YESTERDAY       MM

DEGREE DAYS
 HEATING
  YESTERDAY        0                         1     -1        0
  MONTH TO DATE   15                        68    -53       35
  SINCE JUN 1     15                        68    -53       35
  SINCE JUL 1   5334                      6341  -1007     6415

 COOLING
  YESTERDAY       26                         5     21        2
  MONTH TO DATE  229                        75    154       63
  SINCE JUN 1    229                        75    154       63
  SINCE JAN 1    275                        98    177       77
..................................................................


WIND (MPH)
  HIGHEST WIND SPEED    22   HIGHEST WIND DIRECTION     N (10)
  HIGHEST GUST SPEED    29   HIGHEST GUST DIRECTION     N (20)
  AVERAGE WIND SPEED    10.6


SKY COVER
  POSSIBLE SUNSHINE  MM
  AVERAGE SKY COVER 0.0


WEATHER CONDITIONS
 THE FOLLOWING WEATHER WAS RECORDED YESTERDAY.
  NO SIGNIFICANT WEATHER WAS OBSERVED.


RELATIVE HUMIDITY (PERCENT)
 HIGHEST    41           400 AM
 LOWEST      9           300 PM
 AVERAGE    25

..........................................................


THE OMAK WA AIRPORT CLIMATE NORMALS FOR TODAY
                         NORMAL    RECORD    YEAR
 MAXIMUM TEMPERATURE (F)   83       101      2008
 MINIMUM TEMPERATURE (F)   54        38      1968


SUNRISE AND SUNSET
JUNE 29 2015..........SUNRISE   459 AM PDT   SUNSET   904 PM PDT
JUNE 30 2015..........SUNRISE   500 AM PDT   SUNSET   903 PM PDT


-  INDICATES NEGATIVE NUMBERS.
R  INDICATES RECORD WAS SET OR TIED.
MM INDICATES DATA IS MISSING.
T  INDICATES TRACE AMOUNT.




$$
