000
CDUS45 KBOI 180933
CLIONO


CLIMATE REPORT
NATIONAL WEATHER SERVICE BOISE ID
233 AM MST SUN FEB 18 2018


...................................

...THE ONTARIO OR CLIMATE SUMMARY FOR FEBRUARY 17 2018...

CLIMATE NORMAL PERIOD 1981 TO 2010
CLIMATE RECORD PERIOD 1948 TO 2018


WEATHER ITEM   OBSERVED TIME   RECORD YEAR NORMAL DEPARTURE LAST
                VALUE   (LST)  VALUE       VALUE  FROM      YEAR
                                                  NORMAL
..................................................................
TEMPERATURE (F)
 YESTERDAY
  MAXIMUM         57    709 PM  59    2016  44     13       41
                                      2007
                                      1965
  MINIMUM         28    242 AM   6    1993  24      4       29
  AVERAGE         43                        34      9       35

PRECIPITATION (IN)
  YESTERDAY        0.05          0.30 1968   0.03   0.02     0.08
  MONTH TO DATE    0.06                      0.47  -0.41     0.86
  SINCE OCT 1      3.88                      5.06  -1.18     7.49
  SINCE JAN 1      1.17                      1.65  -0.48     4.17

DEGREE DAYS
 HEATING
  YESTERDAY       22                        31     -9       30
  MONTH TO DATE  422                       568   -146      574
  SINCE DEC 1   2450                      2883   -433     3438
  SINCE JUL 1   3795                      4311   -516     4529

 COOLING
  YESTERDAY        0                         0      0        0
  MONTH TO DATE    0                         0      0        0
  SINCE DEC 1      0                         0      0        0
  SINCE JAN 1      0                         0      0        0
..................................................................


WIND (MPH)
  HIGHEST WIND SPEED    36   HIGHEST WIND DIRECTION     W (290)
  HIGHEST GUST SPEED    52   HIGHEST GUST DIRECTION     W (290)
  AVERAGE WIND SPEED     8.9


SKY COVER
  AVERAGE SKY COVER 0.7


WEATHER CONDITIONS
 THE FOLLOWING WEATHER WAS RECORDED YESTERDAY.
  LIGHT RAIN


RELATIVE HUMIDITY (PERCENT)
 HIGHEST    85           300 AM
 LOWEST     47           700 PM
 AVERAGE    66

..........................................................


THE ONTARIO OR CLIMATE NORMALS FOR TODAY
                         NORMAL    RECORD    YEAR
 MAXIMUM TEMPERATURE (F)   45        61      1965
                                             1948
 MINIMUM TEMPERATURE (F)   24        -1      1952


SUNRISE AND SUNSET
FEBRUARY 18 2018......SUNRISE   743 AM MST   SUNSET   622 PM MST
FEBRUARY 19 2018......SUNRISE   741 AM MST   SUNSET   623 PM MST


-  INDICATES NEGATIVE NUMBERS.
R  INDICATES RECORD WAS SET OR TIED.
MM INDICATES DATA IS MISSING.
T  INDICATES TRACE AMOUNT.




$$
