000
CDUS45 KBOI 200931
CLIONO


CLIMATE REPORT
NATIONAL WEATHER SERVICE BOISE ID
331 AM MDT MON OCT 20 2014


...................................

...THE ONTARIO OR CLIMATE SUMMARY FOR OCTOBER 19 2014...

CLIMATE NORMAL PERIOD 1981 TO 2010
CLIMATE RECORD PERIOD 1948 TO 2014


WEATHER ITEM   OBSERVED TIME   RECORD YEAR NORMAL DEPARTURE LAST
                VALUE   (LST)  VALUE       VALUE  FROM      YEAR
                                                  NORMAL
..................................................................
TEMPERATURE (F)
 YESTERDAY
  MAXIMUM         73    457 PM  82    2003  65      8       64
  MINIMUM         35    734 AM  18    1976  33      2       28
  AVERAGE         54                        49      5       46

PRECIPITATION (IN)
  YESTERDAY        0.00          0.62 1979   0.02  -0.02     0.00
  MONTH TO DATE    0.01                      0.31  -0.30      T
  SINCE OCT 1      0.01                      0.31  -0.30      T
  SINCE JAN 1      5.97                      6.96  -0.99     3.77

DEGREE DAYS
 HEATING
  YESTERDAY       11                        16     -5       19
  MONTH TO DATE  141                       231    -90      282
  SINCE SEP 1    177                       349   -172      370
  SINCE JUL 1    178                       365   -187      370

 COOLING
  YESTERDAY        0                         0      0        0
  MONTH TO DATE    1                         0      1        0
  SINCE SEP 1     91                        58     33      127
  SINCE JAN 1   1088                       851    237     1299
..................................................................


WIND (MPH)
  HIGHEST WIND SPEED     8   HIGHEST WIND DIRECTION    SW (240)
  HIGHEST GUST SPEED     9   HIGHEST GUST DIRECTION    SW (240)
  AVERAGE WIND SPEED     2.3


SKY COVER
  AVERAGE SKY COVER 0.0


WEATHER CONDITIONS
 THE FOLLOWING WEATHER WAS RECORDED YESTERDAY.
  NO SIGNIFICANT WEATHER WAS OBSERVED.


RELATIVE HUMIDITY (PERCENT)
 HIGHEST    82           500 AM
 LOWEST     29           400 PM
 AVERAGE    56

..........................................................


THE ONTARIO OR CLIMATE NORMALS FOR TODAY
                         NORMAL    RECORD    YEAR
 MAXIMUM TEMPERATURE (F)   64        76      2003
 MINIMUM TEMPERATURE (F)   33        17      1976


SUNRISE AND SUNSET
OCTOBER 20 2014.......SUNRISE   809 AM MDT   SUNSET   656 PM MDT
OCTOBER 21 2014.......SUNRISE   810 AM MDT   SUNSET   654 PM MDT


-  INDICATES NEGATIVE NUMBERS.
R  INDICATES RECORD WAS SET OR TIED.
MM INDICATES DATA IS MISSING.
T  INDICATES TRACE AMOUNT.




$$
