849
CDUS45 KBOI 230931
CLIONO


CLIMATE REPORT
NATIONAL WEATHER SERVICE BOISE ID
231 AM MST THU NOV 23 2017


...................................

...THE ONTARIO OR CLIMATE SUMMARY FOR NOVEMBER 22 2017...

CLIMATE NORMAL PERIOD 1981 TO 2010
CLIMATE RECORD PERIOD 1948 TO 2017


WEATHER ITEM   OBSERVED TIME   RECORD YEAR NORMAL DEPARTURE LAST
                VALUE   (LST)  VALUE       VALUE  FROM      YEAR
                                                  NORMAL
..................................................................
TEMPERATURE (F)
 YESTERDAY
  MAXIMUM         56    239 PM  61    1974  44     12       46
  MINIMUM         46    756 AM   2    1994  25     21       26
                                      1985
  AVERAGE         51                        34     17       36

PRECIPITATION (IN)
  YESTERDAY        0.04          0.37 1981   0.04   0.00     0.00
                                      1977
  MONTH TO DATE    1.63                      0.78   0.85     0.44
  SINCE OCT 1      2.13                      1.41   0.72     1.24
  SINCE JAN 1     12.02                      8.06   3.96     3.86

DEGREE DAYS
 HEATING
  YESTERDAY       14                        31    -17       29
  MONTH TO DATE  517                       577    -60      445
  SINCE SEP 1   1135                      1154    -19      879
  SINCE JUL 1   1135                      1170    -35      888

 COOLING
  YESTERDAY        0                         0      0        0
  MONTH TO DATE    0                         0      0        0
  SINCE SEP 1    141                        59     82       31
  SINCE JAN 1   1254                       852    402      976
..................................................................


WIND (MPH)
  HIGHEST WIND SPEED    10   HIGHEST WIND DIRECTION     W (280)
  HIGHEST GUST SPEED    16   HIGHEST GUST DIRECTION     W (250)
  AVERAGE WIND SPEED     3.7


SKY COVER
  AVERAGE SKY COVER 0.5


WEATHER CONDITIONS
 THE FOLLOWING WEATHER WAS RECORDED YESTERDAY.
  LIGHT RAIN
  FOG
  HAZE


RELATIVE HUMIDITY (PERCENT)
 HIGHEST   100          1200 AM
 LOWEST     86           200 PM
 AVERAGE    93

..........................................................


THE ONTARIO OR CLIMATE NORMALS FOR TODAY
                         NORMAL    RECORD    YEAR
 MAXIMUM TEMPERATURE (F)   44        59      2002
                                             1968
 MINIMUM TEMPERATURE (F)   24        -3      1985


SUNRISE AND SUNSET
NOVEMBER 23 2017......SUNRISE   754 AM MST   SUNSET   515 PM MST
NOVEMBER 24 2017......SUNRISE   755 AM MST   SUNSET   514 PM MST


-  INDICATES NEGATIVE NUMBERS.
R  INDICATES RECORD WAS SET OR TIED.
MM INDICATES DATA IS MISSING.
T  INDICATES TRACE AMOUNT.




$$
