000
CDUS45 KBOI 090931
CLIONO


CLIMATE REPORT
NATIONAL WEATHER SERVICE BOISE ID
231 AM MST TUE FEB 9 2016


...................................

...THE ONTARIO OR CLIMATE SUMMARY FOR FEBRUARY 8 2016...

CLIMATE NORMAL PERIOD 1981 TO 2010
CLIMATE RECORD PERIOD 1948 TO 2016


WEATHER ITEM   OBSERVED TIME   RECORD YEAR NORMAL DEPARTURE LAST
                VALUE   (LST)  VALUE       VALUE  FROM      YEAR
                                                  NORMAL
..................................................................
TEMPERATURE (F)
 YESTERDAY
  MAXIMUM         46    305 PM  64    2015  40      6       64
  MINIMUM         25    808 AM -22    1989  22      3       37
  AVERAGE         36                        31      5       51

PRECIPITATION (IN)
  YESTERDAY        0.00          0.64 1960   0.02  -0.02     0.05
  MONTH TO DATE    0.09                      0.22  -0.13     0.66
  SINCE OCT 1      5.59                      4.81   0.78     5.68
  SINCE JAN 1      0.84                      1.40  -0.56     1.22

DEGREE DAYS
 HEATING
  YESTERDAY       29                        34     -5       14
  MONTH TO DATE  261                       277    -16      163
  SINCE DEC 1   2386                      2592   -206     2077
  SINCE JUL 1   3511                      4020   -509     3358

 COOLING
  YESTERDAY        0                         0      0        0
  MONTH TO DATE    0                         0      0        0
  SINCE DEC 1      0                         0      0        0
  SINCE JAN 1      0                         0      0        0
..................................................................


WIND (MPH)
  HIGHEST WIND SPEED     7   HIGHEST WIND DIRECTION     W (250)
  HIGHEST GUST SPEED     9   HIGHEST GUST DIRECTION     E (90)
  AVERAGE WIND SPEED     1.7


SKY COVER
  AVERAGE SKY COVER 0.1


WEATHER CONDITIONS
 THE FOLLOWING WEATHER WAS RECORDED YESTERDAY.
  FOG


RELATIVE HUMIDITY (PERCENT)
 HIGHEST    92           100 AM
 LOWEST     65           300 PM
 AVERAGE    79

..........................................................


THE ONTARIO OR CLIMATE NORMALS FOR TODAY
                         NORMAL    RECORD    YEAR
 MAXIMUM TEMPERATURE (F)   41        61      2015
 MINIMUM TEMPERATURE (F)   22       -20      1989


SUNRISE AND SUNSET
FEBRUARY  9 2016......SUNRISE   756 AM MST   SUNSET   609 PM MST
FEBRUARY 10 2016......SUNRISE   755 AM MST   SUNSET   610 PM MST


-  INDICATES NEGATIVE NUMBERS.
R  INDICATES RECORD WAS SET OR TIED.
MM INDICATES DATA IS MISSING.
T  INDICATES TRACE AMOUNT.




$$
