000
CDUS45 KBOI 280933
CLIONO


CLIMATE REPORT
NATIONAL WEATHER SERVICE BOISE ID
332 AM MDT TUE MAR 28 2017


...................................

...THE ONTARIO OR CLIMATE SUMMARY FOR MARCH 27 2017...

CLIMATE NORMAL PERIOD 1981 TO 2010
CLIMATE RECORD PERIOD 1948 TO 2017


WEATHER ITEM   OBSERVED TIME   RECORD YEAR NORMAL DEPARTURE LAST
                VALUE   (LST)  VALUE       VALUE  FROM      YEAR
                                                  NORMAL
..................................................................
TEMPERATURE (F)
 YESTERDAY
  MAXIMUM         58    434 PM  79    1966  60     -2       56
  MINIMUM         41   1159 PM  20    1972  33      8       35
  AVERAGE         50                        46      4       46

PRECIPITATION (IN)
  YESTERDAY        0.03          0.26 2011   0.03   0.00      T
  MONTH TO DATE    1.07                      0.89   0.18     0.43
  SINCE OCT 1      9.21                      6.28   2.93     6.22
  SINCE JAN 1      5.89                      2.87   3.02     1.47

DEGREE DAYS
 HEATING
  YESTERDAY       15                        19     -4       19
  MONTH TO DATE  484                       598   -114      489
  SINCE MAR 1    484                       598   -114      489
  SINCE JUL 1   5358                      5228    130     4479

 COOLING
  YESTERDAY        0                         0      0        0
  MONTH TO DATE    0                         0      0        0
  SINCE MAR 1      0                         0      0        0
  SINCE JAN 1      0                         0      0        0
..................................................................


WIND (MPH)
  HIGHEST WIND SPEED    22   HIGHEST WIND DIRECTION    NW (320)
  HIGHEST GUST SPEED    26   HIGHEST GUST DIRECTION    NW (320)
  AVERAGE WIND SPEED    10.8


SKY COVER
  AVERAGE SKY COVER 0.7


WEATHER CONDITIONS
 THE FOLLOWING WEATHER WAS RECORDED YESTERDAY.
  LIGHT RAIN
  FOG


RELATIVE HUMIDITY (PERCENT)
 HIGHEST    96           500 AM
 LOWEST     36           400 PM
 AVERAGE    66

..........................................................


THE ONTARIO OR CLIMATE NORMALS FOR TODAY
                         NORMAL    RECORD    YEAR
 MAXIMUM TEMPERATURE (F)   60        83      1966
 MINIMUM TEMPERATURE (F)   33        19      1956


SUNRISE AND SUNSET
MARCH 28 2017.........SUNRISE   736 AM MDT   SUNSET   811 PM MDT
MARCH 29 2017.........SUNRISE   734 AM MDT   SUNSET   812 PM MDT


-  INDICATES NEGATIVE NUMBERS.
R  INDICATES RECORD WAS SET OR TIED.
MM INDICATES DATA IS MISSING.
T  INDICATES TRACE AMOUNT.




$$
