000
CDUS45 KBOI 020934
CLIONO


CLIMATE REPORT
NATIONAL WEATHER SERVICE BOISE ID
332 AM MDT SUN AUG 2 2015


...................................

...THE ONTARIO OR CLIMATE SUMMARY FOR AUGUST 1 2015...

CLIMATE NORMAL PERIOD 1981 TO 2010
CLIMATE RECORD PERIOD 1948 TO 2015


WEATHER ITEM   OBSERVED TIME   RECORD YEAR NORMAL DEPARTURE LAST
                VALUE   (LST)  VALUE       VALUE  FROM      YEAR
                                                  NORMAL
..................................................................
TEMPERATURE (F)
 YESTERDAY
  MAXIMUM        104    501 PM 108    1971  96      8       96
  MINIMUM         57    547 AM  44    1975  59     -2       60
  AVERAGE         81                        77      4       78

PRECIPITATION (IN)
  YESTERDAY        0.00          0.58 1960   0.00   0.00     0.00
  MONTH TO DATE    0.00                      0.00   0.00     0.00
  SINCE OCT 1      9.23                      9.47  -0.24     6.52
  SINCE JAN 1      4.77                      6.06  -1.29     5.01

DEGREE DAYS
 HEATING
  YESTERDAY        0                         0      0        0
  MONTH TO DATE    0                         0      0        0
  SINCE JUN 1      3                        57    -54       28
  SINCE JUL 1      2                         5     -3        0

 COOLING
  YESTERDAY       16                        12      4       13
  MONTH TO DATE   16                        12      4       13
  SINCE JUN 1    746                       499    247      666
  SINCE JAN 1    779                       535    244      714
..................................................................


WIND (MPH)
  HIGHEST WIND SPEED    10   HIGHEST WIND DIRECTION    NW (310)
  HIGHEST GUST SPEED    13   HIGHEST GUST DIRECTION    NW (310)
  AVERAGE WIND SPEED     2.3


SKY COVER
  AVERAGE SKY COVER 0.0


WEATHER CONDITIONS
 THE FOLLOWING WEATHER WAS RECORDED YESTERDAY.
  NO SIGNIFICANT WEATHER WAS OBSERVED.


RELATIVE HUMIDITY (PERCENT)
 HIGHEST    72           700 AM
 LOWEST      8           500 PM
 AVERAGE    40

..........................................................


THE ONTARIO OR CLIMATE NORMALS FOR TODAY
                         NORMAL    RECORD    YEAR
 MAXIMUM TEMPERATURE (F)   95       110      1961
 MINIMUM TEMPERATURE (F)   58        45      1975


SUNRISE AND SUNSET
AUGUST  2 2015........SUNRISE   637 AM MDT   SUNSET   911 PM MDT
AUGUST  3 2015........SUNRISE   638 AM MDT   SUNSET   910 PM MDT


-  INDICATES NEGATIVE NUMBERS.
R  INDICATES RECORD WAS SET OR TIED.
MM INDICATES DATA IS MISSING.
T  INDICATES TRACE AMOUNT.




$$
