000
CDUS45 KBOI 250931
CLIONO


CLIMATE REPORT
NATIONAL WEATHER SERVICE BOISE ID
231 AM MST SAT FEB 25 2017


...................................

...THE ONTARIO OR CLIMATE SUMMARY FOR FEBRUARY 24 2017...

CLIMATE NORMAL PERIOD 1981 TO 2010
CLIMATE RECORD PERIOD 1948 TO 2017


WEATHER ITEM   OBSERVED TIME   RECORD YEAR NORMAL DEPARTURE LAST
                VALUE   (LST)  VALUE       VALUE  FROM      YEAR
                                                  NORMAL
..................................................................
TEMPERATURE (F)
 YESTERDAY
  MAXIMUM         39    414 PM  66    1963  48     -9       54
  MINIMUM         21   1118 PM   8    1952  25     -4       26
  AVERAGE         30                        36     -6       40

PRECIPITATION (IN)
  YESTERDAY        0.00          0.38 2010   0.04  -0.04     0.00
  MONTH TO DATE    1.48                      0.68   0.80     0.27
  SINCE OCT 1      8.11                      5.27   2.84     5.77
  SINCE JAN 1      4.79                      1.86   2.93     1.02

DEGREE DAYS
 HEATING
  YESTERDAY       35                        29      6       25
  MONTH TO DATE  776                       776      0      628
  SINCE DEC 1   3640                      3091    549     2753
  SINCE JUL 1   4731                      4519    212     3878

 COOLING
  YESTERDAY        0                         0      0        0
  MONTH TO DATE    0                         0      0        0
  SINCE DEC 1      0                         0      0        0
  SINCE JAN 1      0                         0      0        0
..................................................................


WIND (MPH)
  HIGHEST WIND SPEED    22   HIGHEST WIND DIRECTION    NW (300)
  HIGHEST GUST SPEED    26   HIGHEST GUST DIRECTION    NW (310)
  AVERAGE WIND SPEED     7.3


SKY COVER
  AVERAGE SKY COVER 0.1


WEATHER CONDITIONS
 THE FOLLOWING WEATHER WAS RECORDED YESTERDAY.
  NO SIGNIFICANT WEATHER WAS OBSERVED.


RELATIVE HUMIDITY (PERCENT)
 HIGHEST    77           800 AM
 LOWEST     35           400 PM
 AVERAGE    56

..........................................................


THE ONTARIO OR CLIMATE NORMALS FOR TODAY
                         NORMAL    RECORD    YEAR
 MAXIMUM TEMPERATURE (F)   48        66      1963
 MINIMUM TEMPERATURE (F)   26         1      1993


SUNRISE AND SUNSET
FEBRUARY 25 2017......SUNRISE   731 AM MST   SUNSET   632 PM MST
FEBRUARY 26 2017......SUNRISE   729 AM MST   SUNSET   633 PM MST


-  INDICATES NEGATIVE NUMBERS.
R  INDICATES RECORD WAS SET OR TIED.
MM INDICATES DATA IS MISSING.
T  INDICATES TRACE AMOUNT.




$$
