741
CDUS45 KBOI 240930
CLIONO


CLIMATE REPORT
NATIONAL WEATHER SERVICE BOISE ID
330 AM MDT WED AUG 24 2016


...................................

...THE ONTARIO OR CLIMATE SUMMARY FOR AUGUST 23 2016...

CLIMATE NORMAL PERIOD 1981 TO 2010
CLIMATE RECORD PERIOD 1948 TO 2016


WEATHER ITEM   OBSERVED TIME   RECORD YEAR NORMAL DEPARTURE LAST
                VALUE   (LST)  VALUE       VALUE  FROM      YEAR
                                                  NORMAL
..................................................................
TEMPERATURE (F)
 YESTERDAY
  MAXIMUM         84    449 PM 106    1969  90     -6       89
  MINIMUM         52    639 AM  37    1960  53     -1       44
  AVERAGE         68                        71     -3       67

PRECIPITATION (IN)
  YESTERDAY        0.00          0.39 1989   0.00   0.00     0.00
  MONTH TO DATE    0.01                      0.12  -0.11     0.01
  SINCE OCT 1      7.32                      9.59  -2.27     9.24
  SINCE JAN 1      2.57                      6.18  -3.61     4.78

DEGREE DAYS
 HEATING
  YESTERDAY        0                         0      0        0
  MONTH TO DATE    0                         0      0        0
  SINCE JUN 1     35                        57    -22        3
  SINCE JUL 1      9                         5      4        2

 COOLING
  YESTERDAY        3                         7     -4        2
  MONTH TO DATE  252                       224     28      279
  SINCE JUN 1    837                       711    126     1009
  SINCE JAN 1    876                       747    129     1042
..................................................................


WIND (MPH)
  HIGHEST WIND SPEED    17   HIGHEST WIND DIRECTION    NW (320)
  HIGHEST GUST SPEED    23   HIGHEST GUST DIRECTION    NW (320)
  AVERAGE WIND SPEED     7.0


SKY COVER
  AVERAGE SKY COVER 0.0


WEATHER CONDITIONS
 THE FOLLOWING WEATHER WAS RECORDED YESTERDAY.
  HAZE


RELATIVE HUMIDITY (PERCENT)
 HIGHEST    46           700 AM
 LOWEST     14           500 PM
 AVERAGE    30

..........................................................


THE ONTARIO OR CLIMATE NORMALS FOR TODAY
                         NORMAL    RECORD    YEAR
 MAXIMUM TEMPERATURE (F)   90       105      1969
 MINIMUM TEMPERATURE (F)   53        36      1992


SUNRISE AND SUNSET
AUGUST 24 2016........SUNRISE   703 AM MDT   SUNSET   837 PM MDT
AUGUST 25 2016........SUNRISE   704 AM MDT   SUNSET   835 PM MDT


-  INDICATES NEGATIVE NUMBERS.
R  INDICATES RECORD WAS SET OR TIED.
MM INDICATES DATA IS MISSING.
T  INDICATES TRACE AMOUNT.




$$
