000
CDUS46 KSGX 291417
CLIONT


CLIMATE REPORT
NATIONAL WEATHER SERVICE SAN DIEGO, CA
717 AM PDT FRI APR 29 2016


...................................

...THE ONTARIO INTL AIRPORT CA CLIMATE SUMMARY FOR APRIL 28 2016...

CLIMATE NORMAL PERIOD 1981 TO 2010
CLIMATE RECORD PERIOD 1998 TO 2016


WEATHER ITEM   OBSERVED TIME   RECORD YEAR NORMAL DEPARTURE LAST
                VALUE   (LST)  VALUE       VALUE  FROM      YEAR
                                                  NORMAL
..................................................................
TEMPERATURE (F)
 YESTERDAY
  MAXIMUM         67    228 PM  97    2008  76     -9       93
  MINIMUM         51    408 AM  45    2002  53     -2       57
  AVERAGE         59                        64     -5       75

PRECIPITATION (IN)
  YESTERDAY        0.00          0.72 2005   0.03  -0.03     0.00
  MONTH TO DATE    0.28                      0.90  -0.62     0.50
  SINCE OCT 1      6.43                     14.09  -7.66     8.93
  SINCE JAN 1      4.31                      9.92  -5.61     3.29

DEGREE DAYS
 HEATING
  YESTERDAY        6                         3      3        0
  MONTH TO DATE   39                       118    -79       56
  SINCE MAR 1    156                       330   -174      113
  SINCE JUL 1   1165                      1487   -322      713

 COOLING
  YESTERDAY        0                         2     -2       10
  MONTH TO DATE   93                        38     55       49
  SINCE MAR 1    114                        50     64      168
  SINCE JAN 1    157                        56    101      198
..................................................................


WIND (MPH)
  RESULTANT WIND SPEED   4   RESULTANT WIND DIRECTION   W (260)
  HIGHEST WIND SPEED    22   HIGHEST WIND DIRECTION    SW (240)
  HIGHEST GUST SPEED    28   HIGHEST GUST DIRECTION     W (270)
  AVERAGE WIND SPEED     7.7


SKY COVER
  POSSIBLE SUNSHINE  MM
  AVERAGE SKY COVER 0.7


WEATHER CONDITIONS
 THE FOLLOWING WEATHER WAS RECORDED YESTERDAY.
  NO SIGNIFICANT WEATHER WAS OBSERVED.


RELATIVE HUMIDITY (PERCENT)
 HIGHEST    77           400 AM
 LOWEST     40          1200 PM
 AVERAGE    59

..........................................................


THE ONTARIO INTL AIRPORT CA CLIMATE NORMALS FOR TODAY
                         NORMAL    RECORD    YEAR
 MAXIMUM TEMPERATURE (F)   76        96      2015
 MINIMUM TEMPERATURE (F)   53        42      1999


SUNRISE AND SUNSET
APRIL 29 2016.........SUNRISE   603 AM PDT   SUNSET   733 PM PDT
APRIL 30 2016.........SUNRISE   602 AM PDT   SUNSET   734 PM PDT


-  INDICATES NEGATIVE NUMBERS.
R  INDICATES RECORD WAS SET OR TIED.
MM INDICATES DATA IS MISSING.
T  INDICATES TRACE AMOUNT.




$$
