000
CDUS46 KSGX 290016
CLIONT


CLIMATE REPORT
NATIONAL WEATHER SERVICE SAN DIEGO, CA
516 PM PDT THU JUL 28 2016


...................................

...THE ONTARIO INTL AIRPORT CA CLIMATE SUMMARY FOR JULY 28 2016...
VALID TODAY AS OF 0500 PM LOCAL TIME.

CLIMATE NORMAL PERIOD 1981 TO 2010
CLIMATE RECORD PERIOD 1998 TO 2016


WEATHER ITEM   OBSERVED TIME   RECORD YEAR NORMAL DEPARTURE LAST
                VALUE   (LST)  VALUE       VALUE  FROM      YEAR
                                                  NORMAL
..................................................................
TEMPERATURE (F)
 TODAY
  MAXIMUM         99    229 PM 102    1998  93      6       97
  MINIMUM         72    526 AM  57    2012  64      8       64
  AVERAGE         86                        79      7       81

PRECIPITATION (IN)
  TODAY            0.00          T    2003   0.00   0.00     0.00
  MONTH TO DATE    0.00                      0.08  -0.08     0.60
  SINCE OCT 1      7.71                     14.63  -6.92    10.48
  SINCE JAN 1      5.59                     10.46  -4.87     4.84

DEGREE DAYS
 HEATING
  TODAY            0                         0      0        0
  MONTH TO DATE    0                         0      0        0
  SINCE JUN 1      2                         5     -3        0
  SINCE JUL 1      0                         0      0        0

 COOLING
  TODAY           21                        14      7       16
  MONTH TO DATE  437                       354     83      343
  SINCE JUN 1    785                       577    208      693
  SINCE JAN 1   1013                       743    270      988
..................................................................


WIND (MPH)
  RESULTANT WIND SPEED   3   RESULTANT WIND DIRECTION  SW (240)
  HIGHEST WIND SPEED    16   HIGHEST WIND DIRECTION    SW (240)
  HIGHEST GUST SPEED    21   HIGHEST GUST DIRECTION     W (270)
  AVERAGE WIND SPEED     5.8


SKY COVER
  POSSIBLE SUNSHINE  MM
  AVERAGE SKY COVER 0.1


WEATHER CONDITIONS
 THE FOLLOWING WEATHER WAS RECORDED TODAY.
  NO SIGNIFICANT WEATHER WAS OBSERVED.


RELATIVE HUMIDITY (PERCENT)
 HIGHEST    53           200 AM
 LOWEST     17          1100 AM
 AVERAGE    35

..........................................................


THE ONTARIO INTL AIRPORT CA CLIMATE NORMALS FOR TOMORROW
                         NORMAL    RECORD    YEAR
 MAXIMUM TEMPERATURE (F)   93        97      2015
 MINIMUM TEMPERATURE (F)   64        58      2002


SUNRISE AND SUNSET
JULY 28 2016..........SUNRISE   559 AM PDT   SUNSET   754 PM PDT
JULY 29 2016..........SUNRISE   600 AM PDT   SUNSET   753 PM PDT


-  INDICATES NEGATIVE NUMBERS.
R  INDICATES RECORD WAS SET OR TIED.
MM INDICATES DATA IS MISSING.
T  INDICATES TRACE AMOUNT.




$$
