000
CDUS46 KSGX 090116
CLIONT


CLIMATE REPORT
NATIONAL WEATHER SERVICE SAN DIEGO, CA
516 PM PST THU DEC 8 2016


...................................

...THE ONTARIO INTL AIRPORT CA CLIMATE SUMMARY FOR DECEMBER 8 2016...
VALID TODAY AS OF 0500 PM LOCAL TIME.

CLIMATE NORMAL PERIOD 1981 TO 2010
CLIMATE RECORD PERIOD 1998 TO 2016


WEATHER ITEM   OBSERVED TIME   RECORD YEAR NORMAL DEPARTURE LAST
                VALUE   (LST)  VALUE       VALUE  FROM      YEAR
                                                  NORMAL
..................................................................
TEMPERATURE (F)
 TODAY
  MAXIMUM         66    240 PM  83    2015  66      0       83
  MINIMUM         45    500 AM  33    1998  43      2       48
  AVERAGE         56                        54      2       66

PRECIPITATION (IN)
  TODAY            0.00          0.10 2004   0.05  -0.05     0.00
  MONTH TO DATE    0.00                      0.33  -0.33     0.00
  SINCE OCT 1      1.45                      2.18  -0.73     1.12
  SINCE JAN 1      7.04                     13.05  -6.01     7.68

DEGREE DAYS
 HEATING
  TODAY            9                        11     -2        0
  MONTH TO DATE   79                        82     -3       44
  SINCE DEC 1     79                        82     -3       44
  SINCE JUL 1    209                       304    -95      241

 COOLING
  TODAY            0                         0      0        1
  MONTH TO DATE    0                         0      0        1
  SINCE DEC 1      0                         0      0        1
  SINCE JAN 1   2102                      1705    397     2352
..................................................................


WIND (MPH)
  RESULTANT WIND SPEED   0   RESULTANT WIND DIRECTION   E (70)
  HIGHEST WIND SPEED    12   HIGHEST WIND DIRECTION     W (270)
  HIGHEST GUST SPEED    14   HIGHEST GUST DIRECTION     W (280)
  AVERAGE WIND SPEED     3.2


SKY COVER
  POSSIBLE SUNSHINE  MM
  AVERAGE SKY COVER 0.2


WEATHER CONDITIONS
 THE FOLLOWING WEATHER WAS RECORDED TODAY.
  FOG


RELATIVE HUMIDITY (PERCENT)
 HIGHEST   100          1200 AM
 LOWEST     40           100 PM
 AVERAGE    70

..........................................................


THE ONTARIO INTL AIRPORT CA CLIMATE NORMALS FOR TOMORROW
                         NORMAL    RECORD    YEAR
 MAXIMUM TEMPERATURE (F)   66        78      2015
 MINIMUM TEMPERATURE (F)   43        35      2013


SUNRISE AND SUNSET
DECEMBER  8 2016......SUNRISE   644 AM PST   SUNSET   441 PM PST
DECEMBER  9 2016......SUNRISE   645 AM PST   SUNSET   441 PM PST


-  INDICATES NEGATIVE NUMBERS.
R  INDICATES RECORD WAS SET OR TIED.
MM INDICATES DATA IS MISSING.
T  INDICATES TRACE AMOUNT.




$$
