000
CDUS41 KAKQ 030532
CLIORF


CLIMATE REPORT
NATIONAL WEATHER SERVICE WAKEFIELD, VA
125 AM EDT TUE MAY 3 2016


...................................

...THE NORFOLK VA CLIMATE SUMMARY FOR MAY 2 2016...

CLIMATE NORMAL PERIOD 1981 TO 2010
CLIMATE RECORD PERIOD 1871 TO 2016


WEATHER ITEM   OBSERVED TIME   RECORD YEAR NORMAL DEPARTURE LAST
                VALUE   (LST)  VALUE       VALUE  FROM      YEAR
                                                  NORMAL
..................................................................
TEMPERATURE (F)
 YESTERDAY
  MAXIMUM         86    425 PM  92    2010  72     14       65
                                      1898
  MINIMUM         67    518 AM  43    1988  54     13       50
                                      1877
  AVERAGE         77                        63     14       58

PRECIPITATION (IN)
  YESTERDAY        0.07          1.48 1999   0.10  -0.03     0.00
  MONTH TO DATE    0.08                      0.20  -0.12     0.50
  SINCE MAR 1      6.32                      7.29  -0.97     7.81
  SINCE JAN 1     17.19                     13.81   3.38    13.99

SNOWFALL (IN)
  YESTERDAY        0.0           0.0  2002   0.0    0.0
  MONTH TO DATE    0.0                       0.0    0.0
  SINCE NOV 1      5.0                       5.8   -0.8
  SINCE JUL 1      5.0                       5.8   -0.8
  SNOW DEPTH       0

DEGREE DAYS
 HEATING
  YESTERDAY        0                         4     -4        7
  MONTH TO DATE    0                         8     -8       18
  SINCE MAR 1    536                       739   -203      751
  SINCE JUL 1   2452                      3308   -856     3587

 COOLING
  YESTERDAY       12                         2     10        0
  MONTH TO DATE   13                         4      9        0
  SINCE MAR 1     61                        47     14       25
  SINCE JAN 1     61                        48     13       25
..................................................................


WIND (MPH)
  HIGHEST WIND SPEED    46   HIGHEST WIND DIRECTION    SW (220)
  HIGHEST GUST SPEED    59   HIGHEST GUST DIRECTION    SW (210)
  AVERAGE WIND SPEED    12.6


SKY COVER
  POSSIBLE SUNSHINE  MM
  AVERAGE SKY COVER 0.5


WEATHER CONDITIONS
 THE FOLLOWING WEATHER WAS RECORDED YESTERDAY.
  HEAVY RAIN
  LIGHT RAIN
  FOG


RELATIVE HUMIDITY (PERCENT)
 HIGHEST    93           500 AM
 LOWEST     48           200 PM
 AVERAGE    71

..........................................................


THE NORFOLK VA CLIMATE NORMALS FOR TODAY
                         NORMAL    RECORD    YEAR
 MAXIMUM TEMPERATURE (F)   72        92      1965
 MINIMUM TEMPERATURE (F)   54        39      1963


SUNRISE AND SUNSET
MAY  3 2016...........SUNRISE   608 AM EDT   SUNSET   756 PM EDT
MAY  4 2016...........SUNRISE   607 AM EDT   SUNSET   757 PM EDT


-  INDICATES NEGATIVE NUMBERS.
R  INDICATES RECORD WAS SET OR TIED.
MM INDICATES DATA IS MISSING.
T  INDICATES TRACE AMOUNT.




$$
