000
CDUS41 KAKQ 210845
CLIORF


CLIMATE REPORT
NATIONAL WEATHER SERVICE WAKEFIELD, VA
345 AM EST FRI NOV 21 2014


...................................

...THE NORFOLK VA CLIMATE SUMMARY FOR NOVEMBER 20 2014...

CLIMATE NORMAL PERIOD 1981 TO 2010
CLIMATE RECORD PERIOD 1871 TO 2014


WEATHER ITEM   OBSERVED TIME   RECORD YEAR NORMAL DEPARTURE LAST
                VALUE   (LST)  VALUE       VALUE  FROM      YEAR
                                                  NORMAL
..................................................................
TEMPERATURE (F)
 YESTERDAY
  MAXIMUM         58    119 PM  80    1985  60     -2       52
  MINIMUM         34    633 AM  27    1980  43     -9       44
  AVERAGE         46                        52     -6       48

PRECIPITATION (IN)
  YESTERDAY        0.00          0.88 1939   0.10  -0.10     0.00
  MONTH TO DATE    0.75                      2.11  -1.36     1.01
  SINCE SEP 1     11.49                     10.29   1.20     6.07
  SINCE JAN 1     43.90                     42.23   1.67    39.34

SNOWFALL (IN)
  YESTERDAY        0.0           0.0  2002   0.0    0.0
  MONTH TO DATE    0.0                       0.0    0.0
  SINCE NOV 1      0.0                       0.0    0.0
  SINCE JUL 1      0.0                       0.0    0.0
  SNOW DEPTH       0

DEGREE DAYS
 HEATING
  YESTERDAY       19                        14      5       17
  MONTH TO DATE  288                       219     69      221
  SINCE SEP 1    375                       376     -1      341
  SINCE JUL 1    375                       376     -1      341

 COOLING
  YESTERDAY        0                         0      0        0
  MONTH TO DATE    0                         1     -1        9
  SINCE SEP 1    346                       286     60      305
  SINCE JAN 1   1719                      1621     98     1754
..................................................................


WIND (MPH)
  HIGHEST WIND SPEED    26   HIGHEST WIND DIRECTION    SW (240)
  HIGHEST GUST SPEED    37   HIGHEST GUST DIRECTION    SW (240)
  AVERAGE WIND SPEED    12.0


SKY COVER
  POSSIBLE SUNSHINE  MM
  AVERAGE SKY COVER 0.0


WEATHER CONDITIONS
 THE FOLLOWING WEATHER WAS RECORDED YESTERDAY.
  NO SIGNIFICANT WEATHER WAS OBSERVED.


RELATIVE HUMIDITY (PERCENT)
 HIGHEST    57           900 PM
 LOWEST     24           100 PM
 AVERAGE    41

..........................................................


THE NORFOLK VA CLIMATE NORMALS FOR TODAY
                         NORMAL    RECORD    YEAR
 MAXIMUM TEMPERATURE (F)   60        80      1991
 MINIMUM TEMPERATURE (F)   43        21      1879


SUNRISE AND SUNSET
NOVEMBER 21 2014......SUNRISE   649 AM EST   SUNSET   452 PM EST
NOVEMBER 22 2014......SUNRISE   650 AM EST   SUNSET   451 PM EST


-  INDICATES NEGATIVE NUMBERS.
R  INDICATES RECORD WAS SET OR TIED.
MM INDICATES DATA IS MISSING.
T  INDICATES TRACE AMOUNT.




$$
