000
CDUS41 KAKQ 300834
CLIORF


CLIMATE REPORT
NATIONAL WEATHER SERVICE WAKEFIELD, VA
434 AM EDT MON MAR 30 2015


...................................

...THE NORFOLK VA CLIMATE SUMMARY FOR MARCH 29 2015...

CLIMATE NORMAL PERIOD 1981 TO 2010
CLIMATE RECORD PERIOD 1871 TO 2015


WEATHER ITEM   OBSERVED TIME   RECORD YEAR NORMAL DEPARTURE LAST
                VALUE   (LST)  VALUE       VALUE  FROM      YEAR
                                                  NORMAL
..................................................................
TEMPERATURE (F)
 YESTERDAY
  MAXIMUM         46    453 PM  92    1907  62    -16       71
  MINIMUM         29    610 AM  25    1982  44    -15       60
  AVERAGE         38                        53    -15       66

PRECIPITATION (IN)
  YESTERDAY        0.00          3.00 2010   0.12  -0.12     0.56
  MONTH TO DATE    2.58                      3.45  -0.87     3.78
  SINCE MAR 1      2.58                      3.45  -0.87     3.78
  SINCE JAN 1      8.76                      9.97  -1.21    10.07

SNOWFALL (IN)
  YESTERDAY        0.0           0.1  1941   0.0    0.0
  MONTH TO DATE    0.2                       0.2    0.0
  SINCE NOV 1     12.7                       5.8    6.9
  SINCE JUL 1     12.7                       5.8    6.9
  SNOW DEPTH       0

DEGREE DAYS
 HEATING
  YESTERDAY       27                        12     15        0
  MONTH TO DATE  511                       469     42      549
  SINCE MAR 1    511                       469     42      549
  SINCE JUL 1   3347                      3038    309     3160

 COOLING
  YESTERDAY        0                         0      0        1
  MONTH TO DATE    2                         0      2        1
  SINCE MAR 1      2                         0      2        1
  SINCE JAN 1      2                         1      1        1
..................................................................


WIND (MPH)
  HIGHEST WIND SPEED    17   HIGHEST WIND DIRECTION    NW (330)
  HIGHEST GUST SPEED    26   HIGHEST GUST DIRECTION    NW (330)
  AVERAGE WIND SPEED     8.3


SKY COVER
  POSSIBLE SUNSHINE  MM
  AVERAGE SKY COVER 0.0


WEATHER CONDITIONS
 THE FOLLOWING WEATHER WAS RECORDED YESTERDAY.
  NO SIGNIFICANT WEATHER WAS OBSERVED.


RELATIVE HUMIDITY (PERCENT)
 HIGHEST    61          1100 PM
 LOWEST     19           500 PM
 AVERAGE    40

..........................................................


THE NORFOLK VA CLIMATE NORMALS FOR TODAY
                         NORMAL    RECORD    YEAR
 MAXIMUM TEMPERATURE (F)   63        90      1910
 MINIMUM TEMPERATURE (F)   44        25      1887


SUNRISE AND SUNSET
MARCH 30 2015.........SUNRISE   654 AM EDT   SUNSET   725 PM EDT
MARCH 31 2015.........SUNRISE   652 AM EDT   SUNSET   726 PM EDT


-  INDICATES NEGATIVE NUMBERS.
R  INDICATES RECORD WAS SET OR TIED.
MM INDICATES DATA IS MISSING.
T  INDICATES TRACE AMOUNT.




$$
