318
CDUS41 KAKQ 070645
CLIORF


CLIMATE REPORT
NATIONAL WEATHER SERVICE WAKEFIELD, VA
145 AM EST WED DEC 7 2016


...................................

...THE NORFOLK VA CLIMATE SUMMARY FOR DECEMBER 6 2016...

CLIMATE NORMAL PERIOD 1981 TO 2010
CLIMATE RECORD PERIOD 1871 TO 2016


WEATHER ITEM   OBSERVED TIME   RECORD YEAR NORMAL DEPARTURE LAST
                VALUE   (LST)  VALUE       VALUE  FROM      YEAR
                                                  NORMAL
..................................................................
TEMPERATURE (F)
 YESTERDAY
  MAXIMUM         61    641 PM  80    2013  55      6       56
  MINIMUM         48   1159 PM  24    1895  38     10       41
  AVERAGE         55                        47      8       49

PRECIPITATION (IN)
  YESTERDAY        1.12          1.20 1886   0.10   1.02     0.00
  MONTH TO DATE    1.62                      0.64   0.98     0.10
  SINCE DEC 1      1.62                      0.64   0.98     0.10
  SINCE JAN 1     67.94                     43.91  24.03    46.92

SNOWFALL (IN)
  YESTERDAY       MM             3.6  1953   0.0   MM
  MONTH TO DATE    0.0                       0.0    0.0
  SINCE NOV 1      0.0                       T      0.0
  SINCE JUL 1      0.0                       T      0.0
  SNOW DEPTH       0

DEGREE DAYS
 HEATING
  YESTERDAY       10                        19     -9       16
  MONTH TO DATE   83                       107    -24       76
  SINCE DEC 1     83                       107    -24       76
  SINCE JUL 1    546                       637    -91      415

 COOLING
  YESTERDAY        0                         0      0        0
  MONTH TO DATE    0                         0      0        0
  SINCE DEC 1      0                         0      0        0
  SINCE JAN 1   1998                      1628    370     1945
..................................................................


WIND (MPH)
  HIGHEST WIND SPEED    21   HIGHEST WIND DIRECTION     E (80)
  HIGHEST GUST SPEED    31   HIGHEST GUST DIRECTION     E (70)
  AVERAGE WIND SPEED    12.2


SKY COVER
  POSSIBLE SUNSHINE  MM
  AVERAGE SKY COVER 0.9


WEATHER CONDITIONS
 THE FOLLOWING WEATHER WAS RECORDED YESTERDAY.
  HEAVY RAIN
  RAIN
  LIGHT RAIN
  FOG


RELATIVE HUMIDITY (PERCENT)
 HIGHEST   100           700 PM
 LOWEST     71          1200 AM
 AVERAGE    86

..........................................................


THE NORFOLK VA CLIMATE NORMALS FOR TODAY
                         NORMAL    RECORD    YEAR
 MAXIMUM TEMPERATURE (F)   54        79      1998
 MINIMUM TEMPERATURE (F)   38        21      1954
                                             1882


SUNRISE AND SUNSET
DECEMBER  7 2016......SUNRISE   705 AM EST   SUNSET   448 PM EST
DECEMBER  8 2016......SUNRISE   706 AM EST   SUNSET   448 PM EST


-  INDICATES NEGATIVE NUMBERS.
R  INDICATES RECORD WAS SET OR TIED.
MM INDICATES DATA IS MISSING.
T  INDICATES TRACE AMOUNT.




$$
