000
CDUS41 KAKQ 220845
CLIORF


CLIMATE REPORT
NATIONAL WEATHER SERVICE WAKEFIELD, VA
445 AM EDT FRI AUG 22 2014


...................................

...THE NORFOLK VA CLIMATE SUMMARY FOR AUGUST 21 2014...

CLIMATE NORMAL PERIOD 1981 TO 2010
CLIMATE RECORD PERIOD 1871 TO 2014


WEATHER ITEM   OBSERVED TIME   RECORD YEAR NORMAL DEPARTURE LAST
                VALUE   (LST)  VALUE       VALUE  FROM      YEAR
                                                  NORMAL
..................................................................
TEMPERATURE (F)
 YESTERDAY
  MAXIMUM         88    259 PM  96    1874  85      3       86
  MINIMUM         73   1256 AM  60    1998  70      3       70
  AVERAGE         81                        78      3       78

PRECIPITATION (IN)
  YESTERDAY        0.00          5.69 1933   0.18  -0.18     0.00
  MONTH TO DATE    3.00                      3.87  -0.87     4.25
  SINCE JUN 1     12.78                     13.27  -0.49    15.06
  SINCE JAN 1     32.40                     30.29   2.11    32.48

SNOWFALL (IN)
  YESTERDAY        0.0           0.0  2002   0.0    0.0
                                      2001
  MONTH TO DATE    0.0                       0.0    0.0
  SINCE NOV 1     15.5                       5.8    9.7
  SINCE JUL 1      0.0                       0.0    0.0
  SNOW DEPTH       0

DEGREE DAYS
 HEATING
  YESTERDAY        0                         0      0        0
  MONTH TO DATE    0                         0      0        0
  SINCE JUN 1      3                         6     -3        0
  SINCE JUL 1      0                         0      0        0

 COOLING
  YESTERDAY       16                        13      3       13
  MONTH TO DATE  253                       283    -30      252
  SINCE JUN 1   1043                      1052     -9     1113
  SINCE JAN 1   1245                      1218     27     1334
..................................................................


WIND (MPH)
  HIGHEST WIND SPEED     9   HIGHEST WIND DIRECTION    NE (40)
  HIGHEST GUST SPEED    15   HIGHEST GUST DIRECTION    SE (150)
  AVERAGE WIND SPEED     4.9


SKY COVER
  POSSIBLE SUNSHINE  MM
  AVERAGE SKY COVER 0.2


WEATHER CONDITIONS
 THE FOLLOWING WEATHER WAS RECORDED YESTERDAY.
  FOG
  HAZE


RELATIVE HUMIDITY (PERCENT)
 HIGHEST    94           700 AM
 LOWEST     55           300 PM
 AVERAGE    75

..........................................................


THE NORFOLK VA CLIMATE NORMALS FOR TODAY
                         NORMAL    RECORD    YEAR
 MAXIMUM TEMPERATURE (F)   84       100      1983
 MINIMUM TEMPERATURE (F)   70        59      2000
                                             1969


SUNRISE AND SUNSET
AUGUST 22 2014........SUNRISE   628 AM EDT   SUNSET   747 PM EDT
AUGUST 23 2014........SUNRISE   628 AM EDT   SUNSET   746 PM EDT


-  INDICATES NEGATIVE NUMBERS.
R  INDICATES RECORD WAS SET OR TIED.
MM INDICATES DATA IS MISSING.
T  INDICATES TRACE AMOUNT.




$$
