000
CDUS41 KAKQ 030801
CLIORF


CLIMATE REPORT
NATIONAL WEATHER SERVICE WAKEFIELD, VA
259 AM EST TUE MAR 3 2015


...................................

...THE NORFOLK VA CLIMATE SUMMARY FOR MARCH 2 2015...

CLIMATE NORMAL PERIOD 1981 TO 2010
CLIMATE RECORD PERIOD 1871 TO 2015


WEATHER ITEM   OBSERVED TIME   RECORD YEAR NORMAL DEPARTURE LAST
                VALUE   (LST)  VALUE       VALUE  FROM      YEAR
                                                  NORMAL
..................................................................
TEMPERATURE (F)
 YESTERDAY
  MAXIMUM         42    323 PM  81    1972  54    -12       73
  MINIMUM         33   1223 AM  20    1980  37     -4       32
                                      1914
  AVERAGE         38                        46     -8       53

PRECIPITATION (IN)
  YESTERDAY        0.01          3.78 1994   0.12  -0.11     0.00
  MONTH TO DATE    0.16                      0.24  -0.08     0.00
  SINCE MAR 1      0.16                      0.24  -0.08     0.00
  SINCE JAN 1      6.34                      6.76  -0.42     6.29

SNOWFALL (IN)
  YESTERDAY        0.0          11.0  1927   0.0    0.0
  MONTH TO DATE    0.0                       0.0    0.0
  SINCE NOV 1     12.5                       5.6    6.9
  SINCE JUL 1     12.5                       5.6    6.9
  SNOW DEPTH       0

DEGREE DAYS
 HEATING
  YESTERDAY       27                        20      7       12
  MONTH TO DATE   61                        40     21       41
  SINCE MAR 1     61                        40     21       41
  SINCE JUL 1   2897                      2609    288     2652

 COOLING
  YESTERDAY        0                         0      0        0
  MONTH TO DATE    0                         0      0        0
  SINCE MAR 1      0                         0      0        0
  SINCE JAN 1      0                         1     -1        0
..................................................................


WIND (MPH)
  HIGHEST WIND SPEED    16   HIGHEST WIND DIRECTION     N (20)
  HIGHEST GUST SPEED    21   HIGHEST GUST DIRECTION     N (20)
  AVERAGE WIND SPEED     9.4


SKY COVER
  POSSIBLE SUNSHINE  MM
  AVERAGE SKY COVER 0.5


WEATHER CONDITIONS
 THE FOLLOWING WEATHER WAS RECORDED YESTERDAY.
  LIGHT RAIN
  FOG


RELATIVE HUMIDITY (PERCENT)
 HIGHEST    96           200 AM
 LOWEST     52          1100 PM
 AVERAGE    74

..........................................................


THE NORFOLK VA CLIMATE NORMALS FOR TODAY
                         NORMAL    RECORD    YEAR
 MAXIMUM TEMPERATURE (F)   54        77      1974
                                             1923
 MINIMUM TEMPERATURE (F)   37        16      1925


SUNRISE AND SUNSET
MARCH  3 2015.........SUNRISE   633 AM EST   SUNSET   601 PM EST
MARCH  4 2015.........SUNRISE   632 AM EST   SUNSET   602 PM EST


-  INDICATES NEGATIVE NUMBERS.
R  INDICATES RECORD WAS SET OR TIED.
MM INDICATES DATA IS MISSING.
T  INDICATES TRACE AMOUNT.




$$
