000
CDUS41 KAKQ 250828
CLIORF


CLIMATE REPORT
NATIONAL WEATHER SERVICE WAKEFIELD, VA
326 AM EST THU DEC 25 2014


...................................

...THE NORFOLK VA CLIMATE SUMMARY FOR DECEMBER 24 2014...

CLIMATE NORMAL PERIOD 1981 TO 2010
CLIMATE RECORD PERIOD 1871 TO 2014


WEATHER ITEM   OBSERVED TIME   RECORD YEAR NORMAL DEPARTURE LAST
                VALUE   (LST)  VALUE       VALUE  FROM      YEAR
                                                  NORMAL
..................................................................
TEMPERATURE (F)
 YESTERDAY
  MAXIMUM         70    349 PM  75    1891  50     20       45
  MINIMUM         48   1241 AM  10    1983  34     14       33
  AVERAGE         59                        42     17       39

PRECIPITATION (IN)
  YESTERDAY        1.62R         1.57 1986   0.11   1.51     0.17
  MONTH TO DATE    3.21                      2.56   0.65     3.95
  SINCE DEC 1      3.21                      2.56   0.65     3.95
  SINCE JAN 1     49.80                     45.83   3.97    44.85

SNOWFALL (IN)
  YESTERDAY        0.0           3.3  1939   0.0    0.0
  MONTH TO DATE    0.0                       0.7   -0.7
  SINCE NOV 1      0.0                       0.7   -0.7
  SINCE JUL 1      0.0                       0.7   -0.7
  SNOW DEPTH       0

DEGREE DAYS
 HEATING
  YESTERDAY        6                        23    -17       26
  MONTH TO DATE  463                       485    -22      412
  SINCE DEC 1    463                       485    -22      412
  SINCE JUL 1   1026                      1015     11      943

 COOLING
  YESTERDAY        0                         0      0        0
  MONTH TO DATE    0                         0      0        5
  SINCE DEC 1      0                         0      0        5
  SINCE JAN 1   1724                      1628     96     1759
..................................................................


WIND (MPH)
  HIGHEST WIND SPEED    28   HIGHEST WIND DIRECTION     S (190)
  HIGHEST GUST SPEED    36   HIGHEST GUST DIRECTION     S (190)
  AVERAGE WIND SPEED    11.9


SKY COVER
  POSSIBLE SUNSHINE  MM
  AVERAGE SKY COVER 0.8


WEATHER CONDITIONS
 THE FOLLOWING WEATHER WAS RECORDED YESTERDAY.
  HEAVY RAIN
  RAIN
  LIGHT RAIN
  FOG


RELATIVE HUMIDITY (PERCENT)
 HIGHEST   100           900 AM
 LOWEST     73          1000 PM
 AVERAGE    87

..........................................................


THE NORFOLK VA CLIMATE NORMALS FOR TODAY
                         NORMAL    RECORD    YEAR
 MAXIMUM TEMPERATURE (F)   50        75      1964
 MINIMUM TEMPERATURE (F)   34         7      1983


SUNRISE AND SUNSET
DECEMBER 25 2014......SUNRISE   716 AM EST   SUNSET   454 PM EST
DECEMBER 26 2014......SUNRISE   716 AM EST   SUNSET   455 PM EST


-  INDICATES NEGATIVE NUMBERS.
R  INDICATES RECORD WAS SET OR TIED.
MM INDICATES DATA IS MISSING.
T  INDICATES TRACE AMOUNT.




$$
