000
CDUS41 KAKQ 020532
CLIORF


CLIMATE REPORT
NATIONAL WEATHER SERVICE WAKEFIELD, VA
131 AM EDT SUN AUG 2 2015


...................................

...THE NORFOLK VA CLIMATE SUMMARY FOR AUGUST 1 2015...

CLIMATE NORMAL PERIOD 1981 TO 2010
CLIMATE RECORD PERIOD 1871 TO 2015


WEATHER ITEM   OBSERVED TIME   RECORD YEAR NORMAL DEPARTURE LAST
                VALUE   (LST)  VALUE       VALUE  FROM      YEAR
                                                  NORMAL
..................................................................
TEMPERATURE (F)
 YESTERDAY
  MAXIMUM         91   1241 PM 104    1980  87      4       78
  MINIMUM         71    430 AM  60    1966  72     -1       69
  AVERAGE         81                        79      2       74

PRECIPITATION (IN)
  YESTERDAY        0.00          2.09 1909   0.19  -0.19     0.42
  MONTH TO DATE    0.00                      0.19  -0.19     0.42
  SINCE JUN 1     16.27                      9.59   6.68    10.20
  SINCE JAN 1     31.27                     26.61   4.66    29.82

SNOWFALL (IN)
  YESTERDAY        0.0           0.0  2002   0.0    0.0
                                      2001
  MONTH TO DATE    0.0                       0.0    0.0
  SINCE NOV 1     12.7                       5.8    6.9
  SINCE JUL 1      0.0                       0.0    0.0
  SNOW DEPTH       0

DEGREE DAYS
 HEATING
  YESTERDAY        0                         0      0        0
  MONTH TO DATE    0                         0      0        0
  SINCE JUN 1      0                         6     -6        3
  SINCE JUL 1      0                         0      0        0

 COOLING
  YESTERDAY       16                        14      2        9
  MONTH TO DATE   16                        14      2        9
  SINCE JUN 1    920                       783    137      799
  SINCE JAN 1   1156                       949    207     1001
..................................................................


WIND (MPH)
  HIGHEST WIND SPEED    12   HIGHEST WIND DIRECTION    SW (240)
  HIGHEST GUST SPEED    14   HIGHEST GUST DIRECTION    SW (230)
  AVERAGE WIND SPEED     6.5


SKY COVER
  POSSIBLE SUNSHINE  MM
  AVERAGE SKY COVER 0.2


WEATHER CONDITIONS
 THE FOLLOWING WEATHER WAS RECORDED YESTERDAY.
  NO SIGNIFICANT WEATHER WAS OBSERVED.


RELATIVE HUMIDITY (PERCENT)
 HIGHEST    79           100 AM
 LOWEST     40          1200 PM
 AVERAGE    60

..........................................................


THE NORFOLK VA CLIMATE NORMALS FOR TODAY
                         NORMAL    RECORD    YEAR
 MAXIMUM TEMPERATURE (F)   87       101      2006
 MINIMUM TEMPERATURE (F)   72        60      1992


SUNRISE AND SUNSET
AUGUST  2 2015........SUNRISE   611 AM EDT   SUNSET   811 PM EDT
AUGUST  3 2015........SUNRISE   612 AM EDT   SUNSET   810 PM EDT


-  INDICATES NEGATIVE NUMBERS.
R  INDICATES RECORD WAS SET OR TIED.
MM INDICATES DATA IS MISSING.
T  INDICATES TRACE AMOUNT.




$$
