000
CDUS41 KBOX 280609
CLIORH


CLIMATE REPORT
NATIONAL WEATHER SERVICE TAUNTON MA
206 AM EDT SUN MAY 28 2017


...................................

...THE WORCESTER MA CLIMATE SUMMARY FOR MAY 27 2017...

CLIMATE NORMAL PERIOD 1981 TO 2010
CLIMATE RECORD PERIOD 1892 TO 2017


WEATHER ITEM   OBSERVED TIME   RECORD YEAR NORMAL DEPARTURE LAST
                VALUE   (LST)  VALUE       VALUE  FROM      YEAR
                                                  NORMAL
..................................................................
TEMPERATURE (F)
 YESTERDAY
  MAXIMUM         67    231 PM  91    1914  69     -2       84
  MINIMUM         50    459 AM  36    1969  50      0       59
  AVERAGE         59                        60     -1       72

PRECIPITATION (IN)
  YESTERDAY        0.00          1.34 1946   0.14  -0.14     0.00
  MONTH TO DATE    5.38                      3.59   1.79     1.96
  SINCE MAR 1     14.14                     11.91   2.23     8.08
  SINCE JAN 1     20.49                     18.63   1.86    15.47

SNOWFALL (IN)
  YESTERDAY        0.0           0.0  2002   0.0    0.0      0.0
                                      2001
                                      2000
  MONTH TO DATE    0.0                       0.0    0.0      0.0
  SINCE MAR 1     20.5                      14.2    6.3     15.5
  SINCE JUL 1     78.3                      64.1   14.2     47.2
  SNOW DEPTH      MM

DEGREE DAYS
 HEATING
  YESTERDAY        6                         6      0        0
  MONTH TO DATE  327                       263     64      277
  SINCE MAR 1   1870                      1773     97     1649
  SINCE JUL 1   6147                      6610   -463     5708

 COOLING
  YESTERDAY        0                         1     -1        7
  MONTH TO DATE   26                        12     14       19
  SINCE MAR 1     36                        15     21       23
  SINCE JAN 1     36                        15     21       23
..................................................................


WIND (MPH)
  RESULTANT WIND SPEED   3   RESULTANT WIND DIRECTION  NW (300)
  HIGHEST WIND SPEED    15   HIGHEST WIND DIRECTION    NW (320)
  HIGHEST GUST SPEED    19   HIGHEST GUST DIRECTION    NW (320)
  AVERAGE WIND SPEED     6.9


SKY COVER
  POSSIBLE SUNSHINE  MM
  AVERAGE SKY COVER 0.7


WEATHER CONDITIONS
 THE FOLLOWING WEATHER WAS RECORDED YESTERDAY.
  NO SIGNIFICANT WEATHER WAS OBSERVED.


RELATIVE HUMIDITY (PERCENT)
 HIGHEST    93           100 AM
 LOWEST     48          1200 PM
 AVERAGE    71

..........................................................


THE WORCESTER MA CLIMATE NORMALS FOR TODAY
                         NORMAL    RECORD    YEAR
 MAXIMUM TEMPERATURE (F)   69        89      2016
 MINIMUM TEMPERATURE (F)   50        34      1926


SUNRISE AND SUNSET
MAY 28 2017...........SUNRISE   516 AM EDT   SUNSET   814 PM EDT
MAY 29 2017...........SUNRISE   515 AM EDT   SUNSET   815 PM EDT


-  INDICATES NEGATIVE NUMBERS.
R  INDICATES RECORD WAS SET OR TIED.
MM INDICATES DATA IS MISSING.
T  INDICATES TRACE AMOUNT.




$$
