000
CDUS41 KBOX 210837
CLIORH


CLIMATE REPORT
NATIONAL WEATHER SERVICE TAUNTON MA
327 AM EST TUE FEB 21 2017


...................................

...THE WORCESTER MA CLIMATE SUMMARY FOR FEBRUARY 20 2017...

CLIMATE NORMAL PERIOD 1981 TO 2010
CLIMATE RECORD PERIOD 1892 TO 2017


WEATHER ITEM   OBSERVED TIME   RECORD YEAR NORMAL DEPARTURE LAST
                VALUE   (LST)  VALUE       VALUE  FROM      YEAR
                                                  NORMAL
..................................................................
TEMPERATURE (F)
 YESTERDAY
  MAXIMUM         42    220 PM  65    1930  36      6       55
  MINIMUM         29   1159 PM  -8    1966  20      9       29
  AVERAGE         36                        28      8       42

PRECIPITATION (IN)
  YESTERDAY        0.00          1.50 1934   0.12  -0.12     0.04
  MONTH TO DATE    2.12                      2.27  -0.15     2.96
  SINCE DEC 1      9.83                      9.58   0.25     9.73
  SINCE JAN 1      6.03                      5.76   0.27     5.08

SNOWFALL (IN)
  YESTERDAY        0.0          15.5  1934   0.6   -0.6       T
  MONTH TO DATE   25.4                      11.5   13.9     20.1
  SINCE DEC 1     57.8                      43.0   14.8     31.2
  SINCE JUL 1     57.8                      45.8   12.0     31.2
  SNOW DEPTH      MM

DEGREE DAYS
 HEATING
  YESTERDAY       29                        37     -8       23
  MONTH TO DATE  754                       775    -21      777
  SINCE DEC 1   2928                      3146   -218     2667
  SINCE JUL 1   4115                      4548   -433     3816

 COOLING
  YESTERDAY        0                         0      0        0
  MONTH TO DATE    0                         0      0        0
  SINCE DEC 1      0                         0      0        0
  SINCE JAN 1      0                         0      0        0
..................................................................


WIND (MPH)
  RESULTANT WIND SPEED  10   RESULTANT WIND DIRECTION  NW (330)
  HIGHEST WIND SPEED    20   HIGHEST WIND DIRECTION    NW (330)
  HIGHEST GUST SPEED    28   HIGHEST GUST DIRECTION    NW (320)
  AVERAGE WIND SPEED    10.2


SKY COVER
  POSSIBLE SUNSHINE  MM
  AVERAGE SKY COVER 0.1


WEATHER CONDITIONS
 THE FOLLOWING WEATHER WAS RECORDED YESTERDAY.
  NO SIGNIFICANT WEATHER WAS OBSERVED.


RELATIVE HUMIDITY (PERCENT)
 HIGHEST    69           700 AM
 LOWEST     23           300 PM
 AVERAGE    46

..........................................................


THE WORCESTER MA CLIMATE NORMALS FOR TODAY
                         NORMAL    RECORD    YEAR
 MAXIMUM TEMPERATURE (F)   36        59      1930
 MINIMUM TEMPERATURE (F)   21       -10      1950


SUNRISE AND SUNSET
FEBRUARY 21 2017......SUNRISE   635 AM EST   SUNSET   528 PM EST
FEBRUARY 22 2017......SUNRISE   633 AM EST   SUNSET   529 PM EST


-  INDICATES NEGATIVE NUMBERS.
R  INDICATES RECORD WAS SET OR TIED.
MM INDICATES DATA IS MISSING.
T  INDICATES TRACE AMOUNT.




$$
