000
CDUS41 KBOX 130549
CLIORH


CLIMATE REPORT
NATIONAL WEATHER SERVICE TAUNTON MA
145 AM EDT SUN JUL 13 2014


...................................

...THE WORCESTER MA CLIMATE SUMMARY FOR JULY 12 2014...

CLIMATE NORMAL PERIOD 1981 TO 2010
CLIMATE RECORD PERIOD 1892 TO 2014


WEATHER ITEM   OBSERVED TIME   RECORD YEAR NORMAL DEPARTURE LAST
                VALUE   (LST)  VALUE       VALUE  FROM      YEAR
                                                  NORMAL
..................................................................
TEMPERATURE (F)
 YESTERDAY
  MAXIMUM         82    455 PM  96    1908  79      3       74
  MINIMUM         60    108 AM  41    1945  62     -2       65
  AVERAGE         71                        70      1       70

PRECIPITATION (IN)
  YESTERDAY        0.00          2.84 1938   0.14  -0.14      T
  MONTH TO DATE    1.89                      1.52   0.37     0.68
  SINCE JUN 1      3.45                      5.71  -2.26    10.74
  SINCE JAN 1     24.64                     24.94  -0.30    27.55

SNOWFALL (IN)
  YESTERDAY        0.0           0.0  2002   0.0    0.0      0.0
                                      2001
                                      2000
  MONTH TO DATE    0.0                       0.0    0.0      0.0
  SINCE JUN 1      0.0                       0.0    0.0      0.0
  SINCE JUL 1      0.0                       0.0    0.0      0.0
  SNOW DEPTH      MM

DEGREE DAYS
 HEATING
  YESTERDAY        0                         0      0        0
  MONTH TO DATE    0                         9     -9        0
  SINCE JUN 1     45                        92    -47       67
  SINCE JUL 1      0                         9     -9        0

 COOLING
  YESTERDAY        6                         6      0        5
  MONTH TO DATE   83                        63     20      124
  SINCE JUN 1    167                       147     20      227
  SINCE JAN 1    175                       169      6      251
..................................................................


WIND (MPH)
  RESULTANT WIND SPEED   6   RESULTANT WIND DIRECTION  SW (230)
  HIGHEST WIND SPEED    15   HIGHEST WIND DIRECTION    SW (220)
  HIGHEST GUST SPEED    20   HIGHEST GUST DIRECTION     S (200)
  AVERAGE WIND SPEED     7.5


SKY COVER
  POSSIBLE SUNSHINE  MM
  AVERAGE SKY COVER 0.1


WEATHER CONDITIONS
 THE FOLLOWING WEATHER WAS RECORDED YESTERDAY.
  NO SIGNIFICANT WEATHER WAS OBSERVED.


RELATIVE HUMIDITY (PERCENT)
 HIGHEST    90          1200 AM
 LOWEST     39           200 PM
 AVERAGE    65

..........................................................


THE WORCESTER MA CLIMATE NORMALS FOR TODAY
                         NORMAL    RECORD    YEAR
 MAXIMUM TEMPERATURE (F)   79        93      1894
 MINIMUM TEMPERATURE (F)   62        43      1933


SUNRISE AND SUNSET
JULY 13 2014..........SUNRISE   523 AM EDT   SUNSET   823 PM EDT
JULY 14 2014..........SUNRISE   523 AM EDT   SUNSET   823 PM EDT


-  INDICATES NEGATIVE NUMBERS.
R  INDICATES RECORD WAS SET OR TIED.
MM INDICATES DATA IS MISSING.
T  INDICATES TRACE AMOUNT.




$$
