000
CDUS41 KBOX 301235
CLIORH


CLIMATE REPORT
NATIONAL WEATHER SERVICE TAUNTON MA
835 AM EDT SAT MAY 30 2015


...................................

...THE WORCESTER MA CLIMATE SUMMARY FOR MAY 29 2015...

CLIMATE NORMAL PERIOD 1981 TO 2010
CLIMATE RECORD PERIOD 1892 TO 2015


WEATHER ITEM   OBSERVED TIME   RECORD YEAR NORMAL DEPARTURE LAST
                VALUE   (LST)  VALUE       VALUE  FROM      YEAR
                                                  NORMAL
..................................................................
TEMPERATURE (F)
 YESTERDAY
  MAXIMUM         79    324 PM  91    1931  70      9       65
  MINIMUM         58    108 AM  33    1900  51      7       39
  AVERAGE         69                        60      9       52

PRECIPITATION (IN)
  YESTERDAY        0.00          2.23 1984   0.15  -0.15     0.00
  MONTH TO DATE    0.15                      3.89  -3.74     3.88
  SINCE MAR 1      5.54                     12.21  -6.67    13.74
  SINCE JAN 1     13.85                     18.93  -5.08    20.92

SNOWFALL (IN)
  YESTERDAY        0.0           0.0  2002   0.0    0.0      0.0
                                      2001
                                      2000
  MONTH TO DATE    0.0                       0.0    0.0      0.0
  SINCE MAR 1     11.1                      14.2   -3.1      4.3
  SINCE JUL 1    119.7                      64.1   55.6     85.2
  SNOW DEPTH       0

DEGREE DAYS
 HEATING
  YESTERDAY        0                         6     -6       13
  MONTH TO DATE  129                       275   -146      244
  SINCE MAR 1   1773                      1785    -12     1955
  SINCE JUL 1   6887                      6622    265     7009

 COOLING
  YESTERDAY        4                         1      3        0
  MONTH TO DATE   60                        14     46        8
  SINCE MAR 1     60                        17     43        8
  SINCE JAN 1     60                        17     43        8
..................................................................


WIND (MPH)
  RESULTANT WIND SPEED   1   RESULTANT WIND DIRECTION  SE (120)
  HIGHEST WIND SPEED    14   HIGHEST WIND DIRECTION    SE (150)
  HIGHEST GUST SPEED    16   HIGHEST GUST DIRECTION    SE (150)
  AVERAGE WIND SPEED     7.7


SKY COVER
  POSSIBLE SUNSHINE  MM
  AVERAGE SKY COVER 0.2


WEATHER CONDITIONS
 THE FOLLOWING WEATHER WAS RECORDED YESTERDAY.
  NO SIGNIFICANT WEATHER WAS OBSERVED.


RELATIVE HUMIDITY (PERCENT)
 HIGHEST    80          1200 AM
 LOWEST     45           400 PM
 AVERAGE    63

..........................................................


THE WORCESTER MA CLIMATE NORMALS FOR TODAY
                         NORMAL    RECORD    YEAR
 MAXIMUM TEMPERATURE (F)   70        91      1929
 MINIMUM TEMPERATURE (F)   51        36      1961
                                             1946
                                             1940


SUNRISE AND SUNSET
MAY 30 2015...........SUNRISE   515 AM EDT   SUNSET   816 PM EDT
MAY 31 2015...........SUNRISE   514 AM EDT   SUNSET   816 PM EDT


-  INDICATES NEGATIVE NUMBERS.
R  INDICATES RECORD WAS SET OR TIED.
MM INDICATES DATA IS MISSING.
T  INDICATES TRACE AMOUNT.




$$
