000
CDUS41 KBOX 250527
CLIORH


CLIMATE REPORT
NATIONAL WEATHER SERVICE TAUNTON MA
127 AM EDT TUE JUL 25 2017


...................................

...THE WORCESTER MA CLIMATE SUMMARY FOR JULY 24 2017...

CLIMATE NORMAL PERIOD 1981 TO 2010
CLIMATE RECORD PERIOD 1892 TO 2017


WEATHER ITEM   OBSERVED TIME   RECORD YEAR NORMAL DEPARTURE LAST
                VALUE   (LST)  VALUE       VALUE  FROM      YEAR
                                                  NORMAL
..................................................................
TEMPERATURE (F)
 YESTERDAY
  MAXIMUM         61    401 AM  94    1910  79    -18       86
  MINIMUM         52   1159 PM  48    1934  62    -10       64
  AVERAGE         57                        71    -14       75

PRECIPITATION (IN)
  YESTERDAY        0.88          2.42 1988   0.14   0.74     0.00
  MONTH TO DATE    2.19                      3.23  -1.04     1.52
  SINCE JUN 1      6.52                      7.42  -0.90     3.18
  SINCE JAN 1     27.60                     26.65   0.95    18.90

SNOWFALL (IN)
  YESTERDAY        0.0           0.0  2002   0.0    0.0      0.0
                                      2001
                                      2000
  MONTH TO DATE    0.0                       0.0    0.0      0.0
  SINCE JUN 1      0.0                       0.0    0.0      0.0
  SINCE JUL 1      0.0                       0.0    0.0      0.0
  SNOW DEPTH      MM

DEGREE DAYS
 HEATING
  YESTERDAY        8                         0      8        0
  MONTH TO DATE   18                         9      9        9
  SINCE JUN 1    104                        92     12       60
  SINCE JUL 1     18                         9      9        9

 COOLING
  YESTERDAY        0                         6     -6       10
  MONTH TO DATE  153                       135     18      170
  SINCE JUN 1    259                       219     40      242
  SINCE JAN 1    293                       241     52      284
..................................................................


WIND (MPH)
  RESULTANT WIND SPEED  10   RESULTANT WIND DIRECTION  NE (60)
  HIGHEST WIND SPEED    20   HIGHEST WIND DIRECTION     E (70)
  HIGHEST GUST SPEED    28   HIGHEST GUST DIRECTION    NE (60)
  AVERAGE WIND SPEED    10.3


SKY COVER
  POSSIBLE SUNSHINE  MM
  AVERAGE SKY COVER 1.0


WEATHER CONDITIONS
 THE FOLLOWING WEATHER WAS RECORDED YESTERDAY.
  HEAVY RAIN
  RAIN
  LIGHT RAIN
  FOG


RELATIVE HUMIDITY (PERCENT)
 HIGHEST   100           300 PM
 LOWEST     67          1200 AM
 AVERAGE    84

..........................................................


THE WORCESTER MA CLIMATE NORMALS FOR TODAY
                         NORMAL    RECORD    YEAR
 MAXIMUM TEMPERATURE (F)   79        93      1941
 MINIMUM TEMPERATURE (F)   62        48      1953


SUNRISE AND SUNSET
JULY 25 2017..........SUNRISE   534 AM EDT   SUNSET   814 PM EDT
JULY 26 2017..........SUNRISE   534 AM EDT   SUNSET   813 PM EDT


-  INDICATES NEGATIVE NUMBERS.
R  INDICATES RECORD WAS SET OR TIED.
MM INDICATES DATA IS MISSING.
T  INDICATES TRACE AMOUNT.




$$
