000
CDUS41 KBOX 070540
CLIORH


CLIMATE REPORT
NATIONAL WEATHER SERVICE TAUNTON MA
136 AM EDT TUE JUL 7 2015


...................................

...THE WORCESTER MA CLIMATE SUMMARY FOR JULY 6 2015...

CLIMATE NORMAL PERIOD 1981 TO 2010
CLIMATE RECORD PERIOD 1892 TO 2015


WEATHER ITEM   OBSERVED TIME   RECORD YEAR NORMAL DEPARTURE LAST
                VALUE   (LST)  VALUE       VALUE  FROM      YEAR
                                                  NORMAL
..................................................................
TEMPERATURE (F)
 YESTERDAY
  MAXIMUM         83    137 PM  98    1911  78      5       80
  MINIMUM         63    443 AM  47    1979  61      2       58
  AVERAGE         73                        70      3       69

PRECIPITATION (IN)
  YESTERDAY        0.00          1.68 2005   0.12  -0.12     0.00
  MONTH TO DATE    0.45                      0.73  -0.28     1.73
  SINCE JUN 1      6.80                      4.92   1.88     3.29
  SINCE JAN 1     21.10                     24.15  -3.05    24.48

SNOWFALL (IN)
  YESTERDAY        0.0           0.0  2002   0.0    0.0      0.0
                                      2001
                                      2000
  MONTH TO DATE    0.0                       0.0    0.0      0.0
  SINCE JUN 1      0.0                       0.0    0.0      0.0
  SINCE JUL 1      0.0                       0.0    0.0      0.0
  SNOW DEPTH       0

DEGREE DAYS
 HEATING
  YESTERDAY        0                         1     -1        0
  MONTH TO DATE    0                         6     -6        0
  SINCE JUN 1     94                        89      5       45
  SINCE JUL 1      0                         6     -6        0

 COOLING
  YESTERDAY        8                         5      3        4
  MONTH TO DATE   24                        30     -6       40
  SINCE JUN 1    108                       114     -6      124
  SINCE JAN 1    174                       136     38      132
..................................................................


WIND (MPH)
  RESULTANT WIND SPEED   6   RESULTANT WIND DIRECTION  SW (240)
  HIGHEST WIND SPEED    13   HIGHEST WIND DIRECTION    SW (220)
  HIGHEST GUST SPEED    17   HIGHEST GUST DIRECTION    SW (210)
  AVERAGE WIND SPEED     7.0


SKY COVER
  POSSIBLE SUNSHINE  MM
  AVERAGE SKY COVER 0.0


WEATHER CONDITIONS
 THE FOLLOWING WEATHER WAS RECORDED YESTERDAY.
  NO SIGNIFICANT WEATHER WAS OBSERVED.


RELATIVE HUMIDITY (PERCENT)
 HIGHEST    84           100 AM
 LOWEST     37           100 PM
 AVERAGE    61

..........................................................


THE WORCESTER MA CLIMATE NORMALS FOR TODAY
                         NORMAL    RECORD    YEAR
 MAXIMUM TEMPERATURE (F)   79        95      1908
 MINIMUM TEMPERATURE (F)   61        48      1938


SUNRISE AND SUNSET
JULY  7 2015..........SUNRISE   518 AM EDT   SUNSET   826 PM EDT
JULY  8 2015..........SUNRISE   519 AM EDT   SUNSET   826 PM EDT


-  INDICATES NEGATIVE NUMBERS.
R  INDICATES RECORD WAS SET OR TIED.
MM INDICATES DATA IS MISSING.
T  INDICATES TRACE AMOUNT.




$$
