000
CDUS41 KBOX 280552
CLIORH


CLIMATE REPORT
NATIONAL WEATHER SERVICE TAUNTON MA
141 AM EDT THU JUL 28 2016


...................................

...THE WORCESTER MA CLIMATE SUMMARY FOR JULY 27 2016...

CLIMATE NORMAL PERIOD 1981 TO 2010
CLIMATE RECORD PERIOD 1892 TO 2016


WEATHER ITEM   OBSERVED TIME   RECORD YEAR NORMAL DEPARTURE LAST
                VALUE   (LST)  VALUE       VALUE  FROM      YEAR
                                                  NORMAL
..................................................................
TEMPERATURE (F)
 YESTERDAY
  MAXIMUM         89    341 PM  93    1949  79     10       81
                                      1940
                                      1892
  MINIMUM         66    428 AM  46    1946  62      4       64
  AVERAGE         78                        71      7       73

PRECIPITATION (IN)
  YESTERDAY        0.00          1.84 1925   0.15  -0.15     0.00
  MONTH TO DATE    1.52                      3.66  -2.14     2.53
  SINCE JUN 1      3.18                      7.85  -4.67     8.88
  SINCE JAN 1     18.90                     27.08  -8.18    23.18

SNOWFALL (IN)
  YESTERDAY        0.0           0.0  2002   0.0    0.0      0.0
                                      2001
                                      2000
  MONTH TO DATE    0.0                       0.0    0.0      0.0
  SINCE JUN 1      0.0                       0.0    0.0      0.0
  SINCE JUL 1      0.0                       0.0    0.0      0.0
  SNOW DEPTH       0

DEGREE DAYS
 HEATING
  YESTERDAY        0                         0      0        0
  MONTH TO DATE    9                         9      0        1
  SINCE JUN 1     60                        92    -32       95
  SINCE JUL 1      9                         9      0        1

 COOLING
  YESTERDAY       13                         6      7        8
  MONTH TO DATE  210                       153     57      177
  SINCE JUN 1    282                       237     45      261
  SINCE JAN 1    324                       259     65      327
..................................................................


WIND (MPH)
  RESULTANT WIND SPEED   5   RESULTANT WIND DIRECTION   W (290)
  HIGHEST WIND SPEED    15   HIGHEST WIND DIRECTION     W (290)
  HIGHEST GUST SPEED    20   HIGHEST GUST DIRECTION     W (280)
  AVERAGE WIND SPEED     6.4


SKY COVER
  POSSIBLE SUNSHINE  MM
  AVERAGE SKY COVER 0.1


WEATHER CONDITIONS
 THE FOLLOWING WEATHER WAS RECORDED YESTERDAY.
  NO SIGNIFICANT WEATHER WAS OBSERVED.


RELATIVE HUMIDITY (PERCENT)
 HIGHEST    73           300 AM
 LOWEST     31           400 PM
 AVERAGE    52

..........................................................


THE WORCESTER MA CLIMATE NORMALS FOR TODAY
                         NORMAL    RECORD    YEAR
 MAXIMUM TEMPERATURE (F)   79        95      1892
 MINIMUM TEMPERATURE (F)   62        46      1946


SUNRISE AND SUNSET
JULY 28 2016..........SUNRISE   537 AM EDT   SUNSET   811 PM EDT
JULY 29 2016..........SUNRISE   538 AM EDT   SUNSET   810 PM EDT


-  INDICATES NEGATIVE NUMBERS.
R  INDICATES RECORD WAS SET OR TIED.
MM INDICATES DATA IS MISSING.
T  INDICATES TRACE AMOUNT.




$$
