000
CDUS46 KMFR 260852
CLIOTH


CLIMATE REPORT
NATIONAL WEATHER SERVICE MEDFORD, OR
1252 AM PST WED NOV 26 2014


...................................

...THE NORTH BEND OR CLIMATE SUMMARY FOR NOVEMBER 25 2014...

CLIMATE NORMAL PERIOD 1981 TO 2010
CLIMATE RECORD PERIOD 1902 TO 2014


WEATHER ITEM   OBSERVED TIME   RECORD YEAR NORMAL DEPARTURE LAST
                VALUE   (LST)  VALUE       VALUE  FROM      YEAR
                                                  NORMAL
..................................................................
TEMPERATURE (F)
 YESTERDAY
  MAXIMUM         63        MM  70    1947  53     10       57
  MINIMUM         52        MM  28    1985  41     11       36
  AVERAGE         58                        47     11       47

PRECIPITATION (IN)
  YESTERDAY        0.00          1.70 1946   0.38  -0.38     0.00
  MONTH TO DATE    2.82                      8.29  -5.47     2.69
  SINCE SEP 1     10.61                     14.60  -3.99     9.40
  SINCE JAN 1     33.06                     51.84 -18.78    27.33

SNOWFALL (IN)
  YESTERDAY       MM
  SNOW DEPTH      MM

DEGREE DAYS
 HEATING
  YESTERDAY        7                        18    -11       18
  MONTH TO DATE  278                       395   -117      366
  SINCE SEP 1    544                       982   -438      860
  SINCE JUL 1    809                      1361   -552     1027

 COOLING
  YESTERDAY        0                         0      0        0
  MONTH TO DATE    0                         0      0        0
  SINCE SEP 1     16                         1     15        1
  SINCE JAN 1     28                         2     26       13
..................................................................


WIND (MPH)
  HIGHEST WIND SPEED     9   HIGHEST WIND DIRECTION     S (190)
  HIGHEST GUST SPEED    MM   HIGHEST GUST DIRECTION    MM
  AVERAGE WIND SPEED     4.6


SKY COVER
  POSSIBLE SUNSHINE  MM
  AVERAGE SKY COVER 0.0


WEATHER CONDITIONS
 THE FOLLOWING WEATHER WAS RECORDED YESTERDAY.
  NO SIGNIFICANT WEATHER WAS OBSERVED.


RELATIVE HUMIDITY (PERCENT)
 HIGHEST    MM
 LOWEST     MM

..........................................................


THE NORTH BEND OR CLIMATE NORMALS FOR TODAY
                         NORMAL    RECORD    YEAR
 MAXIMUM TEMPERATURE (F)   53        68      1959
 MINIMUM TEMPERATURE (F)   41        28      1952


SUNRISE AND SUNSET
NOVEMBER 26 2014......SUNRISE   724 AM PST   SUNSET   444 PM PST
NOVEMBER 27 2014......SUNRISE   725 AM PST   SUNSET   444 PM PST


-  INDICATES NEGATIVE NUMBERS.
R  INDICATES RECORD WAS SET OR TIED.
MM INDICATES DATA IS MISSING.
T  INDICATES TRACE AMOUNT.




$$
