964
CDUS46 KMFR 110837
CLIOTH


CLIMATE REPORT
NATIONAL WEATHER SERVICE MEDFORD, OR
1236 AM PST THU FEB 11 2016


...................................

...THE NORTH BEND OR CLIMATE SUMMARY FOR FEBRUARY 10 2016...

CLIMATE NORMAL PERIOD 1981 TO 2010
CLIMATE RECORD PERIOD 1902 TO 2016


WEATHER ITEM   OBSERVED TIME   RECORD YEAR NORMAL DEPARTURE LAST
                VALUE   (LST)  VALUE       VALUE  FROM      YEAR
                                                  NORMAL
..................................................................
TEMPERATURE (F)
 YESTERDAY
  MAXIMUM         61        MM  70    1934  52      9       55
  MINIMUM         45        MM  23    1929  40      5       46
  AVERAGE         53                        46      7       51

PRECIPITATION (IN)
  YESTERDAY        0.00          2.88 1961   0.27  -0.27     0.00
  MONTH TO DATE    0.86                      2.77  -1.91     7.23
  SINCE OCT 1     38.69                     39.05  -0.36    32.42
  SINCE JAN 1     13.06                     12.96   0.10     9.12

SNOWFALL (IN)
  YESTERDAY       MM
  SNOW DEPTH      MM

DEGREE DAYS
 HEATING
  YESTERDAY       12                        19     -7       14
  MONTH TO DATE  120                       190    -70      101
  SINCE DEC 1   1060                      1393   -333      970
  SINCE JUL 1   2067                      2845   -778     1846

 COOLING
  YESTERDAY        0                         0      0        0
  MONTH TO DATE    2                         0      2        0
  SINCE DEC 1      2                         0      2        0
  SINCE JAN 1      2                         0      2        0
..................................................................


WIND (MPH)
  HIGHEST WIND SPEED    12   HIGHEST WIND DIRECTION    SE (150)
  HIGHEST GUST SPEED    MM   HIGHEST GUST DIRECTION    MM
  AVERAGE WIND SPEED     5.6


SKY COVER
  POSSIBLE SUNSHINE   0 PERCENT
  AVERAGE SKY COVER 0.0


WEATHER CONDITIONS
 THE FOLLOWING WEATHER WAS RECORDED YESTERDAY.
  NO SIGNIFICANT WEATHER WAS OBSERVED.


RELATIVE HUMIDITY (PERCENT)
 HIGHEST     0          1200 AM
 LOWEST      0          1200 AM

..........................................................


THE NORTH BEND OR CLIMATE NORMALS FOR TODAY
                         NORMAL    RECORD    YEAR
 MAXIMUM TEMPERATURE (F)   53        74      1971
 MINIMUM TEMPERATURE (F)   40        21      1929


SUNRISE AND SUNSET
FEBRUARY 11 2016......SUNRISE   721 AM PST   SUNSET   542 PM PST
FEBRUARY 12 2016......SUNRISE   720 AM PST   SUNSET   543 PM PST


-  INDICATES NEGATIVE NUMBERS.
R  INDICATES RECORD WAS SET OR TIED.
MM INDICATES DATA IS MISSING.
T  INDICATES TRACE AMOUNT.




$$
