000
CDUS46 KMFR 180835
CLIOTH


CLIMATE REPORT
NATIONAL WEATHER SERVICE MEDFORD, OR
135 AM PDT WED OCT 18 2017


...................................

...THE NORTH BEND OR CLIMATE SUMMARY FOR OCTOBER 17 2017...

CLIMATE NORMAL PERIOD 1981 TO 2010
CLIMATE RECORD PERIOD 1902 TO 2017


WEATHER ITEM   OBSERVED TIME   RECORD YEAR NORMAL DEPARTURE LAST
                VALUE   (LST)  VALUE       VALUE  FROM      YEAR
                                                  NORMAL
..................................................................
TEMPERATURE (F)
 YESTERDAY
  MAXIMUM         65        MM  88    1936  61      4       64
  MINIMUM         47        MM  34    1971  46      1       54
  AVERAGE         56                        53      3       59

PRECIPITATION (IN)
  YESTERDAY        0.00          1.76 1920   0.16  -0.16     0.47
  MONTH TO DATE    0.80                      1.93  -1.13     8.45
  SINCE OCT 1      0.80                      1.93  -1.13     8.45
  SINCE JAN 1     49.15                     40.75   8.40    41.03

SNOWFALL (IN)
  YESTERDAY       MM
  SNOW DEPTH      MM

DEGREE DAYS
 HEATING
  YESTERDAY        9                        12     -3        6
  MONTH TO DATE  184                       182      2      105
  SINCE SEP 1    334                       411    -77      271
  SINCE JUL 1    641                       790   -149      559

 COOLING
  YESTERDAY        0                         0      0        0
  MONTH TO DATE    0                         0      0        0
  SINCE SEP 1      6                         1      5        0
  SINCE JAN 1      9                         2      7       15
..................................................................


WIND (MPH)
  HIGHEST WIND SPEED    10   HIGHEST WIND DIRECTION    SE (150)
  HIGHEST GUST SPEED    MM   HIGHEST GUST DIRECTION    MM
  AVERAGE WIND SPEED     6.0


SKY COVER
  POSSIBLE SUNSHINE  MM
  AVERAGE SKY COVER 0.6


WEATHER CONDITIONS
 THE FOLLOWING WEATHER WAS RECORDED YESTERDAY.
  FOG


RELATIVE HUMIDITY (PERCENT)
 HIGHEST   100          1200 AM
 LOWEST     63           100 PM

..........................................................


THE NORTH BEND OR CLIMATE NORMALS FOR TODAY
                         NORMAL    RECORD    YEAR
 MAXIMUM TEMPERATURE (F)   61        85      1964
 MINIMUM TEMPERATURE (F)   46        31      1908


SUNRISE AND SUNSET
OCTOBER 18 2017.......SUNRISE   735 AM PDT   SUNSET   628 PM PDT
OCTOBER 19 2017.......SUNRISE   736 AM PDT   SUNSET   627 PM PDT


-  INDICATES NEGATIVE NUMBERS.
R  INDICATES RECORD WAS SET OR TIED.
MM INDICATES DATA IS MISSING.
T  INDICATES TRACE AMOUNT.




$$
