000
CDUS43 KDMX 280635
CLIOTM

CLIMATE REPORT
NATIONAL WEATHER SERVICE DES MOINES IA
133 AM CDT WED SEP 28 2016


...................................

...THE OTTUMWA IA CLIMATE SUMMARY FOR SEPTEMBER 27 2016...

CLIMATE NORMAL PERIOD 1981 TO 2010
CLIMATE RECORD PERIOD 1920 TO 2016


WEATHER ITEM   OBSERVED TIME   RECORD YEAR NORMAL DEPARTURE LAST
                VALUE   (LST)  VALUE       VALUE  FROM      YEAR
                                                  NORMAL
..................................................................
TEMPERATURE (F)
 YESTERDAY
  MAXIMUM         76        MM  92    1905  71      5       79
  MINIMUM         46    400 AM  30    1942  48     -2       54
  AVERAGE         61                        60      1       67

PRECIPITATION (IN)
  YESTERDAY        0.00          2.15 1988   0.12  -0.12     0.00
  MONTH TO DATE    1.01                      3.47  -2.46     4.26
  SINCE SEP 1      1.01                      3.47  -2.46     4.26
  SINCE JAN 1     22.20                     30.17  -7.97    29.97

DEGREE DAYS
 HEATING
  YESTERDAY        4                         7     -3        0
  MONTH TO DATE   13                        87    -74       36
  SINCE SEP 1     13                        87    -74       36
  SINCE JUL 1     20                        98    -78       58

 COOLING
  YESTERDAY        0                         1     -1        2
  MONTH TO DATE  173                        89     84      191
  SINCE SEP 1    173                        89     84      191
  SINCE JAN 1   1072                       923    149      919
..................................................................


WIND (MPH)
  HIGHEST WIND SPEED    21   HIGHEST WIND DIRECTION    NW (300)
  HIGHEST GUST SPEED    28   HIGHEST GUST DIRECTION    NW (300)
  AVERAGE WIND SPEED    10.6


SKY COVER
  POSSIBLE SUNSHINE  MM
  AVERAGE SKY COVER 0.0


WEATHER CONDITIONS
 THE FOLLOWING WEATHER WAS RECORDED YESTERDAY.
  HAZE


RELATIVE HUMIDITY (PERCENT)
 HIGHEST    86           500 AM
 LOWEST     23           100 PM
 AVERAGE    55

..........................................................


THE OTTUMWA IA CLIMATE NORMALS FOR TODAY
                         NORMAL    RECORD    YEAR
 MAXIMUM TEMPERATURE (F)   71        99      1953
 MINIMUM TEMPERATURE (F)   47        23      1942


SUNRISE AND SUNSET
SEPTEMBER 28 2016.....SUNRISE   704 AM CDT   SUNSET   656 PM CDT
SEPTEMBER 29 2016.....SUNRISE   705 AM CDT   SUNSET   654 PM CDT


-  INDICATES NEGATIVE NUMBERS.
R  INDICATES RECORD WAS SET OR TIED.
MM INDICATES DATA IS MISSING.
T  INDICATES TRACE AMOUNT.




$$
