000
CDUS46 KOTX 030847
CLIOTX


CLIMATE REPORT
NATIONAL WEATHER SERVICE SPOKANE, WA
1247 AM PST TUE MAR 3 2015


...................................

...THE SPOKANE  WA WFO CLIMATE SUMMARY FOR MARCH 2 2015...

CLIMATE NORMAL PERIOD 1981 TO 2010
CLIMATE RECORD PERIOD 1881 TO 2015


WEATHER ITEM   OBSERVED TIME   RECORD YEAR NORMAL DEPARTURE LAST
                VALUE   (LST)  VALUE       VALUE  FROM      YEAR
                                                  NORMAL
..................................................................
TEMPERATURE (F)
 YESTERDAY
  MAXIMUM         41        MM  MM      MM  44     -3       18
  MINIMUM         26        MM  MM      MM  26      0       11
  AVERAGE         34                        35     -1       15

PRECIPITATION (IN)
  YESTERDAY        0.03         MM      MM   0.05  -0.02     0.38
  MONTH TO DATE    0.03                      0.10  -0.07     0.42
  SINCE OCT 1      7.91                      9.46  -1.55     5.55
  SINCE JAN 1      3.20                      3.43  -0.23     3.04

SNOWFALL (IN)
  YESTERDAY        0.4          MM      MM   0.1    0.3      3.5
  MONTH TO DATE    0.4                       0.3    0.1      4.3
  SINCE MAR 1      0.4                       0.3    0.1      4.3
  SINCE JUL 1     15.3                      46.7  -31.4     30.5
  SNOW DEPTH       0

DEGREE DAYS
 HEATING
  YESTERDAY       31                        30      1       50
  MONTH TO DATE   65                        61      4       99
  SINCE MAR 1     65                        61      4       99
  SINCE JUL 1   4499                      5260   -761     5430

 COOLING
  YESTERDAY        0                         0      0        0
  MONTH TO DATE    0                         0      0        0
  SINCE MAR 1      0                         0      0        0
  SINCE JAN 1      0                         0      0        0
..................................................................


WIND (MPH)
  HIGHEST WIND SPEED    MM   HIGHEST WIND DIRECTION    MM
  HIGHEST GUST SPEED    MM   HIGHEST GUST DIRECTION    MM
  AVERAGE WIND SPEED    MM


SKY COVER
  POSSIBLE SUNSHINE  MM
  AVERAGE SKY COVER  MM


WEATHER CONDITIONS
 THE FOLLOWING WEATHER WAS RECORDED YESTERDAY.
  LIGHT SNOW


RELATIVE HUMIDITY (PERCENT)
 HIGHEST    MM
 LOWEST     MM
 AVERAGE    MM

..........................................................


THE SPOKANE  WA WFO CLIMATE NORMALS FOR TODAY
                         NORMAL    RECORD    YEAR
 MAXIMUM TEMPERATURE (F)   44        MM        MM
 MINIMUM TEMPERATURE (F)   26        MM        MM


SUNRISE AND SUNSET
MARCH  3 2015.........SUNRISE   628 AM PST   SUNSET   538 PM PST
MARCH  4 2015.........SUNRISE   626 AM PST   SUNSET   540 PM PST


-  INDICATES NEGATIVE NUMBERS.
R  INDICATES RECORD WAS SET OR TIED.
MM INDICATES DATA IS MISSING.
T  INDICATES TRACE AMOUNT.




$$
