210
CDAK49 PAFG 231006
CLIOTZ

CLIMATE REPORT
NATIONAL WEATHER SERVICE FAIRBANKS AK
206 AM AKDT SAT SEP 23 2017


...................................

...THE KOTZEBUE AK CLIMATE SUMMARY FOR SEPTEMBER 22 2017...

CLIMATE NORMAL PERIOD 1981 TO 2010
CLIMATE RECORD PERIOD 1920 TO 2017


WEATHER ITEM   OBSERVED TIME   RECORD YEAR NORMAL DEPARTURE LAST
                VALUE   (LST)  VALUE       VALUE  FROM      YEAR
                                                  NORMAL
..................................................................
TEMPERATURE (F)
 YESTERDAY
  MAXIMUM         48    511 PM  57    1995  44      4       45
  MINIMUM         34    803 AM  18    1992  35     -1       38
  AVERAGE         41                        39      2       42

PRECIPITATION (IN)
  YESTERDAY        0.00          0.43 1975   0.05  -0.05     0.00
  MONTH TO DATE    1.58                      1.19   0.39     1.31
  SINCE SEP 1      1.58                      1.19   0.39     1.31
  SINCE JAN 1      8.04                      8.07  -0.03     7.05

SNOWFALL (IN)
  YESTERDAY        0.0           2.0  1993   0.0    0.0      0.0
  MONTH TO DATE    0.0                       0.3   -0.3      0.0
  SINCE SEP 1      0.0                       0.3   -0.3      0.0
  SINCE JUL 1      0.0                       0.3   -0.3      0.0
  SNOW DEPTH       0

DEGREE DAYS
 HEATING
  YESTERDAY       24                        26     -2       23
  MONTH TO DATE  435                       455    -20      421
  SINCE SEP 1    435                       455    -20      421
  SINCE JUL 1   1122                      1193    -71      913

 COOLING
  YESTERDAY        0                         0      0        0
  MONTH TO DATE    0                         0      0        0
  SINCE SEP 1      0                         0      0        0
  SINCE JAN 1      1                         5     -4        5
..................................................................


WIND (MPH)
  HIGHEST GUST SPEED    22   HIGHEST GUST DIRECTION    NE (50)


SKY COVER
  AVERAGE SKY COVER 0.2


WEATHER CONDITIONS
 THE FOLLOWING WEATHER WAS RECORDED YESTERDAY.
  NO SIGNIFICANT WEATHER WAS OBSERVED.


RELATIVE HUMIDITY (PERCENT)
 HIGHEST    82
 LOWEST     49
 AVERAGE    66

..........................................................


THE KOTZEBUE AK CLIMATE NORMALS FOR TODAY
                         NORMAL    RECORD    YEAR
 MAXIMUM TEMPERATURE (F)   43        54      1995
 MINIMUM TEMPERATURE (F)   35        16      1992


SUNRISE AND SUNSET
SEPTEMBER 23 2017.....SUNRISE   838 AM AKDT  SUNSET   846 PM AKDT
SEPTEMBER 24 2017.....SUNRISE   841 AM AKDT  SUNSET   842 PM AKDT

-  INDICATES NEGATIVE NUMBERS.
R  INDICATES RECORD WAS SET OR TIED.
MM INDICATES DATA IS MISSING.
T  INDICATES TRACE AMOUNT.

&&

SNOW DEPTH IS MEASURED AT 3AM AKST/4AM AKDT.

----------------------------
AVAILABLE DAYLIGHT

AMOUNT OF DAYLIGHT TODAY  (HOUR:MIN)........12:09
GAIN/LOSS SINCE YESTERDAY (HOUR:MIN:SEC)....-0:07:17

$$
CCC SEP 17
