000
CDAK49 PAFG 240942
CLIOTZ

CLIMATE REPORT
NATIONAL WEATHER SERVICE FAIRBANKS AK
1242 AM AKST TUE JAN 24 2017


...................................

...THE KOTZEBUE AK CLIMATE SUMMARY FOR JANUARY 23 2017...

CLIMATE NORMAL PERIOD 1981 TO 2010
CLIMATE RECORD PERIOD 1920 TO 2017


WEATHER ITEM   OBSERVED TIME   RECORD YEAR NORMAL DEPARTURE LAST
                VALUE   (LST)  VALUE       VALUE  FROM      YEAR
                                                  NORMAL
..................................................................
TEMPERATURE (F)
 YESTERDAY
  MAXIMUM        -22        MM  35    2014   3    -25       -9
  MINIMUM        -35        MM -46    1989 -10    -25      -16
  AVERAGE        -28                        -3    -25      -12

PRECIPITATION (IN)
  YESTERDAY        0.00          0.26 1999   0.02  -0.02     0.00
  MONTH TO DATE    0.15                      0.47  -0.32     0.16
  SINCE DEC 1      0.89                      1.23  -0.34     0.62
  SINCE JAN 1      0.15                      0.47  -0.32     0.16

SNOWFALL (IN)
  YESTERDAY        0.0           4.3  1999   0.3   -0.3      0.0
  MONTH TO DATE    1.1                       6.9   -5.8      1.0
  SINCE DEC 1     15.2                      18.4   -3.2      2.2
  SINCE JUL 1     20.8                      35.8  -15.0     15.6
  SNOW DEPTH      15

DEGREE DAYS
 HEATING
  YESTERDAY       93                        68     25       77
  MONTH TO DATE 1578                      1553     25     1171
  SINCE DEC 1   3380                      3497   -117     3110
  SINCE JUL 1   6993                      7855   -862     6829

 COOLING
  YESTERDAY        0                         0      0        0
  MONTH TO DATE    0                         0      0        0
  SINCE DEC 1      0                         0      0        0
  SINCE JAN 1      0                         0      0        0
..................................................................


WIND (MPH)
  HIGHEST GUST SPEED    MM   HIGHEST GUST DIRECTION    MM


SKY COVER
  AVERAGE SKY COVER 0.0


WEATHER CONDITIONS
 THE FOLLOWING WEATHER WAS RECORDED YESTERDAY.
  HAZE


RELATIVE HUMIDITY (PERCENT)
 HIGHEST    73
 LOWEST     61
 AVERAGE    67

..........................................................


THE KOTZEBUE AK CLIMATE NORMALS FOR TODAY
                         NORMAL    RECORD    YEAR
 MAXIMUM TEMPERATURE (F)    3        36      2014
 MINIMUM TEMPERATURE (F)  -10       -44      1989


SUNRISE AND SUNSET
JANUARY 24 2017.......SUNRISE  1124 AM AKST  SUNSET   444 PM AKST
JANUARY 25 2017.......SUNRISE  1120 AM AKST  SUNSET   448 PM AKST

-  INDICATES NEGATIVE NUMBERS.
R  INDICATES RECORD WAS SET OR TIED.
MM INDICATES DATA IS MISSING.
T  INDICATES TRACE AMOUNT.

&&

SNOW DEPTH IS MEASURED AT 3AM AKST/4AM AKDT.

----------------------------
AVAILABLE DAYLIGHT

AMOUNT OF DAYLIGHT TODAY  (HOUR:MIN)........5:20
GAIN/LOSS SINCE YESTERDAY (HOUR:MIN:SEC)....+0:07:59

$$
SDB JAN 17
