975
CDAK49 PAFG 030050
CLIOTZ

CLIMATE REPORT
NATIONAL WEATHER SERVICE FAIRBANKS AK
350 PM AKST FRI DEC 2 2016


...................................

...THE KOTZEBUE AK CLIMATE SUMMARY FOR DECEMBER 2 2016...
VALID TODAY AS OF 0300 PM LOCAL TIME.

CLIMATE NORMAL PERIOD 1981 TO 2010
CLIMATE RECORD PERIOD 1920 TO 2016


WEATHER ITEM   OBSERVED TIME   RECORD YEAR NORMAL DEPARTURE LAST
                VALUE   (LST)  VALUE       VALUE  FROM      YEAR
                                                  NORMAL
..................................................................
TEMPERATURE (F)
 TODAY
  MAXIMUM          1   1115 AM  32    1992  11    -10       20
  MINIMUM         -9    119 AM -38    1935  -1     -8        0
  AVERAGE         -4                         5     -9       10

PRECIPITATION (IN)
  TODAY            T             0.18 1979   0.02  -0.02     0.05
  MONTH TO DATE    T                         0.05  -0.05     0.05
  SINCE DEC 1      T                         0.05  -0.05     0.05
  SINCE JAN 1      8.16                     10.29  -2.13    10.18

SNOWFALL (IN)
  TODAY            T             2.1  2004   0.4   -0.4     MM
  MONTH TO DATE    T                         0.8   -0.8      0.0
  SINCE DEC 1      T                         0.8   -0.8      0.0
  SINCE JUL 1      5.6                      18.2  -12.6     13.4
  SNOW DEPTH       4

DEGREE DAYS
 HEATING
  TODAY           69                        60      9       55
  MONTH TO DATE  146                       120     26      104
  SINCE DEC 1    146                       120     26      104
  SINCE JUL 1   3759                      4478   -719     3823

 COOLING
  TODAY            0                         0      0        0
  MONTH TO DATE    0                         0      0        0
  SINCE DEC 1      0                         0      0        0
  SINCE JAN 1      5                         5      0       16
..................................................................


WIND (MPH)
  HIGHEST GUST SPEED     9   HIGHEST GUST DIRECTION    NE (30)


SKY COVER
  AVERAGE SKY COVER 0.2


WEATHER CONDITIONS
 THE FOLLOWING WEATHER WAS RECORDED TODAY.
  NO SIGNIFICANT WEATHER WAS OBSERVED.


RELATIVE HUMIDITY (PERCENT)
 HIGHEST    78
 LOWEST     64
 AVERAGE    71

..........................................................


THE KOTZEBUE AK CLIMATE NORMALS FOR TOMORROW
                         NORMAL    RECORD    YEAR
 MAXIMUM TEMPERATURE (F)   11        29      2006
                                             2002
 MINIMUM TEMPERATURE (F)   -1       -39      1951


SUNRISE AND SUNSET
DECEMBER 02 2016......SUNRISE  1204 PM AKST  SUNSET   317 PM AKST
DECEMBER 03 2016......SUNRISE  1208 PM AKST  SUNSET   314 PM AKST

-  INDICATES NEGATIVE NUMBERS.
R  INDICATES RECORD WAS SET OR TIED.
MM INDICATES DATA IS MISSING.
T  INDICATES TRACE AMOUNT.

&&

SNOW DEPTH IS MEASURED AT 3AM AKST/4AM AKDT.

----------------------------
AVAILABLE DAYLIGHT

AMOUNT OF DAYLIGHT TODAY  (HOUR:MIN)........3:14
GAIN/LOSS SINCE YESTERDAY (HOUR:MIN:SEC)....-0:07:28

$$
DEC 16
