000
CDAK49 PAOT 201247
CLIOTZ

CLIMATE REPORT
NATIONAL WEATHER SERVICE KOTZEBUE, AK
447 AM AKDT MON OCT 20 2014

...................................
...THE KOTZEBUE WSO AP CLIMATE SUMMARY FOR OCTOBER 19 2014...

CLIMATE NORMAL PERIOD  1981 TO  2010
CLIMATE RECORD PERIOD  1897 TO  2014

WEATHER ITEM   OBSERVED TIME    RECORD YEAR NORMAL DEPARTURE LAST
               VALUE    (LST)   VALUE       VALUE  FROM      YEAR
                                                   NORMAL
...................................................................
TEMPERATURE
YESTERDAY
 MAXIMUM            29  0541 PM    46  1938     26       3     42
 MINIMUM            25  0237 AM    -1  1997     18       7     39
 AVERAGE            27                          22       5     41

PRECIPITATION
(INCHES)
 YESTERDAY        0.00           0.23  1989   0.03   -0.03   0.10
 MONTH TO DATE    0.02                        0.72   -0.70   1.33
 SINCE SEP 1      1.83                        2.30   -0.47   3.35
 SINCE JAN 1      8.57                        9.18   -0.61   9.81

SNOWFALL
(INCHES)
 YESTERDAY         0.0            3.0  1934    0.2    -0.2    0.0
 MONTH TO DATE       T                         3.2    -3.2    0.3
 SINCE SEP 1       0.0                         4.0    -4.0    0.7
 SINCE JUL 1         T                         4.0    -4.0    0.7
 SNOW DEPTH (IN)     T                                          0

DEGREE DAYS
 HEATING
  YESTERDAY         38                          43      -5     24
  MONTH TO DATE    684                         703     -19    549
  SINCE SEP 1     1255                        1383    -128   1311
  SINCE JUL 1     1815                        2121    -306   1905

 COOLING
  YESTERDAY          0                           0       0      0
  MONTH TO DATE      0                           0       0      0
  SINCE SEP 1        0                           0       0      0
  SINCE JAN 1       19                           0      19     13
...................................................................

WIND (MPH)
 HIGHEST WIND SPEED    12     HIGHEST WIND DIRECTION     20
 HIGHEST GUST SPEED    13     HIGHEST GUST DIRECTION     20
 AVERAGE WIND SPEED   6.1

SKY COVER
  POSSIBLE SUNSHINE    MM          AVERAGE SKY COVER     MM

WEATHER CONDITIONS
 THE FOLLOWING WEATHER WAS RECORDED YESTERDAY.
  NO SIGNIFICANT WEATHER WAS OBSERVED.

RELATIVE HUMIDITY
 HIGHEST RH     MM PERCENT       MM
 LOWEST  RH     MM PERCENT       MM
 AVERAGE RH     MM PERCENT       MM
...................................................................

THE KOTZEBUE CLIMATE NORMALS FOR TODAY
                           NORMAL    RECORD   YEAR
 MAXIMUM TEMPERATURE (F)     26        44     1938
 MINIMUM TEMPERATURE (F)     17        -7     1970

SUNRISE AND SUNSET
 OCT 20 2014..........SUNRISE 10:09 AM      SUNSET  7:01 PM
 OCT 21 2014..........SUNRISE 10:13 AM      SUNSET  6:57 PM

-  INDICATES NEGATIVE NUMBERS.
R  INDICATES RECORD HAS BEEN SET OR TIED.
MM INDICATES DATA IS MISSING.
T  INDICATES TRACE OF PRECIPITATION.

&&
-------------------------------------------------------------------

AMOUNT OF DAYLIGHT TODAY  (HOUR:MIN)........8 HOURS 52 MINUTES
GAIN/LOSS SINCE YESTERDAY (HOUR:MIN:SEC)....-0:07:30

$$
EWH OCT 14
