000
CDUS43 KDDC 252334
CLIP28


CLIMATE REPORT
NATIONAL WEATHER SERVICE DODGE CITY KS
631 PM CDT FRI JUL 25 2014


...................................

...THE MEDICINE LODGE KS CLIMATE SUMMARY FOR JULY 25 2014...
VALID TODAY AS OF 0500 PM LOCAL TIME.

CLIMATE NORMAL PERIOD 1981 TO 2010
CLIMATE RECORD PERIOD 1893 TO 2014


WEATHER ITEM   OBSERVED TIME   RECORD YEAR NORMAL DEPARTURE LAST
                VALUE   (LST)  VALUE       VALUE  FROM      YEAR
                                                  NORMAL
..................................................................
TEMPERATURE (F)
 TODAY
  MAXIMUM        102    359 PM 108    1964  95      7       87
  MINIMUM         72    545 AM  50    1911  70      2       72
  AVERAGE         87                        83      4       80

PRECIPITATION (IN)
  TODAY            0.00          2.45 1908   0.09  -0.09     0.14
  MONTH TO DATE    2.48                      2.82  -0.34     1.86
  SINCE JUN 1     10.37                      6.93   3.44     4.08
  SINCE JAN 1     13.26                     16.67  -3.41    14.43

DEGREE DAYS
 HEATING
  TODAY            0                         0      0        0
  MONTH TO DATE    5                         0      5        0
  SINCE JUN 1      5                         3      2        4
  SINCE JUL 1      5                         0      5        0

 COOLING
  TODAY           22                        18      4       15
  MONTH TO DATE  302                       424   -122      410
  SINCE JUN 1    644                       777   -133      814
  SINCE JAN 1    913                       933    -20      957
..................................................................


WIND (MPH)
  HIGHEST WIND SPEED    24   HIGHEST WIND DIRECTION     S (200)
  HIGHEST GUST SPEED    34   HIGHEST GUST DIRECTION    SW (210)
  AVERAGE WIND SPEED    11.6




RELATIVE HUMIDITY (PERCENT)
 HIGHEST    84           500 AM
 LOWEST     25           400 PM
 AVERAGE    55

..........................................................


THE MEDICINE LODGE KS CLIMATE NORMALS FOR TOMORROW
                         NORMAL    RECORD    YEAR
 MAXIMUM TEMPERATURE (F)   95       108      1910
 MINIMUM TEMPERATURE (F)   70        56      1900


SUNRISE AND SUNSET
JULY 25 2014..........SUNRISE   633 AM CDT   SUNSET   848 PM CDT
JULY 26 2014..........SUNRISE   634 AM CDT   SUNSET   847 PM CDT


-  INDICATES NEGATIVE NUMBERS.
R  INDICATES RECORD WAS SET OR TIED.
MM INDICATES DATA IS MISSING.
T  INDICATES TRACE AMOUNT.




$$
