000
CDUS43 KDDC 211010
CLIP28


CLIMATE REPORT
NATIONAL WEATHER SERVICE DODGE CITY KS
509 AM CDT THU AUG 21 2014


...................................

...THE MEDICINE LODGE KS CLIMATE SUMMARY FOR AUGUST 20 2014...

CLIMATE NORMAL PERIOD 1981 TO 2010
CLIMATE RECORD PERIOD 1893 TO 2014


WEATHER ITEM   OBSERVED TIME   RECORD YEAR NORMAL DEPARTURE LAST
                VALUE   (LST)  VALUE       VALUE  FROM      YEAR
                                                  NORMAL
..................................................................
TEMPERATURE (F)
 YESTERDAY
  MAXIMUM         99    442 PM 110    1896  92      7       93
  MINIMUM         71    626 AM  48    1950  68      3       66
  AVERAGE         85                        80      5       80

PRECIPITATION (IN)
  YESTERDAY        0.00          2.20 1996   0.10  -0.10     0.00
  MONTH TO DATE    1.13                      1.93  -0.80     6.29
  SINCE JUN 1     13.74                      9.42   4.32    11.29
  SINCE JAN 1     16.63                     19.16  -2.53    21.64

SNOWFALL (IN)
  YESTERDAY        0.0          MM      MM   0.0             0.0
  MONTH TO DATE    0.0                       0.0             0.0
  SINCE JUN 1      0.0                       0.0             0.0
  SINCE JUL 1      0.0                       0.0             0.0
  SNOW DEPTH       0

DEGREE DAYS
 HEATING
  YESTERDAY        0                         0      0
  MONTH TO DATE    0                         0      0
  SINCE JUN 1      5                         3      2
  SINCE JUL 1      5                         0      5

 COOLING
  YESTERDAY       20                        15      5       15
  MONTH TO DATE  304                       326    -22      233
  SINCE JUN 1   1015                      1207   -192     1112
  SINCE JAN 1   1284                      1363    -79     1255
..................................................................


WIND (MPH)
  HIGHEST WIND SPEED    24   HIGHEST WIND DIRECTION     S (190)
  HIGHEST GUST SPEED    32   HIGHEST GUST DIRECTION     S (190)
  AVERAGE WIND SPEED    12.7




RELATIVE HUMIDITY (PERCENT)
 HIGHEST    79           500 AM
 LOWEST     29           500 PM
 AVERAGE    54

..........................................................


THE MEDICINE LODGE KS CLIMATE NORMALS FOR TODAY
                         NORMAL    RECORD    YEAR
 MAXIMUM TEMPERATURE (F)   92       109      1896
                                             1922
 MINIMUM TEMPERATURE (F)   67        49      1950


SUNRISE AND SUNSET
AUGUST 21 2014........SUNRISE   656 AM CDT   SUNSET   819 PM CDT
AUGUST 22 2014........SUNRISE   657 AM CDT   SUNSET   817 PM CDT


-  INDICATES NEGATIVE NUMBERS.
R  INDICATES RECORD WAS SET OR TIED.
MM INDICATES DATA IS MISSING.
T  INDICATES TRACE AMOUNT.




$$
