000
CDUS43 KDDC 282331
CLIP28


CLIMATE REPORT
NATIONAL WEATHER SERVICE DODGE CITY KS
531 PM CST WED JAN 28 2015


...................................

...THE MEDICINE LODGE KS CLIMATE SUMMARY FOR JANUARY 28 2015...
VALID TODAY AS OF 0500 PM LOCAL TIME.

CLIMATE NORMAL PERIOD 1981 TO 2010
CLIMATE RECORD PERIOD 1893 TO 2015


WEATHER ITEM   OBSERVED TIME   RECORD YEAR NORMAL DEPARTURE LAST
                VALUE   (LST)  VALUE       VALUE  FROM      YEAR
                                                  NORMAL
..................................................................
TEMPERATURE (F)
 TODAY
  MAXIMUM         77R   357 PM  77    2008  47     30       33
  MINIMUM         41    809 AM -10    1918  22     19        7
  AVERAGE         59                        34     25       20

PRECIPITATION (IN)
  TODAY            0.00          0.38 2005   0.03  -0.03     0.00
  MONTH TO DATE    0.24                      0.62  -0.38     0.14
  SINCE DEC 1      1.56                      1.54   0.02     0.65
  SINCE JAN 1      0.24                      0.62  -0.38     0.14

DEGREE DAYS
 HEATING
  TODAY            6                        30    -24       45
  MONTH TO DATE  836                       886    -50      897
  SINCE DEC 1   1695                      1827   -132     1957
  SINCE JUL 1   2600                      2685    -85     2895

 COOLING
  TODAY            0                         0      0        0
  MONTH TO DATE    0                         0      0        0
  SINCE DEC 1      0                         0      0        0
  SINCE JAN 1      0                         0      0        0
..................................................................


WIND (MPH)
  HIGHEST WIND SPEED    18   HIGHEST WIND DIRECTION    NW (330)
  HIGHEST GUST SPEED    27   HIGHEST GUST DIRECTION    NW (320)
  AVERAGE WIND SPEED     6.8




RELATIVE HUMIDITY (PERCENT)
 HIGHEST    70           700 AM
 LOWEST     18           400 PM
 AVERAGE    44

..........................................................


THE MEDICINE LODGE KS CLIMATE NORMALS FOR TOMORROW
                         NORMAL    RECORD    YEAR
 MAXIMUM TEMPERATURE (F)   47        75      1971
 MINIMUM TEMPERATURE (F)   22       -10      1902


SUNRISE AND SUNSET
JANUARY 28 2015.......SUNRISE   741 AM CST   SUNSET   554 PM CST
JANUARY 29 2015.......SUNRISE   740 AM CST   SUNSET   555 PM CST


-  INDICATES NEGATIVE NUMBERS.
R  INDICATES RECORD WAS SET OR TIED.
MM INDICATES DATA IS MISSING.
T  INDICATES TRACE AMOUNT.




$$
