000
CDUS43 KDDC 012326
CLIP28


CLIMATE REPORT
NATIONAL WEATHER SERVICE DODGE CITY KS
625 PM CDT WED OCT 1 2014


...................................

...THE MEDICINE LODGE KS CLIMATE SUMMARY FOR OCTOBER 1 2014...
VALID TODAY AS OF 0500 PM LOCAL TIME.

CLIMATE NORMAL PERIOD 1981 TO 2010
CLIMATE RECORD PERIOD 1893 TO 2014


WEATHER ITEM   OBSERVED TIME   RECORD YEAR NORMAL DEPARTURE LAST
                VALUE   (LST)  VALUE       VALUE  FROM      YEAR
                                                  NORMAL
..................................................................
TEMPERATURE (F)
 TODAY
  MAXIMUM         91    359 PM  97    1979  77     14       86
  MINIMUM         65    657 AM  32    1958  52     13       57
  AVERAGE         78                        65     13       72

PRECIPITATION (IN)
  TODAY            0.00          2.40 1959   0.09  -0.09     0.00
  MONTH TO DATE    0.00                      0.09  -0.09     0.00
  SINCE SEP 1      0.85                      2.19  -1.34     1.09
  SINCE JAN 1     18.36                     22.54  -4.18    22.73

DEGREE DAYS
 HEATING
  TODAY            0                         4     -4        0
  MONTH TO DATE    0                         4     -4        0
  SINCE SEP 1     19                        38    -19       10
  SINCE JUL 1     24                        38    -14       10

 COOLING
  TODAY           13                         3     10        7
  MONTH TO DATE   13                         3     10        7
  SINCE SEP 1    266                       223     43      299
  SINCE JAN 1   1750                      1734     16     1748
..................................................................


WIND (MPH)
  HIGHEST WIND SPEED    17   HIGHEST WIND DIRECTION     S (200)
  HIGHEST GUST SPEED    24   HIGHEST GUST DIRECTION     S (200)
  AVERAGE WIND SPEED     7.8




RELATIVE HUMIDITY (PERCENT)
 HIGHEST    93           700 AM
 LOWEST     21           500 PM
 AVERAGE    57

..........................................................


THE MEDICINE LODGE KS CLIMATE NORMALS FOR TOMORROW
                         NORMAL    RECORD    YEAR
 MAXIMUM TEMPERATURE (F)   77        97      2006
                                             1919
 MINIMUM TEMPERATURE (F)   52        33      1975


SUNRISE AND SUNSET
OCTOBER  1 2014.......SUNRISE   730 AM CDT   SUNSET   717 PM CDT
OCTOBER  2 2014.......SUNRISE   731 AM CDT   SUNSET   716 PM CDT


-  INDICATES NEGATIVE NUMBERS.
R  INDICATES RECORD WAS SET OR TIED.
MM INDICATES DATA IS MISSING.
T  INDICATES TRACE AMOUNT.




$$
