000
CDUS43 KDDC 210708
CLIP28


CLIMATE REPORT
NATIONAL WEATHER SERVICE DODGE CITY KS
108 AM CST TUE NOV 21 2017


...................................

...THE MEDICINE LODGE KS CLIMATE SUMMARY FOR NOVEMBER 20 2017...

CLIMATE NORMAL PERIOD 1981 TO 2010
CLIMATE RECORD PERIOD 1893 TO 2017


WEATHER ITEM   OBSERVED TIME   RECORD YEAR NORMAL DEPARTURE LAST
                VALUE   (LST)  VALUE       VALUE  FROM      YEAR
                                                  NORMAL
..................................................................
TEMPERATURE (F)
 YESTERDAY
  MAXIMUM         67    352 PM  88    1897  56     11       62
  MINIMUM         35    800 AM  11    1898  31      4       30
                                      1937
  AVERAGE         51                        43      8       46

PRECIPITATION (IN)
  YESTERDAY        0.00          1.18 1994   0.02  -0.02     0.00
  MONTH TO DATE    0.12                      0.71  -0.59     0.62
  SINCE SEP 1      7.16                      5.65   1.51     9.14
  SINCE JAN 1     29.29                     26.00   3.29    29.57

SNOWFALL (IN)
  YESTERDAY        0.0          MM      MM   0.0             0.0
  MONTH TO DATE    0.0                       0.0             0.0
  SINCE SEP 1      0.0                       0.0             0.0
  SINCE JUL 1      0.0                       0.0             0.0
  SNOW DEPTH       0

DEGREE DAYS
 HEATING
  YESTERDAY       14                        22     -8       19
  MONTH TO DATE  349                       345      4      235
  SINCE SEP 1    592                       614    -22      361
  SINCE JUL 1    592                       614    -22      361

 COOLING
  YESTERDAY        0                         0      0        0
  MONTH TO DATE    1                         0      1        5
  SINCE SEP 1    297                       258     39      337
  SINCE JAN 1   1656                      1769   -113     1937
..................................................................


WIND (MPH)
  HIGHEST WIND SPEED    22   HIGHEST WIND DIRECTION     S (200)
  HIGHEST GUST SPEED    32   HIGHEST GUST DIRECTION    SW (210)
  AVERAGE WIND SPEED    11.4




RELATIVE HUMIDITY (PERCENT)
 HIGHEST    59           600 AM
 LOWEST     18           300 PM
 AVERAGE    39

..........................................................


THE MEDICINE LODGE KS CLIMATE NORMALS FOR TODAY
                         NORMAL    RECORD    YEAR
 MAXIMUM TEMPERATURE (F)   55        78      1955
 MINIMUM TEMPERATURE (F)   30         7      1898


SUNRISE AND SUNSET
NOVEMBER 21 2017......SUNRISE   720 AM CST   SUNSET   520 PM CST
NOVEMBER 22 2017......SUNRISE   721 AM CST   SUNSET   520 PM CST


-  INDICATES NEGATIVE NUMBERS.
R  INDICATES RECORD WAS SET OR TIED.
MM INDICATES DATA IS MISSING.
T  INDICATES TRACE AMOUNT.




$$
