000
CDUS43 KDDC 290259
CLIP28


CLIMATE REPORT
NATIONAL WEATHER SERVICE DODGE CITY KS
628 PM CDT SAT MAY 28 2016


...................................

...THE MEDICINE LODGE KS CLIMATE SUMMARY FOR MAY 28 2016...
VALID TODAY AS OF 0500 PM LOCAL TIME.

CLIMATE NORMAL PERIOD 1981 TO 2010
CLIMATE RECORD PERIOD 1893 TO 2016


WEATHER ITEM   OBSERVED TIME   RECORD YEAR NORMAL DEPARTURE LAST
                VALUE   (LST)  VALUE       VALUE  FROM      YEAR
                                                  NORMAL
..................................................................
TEMPERATURE (F)
 TODAY
  MAXIMUM         85    342 PM  98    2006  83      2       82
                                      1959
  MINIMUM         55    543 AM  42    1906  59     -4       62
  AVERAGE         70                        71     -1       72

PRECIPITATION (IN)
  TODAY            0.00          1.54 1918   0.11  -0.11     0.00
  MONTH TO DATE    1.84                      2.88  -1.04     6.79
  SINCE MAR 1      7.45                      7.57  -0.12    10.65
  SINCE JAN 1      8.34                      9.32  -0.98    11.96

DEGREE DAYS
 HEATING
  TODAY            0                         1     -1        0
  MONTH TO DATE  109                        70     39      103
  SINCE MAR 1    712                       926   -214      746
  SINCE JUL 1   3601                      4455   -854     4320

 COOLING
  TODAY            5                         7     -2        7
  MONTH TO DATE   84                       111    -27       70
  SINCE MAR 1    120                       135    -15      102
  SINCE JAN 1    120                       135    -15      102
..................................................................


WIND (MPH)
  HIGHEST WIND SPEED    18   HIGHEST WIND DIRECTION     W (270)
  HIGHEST GUST SPEED    23   HIGHEST GUST DIRECTION     W (280)
  AVERAGE WIND SPEED     8.5




RELATIVE HUMIDITY (PERCENT)
 HIGHEST    86           300 AM
 LOWEST     28           300 PM
 AVERAGE    57

..........................................................


THE MEDICINE LODGE KS CLIMATE NORMALS FOR TOMORROW
                         NORMAL    RECORD    YEAR
 MAXIMUM TEMPERATURE (F)   83       104      1913
 MINIMUM TEMPERATURE (F)   60        38      1984


SUNRISE AND SUNSET
MAY 28 2016...........SUNRISE   617 AM CDT   SUNSET   847 PM CDT
MAY 29 2016...........SUNRISE   616 AM CDT   SUNSET   848 PM CDT


-  INDICATES NEGATIVE NUMBERS.
R  INDICATES RECORD WAS SET OR TIED.
MM INDICATES DATA IS MISSING.
T  INDICATES TRACE AMOUNT.




$$
