000
CDUS43 KDDC 220706
CLIP28


CLIMATE REPORT
NATIONAL WEATHER SERVICE DODGE CITY KS
106 AM CST SUN JAN 22 2017


...................................

...THE MEDICINE LODGE KS CLIMATE SUMMARY FOR JANUARY 21 2017...

CLIMATE NORMAL PERIOD 1981 TO 2010
CLIMATE RECORD PERIOD 1893 TO 2017


WEATHER ITEM   OBSERVED TIME   RECORD YEAR NORMAL DEPARTURE LAST
                VALUE   (LST)  VALUE       VALUE  FROM      YEAR
                                                  NORMAL
..................................................................
TEMPERATURE (F)
 YESTERDAY
  MAXIMUM         48    456 PM  72    1943  46      2       33
  MINIMUM         27    745 AM  -3    1935  22      5       28
  AVERAGE         38                        34      4       31

PRECIPITATION (IN)
  YESTERDAY        0.01          0.55 1945   0.02  -0.01     0.00
  MONTH TO DATE    3.47                      0.41   3.06     0.51
  SINCE DEC 1      4.17                      1.33   2.84     2.88
  SINCE JAN 1      3.47                      0.41   3.06     0.51

SNOWFALL (IN)
  YESTERDAY        0.0          MM      MM   0.1             0.0
  MONTH TO DATE    T                         1.7              T
  SINCE DEC 1      1.4                       4.4             1.0
  SINCE JUL 1      1.4                       4.6             1.0
  SNOW DEPTH       0

DEGREE DAYS
 HEATING
  YESTERDAY       27                        31     -4       34
  MONTH TO DATE  666                       670     -4      697
  SINCE DEC 1   1687                      1611     76     1437
  SINCE JUL 1   2223                      2469   -246     2032

 COOLING
  YESTERDAY        0                         0      0        0
  MONTH TO DATE    0                         0      0        0
  SINCE DEC 1      0                         0      0        0
  SINCE JAN 1      0                         0      0        0
..................................................................


WIND (MPH)
  HIGHEST WIND SPEED    14   HIGHEST WIND DIRECTION     E (80)
  HIGHEST GUST SPEED    19   HIGHEST GUST DIRECTION     E (80)
  AVERAGE WIND SPEED     5.8




RELATIVE HUMIDITY (PERCENT)
 HIGHEST   100           900 AM
 LOWEST     66           500 PM
 AVERAGE    83

..........................................................


THE MEDICINE LODGE KS CLIMATE NORMALS FOR TODAY
                         NORMAL    RECORD    YEAR
 MAXIMUM TEMPERATURE (F)   46        82      1967
 MINIMUM TEMPERATURE (F)   22        -9      1930


SUNRISE AND SUNSET
JANUARY 22 2017.......SUNRISE   744 AM CST   SUNSET   548 PM CST
JANUARY 23 2017.......SUNRISE   744 AM CST   SUNSET   549 PM CST


-  INDICATES NEGATIVE NUMBERS.
R  INDICATES RECORD WAS SET OR TIED.
MM INDICATES DATA IS MISSING.
T  INDICATES TRACE AMOUNT.




$$
