000
CDUS45 KRIW 290744
CLIP60


CLIMATE REPORT
NATIONAL WEATHER SERVICE RIVERTON WY
133 AM MDT FRI JUL 29 2016


...................................

...THE LAKE YELLOWSTONE WY CLIMATE SUMMARY FOR JULY 28 2016...

CLIMATE NORMAL PERIOD 1981 TO 2010
CLIMATE RECORD PERIOD 1998 TO 2016


WEATHER ITEM   OBSERVED TIME   RECORD YEAR NORMAL DEPARTURE LAST
                VALUE   (LST)  VALUE       VALUE  FROM      YEAR
                                                  NORMAL
..................................................................
TEMPERATURE (F)
 YESTERDAY
  MAXIMUM         77    415 PM  84    2006  74      3       55
  MINIMUM         41    548 AM  30    2015  41      0       30
  AVERAGE         59                        57      2       43

PRECIPITATION (IN)
  YESTERDAY        0.03          0.27 2013   0.05  -0.02     0.00
  MONTH TO DATE    0.91                      1.33  -0.42     1.13
  SINCE JUN 1      1.86                      3.33  -1.47     2.04
  SINCE JAN 1     10.92                     12.41  -1.49     9.78

DEGREE DAYS
 HEATING
  YESTERDAY        6                         8     -2       22
  MONTH TO DATE  297                       259     38      296
  SINCE JUN 1    665                       752    -87      622
  SINCE JUL 1    297                       259     38      296

 COOLING
  YESTERDAY        0                         0      0        0
  MONTH TO DATE    0                         0      0        0
  SINCE JUN 1      0                         0      0        1
  SINCE JAN 1      0                         0      0        1
..................................................................


WIND (MPH)
  HIGHEST WIND SPEED    13   HIGHEST WIND DIRECTION     W (280)
  HIGHEST GUST SPEED    23   HIGHEST GUST DIRECTION     W (270)
  AVERAGE WIND SPEED     3.6


SKY COVER
  POSSIBLE SUNSHINE  MM
  AVERAGE SKY COVER 0.0


WEATHER CONDITIONS
 THE FOLLOWING WEATHER WAS RECORDED YESTERDAY.
  NO SIGNIFICANT WEATHER WAS OBSERVED.


RELATIVE HUMIDITY (PERCENT)
 HIGHEST   100           300 AM
 LOWEST     15           400 PM
 AVERAGE    58

..........................................................


THE LAKE YELLOWSTONE WY CLIMATE NORMALS FOR TODAY
                         NORMAL    RECORD    YEAR
 MAXIMUM TEMPERATURE (F)   74        82      2006
 MINIMUM TEMPERATURE (F)   41        28      2015


SUNRISE AND SUNSET
JULY 29 2016..........SUNRISE   606 AM MDT   SUNSET   850 PM MDT
JULY 30 2016..........SUNRISE   607 AM MDT   SUNSET   849 PM MDT


-  INDICATES NEGATIVE NUMBERS.
R  INDICATES RECORD WAS SET OR TIED.
MM INDICATES DATA IS MISSING.
T  INDICATES TRACE AMOUNT.




$$
