000
CDUS45 KRIW 290755
CLIP60


CLIMATE REPORT
NATIONAL WEATHER SERVICE RIVERTON WY
136 AM MDT WED MAR 29 2017


...................................

...THE LAKE YELLOWSTONE WY CLIMATE SUMMARY FOR MARCH 28 2017...

CLIMATE NORMAL PERIOD 1981 TO 2010
CLIMATE RECORD PERIOD 1998 TO 2017


WEATHER ITEM   OBSERVED TIME   RECORD YEAR NORMAL DEPARTURE LAST
                VALUE   (LST)  VALUE       VALUE  FROM      YEAR
                                                  NORMAL
..................................................................
TEMPERATURE (F)
 YESTERDAY
  MAXIMUM         40    429 PM  51    2015  40      0       36
  MINIMUM         19   1159 PM -11    2008  13      6       25
  AVERAGE         30                        26      4       31

PRECIPITATION (IN)
  YESTERDAY        0.00          0.58 2005   0.05  -0.05     0.22
  MONTH TO DATE    2.09                      1.07   1.02     2.18
  SINCE MAR 1      2.09                      1.07   1.02     2.18
  SINCE JAN 1     12.33                      4.59   7.74     4.83

DEGREE DAYS
 HEATING
  YESTERDAY       35                        39     -4       34
  MONTH TO DATE 1003                      1188   -185     1206
  SINCE MAR 1   1003                      1188   -185     1206
  SINCE JUL 1   9061                      9125    -64     8990

 COOLING
  YESTERDAY        0                         0      0        0
  MONTH TO DATE    0                         0      0        0
  SINCE MAR 1      0                         0      0        0
  SINCE JAN 1      0                         0      0        0
..................................................................


WIND (MPH)
  HIGHEST WIND SPEED    12   HIGHEST WIND DIRECTION     W (290)
  HIGHEST GUST SPEED    16   HIGHEST GUST DIRECTION     W (270)
  AVERAGE WIND SPEED     1.8


SKY COVER
  POSSIBLE SUNSHINE  MM
  AVERAGE SKY COVER 0.0


WEATHER CONDITIONS
 THE FOLLOWING WEATHER WAS RECORDED YESTERDAY.
  NO SIGNIFICANT WEATHER WAS OBSERVED.


RELATIVE HUMIDITY (PERCENT)
 HIGHEST   100           400 AM
 LOWEST     33           500 PM
 AVERAGE    67

..........................................................


THE LAKE YELLOWSTONE WY CLIMATE NORMALS FOR TODAY
                         NORMAL    RECORD    YEAR
 MAXIMUM TEMPERATURE (F)   40        47      2015
 MINIMUM TEMPERATURE (F)   13       -14      2008


SUNRISE AND SUNSET
MARCH 29 2017.........SUNRISE   708 AM MDT   SUNSET   746 PM MDT
MARCH 30 2017.........SUNRISE   706 AM MDT   SUNSET   747 PM MDT


-  INDICATES NEGATIVE NUMBERS.
R  INDICATES RECORD WAS SET OR TIED.
MM INDICATES DATA IS MISSING.
T  INDICATES TRACE AMOUNT.




$$
