000
CDUS45 KRIW 070738
CLIP60


CLIMATE REPORT
NATIONAL WEATHER SERVICE RIVERTON WY
1236 AM MST SUN FEB 7 2016


...................................

...THE LAKE YELLOWSTONE WY CLIMATE SUMMARY FOR FEBRUARY 6 2016...

CLIMATE NORMAL PERIOD 1981 TO 2010
CLIMATE RECORD PERIOD 1998 TO 2016


WEATHER ITEM   OBSERVED TIME   RECORD YEAR NORMAL DEPARTURE LAST
                VALUE   (LST)  VALUE       VALUE  FROM      YEAR
                                                  NORMAL
..................................................................
TEMPERATURE (F)
 YESTERDAY
  MAXIMUM         25    316 PM  46    2015  25      0       46
  MINIMUM         19   1140 PM -36    2014   1     18       19
  AVERAGE         22                        13      9       33

PRECIPITATION (IN)
  YESTERDAY        0.00          0.13 1999   0.05  -0.05     0.00
  MONTH TO DATE    0.02                      0.29  -0.27     0.28
  SINCE DEC 1      4.27                      3.90   0.37     4.81
  SINCE JAN 1      1.23                      2.40  -1.17     2.31

DEGREE DAYS
 HEATING
  YESTERDAY       43                        52     -9       32
  MONTH TO DATE  345                       312     33      235
  SINCE DEC 1   3486                      3523    -37     3225
  SINCE JUL 1   6814                      6843    -29     6552

 COOLING
  YESTERDAY        0                         0      0        0
  MONTH TO DATE    0                         0      0        0
  SINCE DEC 1      0                         0      0        0
  SINCE JAN 1      0                         0      0        0
..................................................................


WIND (MPH)
  HIGHEST WIND SPEED    15   HIGHEST WIND DIRECTION     W (280)
  HIGHEST GUST SPEED    29   HIGHEST GUST DIRECTION     W (290)
  AVERAGE WIND SPEED     4.8


SKY COVER
  POSSIBLE SUNSHINE  MM
  AVERAGE SKY COVER 0.0


WEATHER CONDITIONS
 THE FOLLOWING WEATHER WAS RECORDED YESTERDAY.
  NO SIGNIFICANT WEATHER WAS OBSERVED.


RELATIVE HUMIDITY (PERCENT)
 HIGHEST    91           300 AM
 LOWEST     68           100 PM
 AVERAGE    80

..........................................................


THE LAKE YELLOWSTONE WY CLIMATE NORMALS FOR TODAY
                         NORMAL    RECORD    YEAR
 MAXIMUM TEMPERATURE (F)   25        42      2007
 MINIMUM TEMPERATURE (F)    1       -21      2003


SUNRISE AND SUNSET
FEBRUARY  7 2016......SUNRISE   733 AM MST   SUNSET   539 PM MST
FEBRUARY  8 2016......SUNRISE   732 AM MST   SUNSET   540 PM MST


-  INDICATES NEGATIVE NUMBERS.
R  INDICATES RECORD WAS SET OR TIED.
MM INDICATES DATA IS MISSING.
T  INDICATES TRACE AMOUNT.




$$
