190
CDUS45 KLKN 060932
CLIP68


CLIMATE REPORT
NATIONAL WEATHER SERVICE ELKO NV
132 AM PST SAT FEB 6 2016


...................................

...THE EUREKA AIRPORT NV CLIMATE SUMMARY FOR FEBRUARY 5 2016...

CLIMATE NORMAL PERIOD 1981 TO 2010
CLIMATE RECORD PERIOD 1963 TO 2016


WEATHER ITEM   OBSERVED TIME   RECORD YEAR NORMAL DEPARTURE LAST
                VALUE   (LST)  VALUE       VALUE  FROM      YEAR
                                                  NORMAL
..................................................................
TEMPERATURE (F)
 YESTERDAY
  MAXIMUM         27    155 PM  62    2015  40    -13       62
  MINIMUM         -6    630 AM -33    1989  13    -19       31
  AVERAGE         11                        27    -16       47

PRECIPITATION (IN)
  YESTERDAY        0.00          0.08 1997   0.03  -0.03     0.00
  MONTH TO DATE    0.05                      0.14  -0.09     0.00
  SINCE OCT 1      5.96                      3.01   2.95     1.38
  SINCE JAN 1      1.69                      0.88   0.81     0.26

DEGREE DAYS
 HEATING
  YESTERDAY       54                        38     16       18
  MONTH TO DATE  275                       194     81      107
  SINCE DEC 1   2810                      2718     92     2078
  SINCE JUL 1   4296                      4477   -181     3418

 COOLING
  YESTERDAY        0                         0      0        0
  MONTH TO DATE    0                         0      0        0
  SINCE DEC 1      0                         0      0        0
  SINCE JAN 1      0                         0      0        0
..................................................................


WIND (MPH)
  HIGHEST WIND SPEED    14   HIGHEST WIND DIRECTION    SW (230)
  HIGHEST GUST SPEED    17   HIGHEST GUST DIRECTION    SW (230)
  AVERAGE WIND SPEED     6.2




RELATIVE HUMIDITY (PERCENT)
 HIGHEST   100           800 PM
 LOWEST     95           300 AM
 AVERAGE    98

..........................................................


THE EUREKA AIRPORT NV CLIMATE NORMALS FOR TODAY
                         NORMAL    RECORD    YEAR
 MAXIMUM TEMPERATURE (F)   40        64      2015
 MINIMUM TEMPERATURE (F)   14       -37      1989
                                             1982


SUNRISE AND SUNSET
FEBRUARY  6 2016......SUNRISE   647 AM PST   SUNSET   510 PM PST
FEBRUARY  7 2016......SUNRISE   646 AM PST   SUNSET   511 PM PST


-  INDICATES NEGATIVE NUMBERS.
R  INDICATES RECORD WAS SET OR TIED.
MM INDICATES DATA IS MISSING.
T  INDICATES TRACE AMOUNT.




$$
