000
CDUS45 KLKN 160943
CLIP68


CLIMATE REPORT
NATIONAL WEATHER SERVICE ELKO NV
135 AM PST TUE JAN 16 2018


...................................

...THE EUREKA AIRPORT NV CLIMATE SUMMARY FOR JANUARY 15 2018...

CLIMATE NORMAL PERIOD 1981 TO 2010
CLIMATE RECORD PERIOD 1963 TO 2018


WEATHER ITEM   OBSERVED TIME   RECORD YEAR NORMAL DEPARTURE LAST
                VALUE   (LST)  VALUE       VALUE  FROM      YEAR
                                                  NORMAL
..................................................................
TEMPERATURE (F)
 YESTERDAY
  MAXIMUM         25    300 AM  59    1996  37    -12       23
  MINIMUM         23    600 AM -20    2007  10     13       17
  AVERAGE         24                        24      0       20

PRECIPITATION (IN)
  YESTERDAY        0.00          0.58 1994   0.02  -0.02     0.00
  MONTH TO DATE    0.12                      0.35  -0.23     1.90
  SINCE OCT 1      1.31                      2.48  -1.17     3.99
  SINCE JAN 1      0.12                      0.35  -0.23     1.90

DEGREE DAYS
 HEATING
  YESTERDAY       41                        42     -1       45
  MONTH TO DATE  438                       630   -192      628
  SINCE DEC 1   1530                      1877   -347     1853
  SINCE JUL 1   3114                      3636   -522     3266

 COOLING
  YESTERDAY        0                         0      0        0
  MONTH TO DATE    0                         0      0        0
  SINCE DEC 1      0                         0      0        0
  SINCE JAN 1      0                         0      0        0
..................................................................


WIND (MPH)
  HIGHEST WIND SPEED     9   HIGHEST WIND DIRECTION     S (190)
  HIGHEST GUST SPEED    10   HIGHEST GUST DIRECTION    SW (220)
  AVERAGE WIND SPEED     5.8




RELATIVE HUMIDITY (PERCENT)
 HIGHEST    MM
 LOWEST     MM
 AVERAGE    MM

..........................................................


THE EUREKA AIRPORT NV CLIMATE NORMALS FOR TODAY
                         NORMAL    RECORD    YEAR
 MAXIMUM TEMPERATURE (F)   37        56      2000
 MINIMUM TEMPERATURE (F)   10       -14      1988


SUNRISE AND SUNSET
JANUARY 16 2018.......SUNRISE   702 AM PST   SUNSET   446 PM PST
JANUARY 17 2018.......SUNRISE   702 AM PST   SUNSET   447 PM PST


-  INDICATES NEGATIVE NUMBERS.
R  INDICATES RECORD WAS SET OR TIED.
MM INDICATES DATA IS MISSING.
T  INDICATES TRACE AMOUNT.




$$
