000
CDUS45 KLKN 270929
CLIP68


CLIMATE REPORT
NATIONAL WEATHER SERVICE ELKO NV
227 AM PDT SAT MAY 27 2017


...................................

...THE EUREKA AIRPORT NV CLIMATE SUMMARY FOR MAY 26 2017...

CLIMATE NORMAL PERIOD 1981 TO 2010
CLIMATE RECORD PERIOD 1963 TO 2017


WEATHER ITEM   OBSERVED TIME   RECORD YEAR NORMAL DEPARTURE LAST
                VALUE   (LST)  VALUE       VALUE  FROM      YEAR
                                                  NORMAL
..................................................................
TEMPERATURE (F)
 YESTERDAY
  MAXIMUM         68    310 PM  88    1986  73     -5       60
  MINIMUM         33    452 AM  22    1989  36     -3       40
  AVERAGE         51                        54     -3       50

PRECIPITATION (IN)
  YESTERDAY        0.00          0.28 1987   0.02  -0.02     0.00
  MONTH TO DATE    0.40                      0.62  -0.22     1.73
  SINCE OCT 1      8.96                      6.25   2.71    11.43
  SINCE JAN 1      6.87                      4.12   2.75     7.16

DEGREE DAYS
 HEATING
  YESTERDAY       14                        11      3       15
  MONTH TO DATE  321                       361    -40      371
  SINCE MAR 1   1653                      1880   -227     1675
  SINCE JUL 1   6513                      7165   -652     6778

 COOLING
  YESTERDAY        0                         0      0        0
  MONTH TO DATE    0                         0      0        0
  SINCE MAR 1      0                         0      0        0
  SINCE JAN 1      0                         0      0        0
..................................................................


WIND (MPH)
  HIGHEST WIND SPEED    24   HIGHEST WIND DIRECTION     N (20)
  HIGHEST GUST SPEED    45   HIGHEST GUST DIRECTION     W (290)
  AVERAGE WIND SPEED     8.6




RELATIVE HUMIDITY (PERCENT)
 HIGHEST    75           400 AM
 LOWEST     18           300 PM
 AVERAGE    47

..........................................................


THE EUREKA AIRPORT NV CLIMATE NORMALS FOR TODAY
                         NORMAL    RECORD    YEAR
 MAXIMUM TEMPERATURE (F)   73        90      2014
                                             2003
 MINIMUM TEMPERATURE (F)   36        24      1980


SUNRISE AND SUNSET
MAY 27 2017...........SUNRISE   521 AM PDT   SUNSET   802 PM PDT
MAY 28 2017...........SUNRISE   520 AM PDT   SUNSET   802 PM PDT


-  INDICATES NEGATIVE NUMBERS.
R  INDICATES RECORD WAS SET OR TIED.
MM INDICATES DATA IS MISSING.
T  INDICATES TRACE AMOUNT.




$$
