000
CDUS45 KLKN 310930
CLIP68


CLIMATE REPORT
NATIONAL WEATHER SERVICE ELKO NV
229 AM PDT SUN JUL 31 2016


...................................

...THE EUREKA AIRPORT NV CLIMATE SUMMARY FOR JULY 30 2016...

CLIMATE NORMAL PERIOD 1981 TO 2010
CLIMATE RECORD PERIOD 1963 TO 2016


WEATHER ITEM   OBSERVED TIME   RECORD YEAR NORMAL DEPARTURE LAST
                VALUE   (LST)  VALUE       VALUE  FROM      YEAR
                                                  NORMAL
..................................................................
TEMPERATURE (F)
 YESTERDAY
  MAXIMUM         94   1213 PM 101    2000  90      4       94
  MINIMUM         60    425 AM  36    1995  50     10       44
  AVERAGE         77                        70      7       69

PRECIPITATION (IN)
  YESTERDAY        0.06          0.38 1984   0.03   0.03     0.00
  MONTH TO DATE    0.06                      0.61  -0.55     0.88
  SINCE OCT 1     12.11                      7.82   4.29     6.02
  SINCE JAN 1      7.84                      5.69   2.15     4.90

DEGREE DAYS
 HEATING
  YESTERDAY        0                         0      0        0
  MONTH TO DATE   13                         8      5       21
  SINCE JUN 1     67                       168   -101       60
  SINCE JUL 1     13                         8      5       21

 COOLING
  YESTERDAY       12                         5      7        4
  MONTH TO DATE  187                       137     50      114
  SINCE JUN 1    278                       166    112      271
  SINCE JAN 1    278                       169    109      279
..................................................................


WIND (MPH)
  HIGHEST WIND SPEED    30   HIGHEST WIND DIRECTION     S (160)
  HIGHEST GUST SPEED    34   HIGHEST GUST DIRECTION     S (160)
  AVERAGE WIND SPEED     6.4




RELATIVE HUMIDITY (PERCENT)
 HIGHEST    57           300 PM
 LOWEST     16          1200 PM
 AVERAGE    37

..........................................................


THE EUREKA AIRPORT NV CLIMATE NORMALS FOR TODAY
                         NORMAL    RECORD    YEAR
 MAXIMUM TEMPERATURE (F)   90        99      2000
 MINIMUM TEMPERATURE (F)   50        32      1985


SUNRISE AND SUNSET
JULY 31 2016..........SUNRISE   543 AM PDT   SUNSET   757 PM PDT
AUGUST  1 2016........SUNRISE   544 AM PDT   SUNSET   756 PM PDT


-  INDICATES NEGATIVE NUMBERS.
R  INDICATES RECORD WAS SET OR TIED.
MM INDICATES DATA IS MISSING.
T  INDICATES TRACE AMOUNT.




$$
