000
CDUS45 KLKN 250034
CLIP68


CLIMATE REPORT
NATIONAL WEATHER SERVICE ELKO NV
533 PM PDT SUN MAY 24 2015


...................................

...THE EUREKA AIRPORT NV CLIMATE SUMMARY FOR MAY 24 2015...
VALID TODAY AS OF 0500 PM LOCAL TIME.

CLIMATE NORMAL PERIOD 1981 TO 2010
CLIMATE RECORD PERIOD 1963 TO 2015


WEATHER ITEM   OBSERVED TIME   RECORD YEAR NORMAL DEPARTURE LAST
                VALUE   (LST)  VALUE       VALUE  FROM      YEAR
                                                  NORMAL
..................................................................
TEMPERATURE (F)
 TODAY
  MAXIMUM         64   1251 PM  88    2001  72     -8       75
  MINIMUM         47    537 AM  22    2010  36     11       39
                                      1989
  AVERAGE         56                        54      2       57

PRECIPITATION (IN)
  TODAY            0.13          0.54 2000   0.02   0.11     0.00
  MONTH TO DATE    1.56                      0.58   0.98     0.95
  SINCE OCT 1      3.93                      6.21  -2.28     6.95
  SINCE JAN 1      2.81                      4.08  -1.27     4.55

DEGREE DAYS
 HEATING
  TODAY            9                        11     -2        8
  MONTH TO DATE  342                       339      3      329
  SINCE MAR 1   1622                      1858   -236     1696
  SINCE JUL 1   5665                      7143  -1478     6500

 COOLING
  TODAY            0                         0      0        0
  MONTH TO DATE    0                         0      0        0
  SINCE MAR 1      0                         0      0        0
  SINCE JAN 1      0                         0      0        0
..................................................................


WIND (MPH)
  HIGHEST WIND SPEED    18   HIGHEST WIND DIRECTION    SW (240)
  HIGHEST GUST SPEED    22   HIGHEST GUST DIRECTION    SW (230)




RELATIVE HUMIDITY (PERCENT)
 HIGHEST    93           300 AM
 LOWEST     48           100 PM
 AVERAGE    71

..........................................................


THE EUREKA AIRPORT NV CLIMATE NORMALS FOR TOMORROW
                         NORMAL    RECORD    YEAR
 MAXIMUM TEMPERATURE (F)   73        87      2001
 MINIMUM TEMPERATURE (F)   36        22      1989


SUNRISE AND SUNSET
MAY 24 2015...........SUNRISE   523 AM PDT   SUNSET   759 PM PDT
MAY 25 2015...........SUNRISE   522 AM PDT   SUNSET   800 PM PDT


-  INDICATES NEGATIVE NUMBERS.
R  INDICATES RECORD WAS SET OR TIED.
MM INDICATES DATA IS MISSING.
T  INDICATES TRACE AMOUNT.




$$
