000
CDUS45 KLKN 210930
CLIP68


CLIMATE REPORT
NATIONAL WEATHER SERVICE ELKO NV
228 AM PDT SUN SEP 21 2014


...................................

...THE EUREKA AIRPORT NV CLIMATE SUMMARY FOR SEPTEMBER 20 2014...

CLIMATE NORMAL PERIOD 1981 TO 2010
CLIMATE RECORD PERIOD 1963 TO 2014


WEATHER ITEM   OBSERVED TIME   RECORD YEAR NORMAL DEPARTURE LAST
                VALUE   (LST)  VALUE       VALUE  FROM      YEAR
                                                  NORMAL
..................................................................
TEMPERATURE (F)
 YESTERDAY
  MAXIMUM         85R   106 PM  85    2011  76      9       80
                                      2001
  MINIMUM         43    530 AM  16    1983  37      6       36
  AVERAGE         64                        56      8       58

PRECIPITATION (IN)
  YESTERDAY        0.48R         0.26 2005   0.02   0.46     0.00
                                      1970
  MONTH TO DATE    0.48                      0.39   0.09     1.02
  SINCE OCT 1      9.69                      8.81   0.88     7.41
  SINCE JAN 1      7.29                      6.68   0.61     5.97

DEGREE DAYS
 HEATING
  YESTERDAY        1                         9     -8        7
  MONTH TO DATE   23                       109    -86       58
  SINCE SEP 1     23                       109    -86       58
  SINCE JUL 1     48                       156   -108       59

 COOLING
  YESTERDAY        0                         0      0        0
  MONTH TO DATE   33                         9     24       44
  SINCE SEP 1     33                         9     24       44
  SINCE JAN 1    432                       286    146      585
..................................................................


WIND (MPH)
  HIGHEST WIND SPEED    17   HIGHEST WIND DIRECTION    SW (240)
  HIGHEST GUST SPEED    32   HIGHEST GUST DIRECTION     N (360)
  AVERAGE WIND SPEED     6.1




RELATIVE HUMIDITY (PERCENT)
 HIGHEST    93           800 PM
 LOWEST     22           100 PM
 AVERAGE    58

..........................................................


THE EUREKA AIRPORT NV CLIMATE NORMALS FOR TODAY
                         NORMAL    RECORD    YEAR
 MAXIMUM TEMPERATURE (F)   76        88      1966
 MINIMUM TEMPERATURE (F)   37        13      1968


SUNRISE AND SUNSET
SEPTEMBER 21 2014.....SUNRISE   631 AM PDT   SUNSET   642 PM PDT
SEPTEMBER 22 2014.....SUNRISE   632 AM PDT   SUNSET   641 PM PDT


-  INDICATES NEGATIVE NUMBERS.
R  INDICATES RECORD WAS SET OR TIED.
MM INDICATES DATA IS MISSING.
T  INDICATES TRACE AMOUNT.




$$
