000
CDUS45 KLKN 010929
CLIP68


CLIMATE REPORT
NATIONAL WEATHER SERVICE ELKO NV
128 AM PST SUN FEB 1 2015


...................................

...THE EUREKA AIRPORT NV CLIMATE SUMMARY FOR JANUARY 31 2015...

CLIMATE NORMAL PERIOD 1981 TO 2010
CLIMATE RECORD PERIOD 1963 TO 2015


WEATHER ITEM   OBSERVED TIME   RECORD YEAR NORMAL DEPARTURE LAST
                VALUE   (LST)  VALUE       VALUE  FROM      YEAR
                                                  NORMAL
..................................................................
TEMPERATURE (F)
 YESTERDAY
  MAXIMUM         47    402 PM  63    2003  39      8       31
  MINIMUM         21   1152 PM -17    1983  12      9        4
  AVERAGE         34                        26      8       18

PRECIPITATION (IN)
  YESTERDAY        0.00          0.23 1986   0.03  -0.03     0.00
  MONTH TO DATE    0.26                      0.74  -0.48     0.79
  SINCE OCT 1      1.38                      2.87  -1.49     3.19
  SINCE JAN 1      0.26                      0.74  -0.48     0.79

DEGREE DAYS
 HEATING
  YESTERDAY       31                        39     -8       47
  MONTH TO DATE  959                      1278   -319     1013
  SINCE DEC 1   1971                      2524   -553     2353
  SINCE JUL 1   3311                      4283   -972     3964

 COOLING
  YESTERDAY        0                         0      0        0
  MONTH TO DATE    0                         0      0        0
  SINCE DEC 1      0                         0      0        0
  SINCE JAN 1      0                         0      0        0
..................................................................


WIND (MPH)
  HIGHEST WIND SPEED    14   HIGHEST WIND DIRECTION    NE (30)
  HIGHEST GUST SPEED    19   HIGHEST GUST DIRECTION     N (20)
  AVERAGE WIND SPEED     4.4




RELATIVE HUMIDITY (PERCENT)
 HIGHEST    92           800 AM
 LOWEST     34           200 PM
 AVERAGE    63

..........................................................


THE EUREKA AIRPORT NV CLIMATE NORMALS FOR TODAY
                         NORMAL    RECORD    YEAR
 MAXIMUM TEMPERATURE (F)   39        58      2003
 MINIMUM TEMPERATURE (F)   12       -18      1983


SUNRISE AND SUNSET
FEBRUARY  1 2015......SUNRISE   651 AM PST   SUNSET   504 PM PST
FEBRUARY  2 2015......SUNRISE   650 AM PST   SUNSET   505 PM PST


-  INDICATES NEGATIVE NUMBERS.
R  INDICATES RECORD WAS SET OR TIED.
MM INDICATES DATA IS MISSING.
T  INDICATES TRACE AMOUNT.




$$
