000
CDUS45 KLKN 260929
CLIP68


CLIMATE REPORT
NATIONAL WEATHER SERVICE ELKO NV
129 AM PST FRI DEC 26 2014


...................................

...THE EUREKA AIRPORT NV CLIMATE SUMMARY FOR DECEMBER 25 2014...

CLIMATE NORMAL PERIOD 1981 TO 2010
CLIMATE RECORD PERIOD 1963 TO 2014


WEATHER ITEM   OBSERVED TIME   RECORD YEAR NORMAL DEPARTURE LAST
                VALUE   (LST)  VALUE       VALUE  FROM      YEAR
                                                  NORMAL
..................................................................
TEMPERATURE (F)
 YESTERDAY
  MAXIMUM         27   1225 PM  53    2011  37    -10       39
                                      2005
  MINIMUM         21   1156 PM -16    1992  10     11       10
  AVERAGE         24                        23      1       25

PRECIPITATION (IN)
  YESTERDAY        0.00          0.24 2008   0.02  -0.02     0.00
  MONTH TO DATE    0.74                      0.49   0.25     1.07
  SINCE OCT 1      1.07                      2.01  -0.94     2.40
  SINCE JAN 1      9.01                      8.88   0.13     8.54

DEGREE DAYS
 HEATING
  YESTERDAY       41                        42     -1       40
  MONTH TO DATE  718                       997   -279     1108
  SINCE DEC 1    718                       997   -279     1108
  SINCE JUL 1   2058                      2756   -698     2719

 COOLING
  YESTERDAY        0                         0      0        0
  MONTH TO DATE    0                         0      0        0
  SINCE DEC 1      0                         0      0        0
  SINCE JAN 1    436                       288    148      585
..................................................................


WIND (MPH)
  HIGHEST WIND SPEED    26   HIGHEST WIND DIRECTION    NW (330)
  HIGHEST GUST SPEED    32   HIGHEST GUST DIRECTION    NW (320)
  AVERAGE WIND SPEED    13.6




RELATIVE HUMIDITY (PERCENT)
 HIGHEST    81          1200 AM
 LOWEST     63          1200 PM
 AVERAGE    72

..........................................................


THE EUREKA AIRPORT NV CLIMATE NORMALS FOR TODAY
                         NORMAL    RECORD    YEAR
 MAXIMUM TEMPERATURE (F)   37        56      1980
 MINIMUM TEMPERATURE (F)   10       -19      1985


SUNRISE AND SUNSET
DECEMBER 26 2014......SUNRISE   703 AM PST   SUNSET   426 PM PST
DECEMBER 27 2014......SUNRISE   703 AM PST   SUNSET   427 PM PST


-  INDICATES NEGATIVE NUMBERS.
R  INDICATES RECORD WAS SET OR TIED.
MM INDICATES DATA IS MISSING.
T  INDICATES TRACE AMOUNT.




$$
