000
CDUS45 KLKN 290933
CLIP68


CLIMATE REPORT
NATIONAL WEATHER SERVICE ELKO NV
228 AM PDT FRI AUG 29 2014


...................................

...THE EUREKA AIRPORT NV CLIMATE SUMMARY FOR AUGUST 28 2014...

CLIMATE NORMAL PERIOD 1981 TO 2010
CLIMATE RECORD PERIOD 1963 TO 2014


WEATHER ITEM   OBSERVED TIME   RECORD YEAR NORMAL DEPARTURE LAST
                VALUE   (LST)  VALUE       VALUE  FROM      YEAR
                                                  NORMAL
..................................................................
TEMPERATURE (F)
 YESTERDAY
  MAXIMUM         87    149 PM  94    2009  84      3       85
                                      2001
  MINIMUM         48    526 AM  32    1963  45      3       57
  AVERAGE         68                        64      4       71

PRECIPITATION (IN)
  YESTERDAY        0.00          0.83 1982   0.02  -0.02     0.00
  MONTH TO DATE    1.84                      0.52   1.32     0.14
  SINCE OCT 1      9.21                      8.36   0.85     6.39
  SINCE JAN 1      6.81                      6.23   0.58     4.95

DEGREE DAYS
 HEATING
  YESTERDAY        0                         2     -2        0
  MONTH TO DATE   22                        26     -4        0
  SINCE JUN 1    125                       199    -74       81
  SINCE JUL 1     22                        39    -17        1

 COOLING
  YESTERDAY        3                         2      1        6
  MONTH TO DATE   84                        97    -13      152
  SINCE JUN 1    385                       269    116      518
  SINCE JAN 1    387                       272    115      519
..................................................................


WIND (MPH)
  HIGHEST WIND SPEED    15   HIGHEST WIND DIRECTION     N (360)
  HIGHEST GUST SPEED    17   HIGHEST GUST DIRECTION     N (360)
  AVERAGE WIND SPEED     6.6




RELATIVE HUMIDITY (PERCENT)
 HIGHEST    50           500 AM
 LOWEST     10           100 PM
 AVERAGE    30

..........................................................


THE EUREKA AIRPORT NV CLIMATE NORMALS FOR TODAY
                         NORMAL    RECORD    YEAR
 MAXIMUM TEMPERATURE (F)   84        95      1998
 MINIMUM TEMPERATURE (F)   44        31      1969


SUNRISE AND SUNSET
AUGUST 29 2014........SUNRISE   609 AM PDT   SUNSET   719 PM PDT
AUGUST 30 2014........SUNRISE   610 AM PDT   SUNSET   718 PM PDT


-  INDICATES NEGATIVE NUMBERS.
R  INDICATES RECORD WAS SET OR TIED.
MM INDICATES DATA IS MISSING.
T  INDICATES TRACE AMOUNT.




$$
