000
CDUS45 KLKN 260028
CLIP68


CLIMATE REPORT
NATIONAL WEATHER SERVICE ELKO NV
528 PM PDT TUE APR 25 2017


...................................

...THE EUREKA AIRPORT NV CLIMATE SUMMARY FOR APRIL 25 2017...
VALID TODAY AS OF 0500 PM LOCAL TIME.

CLIMATE NORMAL PERIOD 1981 TO 2010
CLIMATE RECORD PERIOD 1963 TO 2017


WEATHER ITEM   OBSERVED TIME   RECORD YEAR NORMAL DEPARTURE LAST
                VALUE   (LST)  VALUE       VALUE  FROM      YEAR
                                                  NORMAL
..................................................................
TEMPERATURE (F)
 TODAY
  MAXIMUM         51    359 PM  77    1987  62    -11       39
  MINIMUM         33    730 AM  15    1964  30      3       33
  AVERAGE         42                        46     -4       36

PRECIPITATION (IN)
  TODAY            0.04          0.89 2014   0.04   0.00     0.20
  MONTH TO DATE    1.87                      0.80   1.07     1.29
  SINCE OCT 1      8.33                      5.46   2.87     8.86
  SINCE JAN 1      6.24                      3.33   2.91     4.59

DEGREE DAYS
 HEATING
  TODAY           23                        19      4       29
  MONTH TO DATE  532                       557    -25      439
  SINCE MAR 1   1217                      1428   -211     1188
  SINCE JUL 1   6077                      6713   -636     6291

 COOLING
  TODAY            0                         0      0        0
  MONTH TO DATE    0                         0      0        0
  SINCE MAR 1      0                         0      0        0
  SINCE JAN 1      0                         0      0        0
..................................................................


WIND (MPH)
  HIGHEST WIND SPEED    23   HIGHEST WIND DIRECTION    NW (310)
  HIGHEST GUST SPEED    27   HIGHEST GUST DIRECTION    NW (320)




RELATIVE HUMIDITY (PERCENT)
 HIGHEST    89           300 AM
 LOWEST     32           200 PM
 AVERAGE    61

..........................................................


THE EUREKA AIRPORT NV CLIMATE NORMALS FOR TOMORROW
                         NORMAL    RECORD    YEAR
 MAXIMUM TEMPERATURE (F)   62        79      2000
 MINIMUM TEMPERATURE (F)   30        11      1985


SUNRISE AND SUNSET
APRIL 25 2017.........SUNRISE   552 AM PDT   SUNSET   732 PM PDT
APRIL 26 2017.........SUNRISE   551 AM PDT   SUNSET   733 PM PDT


-  INDICATES NEGATIVE NUMBERS.
R  INDICATES RECORD WAS SET OR TIED.
MM INDICATES DATA IS MISSING.
T  INDICATES TRACE AMOUNT.




$$
