000
CDUS45 KLKN 020930
CLIP68


CLIMATE REPORT
NATIONAL WEATHER SERVICE ELKO NV
230 AM PDT THU JUL 2 2015


...................................

...THE EUREKA AIRPORT NV CLIMATE SUMMARY FOR JULY 1 2015...

CLIMATE NORMAL PERIOD 1981 TO 2010
CLIMATE RECORD PERIOD 1963 TO 2015


WEATHER ITEM   OBSERVED TIME   RECORD YEAR NORMAL DEPARTURE LAST
                VALUE   (LST)  VALUE       VALUE  FROM      YEAR
                                                  NORMAL
..................................................................
TEMPERATURE (F)
 YESTERDAY
  MAXIMUM         97    111 PM 101    2013  86     11       97
  MINIMUM         57    328 AM  29    1997  46     11       45
  AVERAGE         77                        66     11       71

PRECIPITATION (IN)
  YESTERDAY        0.07          0.57 1995   0.01   0.06     0.00
  MONTH TO DATE    0.07                      0.01   0.06     0.00
  SINCE OCT 1      5.21                      7.22  -2.01     7.07
  SINCE JAN 1      4.09                      5.09  -1.00     4.67

DEGREE DAYS
 HEATING
  YESTERDAY        0                         1     -1        0
  MONTH TO DATE    0                         1     -1        0
  SINCE JUN 1     39                       161   -122      103
  SINCE JUL 1      0                         1     -1        0

 COOLING
  YESTERDAY       12                         2     10        6
  MONTH TO DATE   12                         2     10        6
  SINCE JUN 1    169                        31    138       47
  SINCE JAN 1    177                        34    143       49
..................................................................


WIND (MPH)
  HIGHEST WIND SPEED    29   HIGHEST WIND DIRECTION     W (270)
  HIGHEST GUST SPEED    39   HIGHEST GUST DIRECTION     W (270)
  AVERAGE WIND SPEED     8.2




RELATIVE HUMIDITY (PERCENT)
 HIGHEST    64           300 AM
 LOWEST     13           100 PM
 AVERAGE    39

..........................................................


THE EUREKA AIRPORT NV CLIMATE NORMALS FOR TODAY
                         NORMAL    RECORD    YEAR
 MAXIMUM TEMPERATURE (F)   86       102      2013
 MINIMUM TEMPERATURE (F)   47        34      1992


SUNRISE AND SUNSET
JULY  2 2015..........SUNRISE   521 AM PDT   SUNSET   815 PM PDT
JULY  3 2015..........SUNRISE   521 AM PDT   SUNSET   815 PM PDT


-  INDICATES NEGATIVE NUMBERS.
R  INDICATES RECORD WAS SET OR TIED.
MM INDICATES DATA IS MISSING.
T  INDICATES TRACE AMOUNT.




$$
