174
CDUS43 KPAH 300636
CLIPAH


CLIMATE REPORT
NATIONAL WEATHER SERVICE PADUCAH KY
132 AM CDT SUN APR 30 2017


...................................

...THE PADUCAH KY CLIMATE SUMMARY FOR APRIL 29 2017...

CLIMATE NORMAL PERIOD 1981 TO 2010
CLIMATE RECORD PERIOD 1937 TO 2017


WEATHER ITEM   OBSERVED TIME   RECORD YEAR NORMAL DEPARTURE LAST
                VALUE   (LST)  VALUE       VALUE  FROM      YEAR
                                                  NORMAL
..................................................................
TEMPERATURE (F)
 YESTERDAY
  MAXIMUM         86    352 PM  89    1987  74     12       64
  MINIMUM         65   1159 PM  33    2008  51     14       54
  AVERAGE         76                        62     14       59

PRECIPITATION (IN)
  YESTERDAY        0.57          4.13 1984   0.17   0.40     0.16
  MONTH TO DATE    5.41                      4.59   0.82     2.50
  SINCE MAR 1      9.80                      8.52   1.28    11.71
  SINCE JAN 1     14.63                     16.11  -1.48    17.17

SNOWFALL (IN)
  YESTERDAY        0.0           0.0  2002   0.0    0.0      0.0
                                      2001
  MONTH TO DATE    0.0                       0.0    0.0      0.0
  SINCE MAR 1      1.0                       0.6    0.4       T
  SINCE JUL 1      1.2                       9.1   -7.9     12.1
  SNOW DEPTH       0

DEGREE DAYS
 HEATING
  YESTERDAY        0                         5     -5        6
  MONTH TO DATE  104                       240   -136      180
  SINCE MAR 1    540                       763   -223      539
  SINCE JUL 1   3019                      4059  -1040     3201

 COOLING
  YESTERDAY       11                         2      9        0
  MONTH TO DATE   74                        36     38       31
  SINCE MAR 1     75                        43     32       33
  SINCE JAN 1     75                        43     32       33
..................................................................


WIND (MPH)
  HIGHEST WIND SPEED    25   HIGHEST WIND DIRECTION    SW (230)
  HIGHEST GUST SPEED    35   HIGHEST GUST DIRECTION    SW (220)
  AVERAGE WIND SPEED    11.0


SKY COVER
  POSSIBLE SUNSHINE  MM
  AVERAGE SKY COVER 0.7


WEATHER CONDITIONS
 THE FOLLOWING WEATHER WAS RECORDED YESTERDAY.
  THUNDERSTORM
  HEAVY RAIN
  LIGHT RAIN
  FOG
  HAZE


RELATIVE HUMIDITY (PERCENT)
 HIGHEST    79           900 AM
 LOWEST     51           300 PM
 AVERAGE    65

..........................................................


THE PADUCAH KY CLIMATE NORMALS FOR TODAY
                         NORMAL    RECORD    YEAR
 MAXIMUM TEMPERATURE (F)   74        88      2007
 MINIMUM TEMPERATURE (F)   51        35      1969


SUNRISE AND SUNSET
APRIL 30 2017.........SUNRISE   601 AM CDT   SUNSET   744 PM CDT
MAY  1 2017...........SUNRISE   600 AM CDT   SUNSET   744 PM CDT


-  INDICATES NEGATIVE NUMBERS.
R  INDICATES RECORD WAS SET OR TIED.
MM INDICATES DATA IS MISSING.
T  INDICATES TRACE AMOUNT.

&&
***** AGRICULTURAL DATA *****

SOIL TEMPERATURES AT A DEPTH OF FOUR INCHES

UNDER GRASS...  MAX: 64    MIN: 63


$$
