000
CDUS43 KPAH 290633
CLIPAH


CLIMATE REPORT
NATIONAL WEATHER SERVICE PADUCAH KY
132 AM CDT FRI MAY 29 2015


...................................

...THE PADUCAH KY CLIMATE SUMMARY FOR MAY 28 2015...

CLIMATE NORMAL PERIOD 1981 TO 2010
CLIMATE RECORD PERIOD 1937 TO 2015


WEATHER ITEM   OBSERVED TIME   RECORD YEAR NORMAL DEPARTURE LAST
                VALUE   (LST)  VALUE       VALUE  FROM      YEAR
                                                  NORMAL
..................................................................
TEMPERATURE (F)
 YESTERDAY
  MAXIMUM         85    159 PM  95    2012  81      4       83
  MINIMUM         63    513 AM  44    1994  60      3       68
  AVERAGE         74                        70      4       76

PRECIPITATION (IN)
  YESTERDAY        T             2.08 1997   0.15  -0.15     0.00
  MONTH TO DATE    2.98                      4.50  -1.52     2.88
  SINCE MAR 1     17.60                     13.19   4.41    15.00
  SINCE JAN 1     24.89                     20.78   4.11    20.18

SNOWFALL (IN)
  YESTERDAY        0.0           0.0  2002   0.0    0.0      0.0
                                      2001
  MONTH TO DATE    0.0                       0.0    0.0      0.0
  SINCE MAR 1     12.1                       0.6   11.5      5.6
  SINCE JUL 1     28.6                       9.1   19.5     18.5
  SNOW DEPTH       0

DEGREE DAYS
 HEATING
  YESTERDAY        0                         1     -1        0
  MONTH TO DATE   50                        62    -12       57
  SINCE MAR 1    806                       830    -24      886
  SINCE JUL 1   4475                      4126    349     4541

 COOLING
  YESTERDAY        9                         6      3       11
  MONTH TO DATE  149                       109     40      208
  SINCE MAR 1    191                       151     40      238
  SINCE JAN 1    191                       151     40      238
..................................................................


WIND (MPH)
  HIGHEST WIND SPEED    15   HIGHEST WIND DIRECTION    SE (150)
  HIGHEST GUST SPEED    20   HIGHEST GUST DIRECTION    SE (150)
  AVERAGE WIND SPEED     3.6


SKY COVER
  POSSIBLE SUNSHINE  MM
  AVERAGE SKY COVER 0.2


WEATHER CONDITIONS
 THE FOLLOWING WEATHER WAS RECORDED YESTERDAY.
  LIGHT RAIN
  FOG


RELATIVE HUMIDITY (PERCENT)
 HIGHEST    93           100 AM
 LOWEST     48           200 PM
 AVERAGE    71

..........................................................


THE PADUCAH KY CLIMATE NORMALS FOR TODAY
                         NORMAL    RECORD    YEAR
 MAXIMUM TEMPERATURE (F)   82        94      1942
 MINIMUM TEMPERATURE (F)   60        43      1964


SUNRISE AND SUNSET
MAY 29 2015...........SUNRISE   538 AM CDT   SUNSET   807 PM CDT
MAY 30 2015...........SUNRISE   538 AM CDT   SUNSET   808 PM CDT


-  INDICATES NEGATIVE NUMBERS.
R  INDICATES RECORD WAS SET OR TIED.
MM INDICATES DATA IS MISSING.
T  INDICATES TRACE AMOUNT.

&&
..........................................................

***** AGRICULTURAL DATA *****

SOIL TEMPERATURES AT A DEPTH OF FOUR INCHES

UNDER GRASS...  MAX: 71   MIN: 69


$$
