000
CDUS43 KPAH 100629
CLIPAH


CLIMATE REPORT
NATIONAL WEATHER SERVICE PADUCAH KY
1227 AM CST WED FEB 10 2016


...................................

...THE PADUCAH KY CLIMATE SUMMARY FOR FEBRUARY 9 2016...

CLIMATE NORMAL PERIOD 1981 TO 2010
CLIMATE RECORD PERIOD 1937 TO 2016


WEATHER ITEM   OBSERVED TIME   RECORD YEAR NORMAL DEPARTURE LAST
                VALUE   (LST)  VALUE       VALUE  FROM      YEAR
                                                  NORMAL
..................................................................
TEMPERATURE (F)
 YESTERDAY
  MAXIMUM         27    131 AM  72    2009  47    -20       51
                                      1965
  MINIMUM         16   1003 PM  -1    1979  28    -12       32
  AVERAGE         22                        38    -16       42

PRECIPITATION (IN)
  YESTERDAY        0.04          2.35 1965   0.14  -0.10     0.00
  MONTH TO DATE    0.40                      1.27  -0.87     0.89
  SINCE DEC 1     10.37                      9.54   0.83     6.34
  SINCE JAN 1      2.95                      4.95  -2.00     3.45

SNOWFALL (IN)
  YESTERDAY        0.7           2.8  2003   0.1    0.6      0.0
  MONTH TO DATE    0.7                       1.1   -0.4      0.1
  SINCE DEC 1      9.1                       6.3    2.8      0.8
  SINCE JUL 1      9.1                       6.4    2.7      3.6
  SNOW DEPTH       1

DEGREE DAYS
 HEATING
  YESTERDAY       43                        27     16       23
  MONTH TO DATE  216                       255    -39      241
  SINCE DEC 1   1645                      2051   -406     1937
  SINCE JUL 1   2189                      2828   -639     2874

 COOLING
  YESTERDAY        0                         0      0        0
  MONTH TO DATE    0                         0      0        0
  SINCE DEC 1      6                         0      6        0
  SINCE JAN 1      0                         0      0        0
..................................................................


WIND (MPH)
  HIGHEST WIND SPEED    18   HIGHEST WIND DIRECTION    NW (320)
  HIGHEST GUST SPEED    24   HIGHEST GUST DIRECTION    NW (310)
  AVERAGE WIND SPEED     7.9


SKY COVER
  POSSIBLE SUNSHINE  MM
  AVERAGE SKY COVER 1.0


WEATHER CONDITIONS
 THE FOLLOWING WEATHER WAS RECORDED YESTERDAY.
  LIGHT SNOW
  FOG


RELATIVE HUMIDITY (PERCENT)
 HIGHEST    88           500 AM
 LOWEST     62           400 PM
 AVERAGE    75

..........................................................


THE PADUCAH KY CLIMATE NORMALS FOR TODAY
                         NORMAL    RECORD    YEAR
 MAXIMUM TEMPERATURE (F)   47        73      1999
 MINIMUM TEMPERATURE (F)   28        -4      2011


SUNRISE AND SUNSET
FEBRUARY 10 2016......SUNRISE   650 AM CST   SUNSET   529 PM CST
FEBRUARY 11 2016......SUNRISE   649 AM CST   SUNSET   530 PM CST


-  INDICATES NEGATIVE NUMBERS.
R  INDICATES RECORD WAS SET OR TIED.
MM INDICATES DATA IS MISSING.
T  INDICATES TRACE AMOUNT.

&&
.........................................................

***** AGRICULTURAL DATA *****

SOIL TEMPERATURES AT A DEPTH OF FOUR INCHES

UNDER GRASS....  MAX: 42  MIN: 40

$$
