000
CDUS43 KPAH 230637
CLIPAH

CLIMATE REPORT
NATIONAL WEATHER SERVICE PADUCAH KY
130 AM CDT THU OCT 23 2014


...................................

...THE PADUCAH KY CLIMATE SUMMARY FOR OCTOBER 22 2014...

CLIMATE NORMAL PERIOD 1981 TO 2010
CLIMATE RECORD PERIOD 1937 TO 2014


WEATHER ITEM   OBSERVED TIME   RECORD YEAR NORMAL DEPARTURE LAST
                VALUE   (LST)  VALUE       VALUE  FROM      YEAR
                                                  NORMAL
..................................................................
TEMPERATURE (F)
 YESTERDAY
  MAXIMUM         65        MM  88    1953  69     -4       62
  MINIMUM         39        MM  23    1952  45     -6       35
  AVERAGE         52                        57     -5       49

PRECIPITATION (IN)
  YESTERDAY        0.00          1.45 1950   0.12  -0.12     0.01
  MONTH TO DATE    3.14                      2.86   0.28     4.92
  SINCE SEP 1      4.11                      6.61  -2.50     8.02
  SINCE JAN 1     40.88                     39.09   1.79    48.79

SNOWFALL (IN)
  YESTERDAY        0.0           0.0  2002   0.0    0.0      0.0
                                      2001
  MONTH TO DATE    0.0                       0.0    0.0      0.0
  SINCE SEP 1      0.0                       0.0    0.0      0.0
  SINCE JUL 1      0.0                       0.0    0.0      0.0
  SNOW DEPTH       0

DEGREE DAYS
 HEATING
  YESTERDAY       13                         9      4       16
  MONTH TO DATE  125                       138    -13       95
  SINCE SEP 1    146                       176    -30      100
  SINCE JUL 1    146                       177    -31      100

 COOLING
  YESTERDAY        0                         1     -1        0
  MONTH TO DATE   37                        33      4       63
  SINCE SEP 1    239                       220     19      297
  SINCE JAN 1   1710                      1533    177     1471
..................................................................


WIND (MPH)
  HIGHEST WIND SPEED    14   HIGHEST WIND DIRECTION     E (80)
  HIGHEST GUST SPEED    17   HIGHEST GUST DIRECTION    NE (30)
  AVERAGE WIND SPEED     4.7


SKY COVER
  POSSIBLE SUNSHINE  MM
  AVERAGE SKY COVER 0.0


WEATHER CONDITIONS
 THE FOLLOWING WEATHER WAS RECORDED YESTERDAY.
  FOG


RELATIVE HUMIDITY (PERCENT)
 HIGHEST   100           100 AM
 LOWEST     44           200 PM
 AVERAGE    72

..........................................................


THE PADUCAH KY CLIMATE NORMALS FOR TODAY
                         NORMAL    RECORD    YEAR
 MAXIMUM TEMPERATURE (F)   69        84      2000
                                             1940
 MINIMUM TEMPERATURE (F)   45        27      1969


SUNRISE AND SUNSET
OCTOBER 23 2014.......SUNRISE   710 AM CDT   SUNSET   608 PM CDT
OCTOBER 24 2014.......SUNRISE   711 AM CDT   SUNSET   607 PM CDT


-  INDICATES NEGATIVE NUMBERS.
R  INDICATES RECORD WAS SET OR TIED.
MM INDICATES DATA IS MISSING.
T  INDICATES TRACE AMOUNT.

&&
..........................................................
***** AGRICULTURAL DATA *****

SOIL TEMPERATURES AT A DEPTH OF FOUR INCHES

UNDER BARE GROUND...  MAX: MM  MIN: MM
UNDER GRASS.........  MAX: 61  MIN: 61

$$
