000
CDUS44 KLZK 250641
CLIPBF


CLIMATE REPORT
NATIONAL WEATHER SERVICE LITTLE ROCK AR
140 AM CDT WED MAY 25 2016


...................................

...THE PINE BLUFF CLIMATE SUMMARY FOR MAY 24 2016...

CLIMATE NORMAL PERIOD 1981 TO 2010
CLIMATE RECORD PERIOD 1883 TO 2016


WEATHER ITEM   OBSERVED TIME   RECORD YEAR NORMAL DEPARTURE LAST
                VALUE   (LST)  VALUE       VALUE  FROM      YEAR
                                                  NORMAL
..................................................................
TEMPERATURE (F)
 YESTERDAY
  MAXIMUM         88    252 PM  98    1918  84      4       85
  MINIMUM         63    526 AM  47    1913  64     -1       69
  AVERAGE         76                        74      2       77

PRECIPITATION (IN)
  YESTERDAY        0.00          2.43 1944   0.17  -0.17     0.15
  MONTH TO DATE    1.69                      3.96  -2.27     3.24
  SINCE MAR 1     22.20                     14.29   7.91    18.95
  SINCE JAN 1     28.25                     22.11   6.14    25.88

SNOWFALL (IN)
  YESTERDAY        0.0          MM      MM   0.0    0.0      0.0
  MONTH TO DATE    0.0                       0.0    0.0      0.0
  SINCE MAR 1      0.0                       0.0    0.0      2.0
  SINCE JUL 1      3.6                       3.1    0.5      9.2
  SNOW DEPTH       0

DEGREE DAYS
 HEATING
  YESTERDAY        0                         0      0        0
  MONTH TO DATE   28                        15     13       13
  SINCE MAR 1    327                       491   -164      515
  SINCE JUL 1   2234                      2879   -645     3249

 COOLING
  YESTERDAY       11                         9      2       12
  MONTH TO DATE   87                       151    -64      175
  SINCE MAR 1    170                       235    -65      260
  SINCE JAN 1    174                       238    -64      260
..................................................................


WIND (MPH)
  HIGHEST WIND SPEED    25   HIGHEST WIND DIRECTION    NE (40)
  HIGHEST GUST SPEED    33   HIGHEST GUST DIRECTION    NE (40)
  AVERAGE WIND SPEED     8.4


SKY COVER
  POSSIBLE SUNSHINE  MM
  AVERAGE SKY COVER 0.4


WEATHER CONDITIONS
 THE FOLLOWING WEATHER WAS RECORDED YESTERDAY.
  NO SIGNIFICANT WEATHER WAS OBSERVED.


RELATIVE HUMIDITY (PERCENT)
 HIGHEST    93           100 AM
 LOWEST     46           400 PM
 AVERAGE    70

..........................................................


THE PINE BLUFF CLIMATE NORMALS FOR TODAY
                         NORMAL    RECORD    YEAR
 MAXIMUM TEMPERATURE (F)   84        98      1902
                                             2006
 MINIMUM TEMPERATURE (F)   64        49      1979
                                             1925


SUNRISE AND SUNSET
MAY 25 2016...........SUNRISE   600 AM CDT   SUNSET   810 PM CDT
MAY 26 2016...........SUNRISE   559 AM CDT   SUNSET   811 PM CDT


-  INDICATES NEGATIVE NUMBERS.
R  INDICATES RECORD WAS SET OR TIED.
MM INDICATES DATA IS MISSING.
T  INDICATES TRACE AMOUNT.




$$
