000
CDUS44 KLZK 010855
CLIPBF


CLIMATE REPORT
NATIONAL WEATHER SERVICE LITTLE ROCK AR
354 AM CDT FRI AUG 1 2014


...................................

...THE PINE BLUFF CLIMATE SUMMARY FOR JULY 31 2014...

CLIMATE NORMAL PERIOD 1981 TO 2010
CLIMATE RECORD PERIOD 1883 TO 2014


WEATHER ITEM   OBSERVED TIME   RECORD YEAR NORMAL DEPARTURE LAST
                VALUE   (LST)  VALUE       VALUE  FROM      YEAR
                                                  NORMAL
..................................................................
TEMPERATURE (F)
 YESTERDAY
  MAXIMUM         76    150 PM 106    1986  93    -17       90
                                      1896
  MINIMUM         66    534 AM  59    1965  72     -6       74
  AVERAGE         71                        82    -11       82

PRECIPITATION (IN)
  YESTERDAY        0.26          4.65 1902   0.11   0.15     0.29
  MONTH TO DATE    2.03                      3.93  -1.90     1.25
  SINCE JUN 1      5.38                      7.51  -2.13     3.23
  SINCE JAN 1     27.65                     30.71  -3.06    30.67

SNOWFALL (IN)
  YESTERDAY        0.0          MM      MM   0.0    0.0      0.0
  MONTH TO DATE    0.0                       0.0    0.0      0.0
  SINCE JUN 1      0.0                       0.0    0.0      0.0
  SINCE JUL 1      0.0                       0.0    0.0      0.0
  SNOW DEPTH       0

DEGREE DAYS
 HEATING
  YESTERDAY        0                         0      0        0
  MONTH TO DATE    1                         0      1        0
  SINCE JUN 1      1                         0      1        0
  SINCE JUL 1      1                         0      1        0

 COOLING
  YESTERDAY        6                        17    -11       17
  MONTH TO DATE  361                       528   -167      469
  SINCE JUN 1    779                       950   -171      890
  SINCE JAN 1   1042                      1257   -215     1157
..................................................................


WIND (MPH)
  HIGHEST WIND SPEED     8   HIGHEST WIND DIRECTION    NE (40)
  HIGHEST GUST SPEED    11   HIGHEST GUST DIRECTION    NE (30)
  AVERAGE WIND SPEED     4.2


SKY COVER
  POSSIBLE SUNSHINE  MM
  AVERAGE SKY COVER 1.0


WEATHER CONDITIONS
 THE FOLLOWING WEATHER WAS RECORDED YESTERDAY.
  LIGHT RAIN
  FOG


RELATIVE HUMIDITY (PERCENT)
 HIGHEST    93           200 AM
 LOWEST     69           200 PM
 AVERAGE    81

..........................................................


THE PINE BLUFF CLIMATE NORMALS FOR TODAY
                         NORMAL    RECORD    YEAR
 MAXIMUM TEMPERATURE (F)   93       108      1896
 MINIMUM TEMPERATURE (F)   72        60      1971


SUNRISE AND SUNSET
AUGUST  1 2014........SUNRISE   619 AM CDT   SUNSET   809 PM CDT
AUGUST  2 2014........SUNRISE   620 AM CDT   SUNSET   808 PM CDT


-  INDICATES NEGATIVE NUMBERS.
R  INDICATES RECORD WAS SET OR TIED.
MM INDICATES DATA IS MISSING.
T  INDICATES TRACE AMOUNT.




$$
