000
CDUS44 KLZK 300710
CLIPBF


CLIMATE REPORT
NATIONAL WEATHER SERVICE LITTLE ROCK AR
209 AM CDT SAT APR 30 2016


...................................

...THE PINE BLUFF CLIMATE SUMMARY FOR APRIL 29 2016...

CLIMATE NORMAL PERIOD 1981 TO 2010
CLIMATE RECORD PERIOD 1883 TO 2016


WEATHER ITEM   OBSERVED TIME   RECORD YEAR NORMAL DEPARTURE LAST
                VALUE   (LST)  VALUE       VALUE  FROM      YEAR
                                                  NORMAL
..................................................................
TEMPERATURE (F)
 YESTERDAY
  MAXIMUM         69    415 PM  92    1990  78     -9       75
                                      1915
  MINIMUM         62    240 AM  41    1904  56      6       48
  AVERAGE         66                        67     -1       62

PRECIPITATION (IN)
  YESTERDAY        0.96          1.83 1953   0.15   0.81     0.00
  MONTH TO DATE    3.24                      4.77  -1.53     7.67
  SINCE MAR 1     18.92                     10.17   8.75    15.71
  SINCE JAN 1     24.97                     17.99   6.98    22.64

SNOWFALL (IN)
  YESTERDAY        0.0          MM      MM   0.0    0.0      0.0
  MONTH TO DATE    0.0                       0.0    0.0      0.0
  SINCE MAR 1      0.0                       0.0    0.0      2.0
  SINCE JUL 1      3.6                       3.1    0.5      9.2
  SNOW DEPTH       0

DEGREE DAYS
 HEATING
  YESTERDAY        0                         2     -2        3
  MONTH TO DATE   73                       127    -54       87
  SINCE MAR 1    299                       474   -175      502
  SINCE JUL 1   2206                      2862   -656     3236

 COOLING
  YESTERDAY        1                         4     -3        0
  MONTH TO DATE   54                        62     -8       75
  SINCE MAR 1     75                        79     -4       85
  SINCE JAN 1     79                        82     -3       85
..................................................................


WIND (MPH)
  HIGHEST WIND SPEED    21   HIGHEST WIND DIRECTION    SE (140)
  HIGHEST GUST SPEED    26   HIGHEST GUST DIRECTION    SE (130)
  AVERAGE WIND SPEED     8.1


SKY COVER
  POSSIBLE SUNSHINE  MM
  AVERAGE SKY COVER 0.6


WEATHER CONDITIONS
 THE FOLLOWING WEATHER WAS RECORDED YESTERDAY.
  THUNDERSTORM
  HEAVY RAIN
  RAIN
  LIGHT RAIN
  FOG


RELATIVE HUMIDITY (PERCENT)
 HIGHEST    93          1000 AM
 LOWEST     68          1200 AM
 AVERAGE    81

..........................................................


THE PINE BLUFF CLIMATE NORMALS FOR TODAY
                         NORMAL    RECORD    YEAR
 MAXIMUM TEMPERATURE (F)   78        94      1943
 MINIMUM TEMPERATURE (F)   56        35      1908


SUNRISE AND SUNSET
APRIL 30 2016.........SUNRISE   619 AM CDT   SUNSET   751 PM CDT
MAY  1 2016...........SUNRISE   618 AM CDT   SUNSET   752 PM CDT


-  INDICATES NEGATIVE NUMBERS.
R  INDICATES RECORD WAS SET OR TIED.
MM INDICATES DATA IS MISSING.
T  INDICATES TRACE AMOUNT.




$$
