000
CDUS44 KLZK 252100
CLIPBF


CLIMATE REPORT
NATIONAL WEATHER SERVICE LITTLE ROCK AR
400 PM CDT THU MAY 25 2017


...................................

...THE PINE BLUFF CLIMATE SUMMARY FOR MAY 25 2017...
VALID TODAY AS OF 0400 PM LOCAL TIME.

CLIMATE NORMAL PERIOD 1981 TO 2010
CLIMATE RECORD PERIOD 1883 TO 2017


WEATHER ITEM   OBSERVED TIME   RECORD YEAR NORMAL DEPARTURE LAST
                VALUE   (LST)  VALUE       VALUE  FROM      YEAR
                                                  NORMAL
..................................................................
TEMPERATURE (F)
 TODAY
  MAXIMUM         79    255 PM  98    1902  84     -5       85
  MINIMUM         50    507 AM  49    1979  64    -14       67
                                      1925
  AVERAGE         65                        74     -9       76

PRECIPITATION (IN)
  TODAY            0.00          1.88 1982   0.15  -0.15      T
  MONTH TO DATE    6.42                      4.11   2.31     1.69
  SINCE MAR 1     16.86                     14.44   2.42    22.20
  SINCE JAN 1     23.16                     22.26   0.90    28.25

SNOWFALL (IN)
  TODAY            0.0          MM      MM   0.0    0.0      0.0
  MONTH TO DATE    0.0                       0.0    0.0      0.0
  SINCE MAR 1      0.0                       0.0    0.0      0.0
  SINCE JUL 1      1.5                       3.1   -1.6      3.6
  SNOW DEPTH       0

DEGREE DAYS
 HEATING
  TODAY            0                         0      0        0
  MONTH TO DATE   24                        15      9       28
  SINCE MAR 1    323                       491   -168      327
  SINCE JUL 1   2034                      2879   -845     2234

 COOLING
  TODAY            0                         9     -9       11
  MONTH TO DATE  115                       160    -45       98
  SINCE MAR 1    253                       244      9      181
  SINCE JAN 1    274                       247     27      185
..................................................................


WIND (MPH)
  HIGHEST WIND SPEED    16   HIGHEST WIND DIRECTION     S (180)
  HIGHEST GUST SPEED    20   HIGHEST GUST DIRECTION     S (190)
  AVERAGE WIND SPEED     4.5


SKY COVER
  POSSIBLE SUNSHINE  MM
  AVERAGE SKY COVER 0.0


WEATHER CONDITIONS
 THE FOLLOWING WEATHER WAS RECORDED TODAY.
  NO SIGNIFICANT WEATHER WAS OBSERVED.


RELATIVE HUMIDITY (PERCENT)
 HIGHEST    96           400 AM
 LOWEST     43           200 PM
 AVERAGE    70

..........................................................


THE PINE BLUFF CLIMATE NORMALS FOR TOMORROW
                         NORMAL    RECORD    YEAR
 MAXIMUM TEMPERATURE (F)   84        96      1918
                                             1896
 MINIMUM TEMPERATURE (F)   64        48      1925


SUNRISE AND SUNSET
MAY 25 2017...........SUNRISE   600 AM CDT   SUNSET   810 PM CDT
MAY 26 2017...........SUNRISE   559 AM CDT   SUNSET   811 PM CDT


-  INDICATES NEGATIVE NUMBERS.
R  INDICATES RECORD WAS SET OR TIED.
MM INDICATES DATA IS MISSING.
T  INDICATES TRACE AMOUNT.




$$
