000
CDUS42 KMFL 120821
CLIPBI


CLIMATE REPORT
NATIONAL WEATHER SERVICE MIAMI, FL
421 AM EDT SAT JUL 12 2014


...................................

...THE WEST PALM BEACH CLIMATE SUMMARY FOR JULY 11 2014...

CLIMATE NORMAL PERIOD 1981 TO 2010
CLIMATE RECORD PERIOD 1894 TO 2014


WEATHER ITEM   OBSERVED TIME   RECORD YEAR NORMAL DEPARTURE LAST
                VALUE   (LST)  VALUE       VALUE  FROM      YEAR
                                                  NORMAL
..................................................................
TEMPERATURE (F)
 YESTERDAY
  MAXIMUM         89    327 PM  96    1981  90     -1       90
  MINIMUM         74    311 AM  69    1972  75     -1       78
                                      1929
                                      1917
  AVERAGE         82                        82      0       84

PRECIPITATION (IN)
  YESTERDAY        T             3.27 1941   0.19  -0.19      T
  MONTH TO DATE    4.25                      2.29   1.96     1.36
  SINCE JUN 1     12.23                     10.59   1.64    14.09
  SINCE JAN 1     29.95                     29.30   0.65    39.04

SNOWFALL (IN)
  YESTERDAY        0.0
  MONTH TO DATE    0.0
  SINCE JUN 1      0.0
  SINCE JUL 1      0.0
  SNOW DEPTH       0

DEGREE DAYS
 HEATING
  YESTERDAY        0                         0      0
  MONTH TO DATE    0                         0      0
  SINCE JUN 1      0                         0      0
  SINCE JUL 1      0                         0      0

 COOLING
  YESTERDAY       17                        17      0
  MONTH TO DATE  191                       187      4
  SINCE JUN 1    679                       677      2
  SINCE JAN 1   2031                      1786    245
..................................................................


WIND (MPH)
  HIGHEST WIND SPEED    15   HIGHEST WIND DIRECTION    SE (120)
  HIGHEST GUST SPEED    22   HIGHEST GUST DIRECTION     E (100)
  AVERAGE WIND SPEED     8.7


SKY COVER
  AVERAGE SKY COVER 0.5


WEATHER CONDITIONS
 THE FOLLOWING WEATHER WAS RECORDED YESTERDAY.
  THUNDERSTORM


RELATIVE HUMIDITY (PERCENT)
 HIGHEST    94
 LOWEST     63
 AVERAGE    79

..........................................................


THE WEST PALM BEACH CLIMATE NORMALS FOR TODAY
                         NORMAL    RECORD    YEAR
 MAXIMUM TEMPERATURE (F)   90        97      1980
 MINIMUM TEMPERATURE (F)   75        69      1936
                                             1934


SUNRISE AND SUNSET
JULY 12 2014..........SUNRISE   635 AM EDT   SUNSET   817 PM EDT
JULY 13 2014..........SUNRISE   636 AM EDT   SUNSET   817 PM EDT


-  INDICATES NEGATIVE NUMBERS.
R  INDICATES RECORD WAS SET OR TIED.
MM INDICATES DATA IS MISSING.
T  INDICATES TRACE AMOUNT.




$$
