000
CDUS42 KMFL 220838
CLIPBI


CLIMATE REPORT
NATIONAL WEATHER SERVICE MIAMI, FL
437 AM EDT MON SEP 22 2014


...................................

...THE WEST PALM BEACH CLIMATE SUMMARY FOR SEPTEMBER 21 2014...

CLIMATE NORMAL PERIOD 1981 TO 2010
CLIMATE RECORD PERIOD 1894 TO 2014


WEATHER ITEM   OBSERVED TIME   RECORD YEAR NORMAL DEPARTURE LAST
                VALUE   (LST)  VALUE       VALUE  FROM      YEAR
                                                  NORMAL
..................................................................
TEMPERATURE (F)
 YESTERDAY
  MAXIMUM         89    131 PM  94    1942  88      1       87
  MINIMUM         75   1159 PM  66    1910  75      0       72
  AVERAGE         82                        82      0       80

PRECIPITATION (IN)
  YESTERDAY        0.59          4.33 1941   0.28   0.31     0.00
  MONTH TO DATE    6.82                      5.99   0.83     6.93
  SINCE JUN 1     32.24                     28.00   4.24    29.60
  SINCE JAN 1     49.96                     46.71   3.25    54.55

SNOWFALL (IN)
  YESTERDAY        0.0
  MONTH TO DATE    0.0
  SINCE SEP 1      0.0
  SINCE JUL 1      0.0
  SNOW DEPTH       0

DEGREE DAYS
 HEATING
  YESTERDAY        0                         0      0
  MONTH TO DATE    0                         0      0
  SINCE SEP 1      0                         0      0
  SINCE JUL 1      0                         0      0

 COOLING
  YESTERDAY       17                        17      0
  MONTH TO DATE  361                       357      4
  SINCE SEP 1    361                       357      4
  SINCE JAN 1   3369                      3063    306
..................................................................


WIND (MPH)
  HIGHEST WIND SPEED    28   HIGHEST WIND DIRECTION    NW (320)
  HIGHEST GUST SPEED    35   HIGHEST GUST DIRECTION    NW (320)
  AVERAGE WIND SPEED     4.8


SKY COVER
  AVERAGE SKY COVER 0.8


WEATHER CONDITIONS
 THE FOLLOWING WEATHER WAS RECORDED YESTERDAY.
  THUNDERSTORM
  HEAVY RAIN
  LIGHT RAIN
  FOG


RELATIVE HUMIDITY (PERCENT)
 HIGHEST   100
 LOWEST     59
 AVERAGE    80

..........................................................


THE WEST PALM BEACH CLIMATE NORMALS FOR TODAY
                         NORMAL    RECORD    YEAR
 MAXIMUM TEMPERATURE (F)   88        94      1942
 MINIMUM TEMPERATURE (F)   75        61      1897


SUNRISE AND SUNSET
SEPTEMBER 22 2014.....SUNRISE   709 AM EDT   SUNSET   717 PM EDT
SEPTEMBER 23 2014.....SUNRISE   709 AM EDT   SUNSET   716 PM EDT


-  INDICATES NEGATIVE NUMBERS.
R  INDICATES RECORD WAS SET OR TIED.
MM INDICATES DATA IS MISSING.
T  INDICATES TRACE AMOUNT.




$$
