000
CDUS42 KMFL 300832
CLIPBI


CLIMATE REPORT
NATIONAL WEATHER SERVICE MIAMI, FL
431 AM EDT SUN AUG 30 2015


...................................

...THE WEST PALM BEACH CLIMATE SUMMARY FOR AUGUST 29 2015...

CLIMATE NORMAL PERIOD 1981 TO 2010
CLIMATE RECORD PERIOD 1888 TO 2015


WEATHER ITEM   OBSERVED TIME   RECORD YEAR NORMAL DEPARTURE LAST
                VALUE   (LST)  VALUE       VALUE  FROM      YEAR
                                                  NORMAL
..................................................................
TEMPERATURE (F)
 YESTERDAY
  MAXIMUM         90   1239 PM  96    1932  90      0       91
  MINIMUM         78   1016 PM  70    1927  76      2       77
                                      1909
                                      1904
  AVERAGE         84                        82      2       84

PRECIPITATION (IN)
  YESTERDAY        0.31          2.64 1946   0.27   0.04     0.07
  MONTH TO DATE    5.92                      7.40  -1.48     9.70
  SINCE JUN 1     15.98                     21.46  -5.48    25.41
  SINCE JAN 1     29.73                     40.17 -10.44    43.13

SNOWFALL (IN)
  YESTERDAY        0.0
  MONTH TO DATE    0.0
  SINCE JUN 1      0.0
  SINCE JUL 1      0.0
  SNOW DEPTH       0

DEGREE DAYS
 HEATING
  YESTERDAY        0                         0      0        0
  MONTH TO DATE    0                         0      0        0
  SINCE JUN 1      0                         0      0        0
  SINCE JUL 1      0                         0      0        0

 COOLING
  YESTERDAY       19                        18      1       19
  MONTH TO DATE  531                       522      9      561
  SINCE JUN 1   1646                      1561     85     1613
  SINCE JAN 1   3180                      2670    510     2965
..................................................................


WIND (MPH)
  HIGHEST WIND SPEED    31   HIGHEST WIND DIRECTION     E (110)
  HIGHEST GUST SPEED    36   HIGHEST GUST DIRECTION    SE (120)
  AVERAGE WIND SPEED    12.6


SKY COVER
  AVERAGE SKY COVER 0.8


WEATHER CONDITIONS
 THE FOLLOWING WEATHER WAS RECORDED YESTERDAY.
  THUNDERSTORM
  RAIN
  LIGHT RAIN
  FOG


RELATIVE HUMIDITY (PERCENT)
 HIGHEST    91
 LOWEST     68
 AVERAGE    80

..........................................................


THE WEST PALM BEACH CLIMATE NORMALS FOR TODAY
                         NORMAL    RECORD    YEAR
 MAXIMUM TEMPERATURE (F)   89        95      1999
                                             1951
                                             1947
 MINIMUM TEMPERATURE (F)   76        70      1969
                                             1925
                                             1920


SUNRISE AND SUNSET
AUGUST 30 2015........SUNRISE   659 AM EDT   SUNSET   743 PM EDT
AUGUST 31 2015........SUNRISE   700 AM EDT   SUNSET   742 PM EDT


-  INDICATES NEGATIVE NUMBERS.
R  INDICATES RECORD WAS SET OR TIED.
MM INDICATES DATA IS MISSING.
T  INDICATES TRACE AMOUNT.




$$
