000
CDUS42 KMFL 290834
CLIPBI


CLIMATE REPORT
NATIONAL WEATHER SERVICE MIAMI, FL
434 AM EDT THU SEP 29 2016


...................................

...THE WEST PALM BEACH CLIMATE SUMMARY FOR SEPTEMBER 28 2016...

CLIMATE NORMAL PERIOD 1981 TO 2010
CLIMATE RECORD PERIOD 1888 TO 2016


WEATHER ITEM   OBSERVED TIME   RECORD YEAR NORMAL DEPARTURE LAST
                VALUE   (LST)  VALUE       VALUE  FROM      YEAR
                                                  NORMAL
..................................................................
TEMPERATURE (F)
 YESTERDAY
  MAXIMUM         89   1203 PM  93    1958  87      2       89
  MINIMUM         72    428 AM  68    1947  75     -3       75
  AVERAGE         81                        81      0       82

PRECIPITATION (IN)
  YESTERDAY        0.43          2.45 1990   0.25   0.18     0.00
  MONTH TO DATE    7.27                      7.85  -0.58     8.21
  SINCE JUN 1     20.08                     29.86  -9.78    25.35
  SINCE JAN 1     41.47                     48.57  -7.10    39.10

SNOWFALL (IN)
  YESTERDAY        0.0
  MONTH TO DATE    0.0
  SINCE SEP 1      0.0
  SINCE JUL 1      0.0
  SNOW DEPTH       0

DEGREE DAYS
 HEATING
  YESTERDAY        0                         0      0        0
  MONTH TO DATE    0                         0      0        0
  SINCE SEP 1      0                         0      0        0
  SINCE JUL 1      0                         0      0        0

 COOLING
  YESTERDAY       16                        16      0       17
  MONTH TO DATE  521                       469     52      484
  SINCE SEP 1    521                       469     52      484
  SINCE JAN 1   3642                      3175    467     3698
..................................................................


WIND (MPH)
  HIGHEST WIND SPEED    33   HIGHEST WIND DIRECTION    SW (220)
  HIGHEST GUST SPEED    40   HIGHEST GUST DIRECTION    SW (220)
  AVERAGE WIND SPEED     5.4


SKY COVER
  AVERAGE SKY COVER 0.6


WEATHER CONDITIONS
 THE FOLLOWING WEATHER WAS RECORDED YESTERDAY.
  THUNDERSTORM
  HEAVY RAIN
  RAIN
  LIGHT RAIN
  FOG


RELATIVE HUMIDITY (PERCENT)
 HIGHEST    94
 LOWEST     59
 AVERAGE    77

..........................................................


THE WEST PALM BEACH CLIMATE NORMALS FOR TODAY
                         NORMAL    RECORD    YEAR
 MAXIMUM TEMPERATURE (F)   87        94      1980
                                             1907
                                             1900
 MINIMUM TEMPERATURE (F)   75        62      1919


SUNRISE AND SUNSET
SEPTEMBER 29 2016.....SUNRISE   712 AM EDT   SUNSET   708 PM EDT
SEPTEMBER 30 2016.....SUNRISE   713 AM EDT   SUNSET   707 PM EDT


-  INDICATES NEGATIVE NUMBERS.
R  INDICATES RECORD WAS SET OR TIED.
MM INDICATES DATA IS MISSING.
T  INDICATES TRACE AMOUNT.




$$
