000
CDUS42 KMFL 052024
CLIPBI


CLIMATE REPORT
NATIONAL WEATHER SERVICE MIAMI, FL
423 PM EDT SUN JUL 5 2015


...................................

...THE WEST PALM BEACH CLIMATE SUMMARY FOR JULY 5 2015...
VALID TODAY AS OF 0400 PM LOCAL TIME.

CLIMATE NORMAL PERIOD 1981 TO 2010
CLIMATE RECORD PERIOD 1888 TO 2015


WEATHER ITEM   OBSERVED TIME   RECORD YEAR NORMAL DEPARTURE LAST
                VALUE   (LST)  VALUE       VALUE  FROM      YEAR
                                                  NORMAL
..................................................................
TEMPERATURE (F)
 TODAY
  MAXIMUM         90    259 PM  96    1914  89      1       90
  MINIMUM         82    626 AM  67    1940  75      7       74
  AVERAGE         86                        82      4       82

PRECIPITATION (IN)
  TODAY            T             2.08 1918   0.21  -0.21     0.36
  MONTH TO DATE    0.50                      1.09  -0.59     1.93
  SINCE JUN 1      4.52                      9.39  -4.87     9.91
  SINCE JAN 1     18.27                     28.10  -9.83    27.63

SNOWFALL (IN)
  TODAY            0.0
  MONTH TO DATE    0.0
  SINCE JUN 1      0.0
  SINCE JUL 1      0.0
  SNOW DEPTH      MM

DEGREE DAYS
 HEATING
  TODAY            0                         0      0        0
  MONTH TO DATE    0                         0      0        0
  SINCE JUN 1      0                         0      0        0
  SINCE JUL 1      0                         0      0        0

 COOLING
  TODAY           21                        17      4       17
  MONTH TO DATE   92                        85      7       92
  SINCE JUN 1    627                       575     52      580
  SINCE JAN 1   2161                      1684    477     1932
..................................................................


WIND (MPH)
  HIGHEST WIND SPEED    18   HIGHEST WIND DIRECTION    SE (120)
  HIGHEST GUST SPEED    24   HIGHEST GUST DIRECTION    SE (130)
  AVERAGE WIND SPEED     9.1


SKY COVER
  AVERAGE SKY COVER 0.5


WEATHER CONDITIONS
 THE FOLLOWING WEATHER WAS RECORDED TODAY.
  NO SIGNIFICANT WEATHER WAS OBSERVED.


RELATIVE HUMIDITY (PERCENT)
 HIGHEST    79
 LOWEST     59
 AVERAGE    69

..........................................................


THE WEST PALM BEACH CLIMATE NORMALS FOR TOMORROW
                         NORMAL    RECORD    YEAR
 MAXIMUM TEMPERATURE (F)   89        95      1998
                                             1992
                                             1980
 MINIMUM TEMPERATURE (F)   75        67      1920


SUNRISE AND SUNSET
JULY  5 2015..........SUNRISE   632 AM EDT   SUNSET   818 PM EDT
JULY  6 2015..........SUNRISE   632 AM EDT   SUNSET   818 PM EDT


-  INDICATES NEGATIVE NUMBERS.
R  INDICATES RECORD WAS SET OR TIED.
MM INDICATES DATA IS MISSING.
T  INDICATES TRACE AMOUNT.




$$
