000
CDUS42 KMFL 232023
CLIPBI


CLIMATE REPORT
NATIONAL WEATHER SERVICE MIAMI, FL
421 PM EDT TUE AUG 23 2016


...................................

...THE WEST PALM BEACH CLIMATE SUMMARY FOR AUGUST 23 2016...
VALID TODAY AS OF 0400 PM LOCAL TIME.

CLIMATE NORMAL PERIOD 1981 TO 2010
CLIMATE RECORD PERIOD 1888 TO 2016


WEATHER ITEM   OBSERVED TIME   RECORD YEAR NORMAL DEPARTURE LAST
                VALUE   (LST)  VALUE       VALUE  FROM      YEAR
                                                  NORMAL
..................................................................
TEMPERATURE (F)
 TODAY
  MAXIMUM         93    225 PM  96    1924  90      3       92
  MINIMUM         79    604 AM  69    1920  76      3       77
  AVERAGE         86                        83      3       85

PRECIPITATION (IN)
  TODAY            0.00          8.01 1995   0.27  -0.27     0.00
  MONTH TO DATE    2.88                      5.74  -2.86     3.45
  SINCE JUN 1      8.99                     19.80 -10.81    13.51
  SINCE JAN 1     30.38                     38.51  -8.13    27.26

SNOWFALL (IN)
  TODAY            0.0
  MONTH TO DATE    0.0
  SINCE JUN 1      0.0
  SINCE JUL 1      0.0
  SNOW DEPTH       0

DEGREE DAYS
 HEATING
  TODAY            0                         0      0        0
  MONTH TO DATE    0                         0      0        0
  SINCE JUN 1      0                         0      0        0
  SINCE JUL 1      0                         0      0        0

 COOLING
  TODAY           21                        18      3       20
  MONTH TO DATE  475                       414     61      425
  SINCE JUN 1   1689                      1453    236     1540
  SINCE JAN 1   2970                      2562    408     3074
..................................................................


WIND (MPH)
  HIGHEST WIND SPEED    16   HIGHEST WIND DIRECTION    NE (50)
  HIGHEST GUST SPEED    20   HIGHEST GUST DIRECTION     N (20)
  AVERAGE WIND SPEED     6.6


SKY COVER
  AVERAGE SKY COVER 0.4


WEATHER CONDITIONS
 THE FOLLOWING WEATHER WAS RECORDED TODAY.
  NO SIGNIFICANT WEATHER WAS OBSERVED.


RELATIVE HUMIDITY (PERCENT)
 HIGHEST    91
 LOWEST     56
 AVERAGE    74

..........................................................


THE WEST PALM BEACH CLIMATE NORMALS FOR TOMORROW
                         NORMAL    RECORD    YEAR
 MAXIMUM TEMPERATURE (F)   90        98      1924
 MINIMUM TEMPERATURE (F)   76        65      1957


SUNRISE AND SUNSET
AUGUST 23 2016........SUNRISE   656 AM EDT   SUNSET   749 PM EDT
AUGUST 24 2016........SUNRISE   657 AM EDT   SUNSET   748 PM EDT


-  INDICATES NEGATIVE NUMBERS.
R  INDICATES RECORD WAS SET OR TIED.
MM INDICATES DATA IS MISSING.
T  INDICATES TRACE AMOUNT.




$$
