000
CDUS42 KMFL 250940
CLIPBI


CLIMATE REPORT
NATIONAL WEATHER SERVICE MIAMI, FL
440 AM EST SUN JAN 25 2015


...................................

...THE WEST PALM BEACH CLIMATE SUMMARY FOR JANUARY 24 2015...

CLIMATE NORMAL PERIOD 1981 TO 2010
CLIMATE RECORD PERIOD 1888 TO 2015


WEATHER ITEM   OBSERVED TIME   RECORD YEAR NORMAL DEPARTURE LAST
                VALUE   (LST)  VALUE       VALUE  FROM      YEAR
                                                  NORMAL
..................................................................
TEMPERATURE (F)
 YESTERDAY
  MAXIMUM         77   1101 AM  85    1965  75      2       69
  MINIMUM         55   1159 PM  33    2003  57     -2       53
  AVERAGE         66                        66      0       61

PRECIPITATION (IN)
  YESTERDAY        T             2.76 1893   0.09  -0.09     0.00
  MONTH TO DATE    1.00                      2.48  -1.48     6.72
  SINCE NOV 1      4.70                     10.61  -5.91    13.84
  SINCE JAN 1      1.00                      2.48  -1.48     6.72

SNOWFALL (IN)
  YESTERDAY        0.0
  MONTH TO DATE    0.0
  SINCE DEC 1      0.0
  SINCE JUL 1      0.0
  SNOW DEPTH       0

DEGREE DAYS
 HEATING
  YESTERDAY        0                         3     -3
  MONTH TO DATE    3                        72    -69
  SINCE DEC 1     28                       131   -103
  SINCE JUL 1     45                       143    -98

 COOLING
  YESTERDAY        1                         3     -2
  MONTH TO DATE  164                        79     85
  SINCE DEC 1    362                       234    128
  SINCE JAN 1    164                        79     85
..................................................................


WIND (MPH)
  HIGHEST WIND SPEED    31   HIGHEST WIND DIRECTION     W (280)
  HIGHEST GUST SPEED    40   HIGHEST GUST DIRECTION     W (270)
  AVERAGE WIND SPEED    14.0


SKY COVER
  AVERAGE SKY COVER 0.7


WEATHER CONDITIONS
 THE FOLLOWING WEATHER WAS RECORDED YESTERDAY.
  RAIN
  LIGHT RAIN
  FOG


RELATIVE HUMIDITY (PERCENT)
 HIGHEST    87
 LOWEST     58
 AVERAGE    73

..........................................................


THE WEST PALM BEACH CLIMATE NORMALS FOR TODAY
                         NORMAL    RECORD    YEAR
 MAXIMUM TEMPERATURE (F)   75        87      1928
                                             1917
 MINIMUM TEMPERATURE (F)   57        39      1980
                                             1940


SUNRISE AND SUNSET
JANUARY 25 2015.......SUNRISE   708 AM EST   SUNSET   557 PM EST
JANUARY 26 2015.......SUNRISE   708 AM EST   SUNSET   558 PM EST


-  INDICATES NEGATIVE NUMBERS.
R  INDICATES RECORD WAS SET OR TIED.
MM INDICATES DATA IS MISSING.
T  INDICATES TRACE AMOUNT.




$$
