000
CDUS42 KMFL 270921
CLIPBI


CLIMATE REPORT
NATIONAL WEATHER SERVICE MIAMI, FL
421 AM EST SAT DEC 27 2014


...................................

...THE WEST PALM BEACH CLIMATE SUMMARY FOR DECEMBER 26 2014...

CLIMATE NORMAL PERIOD 1981 TO 2010
CLIMATE RECORD PERIOD 1888 TO 2014


WEATHER ITEM   OBSERVED TIME   RECORD YEAR NORMAL DEPARTURE LAST
                VALUE   (LST)  VALUE       VALUE  FROM      YEAR
                                                  NORMAL
..................................................................
TEMPERATURE (F)
 YESTERDAY
  MAXIMUM         76    251 PM  87    1941  75      1       79
  MINIMUM         64    258 AM  30    1983  58      6       73
                                      1906
  AVERAGE         70                        67      3       76

PRECIPITATION (IN)
  YESTERDAY        0.19          3.40 1991   0.11   0.08     0.00
  MONTH TO DATE    1.38                      2.83  -1.45     4.21
  SINCE NOV 1      3.32                      7.58  -4.26     6.99
  SINCE JAN 1     60.91                     61.78  -0.87    64.85

SNOWFALL (IN)
  YESTERDAY        0.0
  MONTH TO DATE    0.0
  SINCE DEC 1      0.0
  SINCE JUL 1      0.0
  SNOW DEPTH       0

DEGREE DAYS
 HEATING
  YESTERDAY        0                         3     -3
  MONTH TO DATE   25                        43    -18
  SINCE DEC 1     25                        43    -18
  SINCE JUL 1     42                        55    -13

 COOLING
  YESTERDAY        5                         4      1
  MONTH TO DATE  146                       135     11
  SINCE DEC 1    146                       135     11
  SINCE JAN 1   4286                      4001    285
..................................................................


WIND (MPH)
  HIGHEST WIND SPEED    12   HIGHEST WIND DIRECTION     E (110)
  HIGHEST GUST SPEED    14   HIGHEST GUST DIRECTION    NE (50)
  AVERAGE WIND SPEED     6.7


SKY COVER
  AVERAGE SKY COVER 0.9


WEATHER CONDITIONS
 THE FOLLOWING WEATHER WAS RECORDED YESTERDAY.
  LIGHT RAIN
  FOG


RELATIVE HUMIDITY (PERCENT)
 HIGHEST    93
 LOWEST     73
 AVERAGE    83

..........................................................


THE WEST PALM BEACH CLIMATE NORMALS FOR TODAY
                         NORMAL    RECORD    YEAR
 MAXIMUM TEMPERATURE (F)   75        87      1911
 MINIMUM TEMPERATURE (F)   58        31      1909


SUNRISE AND SUNSET
DECEMBER 27 2014......SUNRISE   707 AM EST   SUNSET   536 PM EST
DECEMBER 28 2014......SUNRISE   708 AM EST   SUNSET   536 PM EST


-  INDICATES NEGATIVE NUMBERS.
R  INDICATES RECORD WAS SET OR TIED.
MM INDICATES DATA IS MISSING.
T  INDICATES TRACE AMOUNT.




$$
