000
CDUS42 KMFL 012040
CLIPBI


CLIMATE REPORT
NATIONAL WEATHER SERVICE MIAMI, FL
437 PM EDT WED OCT 1 2014


...................................

...THE WEST PALM BEACH CLIMATE SUMMARY FOR OCTOBER 1 2014...
VALID TODAY AS OF 0400 PM LOCAL TIME.

CLIMATE NORMAL PERIOD 1981 TO 2010
CLIMATE RECORD PERIOD 1894 TO 2014


WEATHER ITEM   OBSERVED TIME   RECORD YEAR NORMAL DEPARTURE LAST
                VALUE   (LST)  VALUE       VALUE  FROM      YEAR
                                                  NORMAL
..................................................................
TEMPERATURE (F)
 TODAY
  MAXIMUM         90   1214 PM  94    1902  87      3       88
  MINIMUM         74   148  PM  55    1920  74      0       80
  AVERAGE         82                        81      1       84

PRECIPITATION (IN)
  TODAY            0.73          2.73 1943   0.20   0.53     0.00
  MONTH TO DATE    0.73                      0.20   0.53     0.00
  SINCE JUN 1     35.29                     30.56   4.73    31.77
  SINCE JAN 1     53.01                     49.27   3.74    56.72

SNOWFALL (IN)
  TODAY            0.0
  MONTH TO DATE    0.0
  SINCE SEP 1      0.0
  SINCE JUL 1      0.0
  SNOW DEPTH       0

DEGREE DAYS
 HEATING
  TODAY            0                         0      0
  MONTH TO DATE    0                         0      0
  SINCE SEP 1      0                         0      0
  SINCE JUL 1      0                         0      0

 COOLING
  TODAY           17                        16      1
  MONTH TO DATE   17                        16      1
  SINCE SEP 1    529                       518     11
  SINCE JAN 1   3537                      3224    313
..................................................................


WIND (MPH)
  HIGHEST WIND SPEED    33   HIGHEST WIND DIRECTION     W (250)
  HIGHEST GUST SPEED    44   HIGHEST GUST DIRECTION     W (260)
  AVERAGE WIND SPEED     4.0


SKY COVER
  AVERAGE SKY COVER 0.3


WEATHER CONDITIONS
 THE FOLLOWING WEATHER WAS RECORDED TODAY.
  THUNDERSTORM
  HEAVY RAIN
  LIGHT RAIN
  FOG


RELATIVE HUMIDITY (PERCENT)
 HIGHEST   100
 LOWEST     68
 AVERAGE    84

..........................................................


THE WEST PALM BEACH CLIMATE NORMALS FOR TOMORROW
                         NORMAL    RECORD    YEAR
 MAXIMUM TEMPERATURE (F)   87        95      1989
                                             1959
 MINIMUM TEMPERATURE (F)   74        60      1976
                                             1920


SUNRISE AND SUNSET
OCTOBER  1 2014.......SUNRISE   713 AM EDT   SUNSET   707 PM EDT
OCTOBER  2 2014.......SUNRISE   713 AM EDT   SUNSET   706 PM EDT


-  INDICATES NEGATIVE NUMBERS.
R  INDICATES RECORD WAS SET OR TIED.
MM INDICATES DATA IS MISSING.
T  INDICATES TRACE AMOUNT.




$$
