000
CDUS42 KFFC 240818
CLIPDK


CLIMATE REPORT
NATIONAL WEATHER SERVICE PEACHTREE CITY GA
418 AM EDT THU JUL 24 2014


...................................

...THE DEKALB PEACHTREE AIRPORT CLIMATE SUMMARY FOR JULY 23 2014...

CLIMATE NORMAL PERIOD 1981 TO 2010
CLIMATE RECORD PERIOD 9999 TO 9999


WEATHER ITEM   OBSERVED TIME   RECORD YEAR NORMAL DEPARTURE LAST
                VALUE   (LST)  VALUE       VALUE  FROM      YEAR
                                                  NORMAL
..................................................................
TEMPERATURE (F)
 YESTERDAY
  MAXIMUM         88    356 PM  MM      MM  89     -1       83
  MINIMUM         72    601 AM  MM      MM  71      1       71
  AVERAGE         80                        80      0       77

PRECIPITATION (IN)
  YESTERDAY        0.00         MM      MM   0.15  -0.15      T
  MONTH TO DATE    4.58                      3.94   0.64     9.02
  SINCE JUN 1      6.06                      8.70  -2.64    18.69
  SINCE JAN 1     24.94                     31.19  -6.25    28.21

DEGREE DAYS
 COOLING
  YESTERDAY       15                        15      0       12
  MONTH TO DATE  300                       340    -40      280
  SINCE JUN 1    688                       693     -5      638
  SINCE JAN 1    905                       904      1      803
..................................................................


WIND (MPH)
  RESULTANT WIND SPEED   1   RESULTANT WIND DIRECTION   S (200)
  HIGHEST WIND SPEED    14   HIGHEST WIND DIRECTION     S (180)
  HIGHEST GUST SPEED    38   HIGHEST GUST DIRECTION     E (90)
  AVERAGE WIND SPEED     1.9


SKY COVER
  AVERAGE SKY COVER 0.6


WEATHER CONDITIONS
 THE FOLLOWING WEATHER WAS RECORDED YESTERDAY.
  THUNDERSTORM


RELATIVE HUMIDITY (PERCENT)
 HIGHEST    93           200 AM
 LOWEST     51           100 PM
 AVERAGE    72

..........................................................


THE DEKALB PEACHTREE AIRPORT CLIMATE NORMALS FOR TODAY
                         NORMAL    RECORD    YEAR
 MAXIMUM TEMPERATURE (F)   89        MM        MM
 MINIMUM TEMPERATURE (F)   71        MM        MM


SUNRISE AND SUNSET
JULY 24 2014..........SUNRISE   643 AM EDT   SUNSET   844 PM EDT
JULY 25 2014..........SUNRISE   644 AM EDT   SUNSET   843 PM EDT


-  INDICATES NEGATIVE NUMBERS.
R  INDICATES RECORD WAS SET OR TIED.
MM INDICATES DATA IS MISSING.
T  INDICATES TRACE AMOUNT.




$$
