000
CDUS42 KFFC 012041
CLIPDK


CLIMATE REPORT
NATIONAL WEATHER SERVICE PEACHTREE CITY GA
441 PM EDT SAT OCT 1 2016


...................................

...THE DEKALB PEACHTREE AIRPORT CLIMATE SUMMARY FOR OCTOBER 1 2016...
VALID TODAY AS OF 0400 PM LOCAL TIME.

CLIMATE NORMAL PERIOD 1981 TO 2010
CLIMATE RECORD PERIOD 9999 TO 9999


WEATHER ITEM   OBSERVED TIME   RECORD YEAR NORMAL DEPARTURE LAST
                VALUE   (LST)  VALUE       VALUE  FROM      YEAR
                                                  NORMAL
..................................................................
TEMPERATURE (F)
 TODAY
  MAXIMUM         79    322 PM  MM      MM  78      1       71
  MINIMUM         49    221 AM  MM      MM  57     -8       65
  AVERAGE         64                        67     -3       68

PRECIPITATION (IN)
  TODAY            0.00         MM      MM   0.19  -0.19     0.15
  MONTH TO DATE    0.00                      0.19  -0.19     0.15
  SINCE SEP 1      3.01                      4.75  -1.74     3.79

SNOWFALL (IN)
  TODAY           MM            MM      MM  MM     MM       MM
  MONTH TO DATE   MM                        MM     MM       MM
  SINCE SEP 1      0.0                      MM     MM        0.0
  SINCE JUL 1      0.0                      MM     MM        0.0
  SNOW DEPTH      MM

DEGREE DAYS
 HEATING
  TODAY            1                         2     -1        0
  MONTH TO DATE    1                         2     -1        0
  SINCE SEP 1      2                        12    -10        5
  SINCE JUL 1      2                        12    -10        5

 COOLING
  TODAY            0                         4     -4        3
  MONTH TO DATE    0                         4     -4        3
  SINCE SEP 1    383                       251    132      254
  SINCE JAN 1   2247                      1708    539     1957
..................................................................


WIND (MPH)
  RESULTANT WIND SPEED   2   RESULTANT WIND DIRECTION  NW (330)
  HIGHEST WIND SPEED    12   HIGHEST WIND DIRECTION     W (290)
  HIGHEST GUST SPEED    17   HIGHEST GUST DIRECTION     W (270)
  AVERAGE WIND SPEED     2.2


SKY COVER
  AVERAGE SKY COVER 0.0


WEATHER CONDITIONS
 THE FOLLOWING WEATHER WAS RECORDED TODAY.
  NO SIGNIFICANT WEATHER WAS OBSERVED.


RELATIVE HUMIDITY (PERCENT)
 HIGHEST    93           700 AM
 LOWEST     35           300 PM
 AVERAGE    64

..........................................................


THE DEKALB PEACHTREE AIRPORT CLIMATE NORMALS FOR TOMORROW
                         NORMAL    RECORD    YEAR
 MAXIMUM TEMPERATURE (F)   77        MM        MM
 MINIMUM TEMPERATURE (F)   57        MM        MM


SUNRISE AND SUNSET
OCTOBER  1 2016.......SUNRISE   732 AM EDT   SUNSET   721 PM EDT
OCTOBER  2 2016.......SUNRISE   733 AM EDT   SUNSET   719 PM EDT


-  INDICATES NEGATIVE NUMBERS.
R  INDICATES RECORD WAS SET OR TIED.
MM INDICATES DATA IS MISSING.
T  INDICATES TRACE AMOUNT.




$$
