000
CDUS46 KPDT 210836
CLIPDT

CLIMATE REPORT
NATIONAL WEATHER SERVICE PENDLETON OR
135 AM PDT TUE OCT 21 2014


...................................

...THE PENDLETON OR CLIMATE SUMMARY FOR OCTOBER 20 2014...

CLIMATE NORMAL PERIOD 1981 TO 2010
CLIMATE RECORD PERIOD 1890 TO 2014


WEATHER ITEM   OBSERVED TIME   RECORD YEAR NORMAL DEPARTURE LAST
                VALUE   (LST)  VALUE       VALUE  FROM      YEAR
                                                  NORMAL
..................................................................
TEMPERATURE (F)
 YESTERDAY
  MAXIMUM         68    103 PM  84    2003  62      6       70
  MINIMUM         39    523 AM  16    1911  39      0       36
  AVERAGE         54                        50      4       53

PRECIPITATION (IN)
  YESTERDAY        0.18          0.84 1947   0.04   0.14     0.00
  MONTH TO DATE    0.29                      0.56  -0.27     0.08
  SINCE OCT 1      0.29                      0.56  -0.27     0.08
  SINCE JAN 1      8.83                      9.22  -0.39     7.57

SNOWFALL (IN)
  YESTERDAY       MM             0.0  2002   0.0   MM        0.0
                                      2001
                                      1999
  MONTH TO DATE    0.0                       0.0    0.0      0.0
  SINCE JAN 1     15.2                       7.7    7.5      0.2
  SINCE JUL 1      0.0                       0.0    0.0       T
  SNOW DEPTH       0

DEGREE DAYS
 HEATING
  YESTERDAY       11                        15     -4       12
  MONTH TO DATE  105                       224   -119      308
  SINCE SEP 1    168                       336   -168      414
  SINCE JUL 1    171                       358   -187      414

 COOLING
  YESTERDAY        0                         0      0        0
  MONTH TO DATE   12                         0     12        0
  SINCE SEP 1     78                        64     14      121
  SINCE JAN 1    839                       634    205      831
..................................................................


WIND (MPH)
  HIGHEST WIND SPEED    30   HIGHEST WIND DIRECTION     W (270)
  HIGHEST GUST SPEED    35   HIGHEST GUST DIRECTION     W (260)
  AVERAGE WIND SPEED     9.1


SKY COVER
  POSSIBLE SUNSHINE  MM
  AVERAGE SKY COVER 0.4


WEATHER CONDITIONS
THE FOLLOWING WEATHER WAS RECORDED YESTERDAY.
  LIGHT RAIN
  FOG
  HAZE


RELATIVE HUMIDITY (PERCENT)
 HIGHEST    96           600 AM
 LOWEST     49          1200 PM
 AVERAGE    73

..........................................................


THE PENDLETON OR CLIMATE NORMALS FOR TODAY
                         NORMAL    RECORD    YEAR
 MAXIMUM TEMPERATURE (F)   61        88      2003
 MINIMUM TEMPERATURE (F)   39        16      1911


SUNRISE AND SUNSET
OCTOBER 21 2014.......SUNRISE   720 AM PDT   SUNSET   559 PM PDT
OCTOBER 22 2014.......SUNRISE   721 AM PDT   SUNSET   558 PM PDT


-  INDICATES NEGATIVE NUMBERS.
R  INDICATES RECORD WAS SET OR TIED.
MM INDICATES DATA IS MISSING.
T  INDICATES TRACE AMOUNT.




$$
