000
CDUS46 KPDT 280921
CLIPDT

CLIMATE REPORT
NATIONAL WEATHER SERVICE PENDLETON OR
120 AM PST TUE FEB 28 2017


...................................

...THE PENDLETON OR CLIMATE SUMMARY FOR FEBRUARY 27 2017...

CLIMATE NORMAL PERIOD 1981 TO 2010
CLIMATE RECORD PERIOD 1890 TO 2017


WEATHER ITEM   OBSERVED TIME   RECORD YEAR NORMAL DEPARTURE LAST
                VALUE   (LST)  VALUE       VALUE  FROM      YEAR
                                                  NORMAL
..................................................................
TEMPERATURE (F)
 YESTERDAY
  MAXIMUM         41   1243 PM  69    1926  50     -9       60
  MINIMUM         29    919 AM   0    1993  32     -3       38
  AVERAGE         35                        41     -6       49

PRECIPITATION (IN)
  YESTERDAY        0.14          0.31 1999   0.04   0.10     0.03
  MONTH TO DATE    2.20                      1.07   1.13     0.86
  SINCE OCT 1      9.37                      6.50   2.87     6.64
  SINCE JAN 1      3.85                      2.50   1.35     2.37

SNOWFALL (IN)
  YESTERDAY        1.9 R         1.0  1930   0.0    1.9      0.0
  MONTH TO DATE    6.7                       3.2    3.5       T
  SINCE JAN 1     25.2                       6.9   18.3       T
  SINCE JUL 1     43.7                      14.4   29.3      4.1
  SNOW DEPTH       3

DEGREE DAYS
 HEATING
  YESTERDAY       30                        24      6       16
  MONTH TO DATE  802                       718     84      587
  SINCE DEC 1   3251                      2623    628     2353
  SINCE JUL 1   4275                      3876    399     3553

 COOLING
  YESTERDAY        0                         0      0        0
  MONTH TO DATE    0                         0      0        0
  SINCE DEC 1      0                         0      0        0
  SINCE JAN 1      0                         0      0        0
..................................................................


WIND (MPH)
  HIGHEST WIND SPEED    25   HIGHEST WIND DIRECTION    SW (240)
  HIGHEST GUST SPEED    29   HIGHEST GUST DIRECTION    SW (240)
  AVERAGE WIND SPEED     8.3


SKY COVER
  POSSIBLE SUNSHINE  MM
  AVERAGE SKY COVER 0.9


WEATHER CONDITIONS
 THE FOLLOWING WEATHER WAS RECORDED YESTERDAY.
  LIGHT RAIN
  LT FREEZING RAIN
  LIGHT SNOW
  FOG
  FOG W/VISIBILITY <= 1/4 MILE


RELATIVE HUMIDITY (PERCENT)
 HIGHEST   100          1200 AM
 LOWEST     59          1200 PM
 AVERAGE    80

..........................................................


THE PENDLETON OR CLIMATE NORMALS FOR TODAY
                         NORMAL    RECORD    YEAR
 MAXIMUM TEMPERATURE (F)   50        74      1902
 MINIMUM TEMPERATURE (F)   32         3      1911


SUNRISE AND SUNSET
FEBRUARY 28 2017......SUNRISE   635 AM PST   SUNSET   541 PM PST
MARCH  1 2017.........SUNRISE   633 AM PST   SUNSET   543 PM PST


-  INDICATES NEGATIVE NUMBERS.
R  INDICATES RECORD WAS SET OR TIED.
MM INDICATES DATA IS MISSING.
T  INDICATES TRACE AMOUNT.

$$
