000
CDUS46 KPDT 260854
CLIPDT

CLIMATE REPORT
NATIONAL WEATHER SERVICE PENDLETON OR
153 AM PDT TUE MAY 26 2015


...................................

...THE PENDLETON OR CLIMATE SUMMARY FOR MAY 25 2015...

CLIMATE NORMAL PERIOD 1981 TO 2010
CLIMATE RECORD PERIOD 1890 TO 2015


WEATHER ITEM   OBSERVED TIME   RECORD YEAR NORMAL DEPARTURE LAST
                VALUE   (LST)  VALUE       VALUE  FROM      YEAR
                                                  NORMAL
..................................................................
TEMPERATURE (F)
 YESTERDAY
  MAXIMUM         75    308 PM  98    1928  72      3       78
  MINIMUM         52    528 AM  30    1918  48      4       46
  AVERAGE         64                        60      4       62

PRECIPITATION (IN)
  YESTERDAY        T             0.66 1981   0.05  -0.05      T
  MONTH TO DATE    1.29                      1.06   0.23     0.83
  SINCE OCT 1      9.12                     10.12  -1.00     8.26
  SINCE JAN 1      4.42                      6.12  -1.70     6.47

SNOWFALL (IN)
  YESTERDAY        0.0           0.0  2002   0.0    0.0      0.0
                                      2001
                                      2000
  MONTH TO DATE    0.0                       0.0    0.0      0.0
  SINCE JAN 1      0.4                       7.7   -7.3     15.2
  SINCE JUL 1      7.2                      15.2   -8.0     21.7
  SNOW DEPTH       0

DEGREE DAYS
 HEATING
  YESTERDAY        1                         6     -5        3
  MONTH TO DATE  153                       214    -61      137
  SINCE MAR 1   1099                      1262   -163     1150
  SINCE JUL 1   4592                      5161   -569     5415

 COOLING
  YESTERDAY        0                         1     -1        0
  MONTH TO DATE    3                        16    -13       18
  SINCE MAR 1      3                        17    -14       18
  SINCE JAN 1      3                        17    -14       18
..................................................................


WIND (MPH)
  HIGHEST WIND SPEED    16   HIGHEST WIND DIRECTION     W (290)
  HIGHEST GUST SPEED    21   HIGHEST GUST DIRECTION    NW (300)
  AVERAGE WIND SPEED     6.0


SKY COVER
  POSSIBLE SUNSHINE  MM
  AVERAGE SKY COVER 0.3


WEATHER CONDITIONS
 THE FOLLOWING WEATHER WAS RECORDED YESTERDAY.
  LIGHT RAIN


RELATIVE HUMIDITY (PERCENT)
 HIGHEST    75          1000 PM
 LOWEST     27           400 PM
 AVERAGE    51

..........................................................


THE PENDLETON OR CLIMATE NORMALS FOR TODAY
                         NORMAL    RECORD    YEAR
 MAXIMUM TEMPERATURE (F)   73        99      1936
 MINIMUM TEMPERATURE (F)   48        29      1918


SUNRISE AND SUNSET
MAY 26 2015...........SUNRISE   514 AM PDT   SUNSET   832 PM PDT
MAY 27 2015...........SUNRISE   513 AM PDT   SUNSET   833 PM PDT


-  INDICATES NEGATIVE NUMBERS.
R  INDICATES RECORD WAS SET OR TIED.
MM INDICATES DATA IS MISSING.
T  INDICATES TRACE AMOUNT.

$$
