000
CDUS46 KPDT 130827
CLIPDT

CLIMATE REPORT
NATIONAL WEATHER SERVICE PENDLETON OR
1226 AM PST SAT FEB 13 2016


...................................

...THE PENDLETON OR CLIMATE SUMMARY FOR FEBRUARY 12 2016...

CLIMATE NORMAL PERIOD 1981 TO 2010
CLIMATE RECORD PERIOD 1890 TO 2016


WEATHER ITEM   OBSERVED TIME   RECORD YEAR NORMAL DEPARTURE LAST
                VALUE   (LST)  VALUE       VALUE  FROM      YEAR
                                                  NORMAL
..................................................................
TEMPERATURE (F)
 YESTERDAY
  MAXIMUM         54    154 PM  68    1977  46      8       57
  MINIMUM         39    723 AM -10    1929  30      9       33
  AVERAGE         47                        38      9       45

PRECIPITATION (IN)
  YESTERDAY        0.23          0.76 1936   0.04   0.19     0.00
  MONTH TO DATE    0.48                      0.47   0.01     0.76
  SINCE OCT 1      6.26                      5.90   0.36     6.18
  SINCE JAN 1      1.99                      1.90   0.09     1.48

SNOWFALL (IN)
  YESTERDAY        0.0           7.0  1936   0.1   -0.1      0.0
  MONTH TO DATE    0.0                       1.5   -1.5      0.0
  SINCE JAN 1      T                         5.2   -5.2      0.4
  SINCE JUL 1      4.1                      12.7   -8.6      7.2
  SNOW DEPTH       0

DEGREE DAYS
 HEATING
  YESTERDAY       18                        27     -9       20
  MONTH TO DATE  287                       331    -44      206
  SINCE DEC 1   2053                      2236   -183     1987
  SINCE JUL 1   3253                      3489   -236     3117

 COOLING
  YESTERDAY        0                         0      0        0
  MONTH TO DATE    0                         0      0        0
  SINCE DEC 1      0                         0      0        0
  SINCE JAN 1      0                         0      0        0
..................................................................


WIND (MPH)
  HIGHEST WIND SPEED    20   HIGHEST WIND DIRECTION    NW (300)
  HIGHEST GUST SPEED    23   HIGHEST GUST DIRECTION    NW (300)
  AVERAGE WIND SPEED     5.9


SKY COVER
  POSSIBLE SUNSHINE  MM
  AVERAGE SKY COVER 0.8


WEATHER CONDITIONS
 THE FOLLOWING WEATHER WAS RECORDED YESTERDAY.
  RAIN
  LIGHT RAIN
  FOG
  FOG W/VISIBILITY <= 1/4 MILE


RELATIVE HUMIDITY (PERCENT)
 HIGHEST   100          1200 AM
 LOWEST     66           100 PM
 AVERAGE    83

..........................................................


THE PENDLETON OR CLIMATE NORMALS FOR TODAY
                         NORMAL    RECORD    YEAR
 MAXIMUM TEMPERATURE (F)   46        69      1921
                                             1898
 MINIMUM TEMPERATURE (F)   30        -5      1929


SUNRISE AND SUNSET
FEBRUARY 13 2016......SUNRISE   701 AM PST   SUNSET   519 PM PST
FEBRUARY 14 2016......SUNRISE   700 AM PST   SUNSET   520 PM PST


-  INDICATES NEGATIVE NUMBERS.
R  INDICATES RECORD WAS SET OR TIED.
MM INDICATES DATA IS MISSING.
T  INDICATES TRACE AMOUNT.




$$
