000
CDUS46 KPDT 280026
CLIPDT

CLIMATE REPORT
NATIONAL WEATHER SERVICE PENDLETON OR
525 PM PDT THU AUG 27 2015


...................................

...THE PENDLETON OR CLIMATE SUMMARY FOR AUGUST 27 2015...
VALID TODAY AS OF 0500 PM LOCAL TIME.

CLIMATE NORMAL PERIOD 1981 TO 2010
CLIMATE RECORD PERIOD 1890 TO 2015


WEATHER ITEM   OBSERVED TIME   RECORD YEAR NORMAL DEPARTURE LAST
                VALUE   (LST)  VALUE       VALUE  FROM      YEAR
                                                  NORMAL
..................................................................
TEMPERATURE (F)
 TODAY
  MAXIMUM         94    324 PM 103    1916  84     10       95
  MINIMUM         60    543 AM  40    1911  55      5       58
                                      1909
                                      1897
  AVERAGE         77                        69      8       77

PRECIPITATION (IN)
  TODAY            0.00          0.52 1899   0.02  -0.02     0.00
  MONTH TO DATE    T                         0.32  -0.32     0.59
  SINCE OCT 1      9.70                     12.03  -2.33    10.09
  SINCE JAN 1      5.00                      8.03  -3.03     8.30

SNOWFALL (IN)
  TODAY            0.0           0.0  2002   0.0    0.0      0.0
                                      2001
                                      1999
  MONTH TO DATE    0.0                       0.0    0.0      0.0
  SINCE JAN 1      0.4                       7.7   -7.3     15.2
  SINCE JUL 1      0.0                       0.0    0.0      0.0
  SNOW DEPTH       0

DEGREE DAYS
 HEATING
  TODAY            0                         1     -1        0
  MONTH TO DATE    3                         4     -1        0
  SINCE JUN 1     13                        98    -85       45
  SINCE JUL 1      3                        15    -12        2

 COOLING
  TODAY           12                         5      7       12
  MONTH TO DATE  229                       204     25      259
  SINCE JUN 1    836                       529    307      720
  SINCE JAN 1    863                       552    311      742
..................................................................


WIND (MPH)
  HIGHEST WIND SPEED    17   HIGHEST WIND DIRECTION    NW (320)
  HIGHEST GUST SPEED    20   HIGHEST GUST DIRECTION     W (280)
  AVERAGE WIND SPEED     6.5


SKY COVER
  POSSIBLE SUNSHINE  MM
  AVERAGE SKY COVER 0.0


WEATHER CONDITIONS
 THE FOLLOWING WEATHER WAS RECORDED TODAY.
  NO SIGNIFICANT WEATHER WAS OBSERVED.


RELATIVE HUMIDITY (PERCENT)
 HIGHEST    34           600 AM
 LOWEST     15           200 PM
 AVERAGE    25

..........................................................


THE PENDLETON OR CLIMATE NORMALS FOR TOMORROW
                         NORMAL    RECORD    YEAR
 MAXIMUM TEMPERATURE (F)   84       105      1972
 MINIMUM TEMPERATURE (F)   55        37      1909


SUNRISE AND SUNSET
AUGUST 27 2015........SUNRISE   610 AM PDT   SUNSET   743 PM PDT
AUGUST 28 2015........SUNRISE   611 AM PDT   SUNSET   741 PM PDT


-  INDICATES NEGATIVE NUMBERS.
R  INDICATES RECORD WAS SET OR TIED.
MM INDICATES DATA IS MISSING.
T  INDICATES TRACE AMOUNT.




$$
