000
CDUS46 KPDT 290033
CLIPDT

CLIMATE REPORT
NATIONAL WEATHER SERVICE PENDLETON OR
533 PM PDT WED JUN 28 2017


...................................

...THE PENDLETON OR CLIMATE SUMMARY FOR JUNE 28 2017...
VALID TODAY AS OF 0500 PM LOCAL TIME.

CLIMATE NORMAL PERIOD 1981 TO 2010
CLIMATE RECORD PERIOD 1890 TO 2017


WEATHER ITEM   OBSERVED TIME   RECORD YEAR NORMAL DEPARTURE LAST
                VALUE   (LST)  VALUE       VALUE  FROM      YEAR
                                                  NORMAL
..................................................................
TEMPERATURE (F)
 TODAY
  MAXIMUM         83    306 PM 109    2015  83      0       96
  MINIMUM         53    128 AM  40    1908  54     -1       60
                                      1893
  AVERAGE         68                        68      0       78

PRECIPITATION (IN)
  TODAY            0.00          0.63 1946   0.02  -0.02     0.00
  MONTH TO DATE    2.15                      0.95   1.20     0.93
  SINCE OCT 1     16.82                     11.36   5.46    10.79
  SINCE JAN 1     11.30                      7.36   3.94     6.52

SNOWFALL (IN)
  TODAY            0.0           0.0  2002   0.0    0.0      0.0
                                      2001
                                      2000
  MONTH TO DATE    0.0                       0.0    0.0      0.0
  SINCE JAN 1     25.9                       7.7   18.2       T
  SINCE JUL 1     44.4                      15.2   29.2      4.1
  SNOW DEPTH       0

DEGREE DAYS
 HEATING
  TODAY            0                         1     -1        0
  MONTH TO DATE   75                        81     -6       69
  SINCE JUN 1     75                        81     -6       69
  SINCE JUL 1   5670                      5274    396     4637

 COOLING
  TODAY            3                         4     -1       13
  MONTH TO DATE   88                        69     19      115
  SINCE JUN 1     88                        69     19      115
  SINCE JAN 1    116                        92     24      133
..................................................................


WIND (MPH)
  HIGHEST WIND SPEED    20   HIGHEST WIND DIRECTION     W (270)
  HIGHEST GUST SPEED    26   HIGHEST GUST DIRECTION     W (250)
  AVERAGE WIND SPEED    10.8


SKY COVER
  POSSIBLE SUNSHINE  MM
  AVERAGE SKY COVER 0.0


WEATHER CONDITIONS
 THE FOLLOWING WEATHER WAS RECORDED TODAY.
  NO SIGNIFICANT WEATHER WAS OBSERVED.


RELATIVE HUMIDITY (PERCENT)
 HIGHEST    67           100 AM
 LOWEST     20           300 PM
 AVERAGE    44

..........................................................


THE PENDLETON OR CLIMATE NORMALS FOR TOMORROW
                         NORMAL    RECORD    YEAR
 MAXIMUM TEMPERATURE (F)   83       102      2008
                                             1904
 MINIMUM TEMPERATURE (F)   54        37      1898


SUNRISE AND SUNSET
JUNE 28 2017..........SUNRISE   508 AM PDT   SUNSET   849 PM PDT
JUNE 29 2017..........SUNRISE   509 AM PDT   SUNSET   849 PM PDT


-  INDICATES NEGATIVE NUMBERS.
R  INDICATES RECORD WAS SET OR TIED.
MM INDICATES DATA IS MISSING.
T  INDICATES TRACE AMOUNT.




$$
