000
CDUS46 KPDT 190030
CLIPDT

CLIMATE REPORT
NATIONAL WEATHER SERVICE PENDLETON OR
530 PM PDT FRI APR 18 2014


...................................

...THE PENDLETON OR CLIMATE SUMMARY FOR APRIL 18 2014...
VALID TODAY AS OF 0500 PM LOCAL TIME.

CLIMATE NORMAL PERIOD 1981 TO 2010
CLIMATE RECORD PERIOD 1890 TO 2014


WEATHER ITEM   OBSERVED TIME   RECORD YEAR NORMAL DEPARTURE LAST
                VALUE   (LST)  VALUE       VALUE  FROM      YEAR
                                                  NORMAL
..................................................................
TEMPERATURE (F)
 TODAY
  MAXIMUM         60    325 PM  88    1910  63     -3       62
  MINIMUM         38    523 AM  23    1909  39     -1       38
  AVERAGE         49                        51     -2       50

PRECIPITATION (IN)
  TODAY            0.00          1.00 1902   0.04  -0.04     0.01
  MONTH TO DATE    0.54                      0.69  -0.15     0.55
  SINCE OCT 1      6.95                      8.55  -1.60     6.89
  SINCE JAN 1      5.16                      4.55   0.61     2.45

SNOWFALL (IN)
  TODAY            0.0           0.0  2002   0.0    0.0      0.0
                                      2001
                                      2000
  MONTH TO DATE    0.0                       0.0    0.0       T
  SINCE JAN 1     15.2                       7.7    7.5      0.2
  SINCE JUL 1     21.7                      15.2    6.5      2.0
  SNOW DEPTH       0

DEGREE DAYS
 HEATING
  TODAY           16                        14      2       15
  MONTH TO DATE  242                       277    -35      304
  SINCE MAR 1    843                       894    -51      897
  SINCE JUL 1   5108                      4793    315     4630

 COOLING
  TODAY            0                         0      0        0
  MONTH TO DATE    0                         0      0        0
  SINCE MAR 1      0                         0      0        0
  SINCE JAN 1      0                         0      0        0
..................................................................


WIND (MPH)
  HIGHEST WIND SPEED    31   HIGHEST WIND DIRECTION     W (250)
  HIGHEST GUST SPEED    37   HIGHEST GUST DIRECTION    SW (240)
  AVERAGE WIND SPEED    18.1


SKY COVER
  POSSIBLE SUNSHINE  MM
  AVERAGE SKY COVER 0.1


WEATHER CONDITIONS
 THE FOLLOWING WEATHER WAS RECORDED TODAY.
  NO SIGNIFICANT WEATHER WAS OBSERVED.


RELATIVE HUMIDITY (PERCENT)
 HIGHEST    79           400 AM
 LOWEST     30           100 PM
 AVERAGE    55

..........................................................


THE PENDLETON OR CLIMATE NORMALS FOR TOMORROW
                         NORMAL    RECORD    YEAR
 MAXIMUM TEMPERATURE (F)   63        88      1934
 MINIMUM TEMPERATURE (F)   39        23      1966
                                             1898


SUNRISE AND SUNSET
APRIL 18 2014.........SUNRISE   604 AM PDT   SUNSET   746 PM PDT
APRIL 19 2014.........SUNRISE   603 AM PDT   SUNSET   747 PM PDT


-  INDICATES NEGATIVE NUMBERS.
R  INDICATES RECORD WAS SET OR TIED.
MM INDICATES DATA IS MISSING.
T  INDICATES TRACE AMOUNT.




$$
