000
CDUS46 KPQR 161141
CLIPDX


CLIMATE REPORT
NATIONAL WEATHER SERVICE PORTLAND OREGON
341 AM PST MON JAN 16 2017


...................................

...THE PORTLAND OR CLIMATE SUMMARY FOR JANUARY 15 2017...

CLIMATE NORMAL PERIOD 1981 TO 2010
CLIMATE RECORD PERIOD 1940 TO 2017


WEATHER ITEM   OBSERVED TIME   RECORD YEAR NORMAL DEPARTURE LAST
                VALUE   (LST)  VALUE       VALUE  FROM      YEAR
                                                  NORMAL
..................................................................
TEMPERATURE (F)
 YESTERDAY
  MAXIMUM         28    401 PM  62    1958  47    -19       47
  MINIMUM         19R   637 AM  19    1947  36    -17       39
  AVERAGE         24                        41    -17       43

PRECIPITATION (IN)
  YESTERDAY        0.00          1.98 1974   0.16  -0.16     0.10
  MONTH TO DATE    1.60                      2.52  -0.92     2.81
  SINCE OCT 1     21.35                     16.64   4.71    26.23
  SINCE JAN 1      1.60                      2.52  -0.92     2.81

SNOWFALL (IN)
  YESTERDAY        0.0           2.8  1950
  MONTH TO DATE    8.4
  SINCE DEC 1     11.7
  SINCE JUL 1     11.7

DEGREE DAYS
 HEATING
  YESTERDAY       41                        24     17       22
  MONTH TO DATE  542                       366    176      401
  SINCE DEC 1   1396                      1129    267     1060
  SINCE JUL 1   2106                      2098      8     1868

 COOLING
  YESTERDAY        0                         0      0        0
  MONTH TO DATE    0                         0      0        0
  SINCE DEC 1      0                         0      0        0
  SINCE JAN 1      0                         0      0        0
..................................................................


WIND (MPH)
  HIGHEST WIND SPEED    23   HIGHEST WIND DIRECTION    SE (140)
  HIGHEST GUST SPEED    25   HIGHEST GUST DIRECTION    SE (140)
  AVERAGE WIND SPEED    10.9


SKY COVER
  POSSIBLE SUNSHINE  MM
  AVERAGE SKY COVER 0.4


WEATHER CONDITIONS
 THE FOLLOWING WEATHER WAS RECORDED YESTERDAY.
  NO SIGNIFICANT WEATHER WAS OBSERVED.


RELATIVE HUMIDITY (PERCENT)
 HIGHEST    84           600 AM
 LOWEST     62           900 PM
 AVERAGE    73

..........................................................


THE PORTLAND OR CLIMATE NORMALS FOR TODAY
                         NORMAL    RECORD    YEAR
 MAXIMUM TEMPERATURE (F)   47        60      1971
 MINIMUM TEMPERATURE (F)   36         8      1950


SUNRISE AND SUNSET
JANUARY 16 2017.......SUNRISE   746 AM PST   SUNSET   455 PM PST
JANUARY 17 2017.......SUNRISE   745 AM PST   SUNSET   456 PM PST


-  INDICATES NEGATIVE NUMBERS.
R  INDICATES RECORD WAS SET OR TIED.
MM INDICATES DATA IS MISSING.
T  INDICATES TRACE AMOUNT.




$$
