000
CDUS46 KPQR 061141
CLIPDX


CLIMATE REPORT
NATIONAL WEATHER SERVICE PORTLAND OREGON
441 AM PDT MON JUL 6 2015


...................................

...THE PORTLAND OR CLIMATE SUMMARY FOR JULY 5 2015...

CLIMATE NORMAL PERIOD 1981 TO 2010
CLIMATE RECORD PERIOD 1940 TO 2015


WEATHER ITEM   OBSERVED TIME   RECORD YEAR NORMAL DEPARTURE LAST
                VALUE   (LST)  VALUE       VALUE  FROM      YEAR
                                                  NORMAL
..................................................................
TEMPERATURE (F)
 YESTERDAY
  MAXIMUM         96R   503 PM  94    1960  78     18       83
  MINIMUM         67    517 AM  48    2010  57     10       61
  AVERAGE         82                        68     14       72

PRECIPITATION (IN)
  YESTERDAY        0.00          0.48 1992   0.03  -0.03     0.00
  MONTH TO DATE    0.00                      0.15  -0.15     0.00
  SINCE OCT 1     29.47                     33.39  -3.92    28.91
  SINCE JAN 1     14.49                     19.27  -4.78    23.09

DEGREE DAYS
 HEATING
  YESTERDAY        0                         1     -1        0
  MONTH TO DATE    0                         5     -5        0
  SINCE JUN 1     19                        96    -77       62
  SINCE JUL 1      0                         5     -5        0

 COOLING
  YESTERDAY       17                         3     14        7
  MONTH TO DATE   77                        15     62       33
  SINCE JUN 1    262                        62    200       62
  SINCE JAN 1    284                        79    205       90
..................................................................


WIND (MPH)
  HIGHEST WIND SPEED    14   HIGHEST WIND DIRECTION    SW (230)
  HIGHEST GUST SPEED    18   HIGHEST GUST DIRECTION    SW (220)
  AVERAGE WIND SPEED     5.8


SKY COVER
  POSSIBLE SUNSHINE  MM
  AVERAGE SKY COVER 0.2


WEATHER CONDITIONS
 THE FOLLOWING WEATHER WAS RECORDED YESTERDAY.
  NO SIGNIFICANT WEATHER WAS OBSERVED.


RELATIVE HUMIDITY (PERCENT)
 HIGHEST    73           200 AM
 LOWEST     17           300 PM
 AVERAGE    45

..........................................................


THE PORTLAND OR CLIMATE NORMALS FOR TODAY
                         NORMAL    RECORD    YEAR
 MAXIMUM TEMPERATURE (F)   79        97      1960
 MINIMUM TEMPERATURE (F)   57        46      1977


SUNRISE AND SUNSET
JULY  6 2015..........SUNRISE   528 AM PDT   SUNSET   902 PM PDT
JULY  7 2015..........SUNRISE   529 AM PDT   SUNSET   901 PM PDT


-  INDICATES NEGATIVE NUMBERS.
R  INDICATES RECORD WAS SET OR TIED.
MM INDICATES DATA IS MISSING.
T  INDICATES TRACE AMOUNT.




$$
