010
CDUS46 KPQR 281142
CLIPDX


CLIMATE REPORT
NATIONAL WEATHER SERVICE PORTLAND OREGON
441 AM PDT THU APR 28 2016


...................................

...THE PORTLAND OR CLIMATE SUMMARY FOR APRIL 27 2016...

CLIMATE NORMAL PERIOD 1981 TO 2010
CLIMATE RECORD PERIOD 1940 TO 2016


WEATHER ITEM   OBSERVED TIME   RECORD YEAR NORMAL DEPARTURE LAST
                VALUE   (LST)  VALUE       VALUE  FROM      YEAR
                                                  NORMAL
..................................................................
TEMPERATURE (F)
 YESTERDAY
  MAXIMUM         61    443 PM  86    1987  64     -3       82
  MINIMUM         48    509 AM  32    1948  45      3       51
  AVERAGE         55                        54      1       67

PRECIPITATION (IN)
  YESTERDAY        0.02          1.03 1962   0.08  -0.06     0.00
  MONTH TO DATE    1.88                      2.50  -0.62     1.73
  SINCE OCT 1     41.36                     28.84  12.52    28.46
  SINCE JAN 1     17.94                     14.72   3.22    13.48

DEGREE DAYS
 HEATING
  YESTERDAY       10                        11     -1        0
  MONTH TO DATE  199                       352   -153      335
  SINCE MAR 1    648                       874   -226      717
  SINCE JUL 1   3251                      3932   -681     3189

 COOLING
  YESTERDAY        0                         0      0        2
  MONTH TO DATE   18                         0     18        2
  SINCE MAR 1     18                         0     18        2
  SINCE JAN 1     18                         0     18        2
..................................................................


WIND (MPH)
  HIGHEST WIND SPEED    17   HIGHEST WIND DIRECTION     W (280)
  HIGHEST GUST SPEED    17   HIGHEST GUST DIRECTION     W (280)
  AVERAGE WIND SPEED     4.1


SKY COVER
  POSSIBLE SUNSHINE  MM
  AVERAGE SKY COVER 0.8


WEATHER CONDITIONS
 THE FOLLOWING WEATHER WAS RECORDED YESTERDAY.
  LIGHT RAIN


RELATIVE HUMIDITY (PERCENT)
 HIGHEST    86           500 AM
 LOWEST     47           500 PM
 AVERAGE    67

..........................................................


THE PORTLAND OR CLIMATE NORMALS FOR TODAY
                         NORMAL    RECORD    YEAR
 MAXIMUM TEMPERATURE (F)   64        82      1998
 MINIMUM TEMPERATURE (F)   45        34      1973
                                             1955


SUNRISE AND SUNSET
APRIL 28 2016.........SUNRISE   602 AM PDT   SUNSET   814 PM PDT
APRIL 29 2016.........SUNRISE   600 AM PDT   SUNSET   816 PM PDT


-  INDICATES NEGATIVE NUMBERS.
R  INDICATES RECORD WAS SET OR TIED.
MM INDICATES DATA IS MISSING.
T  INDICATES TRACE AMOUNT.




$$
