000
CDUS46 KPQR 260221
CLIPDX


CLIMATE REPORT
NATIONAL WEATHER SERVICE PORTLAND OREGON
721 PM PDT SUN JUN 25 2017


...................................

...THE PORTLAND OR CLIMATE SUMMARY FOR JUNE 25 2017...
VALID TODAY AS OF 0700 PM LOCAL TIME.

CLIMATE NORMAL PERIOD 1981 TO 2010
CLIMATE RECORD PERIOD 1940 TO 2017


WEATHER ITEM   OBSERVED TIME   RECORD YEAR NORMAL DEPARTURE LAST
                VALUE   (LST)  VALUE       VALUE  FROM      YEAR
                                                  NORMAL
..................................................................
TEMPERATURE (F)
 TODAY
  MAXIMUM        101R   421 PM 101    2006  76     25       79
  MINIMUM         66    525 AM  44    1976  55     11       51
  AVERAGE         84                        65     19       65

PRECIPITATION (IN)
  TODAY            0.00          0.29 1973   0.03  -0.03     0.00
                                      1969
  MONTH TO DATE    1.08                      1.52  -0.44     1.42
  SINCE OCT 1     49.01                     33.06  15.95    44.58
  SINCE JAN 1     29.26                     18.94  10.32    21.16

SNOWFALL (IN)
  TODAY            0.0          MM      MM
  MONTH TO DATE    0.0
  SINCE JUN 1      0.0
  SINCE JUL 1     11.2

DEGREE DAYS
 HEATING
  TODAY            0                         2     -2        0
  MONTH TO DATE   69                        82    -13       67
  SINCE JUN 1     69                        82    -13       67
  SINCE JUL 1   4421                      4269    152     3455

 COOLING
  TODAY           19                         2     17        0
  MONTH TO DATE   72                        34     38       78
  SINCE JUN 1     72                        34     38       78
  SINCE JAN 1    113                        51     62      127
..................................................................


WIND (MPH)
  HIGHEST WIND SPEED    15   HIGHEST WIND DIRECTION    NW (330)
  HIGHEST GUST SPEED    20   HIGHEST GUST DIRECTION    NW (320)
  AVERAGE WIND SPEED     6.6



WEATHER CONDITIONS
 THE FOLLOWING WEATHER WAS RECORDED TODAY.
  NO SIGNIFICANT WEATHER WAS OBSERVED.


RELATIVE HUMIDITY (PERCENT)
 HIGHEST    68           400 AM
 LOWEST     16           400 PM
 AVERAGE    42

..........................................................


THE PORTLAND OR CLIMATE NORMALS FOR TOMORROW
                         NORMAL    RECORD    YEAR
 MAXIMUM TEMPERATURE (F)   76       102      2006
 MINIMUM TEMPERATURE (F)   55        45      1976
                                             1974


SUNRISE AND SUNSET
JUNE 25 2017..........SUNRISE   523 AM PDT   SUNSET   904 PM PDT
JUNE 26 2017..........SUNRISE   523 AM PDT   SUNSET   904 PM PDT


-  INDICATES NEGATIVE NUMBERS.
R  INDICATES RECORD WAS SET OR TIED.
MM INDICATES DATA IS MISSING.
T  INDICATES TRACE AMOUNT.




$$
