000
CDUS46 KPQR 240036
CLIPDX


CLIMATE REPORT
NATIONAL WEATHER SERVICE PORTLAND OREGON
436 PM PST SUN NOV 23 2014


...................................

...THE PORTLAND OR CLIMATE SUMMARY FOR NOVEMBER 23 2014...
VALID TODAY AS OF 0400 PM LOCAL TIME.

CLIMATE NORMAL PERIOD 1981 TO 2010
CLIMATE RECORD PERIOD 1940 TO 2014


WEATHER ITEM   OBSERVED TIME   RECORD YEAR NORMAL DEPARTURE LAST
                VALUE   (LST)  VALUE       VALUE  FROM      YEAR
                                                  NORMAL
..................................................................
TEMPERATURE (F)
 TODAY
  MAXIMUM         53   1228 PM  63    1959  51      2       52
  MINIMUM         46   1229 AM  17    1985  39      7       33
  AVERAGE         50                        45      5       43

PRECIPITATION (IN)
  TODAY            0.46          1.80 1942   0.20   0.26     0.00
  MONTH TO DATE    2.33                      4.20  -1.87     2.91
  SINCE OCT 1      8.27                      7.20   1.07     4.06
  SINCE JAN 1     33.40                     29.11   4.29    24.96

DEGREE DAYS
 HEATING
  TODAY           15                        20     -5       22
  MONTH TO DATE  443                       400     43      401
  SINCE SEP 1    623                       791   -168      835
  SINCE JUL 1    624                       818   -194      840

 COOLING
  TODAY            0                         0      0        0
  MONTH TO DATE    0                         0      0        0
  SINCE SEP 1    118                        61     57       86
  SINCE JAN 1    653                       424    229      539
..................................................................


WIND (MPH)
  HIGHEST WIND SPEED    26   HIGHEST WIND DIRECTION     S (190)
  HIGHEST GUST SPEED    32   HIGHEST GUST DIRECTION     S (180)
  AVERAGE WIND SPEED    11.7



WEATHER CONDITIONS
 THE FOLLOWING WEATHER WAS RECORDED TODAY.
  RAIN
  LIGHT RAIN
  FOG


RELATIVE HUMIDITY (PERCENT)
 HIGHEST    93           100 AM
 LOWEST     71          1100 AM
 AVERAGE    82

..........................................................


THE PORTLAND OR CLIMATE NORMALS FOR TOMORROW
                         NORMAL    RECORD    YEAR
 MAXIMUM TEMPERATURE (F)   50        64      1949
 MINIMUM TEMPERATURE (F)   39        13      1985


SUNRISE AND SUNSET
NOVEMBER 23 2014......SUNRISE   721 AM PST   SUNSET   433 PM PST
NOVEMBER 24 2014......SUNRISE   722 AM PST   SUNSET   432 PM PST


-  INDICATES NEGATIVE NUMBERS.
R  INDICATES RECORD WAS SET OR TIED.
MM INDICATES DATA IS MISSING.
T  INDICATES TRACE AMOUNT.




$$
