000
CDUS46 KPQR 200222
CLIPDX


CLIMATE REPORT
NATIONAL WEATHER SERVICE PORTLAND OREGON
722 PM PDT SAT AUG 19 2017


...................................

...THE PORTLAND OR CLIMATE SUMMARY FOR AUGUST 19 2017...
VALID TODAY AS OF 0700 PM LOCAL TIME.

CLIMATE NORMAL PERIOD 1981 TO 2010
CLIMATE RECORD PERIOD 1940 TO 2017


WEATHER ITEM   OBSERVED TIME   RECORD YEAR NORMAL DEPARTURE LAST
                VALUE   (LST)  VALUE       VALUE  FROM      YEAR
                                                  NORMAL
..................................................................
TEMPERATURE (F)
 TODAY
  MAXIMUM         79    352 PM 100    2016  81     -2      100
  MINIMUM         59    643 AM  46    1947  58      1       64
  AVERAGE         69                        69      0       82

PRECIPITATION (IN)
  TODAY            0.00          1.20 1968   0.02  -0.02     0.00
  MONTH TO DATE    0.06                      0.33  -0.27     0.09
  SINCE OCT 1     49.07                     34.22  14.85    45.33
  SINCE JAN 1     29.32                     20.10   9.22    21.91

SNOWFALL (IN)
  TODAY            0.0          MM      MM
  MONTH TO DATE    0.0
  SINCE JUN 1      0.0
  SINCE JUL 1      0.0

DEGREE DAYS
 HEATING
  TODAY            0                         0      0        0
  MONTH TO DATE    1                         0      1        1
  SINCE JUN 1     71                       108    -37       71
  SINCE JUL 1      2                        17    -15        4

 COOLING
  TODAY            4                         5     -1       17
  MONTH TO DATE  177                       104     73      137
  SINCE JUN 1    429                       298    131      382
  SINCE JAN 1    470                       315    155      431
..................................................................


WIND (MPH)
  HIGHEST WIND SPEED    18   HIGHEST WIND DIRECTION    NW (320)
  HIGHEST GUST SPEED    23   HIGHEST GUST DIRECTION    NW (320)
  AVERAGE WIND SPEED    10.2



WEATHER CONDITIONS
 THE FOLLOWING WEATHER WAS RECORDED TODAY.
  NO SIGNIFICANT WEATHER WAS OBSERVED.


RELATIVE HUMIDITY (PERCENT)
 HIGHEST    78          1200 AM
 LOWEST     39           300 PM
 AVERAGE    59

..........................................................


THE PORTLAND OR CLIMATE NORMALS FOR TOMORROW
                         NORMAL    RECORD    YEAR
 MAXIMUM TEMPERATURE (F)   81       100      2016
 MINIMUM TEMPERATURE (F)   58        46      1959
                                             1947


SUNRISE AND SUNSET
AUGUST 19 2017........SUNRISE   616 AM PDT   SUNSET   811 PM PDT
AUGUST 20 2017........SUNRISE   617 AM PDT   SUNSET   809 PM PDT


-  INDICATES NEGATIVE NUMBERS.
R  INDICATES RECORD WAS SET OR TIED.
MM INDICATES DATA IS MISSING.
T  INDICATES TRACE AMOUNT.




$$
