000
CDUS46 KPQR 271143
CLIPDX


CLIMATE REPORT
NATIONAL WEATHER SERVICE PORTLAND OREGON
442 AM PDT TUE SEP 27 2016


...................................

...THE PORTLAND OR CLIMATE SUMMARY FOR SEPTEMBER 26 2016...

CLIMATE NORMAL PERIOD 1981 TO 2010
CLIMATE RECORD PERIOD 1940 TO 2016


WEATHER ITEM   OBSERVED TIME   RECORD YEAR NORMAL DEPARTURE LAST
                VALUE   (LST)  VALUE       VALUE  FROM      YEAR
                                                  NORMAL
..................................................................
TEMPERATURE (F)
 YESTERDAY
  MAXIMUM         89    407 PM  92    1967  73     16       70
  MINIMUM         55    618 AM  38    1961  51      4       52
  AVERAGE         72                        62     10       61

PRECIPITATION (IN)
  YESTERDAY        0.00          1.11 1948   0.07  -0.07      T
  MONTH TO DATE    1.69                      1.22   0.47     1.26
  SINCE OCT 1     47.02                     35.78  11.24    31.96
  SINCE JAN 1     23.60                     21.66   1.94    16.98

DEGREE DAYS
 HEATING
  YESTERDAY        0                         4     -4        4
  MONTH TO DATE   60                        57      3       67
  SINCE SEP 1     60                        57      3       67
  SINCE JUL 1     66                        84    -18       67

 COOLING
  YESTERDAY        7                         1      6        0
  MONTH TO DATE   28                        56    -28       51
  SINCE SEP 1     28                        56    -28       51
  SINCE JAN 1    546                       419    127      780
..................................................................


WIND (MPH)
  HIGHEST WIND SPEED    16   HIGHEST WIND DIRECTION    NW (320)
  HIGHEST GUST SPEED    21   HIGHEST GUST DIRECTION    NW (320)
  AVERAGE WIND SPEED     5.6


SKY COVER
  POSSIBLE SUNSHINE  MM
  AVERAGE SKY COVER 0.1


WEATHER CONDITIONS
 THE FOLLOWING WEATHER WAS RECORDED YESTERDAY.
  NO SIGNIFICANT WEATHER WAS OBSERVED.


RELATIVE HUMIDITY (PERCENT)
 HIGHEST    86           300 AM
 LOWEST     28           500 PM
 AVERAGE    57

..........................................................


THE PORTLAND OR CLIMATE NORMALS FOR TODAY
                         NORMAL    RECORD    YEAR
 MAXIMUM TEMPERATURE (F)   72        95      2003
 MINIMUM TEMPERATURE (F)   50        37      1961
                                             1945


SUNRISE AND SUNSET
SEPTEMBER 27 2016.....SUNRISE   704 AM PDT   SUNSET   657 PM PDT
SEPTEMBER 28 2016.....SUNRISE   706 AM PDT   SUNSET   655 PM PDT


-  INDICATES NEGATIVE NUMBERS.
R  INDICATES RECORD WAS SET OR TIED.
MM INDICATES DATA IS MISSING.
T  INDICATES TRACE AMOUNT.




$$
