000
CDUS46 KPQR 211146
CLIPDX


CLIMATE REPORT
NATIONAL WEATHER SERVICE PORTLAND OREGON
445 AM PDT TUE OCT 21 2014


...................................

...THE PORTLAND OR CLIMATE SUMMARY FOR OCTOBER 20 2014...

CLIMATE NORMAL PERIOD 1981 TO 2010
CLIMATE RECORD PERIOD 1940 TO 2014


WEATHER ITEM   OBSERVED TIME   RECORD YEAR NORMAL DEPARTURE LAST
                VALUE   (LST)  VALUE       VALUE  FROM      YEAR
                                                  NORMAL
..................................................................
TEMPERATURE (F)
 YESTERDAY
  MAXIMUM         64    239 PM  77    2003  62      2       63
  MINIMUM         54   1030 PM  28    1949  45      9       44
  AVERAGE         59                        54      5       54

PRECIPITATION (IN)
  YESTERDAY        0.15          0.99 1956   0.11   0.04     0.00
  MONTH TO DATE    1.44                      1.60  -0.16     0.87
  SINCE OCT 1      1.44                      1.60  -0.16     0.87
  SINCE JAN 1     26.57                     23.51   3.06    21.77

DEGREE DAYS
 HEATING
  YESTERDAY        6                        12     -6       11
  MONTH TO DATE   64                       171   -107      220
  SINCE SEP 1     81                       247   -166      305
  SINCE JUL 1     82                       274   -192      310

 COOLING
  YESTERDAY        0                         0      0        0
  MONTH TO DATE   17                         0     17        0
  SINCE SEP 1    118                        59     59       86
  SINCE JAN 1    653                       422    231      539
..................................................................


WIND (MPH)
  HIGHEST WIND SPEED    20   HIGHEST WIND DIRECTION     S (190)
  HIGHEST GUST SPEED    23   HIGHEST GUST DIRECTION     S (190)
  AVERAGE WIND SPEED     6.7


SKY COVER
  POSSIBLE SUNSHINE  MM
  AVERAGE SKY COVER 0.8


WEATHER CONDITIONS
 THE FOLLOWING WEATHER WAS RECORDED YESTERDAY.
  RAIN
  LIGHT RAIN
  FOG


RELATIVE HUMIDITY (PERCENT)
 HIGHEST    93           700 AM
 LOWEST     72           200 PM
 AVERAGE    83

..........................................................


THE PORTLAND OR CLIMATE NORMALS FOR TODAY
                         NORMAL    RECORD    YEAR
 MAXIMUM TEMPERATURE (F)   62        81      2003
 MINIMUM TEMPERATURE (F)   45        30      1949


SUNRISE AND SUNSET
OCTOBER 21 2014.......SUNRISE   735 AM PDT   SUNSET   614 PM PDT
OCTOBER 22 2014.......SUNRISE   736 AM PDT   SUNSET   613 PM PDT


-  INDICATES NEGATIVE NUMBERS.
R  INDICATES RECORD WAS SET OR TIED.
MM INDICATES DATA IS MISSING.
T  INDICATES TRACE AMOUNT.




$$
