000
CDUS46 KPQR 261141
CLIPDX


CLIMATE REPORT
NATIONAL WEATHER SERVICE PORTLAND OREGON
440 AM PDT FRI AUG 26 2016


...................................

...THE PORTLAND OR CLIMATE SUMMARY FOR AUGUST 25 2016...

CLIMATE NORMAL PERIOD 1981 TO 2010
CLIMATE RECORD PERIOD 1940 TO 2016


WEATHER ITEM   OBSERVED TIME   RECORD YEAR NORMAL DEPARTURE LAST
                VALUE   (LST)  VALUE       VALUE  FROM      YEAR
                                                  NORMAL
..................................................................
TEMPERATURE (F)
 YESTERDAY
  MAXIMUM         95R   407 PM  94    2010  80     15       85
                                      1967
  MINIMUM         60    513 AM  47    1957  57      3       55
  AVERAGE         78                        69      9       70

PRECIPITATION (IN)
  YESTERDAY        0.00          1.47 1977   0.03  -0.03     0.00
  MONTH TO DATE    0.09                      0.49  -0.40     0.12
  SINCE OCT 1     45.33                     34.38  10.95    30.16
  SINCE JAN 1     21.91                     20.26   1.65    15.18

DEGREE DAYS
 HEATING
  YESTERDAY        0                         0      0        0
  MONTH TO DATE    2                         0      2        0
  SINCE JUN 1     72                       108    -36       19
  SINCE JUL 1      5                        17    -12        0

 COOLING
  YESTERDAY       13                         4      9        5
  MONTH TO DATE  188                       130     58      201
  SINCE JUN 1    433                       324    109      673
  SINCE JAN 1    482                       341    141      695
..................................................................


WIND (MPH)
  HIGHEST WIND SPEED    16   HIGHEST WIND DIRECTION    NW (310)
  HIGHEST GUST SPEED    20   HIGHEST GUST DIRECTION    NW (300)
  AVERAGE WIND SPEED     4.9


SKY COVER
  POSSIBLE SUNSHINE  MM
  AVERAGE SKY COVER 0.2


WEATHER CONDITIONS
 THE FOLLOWING WEATHER WAS RECORDED YESTERDAY.
  NO SIGNIFICANT WEATHER WAS OBSERVED.


RELATIVE HUMIDITY (PERCENT)
 HIGHEST    72           500 AM
 LOWEST     15           200 PM
 AVERAGE    44

..........................................................


THE PORTLAND OR CLIMATE NORMALS FOR TODAY
                         NORMAL    RECORD    YEAR
 MAXIMUM TEMPERATURE (F)   80       100      1986
 MINIMUM TEMPERATURE (F)   57        46      1962


SUNRISE AND SUNSET
AUGUST 26 2016........SUNRISE   625 AM PDT   SUNSET   758 PM PDT
AUGUST 27 2016........SUNRISE   626 AM PDT   SUNSET   756 PM PDT


-  INDICATES NEGATIVE NUMBERS.
R  INDICATES RECORD WAS SET OR TIED.
MM INDICATES DATA IS MISSING.
T  INDICATES TRACE AMOUNT.




$$
