000
CDUS46 KPQR 200230
CLIPDX


CLIMATE REPORT
NATIONAL WEATHER SERVICE PORTLAND OREGON
630 PM PST MON FEB 19 2018


...................................

...THE PORTLAND OR CLIMATE SUMMARY FOR FEBRUARY 19 2018...
VALID TODAY AS OF 0600 PM LOCAL TIME.

CLIMATE NORMAL PERIOD 1981 TO 2010
CLIMATE RECORD PERIOD 1940 TO 2018


WEATHER ITEM   OBSERVED TIME   RECORD YEAR NORMAL DEPARTURE LAST
                VALUE   (LST)  VALUE       VALUE  FROM      YEAR
                                                  NORMAL
..................................................................
TEMPERATURE (F)
 TODAY
  MAXIMUM         40    402 PM  66    1977  52    -12       51
  MINIMUM         31    656 AM  23    2006  36     -5       40
  AVERAGE         36                        44     -8       46

PRECIPITATION (IN)
  TODAY            T             1.27 1968   0.13  -0.13     0.27
  MONTH TO DATE    0.85                      2.49  -1.64     8.72
  SINCE OCT 1     20.31                     21.49  -1.18    32.60
  SINCE JAN 1      6.21                      7.37  -1.16    12.85

SNOWFALL (IN)
  TODAY            T             6.1  1993
  MONTH TO DATE    0.2
  SINCE DEC 1      1.2
  SINCE JUL 1      1.2

DEGREE DAYS
 HEATING
  TODAY           29                        21      8       19
  MONTH TO DATE  374                       412    -38      450
  SINCE DEC 1   1745                      1907   -162     2273
  SINCE JUL 1   2670                      2876   -206     2983

 COOLING
  TODAY            0                         0      0        0
  MONTH TO DATE    0                         0      0        0
  SINCE DEC 1      0                         0      0        0
  SINCE JAN 1      0                         0      0        0
..................................................................


WIND (MPH)
  HIGHEST WIND SPEED    10   HIGHEST WIND DIRECTION    NW (320)
  HIGHEST GUST SPEED    16   HIGHEST GUST DIRECTION    NW (320)
  AVERAGE WIND SPEED     4.4



WEATHER CONDITIONS
 THE FOLLOWING WEATHER WAS RECORDED TODAY.
  LIGHT SNOW


RELATIVE HUMIDITY (PERCENT)
 HIGHEST    78           100 AM
 LOWEST     44           500 PM
 AVERAGE    61

..........................................................


THE PORTLAND OR CLIMATE NORMALS FOR TOMORROW
                         NORMAL    RECORD    YEAR
 MAXIMUM TEMPERATURE (F)   52        63      1982
                                             1973
 MINIMUM TEMPERATURE (F)   36        22      2006


SUNRISE AND SUNSET
FEBRUARY 19 2018......SUNRISE   706 AM PST   SUNSET   543 PM PST
FEBRUARY 20 2018......SUNRISE   704 AM PST   SUNSET   545 PM PST


-  INDICATES NEGATIVE NUMBERS.
R  INDICATES RECORD WAS SET OR TIED.
MM INDICATES DATA IS MISSING.
T  INDICATES TRACE AMOUNT.




$$
