000
CDUS46 KPQR 010222
CLIPDX


CLIMATE REPORT
NATIONAL WEATHER SERVICE PORTLAND OREGON
721 PM PDT MON AUG 31 2015


...................................

...THE PORTLAND OR CLIMATE SUMMARY FOR AUGUST 31 2015...
VALID TODAY AS OF 0700 PM LOCAL TIME.

CLIMATE NORMAL PERIOD 1981 TO 2010
CLIMATE RECORD PERIOD 1940 TO 2015


WEATHER ITEM   OBSERVED TIME   RECORD YEAR NORMAL DEPARTURE LAST
                VALUE   (LST)  VALUE       VALUE  FROM      YEAR
                                                  NORMAL
..................................................................
TEMPERATURE (F)
 TODAY
  MAXIMUM         74    433 PM 102    1987  79     -5       77
  MINIMUM         61    158 AM  44    1951  56      5       58
  AVERAGE         68                        68      0       68

PRECIPITATION (IN)
  TODAY            0.00          0.52 1961   0.03  -0.03     0.00
  MONTH TO DATE    0.66                      0.67  -0.01     0.01
  SINCE OCT 1     30.70                     34.56  -3.86    29.97
  SINCE JAN 1     15.72                     20.44  -4.72    24.15

DEGREE DAYS
 HEATING
  TODAY            0                         1     -1        0
  MONTH TO DATE    0                         4     -4        0
  SINCE JUN 1     19                       118    -99       63
  SINCE JUL 1      0                        27    -27        1

 COOLING
  TODAY            3                         4     -1        3
  MONTH TO DATE  235                       152     83      258
  SINCE JUN 1    707                       346    361      507
  SINCE JAN 1    729                       363    366      535
..................................................................


WIND (MPH)
  HIGHEST WIND SPEED    14   HIGHEST WIND DIRECTION     S (180)
  HIGHEST GUST SPEED    18   HIGHEST GUST DIRECTION    SW (220)
  AVERAGE WIND SPEED     8.4



WEATHER CONDITIONS
 THE FOLLOWING WEATHER WAS RECORDED TODAY.
  NO SIGNIFICANT WEATHER WAS OBSERVED.


RELATIVE HUMIDITY (PERCENT)
 HIGHEST    78           100 AM
 LOWEST     46           400 PM
 AVERAGE    62

..........................................................


THE PORTLAND OR CLIMATE NORMALS FOR TOMORROW
                         NORMAL    RECORD    YEAR
 MAXIMUM TEMPERATURE (F)   79        98      1988
 MINIMUM TEMPERATURE (F)   56        44      1973


SUNRISE AND SUNSET
AUGUST 31 2015........SUNRISE   630 AM PDT   SUNSET   750 PM PDT
SEPTEMBER  1 2015.....SUNRISE   631 AM PDT   SUNSET   748 PM PDT


-  INDICATES NEGATIVE NUMBERS.
R  INDICATES RECORD WAS SET OR TIED.
MM INDICATES DATA IS MISSING.
T  INDICATES TRACE AMOUNT.




$$
