000
CDUS46 KPQR 142326
CLIPDX


CLIMATE REPORT
NATIONAL WEATHER SERVICE PORTLAND OREGON
426 PM PDT SUN SEP 14 2014


...................................

...THE PORTLAND OR CLIMATE SUMMARY FOR SEPTEMBER 14 2014...
VALID TODAY AS OF 0400 PM LOCAL TIME.

CLIMATE NORMAL PERIOD 1981 TO 2010
CLIMATE RECORD PERIOD 1940 TO 2014


WEATHER ITEM   OBSERVED TIME   RECORD YEAR NORMAL DEPARTURE LAST
                VALUE   (LST)  VALUE       VALUE  FROM      YEAR
                                                  NORMAL
..................................................................
TEMPERATURE (F)
 TODAY
  MAXIMUM         87    259 PM  92    1995  77     10       80
                                      1979
                                      1957
  MINIMUM         52    619 AM  42    1992  54     -2       62
                                      1986
                                      1969
  AVERAGE         70                        65      5       71

PRECIPITATION (IN)
  TODAY            0.00          2.03 1996   0.05  -0.05      T
  MONTH TO DATE    T                         0.57  -0.57     1.42
  SINCE OCT 1     29.97                     35.13  -5.16    38.63
  SINCE JAN 1     24.15                     21.01   3.14    16.70

DEGREE DAYS
 HEATING
  TODAY            0                         2     -2        0
  MONTH TO DATE    1                        19    -18        0
  SINCE SEP 1      1                        19    -18        0
  SINCE JUL 1      2                        46    -44        5

 COOLING
  TODAY            5                         2      3        6
  MONTH TO DATE   55                        38     17       86
  SINCE SEP 1     55                        38     17       86
  SINCE JAN 1    590                       401    189      539
..................................................................


WIND (MPH)
  HIGHEST WIND SPEED     8   HIGHEST WIND DIRECTION    NW (300)
  HIGHEST GUST SPEED    12   HIGHEST GUST DIRECTION     W (260)
  AVERAGE WIND SPEED     4.8



WEATHER CONDITIONS
 THE FOLLOWING WEATHER WAS RECORDED TODAY.
  NO SIGNIFICANT WEATHER WAS OBSERVED.


RELATIVE HUMIDITY (PERCENT)
 HIGHEST    83           600 AM
 LOWEST     20           200 PM
 AVERAGE    52

..........................................................


THE PORTLAND OR CLIMATE NORMALS FOR TOMORROW
                         NORMAL    RECORD    YEAR
 MAXIMUM TEMPERATURE (F)   76        96      1981
 MINIMUM TEMPERATURE (F)   53        40      1970


SUNRISE AND SUNSET
SEPTEMBER 14 2014.....SUNRISE   648 AM PDT   SUNSET   723 PM PDT
SEPTEMBER 15 2014.....SUNRISE   649 AM PDT   SUNSET   721 PM PDT


-  INDICATES NEGATIVE NUMBERS.
R  INDICATES RECORD WAS SET OR TIED.
MM INDICATES DATA IS MISSING.
T  INDICATES TRACE AMOUNT.




$$
