000
CDUS46 KPQR 211142
CLIPDX


CLIMATE REPORT
NATIONAL WEATHER SERVICE PORTLAND OREGON
441 AM PDT THU AUG 21 2014


...................................

...THE PORTLAND OR CLIMATE SUMMARY FOR AUGUST 20 2014...

CLIMATE NORMAL PERIOD 1981 TO 2010
CLIMATE RECORD PERIOD 1940 TO 2014


WEATHER ITEM   OBSERVED TIME   RECORD YEAR NORMAL DEPARTURE LAST
                VALUE   (LST)  VALUE       VALUE  FROM      YEAR
                                                  NORMAL
..................................................................
TEMPERATURE (F)
 YESTERDAY
  MAXIMUM         78    430 PM  96    2011  81     -3       83
  MINIMUM         60   1159 PM  46    1959  58      2       57
                                      1947
  AVERAGE         69                        69      0       70

PRECIPITATION (IN)
  YESTERDAY        0.00          0.55 1997   0.03  -0.03     0.00
  MONTH TO DATE    0.01                      0.36  -0.35     0.07
  SINCE OCT 1     29.97                     34.25  -4.28    36.50
  SINCE JAN 1     24.15                     20.13   4.02    14.57

DEGREE DAYS
 HEATING
  YESTERDAY        0                         0      0        0
  MONTH TO DATE    0                         0      0        3
  SINCE JUN 1     63                       108    -45       54
  SINCE JUL 1      1                        17    -16        5

 COOLING
  YESTERDAY        4                         5     -1        5
  MONTH TO DATE  185                       109     76      131
  SINCE JUN 1    434                       303    131      366
  SINCE JAN 1    462                       320    142      381
..................................................................


WIND (MPH)
  HIGHEST WIND SPEED    12   HIGHEST WIND DIRECTION     N (340)
  HIGHEST GUST SPEED    18   HIGHEST GUST DIRECTION     N (350)
  AVERAGE WIND SPEED     5.8


SKY COVER
  POSSIBLE SUNSHINE  MM
  AVERAGE SKY COVER 0.4


WEATHER CONDITIONS
 THE FOLLOWING WEATHER WAS RECORDED YESTERDAY.
  NO SIGNIFICANT WEATHER WAS OBSERVED.


RELATIVE HUMIDITY (PERCENT)
 HIGHEST    78          1200 AM
 LOWEST     36           500 PM
 AVERAGE    57

..........................................................


THE PORTLAND OR CLIMATE NORMALS FOR TODAY
                         NORMAL    RECORD    YEAR
 MAXIMUM TEMPERATURE (F)   81        95      1945
 MINIMUM TEMPERATURE (F)   58        45      1955


SUNRISE AND SUNSET
AUGUST 21 2014........SUNRISE   618 AM PDT   SUNSET   808 PM PDT
AUGUST 22 2014........SUNRISE   620 AM PDT   SUNSET   806 PM PDT


-  INDICATES NEGATIVE NUMBERS.
R  INDICATES RECORD WAS SET OR TIED.
MM INDICATES DATA IS MISSING.
T  INDICATES TRACE AMOUNT.




$$
