000
CDUS46 KPQR 020236
CLIPDX


CLIMATE REPORT
NATIONAL WEATHER SERVICE PORTLAND OREGON
636 PM PST SUN MAR 1 2015


...................................

...THE PORTLAND OR CLIMATE SUMMARY FOR MARCH 1 2015...
VALID TODAY AS OF 0600 PM LOCAL TIME.

CLIMATE NORMAL PERIOD 1981 TO 2010
CLIMATE RECORD PERIOD 1940 TO 2015


WEATHER ITEM   OBSERVED TIME   RECORD YEAR NORMAL DEPARTURE LAST
                VALUE   (LST)  VALUE       VALUE  FROM      YEAR
                                                  NORMAL
..................................................................
TEMPERATURE (F)
 TODAY
  MAXIMUM         57    357 PM  67    1981  54      3       47
  MINIMUM         30    638 AM  22    1971  37     -7       34
                                      1960
  AVERAGE         44                        46     -2       41

PRECIPITATION (IN)
  TODAY            0.00          1.01 1997   0.14  -0.14     0.01
  MONTH TO DATE    0.00                      0.14  -0.14     0.01
  SINCE OCT 1     22.02                     22.80  -0.78    13.65
  SINCE JAN 1      7.04                      8.68  -1.64     7.83

DEGREE DAYS
 HEATING
  TODAY           21                        19      2       24
  MONTH TO DATE   21                        19      2       24
  SINCE MAR 1     21                        19      2       24
  SINCE JUL 1   2493                      3077   -584     3322

 COOLING
  TODAY            0                         0      0        0
  MONTH TO DATE    0                         0      0        0
  SINCE MAR 1      0                         0      0        0
  SINCE JAN 1      0                         0      0        0
..................................................................


WIND (MPH)
  HIGHEST WIND SPEED     9   HIGHEST WIND DIRECTION     E (110)
  HIGHEST GUST SPEED    11   HIGHEST GUST DIRECTION     W (280)
  AVERAGE WIND SPEED     2.6



WEATHER CONDITIONS
 THE FOLLOWING WEATHER WAS RECORDED TODAY.
  NO SIGNIFICANT WEATHER WAS OBSERVED.


RELATIVE HUMIDITY (PERCENT)
 HIGHEST    92           500 AM
 LOWEST     22           500 PM
 AVERAGE    57

..........................................................


THE PORTLAND OR CLIMATE NORMALS FOR TOMORROW
                         NORMAL    RECORD    YEAR
 MAXIMUM TEMPERATURE (F)   54        67      1986
 MINIMUM TEMPERATURE (F)   38        25      1960


SUNRISE AND SUNSET
MARCH  1 2015.........SUNRISE   649 AM PST   SUNSET   557 PM PST
MARCH  2 2015.........SUNRISE   647 AM PST   SUNSET   558 PM PST


-  INDICATES NEGATIVE NUMBERS.
R  INDICATES RECORD WAS SET OR TIED.
MM INDICATES DATA IS MISSING.
T  INDICATES TRACE AMOUNT.




$$
