000
CDUS41 KPBZ 230703
CLIPHD


CLIMATE REPORT
NATIONAL WEATHER SERVICE PITTSBURGH PA
302 AM EDT WED AUG 23 2017


...................................

...THE NEW PHILADELPHIA OH CLIMATE SUMMARY FOR AUGUST 22 2017...

CLIMATE NORMAL PERIOD 1981 TO 2010
CLIMATE RECORD PERIOD 1948 TO 2017


WEATHER ITEM   OBSERVED TIME   RECORD YEAR NORMAL DEPARTURE LAST
                VALUE   (LST)  VALUE       VALUE  FROM      YEAR
                                                  NORMAL
..................................................................
TEMPERATURE (F)
 YESTERDAY
  MAXIMUM         84   1251 PM  94    1968  82      2       81
  MINIMUM         69            40    1982  59     10       58
  AVERAGE         77                        71      6       70

PRECIPITATION (IN)
  YESTERDAY        0.03          1.07 1971   0.12  -0.09     0.00
  MONTH TO DATE    1.91                      2.41  -0.50     3.08
  SINCE JUN 1     10.11                     10.17  -0.06     6.94
  SINCE JAN 1     30.86                     25.77   5.09    21.59

DEGREE DAYS
 HEATING
  YESTERDAY        0                         0      0        0
  MONTH TO DATE    0                         0      0        0
  SINCE JUN 1     27                        38    -11        7
  SINCE JUL 1      0                         3     -3        0

 COOLING
  YESTERDAY       12                         6      6        5
  MONTH TO DATE  135                       152    -17      270
  SINCE JUN 1    583                       529     54      937
  SINCE JAN 1    650                       572     78     1016
..................................................................


WIND (MPH)
  HIGHEST WIND SPEED    25   HIGHEST WIND DIRECTION     W (290)
  HIGHEST GUST SPEED    35   HIGHEST GUST DIRECTION     W (290)
  AVERAGE WIND SPEED     5.8


SKY COVER
  POSSIBLE SUNSHINE  MM
  AVERAGE SKY COVER 0.3


WEATHER CONDITIONS
 THE FOLLOWING WEATHER WAS RECORDED YESTERDAY.
  THUNDERSTORM
  LIGHT RAIN
  FOG


RELATIVE HUMIDITY (PERCENT)
 HIGHEST    93          1200 AM
 LOWEST     67           600 PM
 AVERAGE    80

..........................................................


THE NEW PHILADELPHIA OH CLIMATE NORMALS FOR TODAY
                         NORMAL    RECORD    YEAR
 MAXIMUM TEMPERATURE (F)   82        95      1968
 MINIMUM TEMPERATURE (F)   59        42      1982


SUNRISE AND SUNSET
AUGUST 23 2017........SUNRISE   644 AM EDT   SUNSET   811 PM EDT
AUGUST 24 2017........SUNRISE   645 AM EDT   SUNSET   810 PM EDT


-  INDICATES NEGATIVE NUMBERS.
R  INDICATES RECORD WAS SET OR TIED.
MM INDICATES DATA IS MISSING.
T  INDICATES TRACE AMOUNT.




$$
