000
CDUS41 KPBZ 260702
CLIPHD


CLIMATE REPORT
NATIONAL WEATHER SERVICE PITTSBURGH PA
302 AM EDT MON JUN 26 2017


...................................

...THE NEW PHILADELPHIA OH CLIMATE SUMMARY FOR JUNE 25 2017...

CLIMATE NORMAL PERIOD 1981 TO 2010
CLIMATE RECORD PERIOD 1948 TO 2017


WEATHER ITEM   OBSERVED TIME   RECORD YEAR NORMAL DEPARTURE LAST
                VALUE   (LST)  VALUE       VALUE  FROM      YEAR
                                                  NORMAL
..................................................................
TEMPERATURE (F)
 YESTERDAY
  MAXIMUM         77    225 PM  92    2005  82     -5       90
                                      2002
                                      1966
  MINIMUM         55            40    1979  60     -5       60
  AVERAGE         66                        71     -5       75

PRECIPITATION (IN)
  YESTERDAY        0.00          2.06 1981   0.10  -0.10     0.00
  MONTH TO DATE    1.83                      3.31  -1.48     1.17
  SINCE JUN 1      1.83                      3.31  -1.48     1.17
  SINCE JAN 1     22.58                     18.91   3.67    15.82

DEGREE DAYS
 HEATING
  YESTERDAY        0                         0      0        0
  MONTH TO DATE   19                        33    -14        7
  SINCE JUN 1     19                        33    -14        7
  SINCE JUL 1   4703                      5642   -939     4818

 COOLING
  YESTERDAY        1                         6     -5       10
  MONTH TO DATE  168                       111     57      227
  SINCE JUN 1    168                       111     57      227
  SINCE JAN 1    235                       154     81      306
..................................................................


WIND (MPH)
  HIGHEST WIND SPEED    21   HIGHEST WIND DIRECTION     W (290)
  HIGHEST GUST SPEED    31   HIGHEST GUST DIRECTION     W (290)
  AVERAGE WIND SPEED     6.0


SKY COVER
  POSSIBLE SUNSHINE  MM
  AVERAGE SKY COVER 0.2


WEATHER CONDITIONS
 THE FOLLOWING WEATHER WAS RECORDED YESTERDAY.
  NO SIGNIFICANT WEATHER WAS OBSERVED.


RELATIVE HUMIDITY (PERCENT)
 HIGHEST   100           600 AM
 LOWEST     35           500 PM
 AVERAGE    68

..........................................................


THE NEW PHILADELPHIA OH CLIMATE NORMALS FOR TODAY
                         NORMAL    RECORD    YEAR
 MAXIMUM TEMPERATURE (F)   82        99      1988
 MINIMUM TEMPERATURE (F)   60        44      1979
                                             1967


SUNRISE AND SUNSET
JUNE 26 2017..........SUNRISE   557 AM EDT   SUNSET   900 PM EDT
JUNE 27 2017..........SUNRISE   557 AM EDT   SUNSET   900 PM EDT


-  INDICATES NEGATIVE NUMBERS.
R  INDICATES RECORD WAS SET OR TIED.
MM INDICATES DATA IS MISSING.
T  INDICATES TRACE AMOUNT.




$$
