000
CDUS41 KPBZ 040830
CLIPHD


CLIMATE REPORT
NATIONAL WEATHER SERVICE PITTSBURGH PA
330 AM EST WED MAR 4 2015


...................................

...THE NEW PHILADELPHIA OH CLIMATE SUMMARY FOR MARCH 3 2015...

CLIMATE NORMAL PERIOD 1981 TO 2010
CLIMATE RECORD PERIOD 1946 TO 2015


WEATHER ITEM   OBSERVED TIME   RECORD YEAR NORMAL DEPARTURE LAST
                VALUE   (LST)  VALUE       VALUE  FROM      YEAR
                                                  NORMAL
..................................................................
TEMPERATURE (F)
 YESTERDAY
  MAXIMUM         47    940 PM  74    1991  46      1       19
  MINIMUM         14             1    1980  25    -11        4
  AVERAGE         31                        35     -4       12

PRECIPITATION (IN)
  YESTERDAY        0.48         MM      MM   0.08   0.40      T
  MONTH TO DATE    0.82                      0.25   0.57     0.11
  SINCE JUN 1     28.62                     28.51   0.11    28.54
  SINCE JAN 1      3.89                      5.21  -1.32     3.90

DEGREE DAYS
 HEATING
  YESTERDAY       34                        30      4       53
  MONTH TO DATE  112                        90     22      126
  SINCE MAR 1    112                        90     22      126
  SINCE JUL 1   4730                      4297    433     4759

 COOLING
  YESTERDAY        0                         0      0        0
  MONTH TO DATE    0                         0      0        0
  SINCE MAR 1      0                         0      0        0
  SINCE JAN 1      0                         0      0        0
..................................................................


WIND (MPH)
  HIGHEST WIND SPEED    14   HIGHEST WIND DIRECTION    SE (130)
  HIGHEST GUST SPEED    20   HIGHEST GUST DIRECTION     S (180)
  AVERAGE WIND SPEED     6.2


SKY COVER
  POSSIBLE SUNSHINE  MM
  AVERAGE SKY COVER 0.9


WEATHER CONDITIONS
 THE FOLLOWING WEATHER WAS RECORDED YESTERDAY.
  RAIN
  LIGHT RAIN
  FOG
  HAZE


RELATIVE HUMIDITY (PERCENT)
 HIGHEST    86           500 PM
 LOWEST     54          1200 PM
 AVERAGE    70

..........................................................


THE NEW PHILADELPHIA OH CLIMATE NORMALS FOR TODAY
                         NORMAL    RECORD    YEAR
 MAXIMUM TEMPERATURE (F)   46        76      1974
 MINIMUM TEMPERATURE (F)   25         2      1984


SUNRISE AND SUNSET
MARCH  4 2015.........SUNRISE   655 AM EST   SUNSET   620 PM EST
MARCH  5 2015.........SUNRISE   654 AM EST   SUNSET   621 PM EST


-  INDICATES NEGATIVE NUMBERS.
R  INDICATES RECORD WAS SET OR TIED.
MM INDICATES DATA IS MISSING.
T  INDICATES TRACE AMOUNT.




$$
