000
CDUS41 KPBZ 240703
CLIPHD


CLIMATE REPORT
NATIONAL WEATHER SERVICE PITTSBURGH PA
302 AM EDT FRI OCT 24 2014


...................................

...THE NEW PHILADELPHIA OH CLIMATE SUMMARY FOR OCTOBER 23 2014...

CLIMATE NORMAL PERIOD 1981 TO 2010
CLIMATE RECORD PERIOD 1946 TO 2014


WEATHER ITEM   OBSERVED TIME   RECORD YEAR NORMAL DEPARTURE LAST
                VALUE   (LST)  VALUE       VALUE  FROM      YEAR
                                                  NORMAL
..................................................................
TEMPERATURE (F)
 YESTERDAY
  MAXIMUM         61    227 PM  82    1979  62     -1       43
  MINIMUM         38            22    1976  39     -1       34
  AVERAGE         50                        50      0       39

PRECIPITATION (IN)
  YESTERDAY        0.00         MM      MM   0.09  -0.09     0.05
  MONTH TO DATE    1.67                      2.04  -0.37     2.60
  SINCE JUN 1     19.45                     16.65   2.80    17.60
  SINCE JAN 1     34.63                     32.25   2.38    27.64

DEGREE DAYS
 HEATING
  YESTERDAY       15                        15      0       26
  MONTH TO DATE  210                       264    -54      180
  SINCE SEP 1    310                       360    -50      282
  SINCE JUL 1    342                       370    -28      296

 COOLING
  YESTERDAY        0                         0      0        0
  MONTH TO DATE    9                         9      0       31
  SINCE SEP 1     81                        75      6      110
  SINCE JAN 1    630                       697    -67      755
..................................................................


WIND (MPH)
  HIGHEST WIND SPEED    14   HIGHEST WIND DIRECTION    NW (320)
  HIGHEST GUST SPEED    23   HIGHEST GUST DIRECTION    NW (320)
  AVERAGE WIND SPEED     4.6


SKY COVER
  POSSIBLE SUNSHINE  MM
  AVERAGE SKY COVER 0.5


WEATHER CONDITIONS
 THE FOLLOWING WEATHER WAS RECORDED YESTERDAY.
  FOG
  FOG W/VISIBILITY <= 1/4 MILE
  HAZE


RELATIVE HUMIDITY (PERCENT)
 HIGHEST    96          1200 AM
 LOWEST     57           200 PM
 AVERAGE    77

..........................................................


THE NEW PHILADELPHIA OH CLIMATE NORMALS FOR TODAY
                         NORMAL    RECORD    YEAR
 MAXIMUM TEMPERATURE (F)   62        79      2012
                                             1975
 MINIMUM TEMPERATURE (F)   38        19      1964


SUNRISE AND SUNSET
OCTOBER 24 2014.......SUNRISE   746 AM EDT   SUNSET   633 PM EDT
OCTOBER 25 2014.......SUNRISE   748 AM EDT   SUNSET   631 PM EDT


-  INDICATES NEGATIVE NUMBERS.
R  INDICATES RECORD WAS SET OR TIED.
MM INDICATES DATA IS MISSING.
T  INDICATES TRACE AMOUNT.




$$
