000
CDUS41 KPBZ 262116
CLIPHD


CLIMATE REPORT
NATIONAL WEATHER SERVICE PITTSBURGH PA
516 PM EDT TUE MAY 26 2015


...................................

...THE NEW PHILADELPHIA OH CLIMATE SUMMARY FOR MAY 26 2015...
VALID TODAY AS OF 0500 PM LOCAL TIME.

CLIMATE NORMAL PERIOD 1981 TO 2010
CLIMATE RECORD PERIOD 1946 TO 2015


WEATHER ITEM   OBSERVED TIME   RECORD YEAR NORMAL DEPARTURE LAST
                VALUE   (LST)  VALUE       VALUE  FROM      YEAR
                                                  NORMAL
..................................................................
TEMPERATURE (F)
 TODAY
  MAXIMUM         84    359 PM  90    2012  75      9       84
                                      1975
  MINIMUM         66    532 AM  31    1969  51     15       50
  AVERAGE         75                        63     12       67

PRECIPITATION (IN)
  TODAY            0.08         MM      MM   0.14  -0.06     0.00
  MONTH TO DATE    2.76                      3.42  -0.66     3.18
  SINCE JUN 1     37.74                     38.15  -0.41    39.61
  SINCE JAN 1     13.01                     14.85  -1.84    14.97

DEGREE DAYS
 HEATING
  TODAY            0                         4     -4        0
  MONTH TO DATE   87                       176    -89      156
  SINCE MAR 1   1279                      1384   -105     1527
  SINCE JUL 1   5897                      5591    306     6160

 COOLING
  TODAY           10                         2      8        2
  MONTH TO DATE  115                        23     92       41
  SINCE MAR 1    118                        30     88       42
  SINCE JAN 1    118                        30     88       42
..................................................................


WIND (MPH)
  HIGHEST WIND SPEED    16   HIGHEST WIND DIRECTION     S (160)
  HIGHEST GUST SPEED    22   HIGHEST GUST DIRECTION    SE (140)
  AVERAGE WIND SPEED     5.1


SKY COVER
  POSSIBLE SUNSHINE  MM
  AVERAGE SKY COVER 0.5


WEATHER CONDITIONS
 THE FOLLOWING WEATHER WAS RECORDED TODAY.
  HEAVY RAIN
  LIGHT RAIN
  FOG


RELATIVE HUMIDITY (PERCENT)
 HIGHEST    93           400 AM
 LOWEST     55           200 PM
 AVERAGE    74

..........................................................


THE NEW PHILADELPHIA OH CLIMATE NORMALS FOR TOMORROW
                         NORMAL    RECORD    YEAR
 MAXIMUM TEMPERATURE (F)   75        92      2012
 MINIMUM TEMPERATURE (F)   51        30      1961


SUNRISE AND SUNSET
MAY 26 2015...........SUNRISE   601 AM EDT   SUNSET   845 PM EDT
MAY 27 2015...........SUNRISE   600 AM EDT   SUNSET   846 PM EDT


-  INDICATES NEGATIVE NUMBERS.
R  INDICATES RECORD WAS SET OR TIED.
MM INDICATES DATA IS MISSING.
T  INDICATES TRACE AMOUNT.




$$
