000
CDUS41 KPBZ 142221
CLIPHD


CLIMATE REPORT
NATIONAL WEATHER SERVICE PITTSBURGH PA
520 PM EST THU DEC 14 2017


...................................

...THE NEW PHILADELPHIA OH CLIMATE SUMMARY FOR DECEMBER 14 2017...
VALID TODAY AS OF 0500 PM LOCAL TIME.

CLIMATE NORMAL PERIOD 1981 TO 2010
CLIMATE RECORD PERIOD 1948 TO 2017


WEATHER ITEM   OBSERVED TIME   RECORD YEAR NORMAL DEPARTURE LAST
                VALUE   (LST)  VALUE       VALUE  FROM      YEAR
                                                  NORMAL
..................................................................
TEMPERATURE (F)
 TODAY
  MAXIMUM         33    247 AM  64    2015  41     -8       27
  MINIMUM         24   1012 AM  -3    1962  25     -1        6
  AVERAGE         29                        33     -4       17

PRECIPITATION (IN)
  TODAY            T             1.06 1991   0.08  -0.08     0.00
  MONTH TO DATE    0.29                      1.30  -1.01     1.35
  SINCE JUN 1     19.60                     21.93  -2.33    18.29
  SINCE JAN 1     40.35                     37.53   2.82    32.94

DEGREE DAYS
 HEATING
  TODAY           36                        32      4       48
  MONTH TO DATE  449                       421     28      473
  SINCE DEC 1    449                       421     28      473
  SINCE JUL 1   1451                      1579   -128     1340

 COOLING
  TODAY            0                         0      0        0
  MONTH TO DATE    0                         0      0        0
  SINCE DEC 1      0                         0      0        0
  SINCE JAN 1    831                       697    134     1339
..................................................................


WIND (MPH)
  HIGHEST WIND SPEED    23   HIGHEST WIND DIRECTION    NW (310)
  HIGHEST GUST SPEED    34   HIGHEST GUST DIRECTION    NW (300)
  AVERAGE WIND SPEED     8.2


SKY COVER
  POSSIBLE SUNSHINE  MM
  AVERAGE SKY COVER 0.7


WEATHER CONDITIONS
 THE FOLLOWING WEATHER WAS RECORDED TODAY.
  LIGHT SNOW
  HAZE


RELATIVE HUMIDITY (PERCENT)
 HIGHEST    81           600 AM
 LOWEST     50           200 PM
 AVERAGE    66

..........................................................


THE NEW PHILADELPHIA OH CLIMATE NORMALS FOR TOMORROW
                         NORMAL    RECORD    YEAR
 MAXIMUM TEMPERATURE (F)   41        66      1975
 MINIMUM TEMPERATURE (F)   24         1      2016
                                             1963
                                             1962


SUNRISE AND SUNSET
DECEMBER 14 2017......SUNRISE   741 AM EST   SUNSET   500 PM EST
DECEMBER 15 2017......SUNRISE   742 AM EST   SUNSET   500 PM EST


-  INDICATES NEGATIVE NUMBERS.
R  INDICATES RECORD WAS SET OR TIED.
MM INDICATES DATA IS MISSING.
T  INDICATES TRACE AMOUNT.




$$
