000
CDUS41 KPHI 060630
CLIPHL


CLIMATE REPORT
NATIONAL WEATHER SERVICE MOUNT HOLLY NJ
129 AM EST TUE DEC 6 2016


...................................

...THE PHILADELPHIA PA CLIMATE SUMMARY FOR DECEMBER 5 2016...

CLIMATE NORMAL PERIOD 1981 TO 2010
CLIMATE RECORD PERIOD 1872 TO 2016


WEATHER ITEM   OBSERVED TIME   RECORD YEAR NORMAL DEPARTURE LAST
                VALUE   (LST)  VALUE       VALUE  FROM      YEAR
                                                  NORMAL
..................................................................
TEMPERATURE (F)
 YESTERDAY
  MAXIMUM         51    252 PM  71    2001  48      3       51
  MINIMUM         40   1159 PM  13    1886  33      7       36
  AVERAGE         46                        41      5       44

PRECIPITATION (IN)
  YESTERDAY        0.13          1.52 1993   0.12   0.01     0.00
  MONTH TO DATE    0.16                      0.62  -0.46     0.86
  SINCE DEC 1      0.16                      0.62  -0.46     0.86
  SINCE JAN 1     32.76                     38.59  -5.83    42.72

SNOWFALL (IN)
  YESTERDAY        0.0           7.0  2002   0.1   -0.1      0.0
  MONTH TO DATE    0.0                       0.3   -0.3      0.0
  SINCE DEC 1      0.0                       0.3   -0.3      0.0
  SINCE JUL 1      T                         0.6   -0.6      0.0
  SNOW DEPTH       0

DEGREE DAYS
 HEATING
  YESTERDAY       19                        24     -5       21
  MONTH TO DATE   88                       118    -30       80
  SINCE DEC 1     88                       118    -30       80
  SINCE JUL 1    719                       934   -215      640

 COOLING
  YESTERDAY        0                         0      0        0
  MONTH TO DATE    0                         0      0        0
  SINCE DEC 1      0                         0      0        0
  SINCE JAN 1   1726                      1301    425     1718
..................................................................


WIND (MPH)
  HIGHEST WIND SPEED    17   HIGHEST WIND DIRECTION    NW (310)
  HIGHEST GUST SPEED    21   HIGHEST GUST DIRECTION    NW (330)
  AVERAGE WIND SPEED     9.2


SKY COVER
  POSSIBLE SUNSHINE  MM
  AVERAGE SKY COVER 0.8


WEATHER CONDITIONS
 THE FOLLOWING WEATHER WAS RECORDED YESTERDAY.
  LIGHT RAIN
  FOG


RELATIVE HUMIDITY (PERCENT)
 HIGHEST    93           700 AM
 LOWEST     52           300 PM
 AVERAGE    73

..........................................................


THE PHILADELPHIA PA CLIMATE NORMALS FOR TODAY
                         NORMAL    RECORD    YEAR
 MAXIMUM TEMPERATURE (F)   48        72      2001
 MINIMUM TEMPERATURE (F)   33        15      1901


SUNRISE AND SUNSET
DECEMBER  6 2016......SUNRISE   708 AM EST   SUNSET   436 PM EST
DECEMBER  7 2016......SUNRISE   709 AM EST   SUNSET   436 PM EST


-  INDICATES NEGATIVE NUMBERS.
R  INDICATES RECORD WAS SET OR TIED.
MM INDICATES DATA IS MISSING.
T  INDICATES TRACE AMOUNT.




$$
