000
CDUS41 KPHI 220628
CLIPHL


CLIMATE REPORT
NATIONAL WEATHER SERVICE MOUNT HOLLY NJ
228 AM EDT THU JUN 22 2017


...................................

...THE PHILADELPHIA PA CLIMATE SUMMARY FOR JUNE 21 2017...

CLIMATE NORMAL PERIOD 1981 TO 2010
CLIMATE RECORD PERIOD 1872 TO 2017


WEATHER ITEM   OBSERVED TIME   RECORD YEAR NORMAL DEPARTURE LAST
                VALUE   (LST)  VALUE       VALUE  FROM      YEAR
                                                  NORMAL
..................................................................
TEMPERATURE (F)
 YESTERDAY
  MAXIMUM         87    340 PM  99    1923  84      3       88
  MINIMUM         70   1035 PM  48    1968  66      4       72
  AVERAGE         79                        75      4       80

PRECIPITATION (IN)
  YESTERDAY        0.01          1.62 1877   0.11  -0.10      T
  MONTH TO DATE    0.92                      2.42  -1.50     1.08
  SINCE JUN 1      0.92                      2.42  -1.50     1.08
  SINCE JAN 1     18.87                     19.16  -0.29    18.48

SNOWFALL (IN)
  YESTERDAY        0.0           0.0    MM   0.0    0.0      0.0
  MONTH TO DATE    0.0                       0.0    0.0      0.0
  SINCE JUN 1      0.0                       0.0    0.0      0.0
  SINCE JUL 1     15.0                      22.4   -7.4     27.5
  SNOW DEPTH       0

DEGREE DAYS
 HEATING
  YESTERDAY        0                         0      0        0
  MONTH TO DATE    8                         9     -1        0
  SINCE JUN 1      8                         9     -1        0
  SINCE JUL 1   3858                      4611   -753     3587

 COOLING
  YESTERDAY       14                        10      4       15
  MONTH TO DATE  194                       159     35      176
  SINCE JUN 1    194                       159     35      176
  SINCE JAN 1    305                       250     55      290
..................................................................


WIND (MPH)
  HIGHEST WIND SPEED    31   HIGHEST WIND DIRECTION     N (340)
  HIGHEST GUST SPEED    37   HIGHEST GUST DIRECTION    NW (330)
  AVERAGE WIND SPEED     9.3


SKY COVER
  POSSIBLE SUNSHINE  MM
  AVERAGE SKY COVER 0.6


WEATHER CONDITIONS
 THE FOLLOWING WEATHER WAS RECORDED YESTERDAY.
  THUNDERSTORM
  LIGHT RAIN


RELATIVE HUMIDITY (PERCENT)
 HIGHEST    84           400 AM
 LOWEST     37          1200 PM
 AVERAGE    61

..........................................................


THE PHILADELPHIA PA CLIMATE NORMALS FOR TODAY
                         NORMAL    RECORD    YEAR
 MAXIMUM TEMPERATURE (F)   85       100      1988
 MINIMUM TEMPERATURE (F)   66        48      1963


SUNRISE AND SUNSET
JUNE 22 2017..........SUNRISE   533 AM EDT   SUNSET   833 PM EDT
JUNE 23 2017..........SUNRISE   533 AM EDT   SUNSET   833 PM EDT


-  INDICATES NEGATIVE NUMBERS.
R  INDICATES RECORD WAS SET OR TIED.
MM INDICATES DATA IS MISSING.
T  INDICATES TRACE AMOUNT.




$$
