000
CDUS41 KPHI 230629
CLIPHL


CLIMATE REPORT
NATIONAL WEATHER SERVICE MOUNT HOLLY NJ
229 AM EDT THU MAR 23 2017


...................................

...THE PHILADELPHIA PA CLIMATE SUMMARY FOR MARCH 22 2017...

CLIMATE NORMAL PERIOD 1981 TO 2010
CLIMATE RECORD PERIOD 1872 TO 2017


WEATHER ITEM   OBSERVED TIME   RECORD YEAR NORMAL DEPARTURE LAST
                VALUE   (LST)  VALUE       VALUE  FROM      YEAR
                                                  NORMAL
..................................................................
TEMPERATURE (F)
 YESTERDAY
  MAXIMUM         53   1245 AM  80    1948  55     -2       58
  MINIMUM         27   1159 PM  11    1885  36     -9       33
  AVERAGE         40                        45     -5       46

PRECIPITATION (IN)
  YESTERDAY        0.00          1.90 1977   0.13  -0.13     0.00
  MONTH TO DATE    2.06                      2.61  -0.55     1.55
  SINCE MAR 1      2.06                      2.61  -0.55     1.55
  SINCE JAN 1      6.27                      8.29  -2.02     8.54

SNOWFALL (IN)
  YESTERDAY        0.0           3.0  1914   0.1   -0.1      0.0
  MONTH TO DATE    7.0                       2.5    4.5      1.0
  SINCE MAR 1      7.0                       2.5    4.5      1.0
  SINCE JUL 1     15.0                      21.5   -6.5     27.2
  SNOW DEPTH       0

DEGREE DAYS
 HEATING
  YESTERDAY       25                        20      5       19
  MONTH TO DATE  549                       505     44      351
  SINCE MAR 1    549                       505     44      351
  SINCE JUL 1   3375                      3987   -612     3037

 COOLING
  YESTERDAY        0                         0      0        0
  MONTH TO DATE    0                         0      0        5
  SINCE MAR 1      0                         0      0        5
  SINCE JAN 1      0                         0      0        5
..................................................................


WIND (MPH)
  HIGHEST WIND SPEED    32   HIGHEST WIND DIRECTION     N (350)
  HIGHEST GUST SPEED    42   HIGHEST GUST DIRECTION     N (340)
  AVERAGE WIND SPEED    18.2


SKY COVER
  POSSIBLE SUNSHINE  MM
  AVERAGE SKY COVER 0.3


WEATHER CONDITIONS
 THE FOLLOWING WEATHER WAS RECORDED YESTERDAY.
  NO SIGNIFICANT WEATHER WAS OBSERVED.


RELATIVE HUMIDITY (PERCENT)
 HIGHEST    50          1200 AM
 LOWEST     19          1000 PM
 AVERAGE    35

..........................................................


THE PHILADELPHIA PA CLIMATE NORMALS FOR TODAY
                         NORMAL    RECORD    YEAR
 MAXIMUM TEMPERATURE (F)   55        80      2012
 MINIMUM TEMPERATURE (F)   36        14      1885
                                             1875


SUNRISE AND SUNSET
MARCH 23 2017.........SUNRISE   659 AM EDT   SUNSET   716 PM EDT
MARCH 24 2017.........SUNRISE   658 AM EDT   SUNSET   717 PM EDT


-  INDICATES NEGATIVE NUMBERS.
R  INDICATES RECORD WAS SET OR TIED.
MM INDICATES DATA IS MISSING.
T  INDICATES TRACE AMOUNT.




$$
