000
CDUS41 KPHI 210547
CLIPHL


CLIMATE REPORT
NATIONAL WEATHER SERVICE MOUNT HOLLY NJ
1246 AM EST SUN JAN 21 2018


...................................

...THE PHILADELPHIA PA CLIMATE SUMMARY FOR JANUARY 20 2018...

CLIMATE NORMAL PERIOD 1981 TO 2010
CLIMATE RECORD PERIOD 1872 TO 2018


WEATHER ITEM   OBSERVED TIME   RECORD YEAR NORMAL DEPARTURE LAST
                VALUE   (LST)  VALUE       VALUE  FROM      YEAR
                                                  NORMAL
..................................................................
TEMPERATURE (F)
 YESTERDAY
  MAXIMUM         57    256 PM  65    1951  40     17       43
  MINIMUM         29    556 AM  -3    1984  25      4       32
  AVERAGE         43                        33     10       38

PRECIPITATION (IN)
  YESTERDAY        0.00          1.89 1978   0.10  -0.10     0.16
  MONTH TO DATE    1.85                      1.95  -0.10     1.91
  SINCE DEC 1      3.16                      5.51  -2.35     4.63
  SINCE JAN 1      1.85                      1.95  -0.10     1.91

SNOWFALL (IN)
  YESTERDAY        0.0           9.3  1978   0.2   -0.2      0.0
  MONTH TO DATE    4.3                       3.7    0.6      4.9
  SINCE DEC 1     12.9                       7.1    5.8      5.2
  SINCE JUL 1     12.9                       7.4    5.5      5.2
  SNOW DEPTH       0

DEGREE DAYS
 HEATING
  YESTERDAY       22                        32    -10       27
  MONTH TO DATE  723                       638     85      556
  SINCE DEC 1   1614                      1492    122     1360
  SINCE JUL 1   2249                      2308    -59     1991

 COOLING
  YESTERDAY        0                         0      0        0
  MONTH TO DATE    0                         0      0        0
  SINCE DEC 1      0                         0      0        0
  SINCE JAN 1      0                         0      0        0
..................................................................


WIND (MPH)
  HIGHEST WIND SPEED    20   HIGHEST WIND DIRECTION     W (270)
  HIGHEST GUST SPEED    25   HIGHEST GUST DIRECTION     W (270)
  AVERAGE WIND SPEED    10.0


SKY COVER
  POSSIBLE SUNSHINE  MM
  AVERAGE SKY COVER 0.5


WEATHER CONDITIONS
 THE FOLLOWING WEATHER WAS RECORDED YESTERDAY.
  NO SIGNIFICANT WEATHER WAS OBSERVED.


RELATIVE HUMIDITY (PERCENT)
 HIGHEST    75          1100 PM
 LOWEST     33           300 PM
 AVERAGE    54

..........................................................


THE PHILADELPHIA PA CLIMATE NORMALS FOR TODAY
                         NORMAL    RECORD    YEAR
 MAXIMUM TEMPERATURE (F)   40        62      1959
 MINIMUM TEMPERATURE (F)   25        -6      1985


SUNRISE AND SUNSET
JANUARY 21 2018.......SUNRISE   718 AM EST   SUNSET   507 PM EST
JANUARY 22 2018.......SUNRISE   717 AM EST   SUNSET   509 PM EST


-  INDICATES NEGATIVE NUMBERS.
R  INDICATES RECORD WAS SET OR TIED.
MM INDICATES DATA IS MISSING.
T  INDICATES TRACE AMOUNT.




$$
