000
CDUS41 KPHI 280632
CLIPHL


CLIMATE REPORT
NATIONAL WEATHER SERVICE MOUNT HOLLY NJ
231 AM EDT TUE JUL 28 2015


...................................

...THE PHILADELPHIA PA CLIMATE SUMMARY FOR JULY 27 2015...

CLIMATE NORMAL PERIOD 1981 TO 2010
CLIMATE RECORD PERIOD 1872 TO 2015


WEATHER ITEM   OBSERVED TIME   RECORD YEAR NORMAL DEPARTURE LAST
                VALUE   (LST)  VALUE       VALUE  FROM      YEAR
                                                  NORMAL
..................................................................
TEMPERATURE (F)
 YESTERDAY
  MAXIMUM         87    335 PM 100    1940  87      0       91
  MINIMUM         71    527 AM  53    1962  70      1       70
  AVERAGE         79                        78      1       81

PRECIPITATION (IN)
  YESTERDAY        0.47          2.16 1873   0.15   0.32     1.25
  MONTH TO DATE    2.65                      3.79  -1.14     4.07
  SINCE JUN 1     11.53                      7.22   4.31     9.53
  SINCE JAN 1     28.70                     23.96   4.74    32.03

SNOWFALL (IN)
  YESTERDAY        0.0           0.0  1870   0.0    0.0      0.0
  MONTH TO DATE    0.0                       0.0    0.0      0.0
  SINCE JUN 1      0.0                       0.0    0.0      0.0
  SINCE JUL 1      0.0                       0.0    0.0      0.0
  SNOW DEPTH       0

DEGREE DAYS
 HEATING
  YESTERDAY        0                         0      0        0
  MONTH TO DATE    0                         0      0        0
  SINCE JUN 1     12                        11      1        0
  SINCE JUL 1      0                         0      0        0

 COOLING
  YESTERDAY       14                        13      1       16
  MONTH TO DATE  376                       348     28      378
  SINCE JUN 1    690                       606     84      670
  SINCE JAN 1    889                       697    192      753
..................................................................


WIND (MPH)
  HIGHEST WIND SPEED    14   HIGHEST WIND DIRECTION     S (200)
  HIGHEST GUST SPEED    25   HIGHEST GUST DIRECTION     S (200)
  AVERAGE WIND SPEED     6.1


SKY COVER
  POSSIBLE SUNSHINE  MM
  AVERAGE SKY COVER 0.8


WEATHER CONDITIONS
 THE FOLLOWING WEATHER WAS RECORDED YESTERDAY.
  THUNDERSTORM
  RAIN
  LIGHT RAIN
  FOG
  HAZE


RELATIVE HUMIDITY (PERCENT)
 HIGHEST    90           500 AM
 LOWEST     55           400 PM
 AVERAGE    73

..........................................................


THE PHILADELPHIA PA CLIMATE NORMALS FOR TODAY
                         NORMAL    RECORD    YEAR
 MAXIMUM TEMPERATURE (F)   87       100      1941
 MINIMUM TEMPERATURE (F)   70        53      1962


SUNRISE AND SUNSET
JULY 28 2015..........SUNRISE   556 AM EDT   SUNSET   819 PM EDT
JULY 29 2015..........SUNRISE   557 AM EDT   SUNSET   818 PM EDT


-  INDICATES NEGATIVE NUMBERS.
R  INDICATES RECORD WAS SET OR TIED.
MM INDICATES DATA IS MISSING.
T  INDICATES TRACE AMOUNT.




$$
