000
CDUS41 KPHI 230546
CLIPHL


CLIMATE REPORT
NATIONAL WEATHER SERVICE MOUNT HOLLY NJ
146 AM EDT MON OCT 23 2017


...................................

...THE PHILADELPHIA PA CLIMATE SUMMARY FOR OCTOBER 22 2017...

CLIMATE NORMAL PERIOD 1981 TO 2010
CLIMATE RECORD PERIOD 1872 TO 2017


WEATHER ITEM   OBSERVED TIME   RECORD YEAR NORMAL DEPARTURE LAST
                VALUE   (LST)  VALUE       VALUE  FROM      YEAR
                                                  NORMAL
..................................................................
TEMPERATURE (F)
 YESTERDAY
  MAXIMUM         76    311 PM  83    1920  65     11       56
  MINIMUM         51    700 AM  26    1940  46      5       49
  AVERAGE         64                        55      9       53

PRECIPITATION (IN)
  YESTERDAY        0.00          2.71 1970   0.10  -0.10     0.19
  MONTH TO DATE    0.96                      2.31  -1.35     1.36
  SINCE SEP 1      4.82                      6.09  -1.27     4.88
  SINCE JAN 1     36.03                     34.11   1.92    29.73

SNOWFALL (IN)
  YESTERDAY        0.0           0.0    MM   0.0    0.0      0.0
  MONTH TO DATE    0.0                       0.0    0.0      0.0
  SINCE SEP 1      0.0                       0.0    0.0      0.0
  SINCE JUL 1      0.0                       0.0    0.0      0.0
  SNOW DEPTH       0

DEGREE DAYS
 HEATING
  YESTERDAY        1                        10     -9       12
  MONTH TO DATE   43                       152   -109       78
  SINCE SEP 1     57                       189   -132       88
  SINCE JUL 1     57                       190   -133       88

 COOLING
  YESTERDAY        0                         0      0        0
  MONTH TO DATE   79                        19     60       40
  SINCE SEP 1    293                       180    113      312
  SINCE JAN 1   1483                      1297    186     1724
..................................................................


WIND (MPH)
  HIGHEST WIND SPEED    12   HIGHEST WIND DIRECTION    SE (140)
  HIGHEST GUST SPEED    14   HIGHEST GUST DIRECTION    SE (130)
  AVERAGE WIND SPEED     2.4


SKY COVER
  POSSIBLE SUNSHINE  MM
  AVERAGE SKY COVER 0.6


WEATHER CONDITIONS
 THE FOLLOWING WEATHER WAS RECORDED YESTERDAY.
  FOG
  FOG W/VISIBILITY <= 1/4 MILE


RELATIVE HUMIDITY (PERCENT)
 HIGHEST   100           800 AM
 LOWEST     36           100 PM
 AVERAGE    68

..........................................................


THE PHILADELPHIA PA CLIMATE NORMALS FOR TODAY
                         NORMAL    RECORD    YEAR
 MAXIMUM TEMPERATURE (F)   64        87      1947
 MINIMUM TEMPERATURE (F)   46        31      1969
                                             1944


SUNRISE AND SUNSET
OCTOBER 23 2017.......SUNRISE   720 AM EDT   SUNSET   610 PM EDT
OCTOBER 24 2017.......SUNRISE   721 AM EDT   SUNSET   608 PM EDT


-  INDICATES NEGATIVE NUMBERS.
R  INDICATES RECORD WAS SET OR TIED.
MM INDICATES DATA IS MISSING.
T  INDICATES TRACE AMOUNT.




$$
