204
CDUS41 KPHI 302126
CLIPHL


CLIMATE REPORT
NATIONAL WEATHER SERVICE MOUNT HOLLY NJ
525 PM EDT SUN APR 30 2017


...................................

...THE PHILADELPHIA PA CLIMATE SUMMARY FOR APRIL 30 2017...
VALID TODAY AS OF 0500 PM LOCAL TIME.

CLIMATE NORMAL PERIOD 1981 TO 2010
CLIMATE RECORD PERIOD 1872 TO 2017


WEATHER ITEM   OBSERVED TIME   RECORD YEAR NORMAL DEPARTURE LAST
                VALUE   (LST)  VALUE       VALUE  FROM      YEAR
                                                  NORMAL
..................................................................
TEMPERATURE (F)
 TODAY
  MAXIMUM         75    254 PM  91    1888  69      6       64
  MINIMUM         65    754 AM  34    1874  49     16       47
  AVERAGE         70                        59     11       56

PRECIPITATION (IN)
  TODAY            0.00          4.42 2014   0.10  -0.10      T
  MONTH TO DATE    3.15                      3.56  -0.41     1.75
  SINCE MAR 1      7.41                      7.35   0.06     3.76
  SINCE JAN 1     11.62                     13.03  -1.41    10.75

SNOWFALL (IN)
  TODAY            0.0           0.0    MM   0.0    0.0      0.0
  MONTH TO DATE    0.0                       0.5   -0.5      0.3
  SINCE MAR 1      7.0                       3.4    3.6      1.3
  SINCE JUL 1     15.0                      22.4   -7.4     27.5
  SNOW DEPTH       0

DEGREE DAYS
 HEATING
  TODAY            0                         7     -7        9
  MONTH TO DATE  199                       343   -144      324
  SINCE MAR 1    902                      1008   -106      756
  SINCE JUL 1   3728                      4490   -762     3442

 COOLING
  TODAY            5                         1      4        0
  MONTH TO DATE   45                        12     33       18
  SINCE MAR 1     45                        13     32       23
  SINCE JAN 1     45                        13     32       23
..................................................................


WIND (MPH)
  HIGHEST WIND SPEED    18   HIGHEST WIND DIRECTION     E (100)
  HIGHEST GUST SPEED    23   HIGHEST GUST DIRECTION     E (100)
  AVERAGE WIND SPEED    10.5


SKY COVER
  POSSIBLE SUNSHINE  MM
  AVERAGE SKY COVER 0.8


WEATHER CONDITIONS
 THE FOLLOWING WEATHER WAS RECORDED TODAY.
  NO SIGNIFICANT WEATHER WAS OBSERVED.


RELATIVE HUMIDITY (PERCENT)
 HIGHEST    68           200 AM
 LOWEST     41           100 PM
 AVERAGE    55

..........................................................


THE PHILADELPHIA PA CLIMATE NORMALS FOR TOMORROW
                         NORMAL    RECORD    YEAR
 MAXIMUM TEMPERATURE (F)   69        90      1942
 MINIMUM TEMPERATURE (F)   49        34      1978


SUNRISE AND SUNSET
APRIL 30 2017.........SUNRISE   602 AM EDT   SUNSET   755 PM EDT
MAY  1 2017...........SUNRISE   601 AM EDT   SUNSET   756 PM EDT


-  INDICATES NEGATIVE NUMBERS.
R  INDICATES RECORD WAS SET OR TIED.
MM INDICATES DATA IS MISSING.
T  INDICATES TRACE AMOUNT.




$$
