000
CDUS41 KPHI 250628
CLIPHL


CLIMATE REPORT
NATIONAL WEATHER SERVICE MOUNT HOLLY NJ
126 AM EST SAT FEB 25 2017


...................................

...THE PHILADELPHIA PA CLIMATE SUMMARY FOR FEBRUARY 24 2017...

CLIMATE NORMAL PERIOD 1981 TO 2010
CLIMATE RECORD PERIOD 1872 TO 2017


WEATHER ITEM   OBSERVED TIME   RECORD YEAR NORMAL DEPARTURE LAST
                VALUE   (LST)  VALUE       VALUE  FROM      YEAR
                                                  NORMAL
..................................................................
TEMPERATURE (F)
 YESTERDAY
  MAXIMUM         74R   255 PM  74    1985  46     28       65
  MINIMUM         50    445 AM   2    1889  29     21       40
  AVERAGE         62                        38     24       53

PRECIPITATION (IN)
  YESTERDAY        0.00          1.91 2016   0.09  -0.09     1.91
  MONTH TO DATE    0.79                      2.26  -1.47     4.26
  SINCE DEC 1      6.42                      8.85  -2.43    12.03
  SINCE JAN 1      3.70                      5.29  -1.59     6.89

SNOWFALL (IN)
  YESTERDAY        0.0           5.6  1966   0.2   -0.2      0.0
  MONTH TO DATE    2.0                       7.9   -5.9      3.3
  SINCE DEC 1      8.0                      17.8   -9.8     26.2
  SINCE JUL 1      8.0                      18.1  -10.1     26.2
  SNOW DEPTH       0

DEGREE DAYS
 HEATING
  YESTERDAY        3                        27    -24       12
  MONTH TO DATE  514                       712   -198      661
  SINCE DEC 1   2133                      2559   -426     2029
  SINCE JUL 1   2764                      3375   -611     2589

 COOLING
  YESTERDAY        0                         0      0        0
  MONTH TO DATE    0                         0      0        0
  SINCE DEC 1      0                         0      0        2
  SINCE JAN 1      0                         0      0        0
..................................................................


WIND (MPH)
  HIGHEST WIND SPEED    17   HIGHEST WIND DIRECTION     S (180)
  HIGHEST GUST SPEED    24   HIGHEST GUST DIRECTION     S (200)
  AVERAGE WIND SPEED     8.9


SKY COVER
  POSSIBLE SUNSHINE  MM
  AVERAGE SKY COVER 0.4


WEATHER CONDITIONS
 THE FOLLOWING WEATHER WAS RECORDED YESTERDAY.
  NO SIGNIFICANT WEATHER WAS OBSERVED.


RELATIVE HUMIDITY (PERCENT)
 HIGHEST    89           300 AM
 LOWEST     49           300 PM
 AVERAGE    69

..........................................................


THE PHILADELPHIA PA CLIMATE NORMALS FOR TODAY
                         NORMAL    RECORD    YEAR
 MAXIMUM TEMPERATURE (F)   46        79      1930
 MINIMUM TEMPERATURE (F)   30         4      1894


SUNRISE AND SUNSET
FEBRUARY 25 2017......SUNRISE   640 AM EST   SUNSET   549 PM EST
FEBRUARY 26 2017......SUNRISE   638 AM EST   SUNSET   550 PM EST


-  INDICATES NEGATIVE NUMBERS.
R  INDICATES RECORD WAS SET OR TIED.
MM INDICATES DATA IS MISSING.
T  INDICATES TRACE AMOUNT.




$$
