000
CDUS41 KPHI 170628
CLIPHL


CLIMATE REPORT
NATIONAL WEATHER SERVICE MOUNT HOLLY NJ
228 AM EDT WED SEP 17 2014


...................................

...THE PHILADELPHIA PA CLIMATE SUMMARY FOR SEPTEMBER 16 2014...

CLIMATE NORMAL PERIOD 1981 TO 2010
CLIMATE RECORD PERIOD 1872 TO 2014


WEATHER ITEM   OBSERVED TIME   RECORD YEAR NORMAL DEPARTURE LAST
                VALUE   (LST)  VALUE       VALUE  FROM      YEAR
                                                  NORMAL
..................................................................
TEMPERATURE (F)
 YESTERDAY
  MAXIMUM         74    426 PM  94    1991  78     -4       72
  MINIMUM         59    215 AM  45    1984  60     -1       59
  AVERAGE         67                        69     -2       66

PRECIPITATION (IN)
  YESTERDAY        0.20          6.63 1999   0.13   0.07     0.05
  MONTH TO DATE    0.76                      1.93  -1.17     2.14
  SINCE SEP 1      0.76                      1.93  -1.17     2.14
  SINCE JAN 1     36.57                     29.95   6.62    44.38

SNOWFALL (IN)
  YESTERDAY        0.0           0.0  1870   0.0    0.0      0.0
  MONTH TO DATE    0.0                       0.0    0.0      0.0
  SINCE SEP 1      0.0                       0.0    0.0      0.0
  SINCE JUL 1      0.0                       0.0    0.0      0.0
  SNOW DEPTH       0

DEGREE DAYS
 HEATING
  YESTERDAY        0                         1     -1        0
  MONTH TO DATE    6                         5      1        8
  SINCE SEP 1      6                         5      1        8
  SINCE JUL 1      6                         6      0        8

 COOLING
  YESTERDAY        2                         5     -3        1
  MONTH TO DATE  149                       115     34      122
  SINCE SEP 1    149                       115     34      122
  SINCE JAN 1   1247                      1232     15     1338
..................................................................


WIND (MPH)
  HIGHEST WIND SPEED    16   HIGHEST WIND DIRECTION    NW (330)
  HIGHEST GUST SPEED    25   HIGHEST GUST DIRECTION     N (360)
  AVERAGE WIND SPEED     6.9


SKY COVER
  POSSIBLE SUNSHINE  MM
  AVERAGE SKY COVER 0.6


WEATHER CONDITIONS
 THE FOLLOWING WEATHER WAS RECORDED YESTERDAY.
  HEAVY RAIN
  RAIN
  LIGHT RAIN
  FOG


RELATIVE HUMIDITY (PERCENT)
 HIGHEST    90           600 AM
 LOWEST     49          1200 PM
 AVERAGE    70

..........................................................


THE PHILADELPHIA PA CLIMATE NORMALS FOR TODAY
                         NORMAL    RECORD    YEAR
 MAXIMUM TEMPERATURE (F)   78        94      1991
 MINIMUM TEMPERATURE (F)   60        44      1986
                                             1966
                                             1959


SUNRISE AND SUNSET
SEPTEMBER 17 2014.....SUNRISE   644 AM EDT   SUNSET   706 PM EDT
SEPTEMBER 18 2014.....SUNRISE   645 AM EDT   SUNSET   705 PM EDT


-  INDICATES NEGATIVE NUMBERS.
R  INDICATES RECORD WAS SET OR TIED.
MM INDICATES DATA IS MISSING.
T  INDICATES TRACE AMOUNT.




$$
