000
CDUS41 KPHI 260633
CLIPHL


CLIMATE REPORT
NATIONAL WEATHER SERVICE MOUNT HOLLY NJ
132 AM EST MON JAN 26 2015


...................................

...THE PHILADELPHIA PA CLIMATE SUMMARY FOR JANUARY 25 2015...

CLIMATE NORMAL PERIOD 1981 TO 2010
CLIMATE RECORD PERIOD 1872 TO 2015


WEATHER ITEM   OBSERVED TIME   RECORD YEAR NORMAL DEPARTURE LAST
                VALUE   (LST)  VALUE       VALUE  FROM      YEAR
                                                  NORMAL
..................................................................
TEMPERATURE (F)
 YESTERDAY
  MAXIMUM         46    332 PM  66    1967  40      6       27
  MINIMUM         33    530 AM  -2    1963  25      8       19
  AVERAGE         40                        33      7       23

PRECIPITATION (IN)
  YESTERDAY        T             1.83 1978   0.10  -0.10     0.15
  MONTH TO DATE    4.45                      2.44   2.01     3.45
  SINCE DEC 1      7.72                      6.00   1.72     8.65
  SINCE JAN 1      4.45                      2.44   2.01     3.45

SNOWFALL (IN)
  YESTERDAY        T             8.5  2000   0.2   -0.2      2.0
  MONTH TO DATE    3.0                       4.8   -1.8     24.5
  SINCE DEC 1      3.1                       8.2   -5.1     35.7
  SINCE JUL 1      3.1                       8.5   -5.4     35.7
  SNOW DEPTH       0

DEGREE DAYS
 HEATING
  YESTERDAY       25                        32     -7       42
  MONTH TO DATE  826                       798     28      884
  SINCE DEC 1   1560                      1652    -92     1691
  SINCE JUL 1   2338                      2468   -130     2497

 COOLING
  YESTERDAY        0                         0      0        0
  MONTH TO DATE    0                         0      0        0
  SINCE DEC 1      0                         0      0        0
  SINCE JAN 1      0                         0      0        0
..................................................................


WIND (MPH)
  HIGHEST WIND SPEED    22   HIGHEST WIND DIRECTION    SW (240)
  HIGHEST GUST SPEED    26   HIGHEST GUST DIRECTION     W (280)
  AVERAGE WIND SPEED    11.5


SKY COVER
  POSSIBLE SUNSHINE  MM
  AVERAGE SKY COVER 0.8


WEATHER CONDITIONS
 THE FOLLOWING WEATHER WAS RECORDED YESTERDAY.
  LIGHT RAIN
  LIGHT SNOW


RELATIVE HUMIDITY (PERCENT)
 HIGHEST    79           900 PM
 LOWEST     49           100 PM
 AVERAGE    64

..........................................................


THE PHILADELPHIA PA CLIMATE NORMALS FOR TODAY
                         NORMAL    RECORD    YEAR
 MAXIMUM TEMPERATURE (F)   40        74      1950
 MINIMUM TEMPERATURE (F)   26         4      1961


SUNRISE AND SUNSET
JANUARY 26 2015.......SUNRISE   714 AM EST   SUNSET   513 PM EST
JANUARY 27 2015.......SUNRISE   714 AM EST   SUNSET   514 PM EST


-  INDICATES NEGATIVE NUMBERS.
R  INDICATES RECORD WAS SET OR TIED.
MM INDICATES DATA IS MISSING.
T  INDICATES TRACE AMOUNT.




$$
