000
CDUS41 KPHI 200629
CLIPHL


CLIMATE REPORT
NATIONAL WEATHER SERVICE MOUNT HOLLY NJ
126 AM EST SAT DEC 20 2014


...................................

...THE PHILADELPHIA PA CLIMATE SUMMARY FOR DECEMBER 19 2014...

CLIMATE NORMAL PERIOD 1981 TO 2010
CLIMATE RECORD PERIOD 1872 TO 2014


WEATHER ITEM   OBSERVED TIME   RECORD YEAR NORMAL DEPARTURE LAST
                VALUE   (LST)  VALUE       VALUE  FROM      YEAR
                                                  NORMAL
..................................................................
TEMPERATURE (F)
 YESTERDAY
  MAXIMUM         42    351 PM  65    1929  44     -2       48
  MINIMUM         33   1146 PM   4    1884  29      4       27
  AVERAGE         38                        36      2       38

PRECIPITATION (IN)
  YESTERDAY        0.00          1.70 2009   0.11  -0.11     0.00
  MONTH TO DATE    2.27                      2.30  -0.03     3.48
  SINCE DEC 1      2.27                      2.30  -0.03     3.48
  SINCE JAN 1     46.37                     40.27   6.10    54.16

SNOWFALL (IN)
  YESTERDAY        0.0          22.5  2009   0.2   -0.2      0.0
  MONTH TO DATE    0.1                       1.7   -1.6     11.2
  SINCE DEC 1      0.1                       1.7   -1.6     11.2
  SINCE JUL 1      0.1                       2.0   -1.9     11.2
  SNOW DEPTH       0

DEGREE DAYS
 HEATING
  YESTERDAY       27                        29     -2       27
  MONTH TO DATE  455                       493    -38      530
  SINCE DEC 1    455                       493    -38      530
  SINCE JUL 1   1233                      1309    -76     1336

 COOLING
  YESTERDAY        0                         0      0        0
  MONTH TO DATE    0                         0      0        0
  SINCE DEC 1      0                         0      0        0
  SINCE JAN 1   1311                      1301     10     1411
..................................................................


WIND (MPH)
  HIGHEST WIND SPEED    21   HIGHEST WIND DIRECTION    NW (330)
  HIGHEST GUST SPEED    25   HIGHEST GUST DIRECTION     N (340)
  AVERAGE WIND SPEED    10.5


SKY COVER
  POSSIBLE SUNSHINE  MM
  AVERAGE SKY COVER 0.7


WEATHER CONDITIONS
 THE FOLLOWING WEATHER WAS RECORDED YESTERDAY.
  NO SIGNIFICANT WEATHER WAS OBSERVED.


RELATIVE HUMIDITY (PERCENT)
 HIGHEST    61           800 PM
 LOWEST     43           300 PM
 AVERAGE    52

..........................................................


THE PHILADELPHIA PA CLIMATE NORMALS FOR TODAY
                         NORMAL    RECORD    YEAR
 MAXIMUM TEMPERATURE (F)   43        64      1957
                                             1895
 MINIMUM TEMPERATURE (F)   29         1      1942
                                             1884


SUNRISE AND SUNSET
DECEMBER 20 2014......SUNRISE   718 AM EST   SUNSET   439 PM EST
DECEMBER 21 2014......SUNRISE   719 AM EST   SUNSET   439 PM EST


-  INDICATES NEGATIVE NUMBERS.
R  INDICATES RECORD WAS SET OR TIED.
MM INDICATES DATA IS MISSING.
T  INDICATES TRACE AMOUNT.




$$
