000
CDUS43 KUNR 220832
CLIPHP


CLIMATE REPORT
NATIONAL WEATHER SERVICE RAPID CITY SD
232 AM MDT FRI AUG 22 2014


...................................

...THE PHILIP SD CLIMATE SUMMARY FOR AUGUST 21 2014...

CLIMATE NORMAL PERIOD 1981 TO 2010
CLIMATE RECORD PERIOD 9999 TO 9999


WEATHER ITEM   OBSERVED TIME   NORMAL DEPARTURE LAST
                VALUE   (LST)  VALUE  FROM      YEAR
                                      NORMAL
......................................................
TEMPERATURE (F)
 YESTERDAY
  MAXIMUM         91    329 PM  88      3       82
  MINIMUM         60    432 AM  57      3       60
  AVERAGE         76            73      3       71

PRECIPITATION (IN)
  YESTERDAY        0.03          0.05  -0.02     0.05
  MONTH TO DATE    1.59          1.01   0.58     1.25
  SINCE JUN 1      5.70          5.97  -0.27     4.84
  SINCE JAN 1     10.52         12.89  -2.37    10.40

DEGREE DAYS
 HEATING
  YESTERDAY        0             1     -1        0
  MONTH TO DATE    0             1     -1        0
  SINCE JUN 1     94            72     22       67
  SINCE JUL 1     16             9      7        3

 COOLING
  YESTERDAY       11             8      3        6
  MONTH TO DATE  203           210     -7      134
  SINCE JUN 1    509           638   -129      594
  SINCE JAN 1    549           665   -116      615
......................................................


WIND (MPH)
  HIGHEST WIND SPEED    23   HIGHEST WIND DIRECTION     W (260)
  HIGHEST GUST SPEED    30   HIGHEST GUST DIRECTION     W (280)
  AVERAGE WIND SPEED     6.7


SKY COVER
  AVERAGE SKY COVER 0.1


WEATHER CONDITIONS
 THE FOLLOWING WEATHER WAS RECORDED YESTERDAY.
  THUNDERSTORM
  LIGHT RAIN


RELATIVE HUMIDITY (PERCENT)
 HIGHEST    97           500 AM
 LOWEST     24           500 PM
 AVERAGE    61

..........................................................




SUNRISE AND SUNSET
AUGUST 22 2014........SUNRISE   558 AM MDT   SUNSET   739 PM MDT
AUGUST 23 2014........SUNRISE   559 AM MDT   SUNSET   738 PM MDT


-  INDICATES NEGATIVE NUMBERS.
R  INDICATES RECORD WAS SET OR TIED.
MM INDICATES DATA IS MISSING.
T  INDICATES TRACE AMOUNT.




$$
