000
CDUS43 KUNR 280848
CLIPHP


CLIMATE REPORT
NATIONAL WEATHER SERVICE RAPID CITY SD
246 AM MDT THU MAY 28 2015


...................................

...THE PHILIP SD CLIMATE SUMMARY FOR MAY 27 2015...

CLIMATE NORMAL PERIOD 1981 TO 2010
CLIMATE RECORD PERIOD 9999 TO 9999


WEATHER ITEM   OBSERVED TIME   NORMAL DEPARTURE LAST
                VALUE   (LST)  VALUE  FROM      YEAR
                                      NORMAL
......................................................
TEMPERATURE (F)
 YESTERDAY
  MAXIMUM         76    108 PM  74      2       83
  MINIMUM         45    359 AM  48     -3       51
  AVERAGE         61            61      0       67

PRECIPITATION (IN)
  YESTERDAY        0.06          0.10  -0.04     0.00
  MONTH TO DATE    6.34          2.64   3.70     1.90
  SINCE MAR 1      6.77          5.75   1.02     3.86
  SINCE JAN 1      6.88          6.53   0.35     4.34

DEGREE DAYS
 HEATING
  YESTERDAY        4             5     -1        0
  MONTH TO DATE  266           248     18      305
  SINCE MAR 1   1497          1750   -253     1864
  SINCE JUL 1   6637          7115   -478     7467

 COOLING
  YESTERDAY        0             1     -1        2
  MONTH TO DATE    2            22    -20       21
  SINCE MAR 1      5            25    -20       21
  SINCE JAN 1      5            25    -20       21
......................................................


WIND (MPH)
  HIGHEST WIND SPEED    24   HIGHEST WIND DIRECTION    SE (140)
  HIGHEST GUST SPEED    30   HIGHEST GUST DIRECTION    SE (140)
  AVERAGE WIND SPEED     8.7


SKY COVER
  AVERAGE SKY COVER 0.3


WEATHER CONDITIONS
 THE FOLLOWING WEATHER WAS RECORDED YESTERDAY.
  THUNDERSTORM
  LIGHT RAIN
  FOG


RELATIVE HUMIDITY (PERCENT)
 HIGHEST    93           200 AM
 LOWEST     49           300 PM
 AVERAGE    71

..........................................................




SUNRISE AND SUNSET
MAY 28 2015...........SUNRISE   509 AM MDT   SUNSET   819 PM MDT
MAY 29 2015...........SUNRISE   508 AM MDT   SUNSET   820 PM MDT


-  INDICATES NEGATIVE NUMBERS.
R  INDICATES RECORD WAS SET OR TIED.
MM INDICATES DATA IS MISSING.
T  INDICATES TRACE AMOUNT.




$$
