000
CDUS43 KUNR 270838
CLIPHP


CLIMATE REPORT
NATIONAL WEATHER SERVICE RAPID CITY SD
236 AM MDT FRI MAR 27 2015


...................................

...THE PHILIP SD CLIMATE SUMMARY FOR MARCH 26 2015...

CLIMATE NORMAL PERIOD 1981 TO 2010
CLIMATE RECORD PERIOD 9999 TO 9999


WEATHER ITEM   OBSERVED TIME   NORMAL DEPARTURE LAST
                VALUE   (LST)  VALUE  FROM      YEAR
                                      NORMAL
......................................................
TEMPERATURE (F)
 YESTERDAY
  MAXIMUM         43    130 PM  52     -9       74
  MINIMUM         14    246 AM  25    -11       25
  AVERAGE         29            39    -10       50

PRECIPITATION (IN)
  YESTERDAY        T             0.04  -0.04     0.00
  MONTH TO DATE    0.09          1.07  -0.98     0.45
  SINCE MAR 1      0.09          1.07  -0.98     0.45
  SINCE JAN 1      0.20          1.85  -1.65     0.93

DEGREE DAYS
 HEATING
  YESTERDAY       36            26     10       15
  MONTH TO DATE  670           811   -141      842
  SINCE MAR 1    670           811   -141      842
  SINCE JUL 1   5810          6176   -366     6445

 COOLING
  YESTERDAY        0             0      0        0
  MONTH TO DATE    3             0      3        0
  SINCE MAR 1      3             0      3        0
  SINCE JAN 1      3             0      3        0
......................................................


WIND (MPH)
  HIGHEST WIND SPEED    21   HIGHEST WIND DIRECTION    NE (50)
  HIGHEST GUST SPEED    26   HIGHEST GUST DIRECTION     E (80)
  AVERAGE WIND SPEED     7.0


SKY COVER
  AVERAGE SKY COVER 0.8


WEATHER CONDITIONS
 THE FOLLOWING WEATHER WAS RECORDED YESTERDAY.
  NO SIGNIFICANT WEATHER WAS OBSERVED.


RELATIVE HUMIDITY (PERCENT)
 HIGHEST    88           100 AM
 LOWEST     55          1000 AM
 AVERAGE    72

..........................................................




SUNRISE AND SUNSET
MARCH 27 2015.........SUNRISE   637 AM MDT   SUNSET   707 PM MDT
MARCH 28 2015.........SUNRISE   635 AM MDT   SUNSET   708 PM MDT


-  INDICATES NEGATIVE NUMBERS.
R  INDICATES RECORD WAS SET OR TIED.
MM INDICATES DATA IS MISSING.
T  INDICATES TRACE AMOUNT.




$$
