000
CDUS43 KUNR 170831
CLIPHP


CLIMATE REPORT
NATIONAL WEATHER SERVICE RAPID CITY SD
131 AM MST FRI NOV 17 2017


...................................

...THE PHILIP SD CLIMATE SUMMARY FOR NOVEMBER 16 2017...

CLIMATE NORMAL PERIOD 1981 TO 2010
CLIMATE RECORD PERIOD 9999 TO 9999


WEATHER ITEM   OBSERVED TIME   NORMAL DEPARTURE LAST
                VALUE   (LST)  VALUE  FROM      YEAR
                                      NORMAL
......................................................
TEMPERATURE (F)
 YESTERDAY
  MAXIMUM         69    135 PM  47     22       62
  MINIMUM         21   1248 AM  21      0       30
  AVERAGE         45            34     11       46

PRECIPITATION (IN)
  YESTERDAY        0.00          0.02  -0.02     0.00
  MONTH TO DATE    0.07          0.41  -0.34      T
  SINCE SEP 1      2.52          3.33  -0.81     0.68
  SINCE JAN 1     10.38         16.71  -6.33    12.69

DEGREE DAYS
 HEATING
  YESTERDAY       20            31    -11       19
  MONTH TO DATE  477           440     37      232
  SINCE SEP 1   1133          1118     15      674
  SINCE JUL 1   1139          1143     -4      693

 COOLING
  YESTERDAY        0             0      0        0
  MONTH TO DATE    0             0      0        0
  SINCE SEP 1    115            83     32       78
  SINCE JAN 1    911           818     93      908
......................................................


WIND (MPH)
  HIGHEST WIND SPEED    26   HIGHEST WIND DIRECTION    NW (330)
  HIGHEST GUST SPEED    33   HIGHEST GUST DIRECTION    NW (330)
  AVERAGE WIND SPEED     9.9


SKY COVER
  AVERAGE SKY COVER 0.1


WEATHER CONDITIONS
 THE FOLLOWING WEATHER WAS RECORDED YESTERDAY.
  NO SIGNIFICANT WEATHER WAS OBSERVED.


RELATIVE HUMIDITY (PERCENT)
 HIGHEST    92          1200 AM
 LOWEST     24           100 PM
 AVERAGE    58

..........................................................




SUNRISE AND SUNSET
NOVEMBER 17 2017......SUNRISE   644 AM MST   SUNSET   418 PM MST
NOVEMBER 18 2017......SUNRISE   646 AM MST   SUNSET   417 PM MST


-  INDICATES NEGATIVE NUMBERS.
R  INDICATES RECORD WAS SET OR TIED.
MM INDICATES DATA IS MISSING.
T  INDICATES TRACE AMOUNT.




$$
