000
CDUS43 KUNR 020831
CLIPHP


CLIMATE REPORT
NATIONAL WEATHER SERVICE RAPID CITY SD
130 AM MST FRI DEC 2 2016


...................................

...THE PHILIP SD CLIMATE SUMMARY FOR DECEMBER 1 2016...

CLIMATE NORMAL PERIOD 1981 TO 2010
CLIMATE RECORD PERIOD 9999 TO 9999


WEATHER ITEM   OBSERVED TIME   NORMAL DEPARTURE LAST
                VALUE   (LST)  VALUE  FROM      YEAR
                                      NORMAL
......................................................
TEMPERATURE (F)
 YESTERDAY
  MAXIMUM         31    208 PM  39     -8       34
  MINIMUM         23   1111 PM  14      9       25
  AVERAGE         27            27      0       30

PRECIPITATION (IN)
  YESTERDAY        0.00          0.01  -0.01     0.02
  MONTH TO DATE    0.00          0.01  -0.01     0.02
  SINCE DEC 1      0.00          0.01  -0.01     0.02
  SINCE JAN 1     12.85         16.93  -4.08    19.25

DEGREE DAYS
 HEATING
  YESTERDAY       38            38      0       35
  MONTH TO DATE   38            38      0       35
  SINCE DEC 1     38            38      0       35
  SINCE JUL 1   1176          1673   -497     1375

 COOLING
  YESTERDAY        0             0      0        0
  MONTH TO DATE    0             0      0        0
  SINCE DEC 1      0             0      0        0
  SINCE JAN 1    908           818     90      750
......................................................


WIND (MPH)
  HIGHEST WIND SPEED     9   HIGHEST WIND DIRECTION     W (290)
  HIGHEST GUST SPEED    11   HIGHEST GUST DIRECTION     W (290)
  AVERAGE WIND SPEED     4.6


SKY COVER
  AVERAGE SKY COVER 0.8


WEATHER CONDITIONS
 THE FOLLOWING WEATHER WAS RECORDED YESTERDAY.
  NO SIGNIFICANT WEATHER WAS OBSERVED.


RELATIVE HUMIDITY (PERCENT)
 HIGHEST    92           900 PM
 LOWEST     72          1100 AM
 AVERAGE    82

..........................................................




SUNRISE AND SUNSET
DECEMBER  2 2016......SUNRISE   703 AM MST   SUNSET   409 PM MST
DECEMBER  3 2016......SUNRISE   704 AM MST   SUNSET   409 PM MST


-  INDICATES NEGATIVE NUMBERS.
R  INDICATES RECORD WAS SET OR TIED.
MM INDICATES DATA IS MISSING.
T  INDICATES TRACE AMOUNT.




$$
