000
CDUS43 KUNR 040903
CLIPHP


CLIMATE REPORT
NATIONAL WEATHER SERVICE RAPID CITY SD
303 AM MDT SAT JUL 4 2015


...................................

...THE PHILIP SD CLIMATE SUMMARY FOR JULY 3 2015...

CLIMATE NORMAL PERIOD 1981 TO 2010
CLIMATE RECORD PERIOD 9999 TO 9999


WEATHER ITEM   OBSERVED TIME   NORMAL DEPARTURE LAST
                VALUE   (LST)  VALUE  FROM      YEAR
                                      NORMAL
......................................................
TEMPERATURE (F)
 YESTERDAY
  MAXIMUM         84    313 PM  87     -3       83
  MINIMUM         58    438 AM  58      0       52
  AVERAGE         71            72     -1       68

PRECIPITATION (IN)
  YESTERDAY        0.00          0.07  -0.07     0.00
  MONTH TO DATE    T             0.22  -0.22     0.00
  SINCE JUN 1      5.83          3.15   2.68     4.00
  SINCE JAN 1     12.81         10.07   2.74     8.82

DEGREE DAYS
 HEATING
  YESTERDAY        0             1     -1        0
  MONTH TO DATE    0             3     -3        6
  SINCE JUN 1     12            66    -54       84
  SINCE JUL 1      0             3     -3        6

 COOLING
  YESTERDAY        6             8     -2        3
  MONTH TO DATE   20            22     -2        3
  SINCE JUN 1    130           145    -15       59
  SINCE JAN 1    136           172    -36       99
......................................................


WIND (MPH)
  HIGHEST WIND SPEED     9   HIGHEST WIND DIRECTION     E (110)
  HIGHEST GUST SPEED    12   HIGHEST GUST DIRECTION    NW (310)
  AVERAGE WIND SPEED     4.1


SKY COVER
  AVERAGE SKY COVER 0.1


WEATHER CONDITIONS
 THE FOLLOWING WEATHER WAS RECORDED YESTERDAY.
  FOG
  HAZE


RELATIVE HUMIDITY (PERCENT)
 HIGHEST    97           100 AM
 LOWEST     44           200 PM
 AVERAGE    71

..........................................................




SUNRISE AND SUNSET
JULY  4 2015..........SUNRISE   509 AM MDT   SUNSET   832 PM MDT
JULY  5 2015..........SUNRISE   509 AM MDT   SUNSET   832 PM MDT


-  INDICATES NEGATIVE NUMBERS.
R  INDICATES RECORD WAS SET OR TIED.
MM INDICATES DATA IS MISSING.
T  INDICATES TRACE AMOUNT.




$$
