000
CDUS45 KPSR 310826
CLIPHX

CLIMATE REPORT
NATIONAL WEATHER SERVICE PHOENIX AZ
122 AM MST SAT JAN 31 2015


...................................

...THE PHOENIX AZ CLIMATE SUMMARY FOR JANUARY 30 2015...

CLIMATE NORMAL PERIOD 1981 TO 2010
CLIMATE RECORD PERIOD 1895 TO 2015


WEATHER ITEM   OBSERVED TIME   RECORD YEAR NORMAL DEPARTURE LAST
                VALUE   (LST)  VALUE       VALUE  FROM      YEAR
                                                  NORMAL
..................................................................
TEMPERATURE (F)
 YESTERDAY
  MAXIMUM         60    112 AM  82    1935  69     -9       77
  MINIMUM         55   1051 PM  28    1970  47      8       52
                                      1932
  AVERAGE         58                        58      0       65

PRECIPITATION (IN)
  YESTERDAY        0.35          1.19 1951   0.03   0.32     0.00
  MONTH TO DATE    0.74                      0.88  -0.14     0.00
  SINCE OCT 1      1.78                      2.99  -1.21     2.82
  SINCE JAN 1      0.74                      0.88  -0.14     0.00

SNOWFALL (IN)
  YESTERDAY        0.0
  MONTH TO DATE    0.0
  SINCE JAN 1      0.0
  SINCE JUL 1      0.0
  SNOW DEPTH       0

DEGREE DAYS
 HEATING
  YESTERDAY        7                         7      0        0
  MONTH TO DATE  180                       262    -82      150
  SINCE DEC 1    408                       560   -152      412
  SINCE JUL 1    462                       663   -201      467

 COOLING
  YESTERDAY        0                         0      0        0
  MONTH TO DATE    0                         0      0        4
  SINCE DEC 1     10                         1      9        4
  SINCE JAN 1      0                         0      0        4
..................................................................


WIND (MPH)
  HIGHEST WIND SPEED    15   HIGHEST WIND DIRECTION     E (110)
  HIGHEST GUST SPEED    18   HIGHEST GUST DIRECTION     E (110)
  AVERAGE WIND SPEED     7.5


SKY COVER
  AVERAGE SKY COVER 1.0


WEATHER CONDITIONS
 THE FOLLOWING WEATHER WAS RECORDED YESTERDAY.
  RAIN
  LIGHT RAIN
  FOG


RELATIVE HUMIDITY (PERCENT)
 HIGHEST    93           100 AM
 LOWEST     86           700 PM
 AVERAGE    90

..........................................................


THE PHOENIX AZ CLIMATE NORMALS FOR TODAY
                         NORMAL    RECORD    YEAR
 MAXIMUM TEMPERATURE (F)   69        86      2003
 MINIMUM TEMPERATURE (F)   47        27      1969


SUNRISE AND SUNSET
JANUARY 31 2015.......SUNRISE   725 AM MST   SUNSET   559 PM MST
FEBRUARY  1 2015......SUNRISE   724 AM MST   SUNSET   559 PM MST


-  INDICATES NEGATIVE NUMBERS.
R  INDICATES RECORD WAS SET OR TIED.
MM INDICATES DATA IS MISSING.
T  INDICATES TRACE AMOUNT.

&&
.....................................................................

DEW POINT
  HIGHEST DEW POINT    57
   LOWEST DEW POINT    53
  AVERAGE DEW POINT    55
.....................................................................

$$
