000
CDUS45 KPSR 010819
CLIPHX

CLIMATE REPORT
NATIONAL WEATHER SERVICE PHOENIX AZ
118 AM MST SUN MAR 1 2015


...................................

...THE PHOENIX AZ CLIMATE SUMMARY FOR FEBRUARY 28 2015...

CLIMATE NORMAL PERIOD 1981 TO 2010
CLIMATE RECORD PERIOD 1895 TO 2015


WEATHER ITEM   OBSERVED TIME   RECORD YEAR NORMAL DEPARTURE LAST
                VALUE   (LST)  VALUE       VALUE  FROM      YEAR
                                                  NORMAL
..................................................................
TEMPERATURE (F)
 YESTERDAY
  MAXIMUM         70    520 PM  89    1986  73     -3       84
  MINIMUM         60    821 AM  30    1962  51      9       58
  AVERAGE         65                        62      3       71

PRECIPITATION (IN)
  YESTERDAY        T             0.75 1905   0.04  -0.04     0.00
  MONTH TO DATE    0.01                      0.92  -0.91     0.00
  SINCE OCT 1      1.86                      3.94  -2.08     2.82
  SINCE JAN 1      0.82                      1.83  -1.01     0.00

SNOWFALL (IN)
  YESTERDAY        0.0
  MONTH TO DATE    0.0
  SINCE JAN 1      0.0
  SINCE JUL 1      0.0
  SNOW DEPTH       0

DEGREE DAYS
 HEATING
  YESTERDAY        0                         4     -4        0
  MONTH TO DATE   25                       163   -138       65
  SINCE DEC 1    441                       730   -289      479
  SINCE JUL 1    495                       833   -338      534

 COOLING
  YESTERDAY        0                         1     -1        6
  MONTH TO DATE   48                        15     33       58
  SINCE DEC 1     58                        18     40       62
  SINCE JAN 1     48                        17     31       62
..................................................................


WIND (MPH)
  HIGHEST WIND SPEED    17   HIGHEST WIND DIRECTION     W (290)
  HIGHEST GUST SPEED    23   HIGHEST GUST DIRECTION     S (190)
  AVERAGE WIND SPEED     5.9


SKY COVER
  AVERAGE SKY COVER 0.8


WEATHER CONDITIONS
 THE FOLLOWING WEATHER WAS RECORDED YESTERDAY.
  LIGHT RAIN
  HAZE


RELATIVE HUMIDITY (PERCENT)
 HIGHEST    55           900 AM
 LOWEST     34          1200 AM
 AVERAGE    45

..........................................................


THE PHOENIX AZ CLIMATE NORMALS FOR TODAY
                         NORMAL    RECORD    YEAR
 MAXIMUM TEMPERATURE (F)   73        89      1986
 MINIMUM TEMPERATURE (F)   51        31      1964
                                             1922


SUNRISE AND SUNSET
MARCH  1 2015.........SUNRISE   657 AM MST   SUNSET   625 PM MST
MARCH  2 2015.........SUNRISE   655 AM MST   SUNSET   626 PM MST


-  INDICATES NEGATIVE NUMBERS.
R  INDICATES RECORD WAS SET OR TIED.
MM INDICATES DATA IS MISSING.
T  INDICATES TRACE AMOUNT.

&&
.....................................................................

DEW POINT
  HIGHEST DEW POINT    47
   LOWEST DEW POINT    36
  AVERAGE DEW POINT    43
.....................................................................

$$
