000
CDUS45 KPSR 200828
CLIPHX

CLIMATE REPORT
NATIONAL WEATHER SERVICE PHOENIX AZ
127 AM MST FRI JAN 20 2017


...................................

...THE PHOENIX AZ CLIMATE SUMMARY FOR JANUARY 19 2017...

CLIMATE NORMAL PERIOD 1981 TO 2010
CLIMATE RECORD PERIOD 1895 TO 2017


WEATHER ITEM   OBSERVED TIME   RECORD YEAR NORMAL DEPARTURE LAST
                VALUE   (LST)  VALUE       VALUE  FROM      YEAR
                                                  NORMAL
..................................................................
TEMPERATURE (F)
 YESTERDAY
  MAXIMUM         57    523 PM  88    1971  68    -11       69
  MINIMUM         47    609 AM  27    1915  46      1       43
  AVERAGE         52                        57     -5       56

PRECIPITATION (IN)
  YESTERDAY        0.01          0.87 2010   0.03  -0.02      T
  MONTH TO DATE    0.24                      0.58  -0.34     1.13
  SINCE OCT 1      2.07                      2.69  -0.62     2.30
  SINCE JAN 1      0.24                      0.58  -0.34     1.13

SNOWFALL (IN)
  YESTERDAY       MM
  MONTH TO DATE    0.0
  SINCE JAN 1      0.0
  SINCE JUL 1      0.0
  SNOW DEPTH       0

DEGREE DAYS
 HEATING
  YESTERDAY       13                         8      5        9
  MONTH TO DATE  153                       175    -22      210
  SINCE DEC 1    364                       473   -109      536
  SINCE JUL 1    422                       576   -154      657

 COOLING
  YESTERDAY        0                         0      0        0
  MONTH TO DATE    0                         0      0        0
  SINCE DEC 1      1                         1      0        0
  SINCE JAN 1      0                         0      0        0
..................................................................


WIND (MPH)
  HIGHEST WIND SPEED    12   HIGHEST WIND DIRECTION    SE (150)
  HIGHEST GUST SPEED    15   HIGHEST GUST DIRECTION    SE (140)
  AVERAGE WIND SPEED     6.3


SKY COVER
  AVERAGE SKY COVER 0.8


WEATHER CONDITIONS
 THE FOLLOWING WEATHER WAS RECORDED YESTERDAY.
  LIGHT RAIN


RELATIVE HUMIDITY (PERCENT)
 HIGHEST    86          1100 PM
 LOWEST     55           100 PM
 AVERAGE    71

..........................................................


THE PHOENIX AZ CLIMATE NORMALS FOR TODAY
                         NORMAL    RECORD    YEAR
 MAXIMUM TEMPERATURE (F)   68        84      1950
 MINIMUM TEMPERATURE (F)   46        22      1963


SUNRISE AND SUNSET
JANUARY 20 2017.......SUNRISE   730 AM MST   SUNSET   548 PM MST
JANUARY 21 2017.......SUNRISE   730 AM MST   SUNSET   549 PM MST


-  INDICATES NEGATIVE NUMBERS.
R  INDICATES RECORD WAS SET OR TIED.
MM INDICATES DATA IS MISSING.
T  INDICATES TRACE AMOUNT.

&&
.....................................................................

DEW POINT
  HIGHEST DEW POINT    47
   LOWEST DEW POINT    39
  AVERAGE DEW POINT    43
.....................................................................

$$
