000
CDUS45 KPSR 070815
CLIPHX

CLIMATE REPORT
NATIONAL WEATHER SERVICE PHOENIX AZ
114 AM MST TUE JUL 7 2015


...................................

...THE PHOENIX AZ CLIMATE SUMMARY FOR JULY 6 2015...

CLIMATE NORMAL PERIOD 1981 TO 2010
CLIMATE RECORD PERIOD 1895 TO 2015


WEATHER ITEM   OBSERVED TIME   RECORD YEAR NORMAL DEPARTURE LAST
                VALUE   (LST)  VALUE       VALUE  FROM      YEAR
                                                  NORMAL
..................................................................
TEMPERATURE (F)
 YESTERDAY
  MAXIMUM        104    555 PM 116    1942 107     -3      105
                                      1905
  MINIMUM         78    612 AM  65    1902  83     -5       84
  AVERAGE         91                        95     -4       95

PRECIPITATION (IN)
  YESTERDAY        T             0.60 1998   0.02  -0.02     0.00
  MONTH TO DATE    0.08                      0.11  -0.03     0.01
  SINCE OCT 1      3.87                      5.45  -1.58     3.82
  SINCE JAN 1      2.83                      3.34  -0.51     1.00

SNOWFALL (IN)
  YESTERDAY        0.0
  MONTH TO DATE    0.0
  SINCE JAN 1      0.0
  SINCE JUL 1      0.0
  SNOW DEPTH       0

DEGREE DAYS
 HEATING
  YESTERDAY        0                         0      0        0
  MONTH TO DATE    0                         0      0        0
  SINCE JUN 1      0                         0      0        0
  SINCE JUL 1      0                         0      0        0

 COOLING
  YESTERDAY       26                        30     -4       30
  MONTH TO DATE  173                       177     -4      179
  SINCE JUN 1   1049                       951     98     1034
  SINCE JAN 1   2074                      1837    237     2109
..................................................................


WIND (MPH)
  HIGHEST WIND SPEED    22   HIGHEST WIND DIRECTION     W (260)
  HIGHEST GUST SPEED    26   HIGHEST GUST DIRECTION     W (260)
  AVERAGE WIND SPEED     7.1


SKY COVER
  AVERAGE SKY COVER 0.5


WEATHER CONDITIONS
 THE FOLLOWING WEATHER WAS RECORDED YESTERDAY.
  THUNDERSTORM


RELATIVE HUMIDITY (PERCENT)
 HIGHEST    58           800 AM
 LOWEST     20           600 PM
 AVERAGE    39

..........................................................


THE PHOENIX AZ CLIMATE NORMALS FOR TODAY
                         NORMAL    RECORD    YEAR
 MAXIMUM TEMPERATURE (F)  107       115      1905
 MINIMUM TEMPERATURE (F)   83        66      1915


SUNRISE AND SUNSET
JULY  7 2015..........SUNRISE   525 AM MST   SUNSET   741 PM MST
JULY  8 2015..........SUNRISE   525 AM MST   SUNSET   741 PM MST


-  INDICATES NEGATIVE NUMBERS.
R  INDICATES RECORD WAS SET OR TIED.
MM INDICATES DATA IS MISSING.
T  INDICATES TRACE AMOUNT.

&&
.....................................................................

DEW POINT
  HIGHEST DEW POINT    68
   LOWEST DEW POINT    53
  AVERAGE DEW POINT    61
.....................................................................

$$
