000
CDUS45 KPSR 090802
CLIPHX

CDUS45 KPSR DDHHMM
CLIPHX

CLIMATE REPORT
NATIONAL WEATHER SERVICE PHOENIX AZ
101 AM MST TUE FEB 9 2016

...................................

...THE PHOENIX AZ CLIMATE SUMMARY FOR FEBRUARY 8 2016...

CLIMATE NORMAL PERIOD 1981 TO 2010
CLIMATE RECORD PERIOD 1895 TO 2016


WEATHER ITEM   OBSERVED TIME   RECORD YEAR NORMAL DEPARTURE LAST
                VALUE   (LST)  VALUE       VALUE  FROM      YEAR
                                                  NORMAL
..................................................................
TEMPERATURE (F)
 YESTERDAY
  MAXIMUM         85    358 PM  86    1970  70     15       82
  MINIMUM         50    343 AM  24    1933  48      2       55
  AVERAGE         68                        59      9       69

PRECIPITATION (IN)
  YESTERDAY        0.00          0.83 1993   0.03  -0.03     0.00
  MONTH TO DATE    0.00                      0.23  -0.23     0.00
  SINCE OCT 1      2.48                      3.25  -0.77     1.85
  SINCE JAN 1      1.31                      1.14   0.17     0.81

SNOWFALL (IN)
  YESTERDAY        0.0
  MONTH TO DATE    0.0
  SINCE JAN 1      0.0
  SINCE JUL 1      0.0
  SNOW DEPTH       0

DEGREE DAYS
 HEATING
  YESTERDAY        0                         7     -7        0
  MONTH TO DATE   86                        56     30       11
  SINCE DEC 1    692                       623     69      427
  SINCE JUL 1    813                       726     87      481

 COOLING
  YESTERDAY        3                         0      3        4
  MONTH TO DATE    3                         0      3       12
  SINCE DEC 1      3                         3      0       22
  SINCE JAN 1      3                         2      1       12
..................................................................


WIND (MPH)
  HIGHEST WIND SPEED    20   HIGHEST WIND DIRECTION     E (80)
  HIGHEST GUST SPEED    26   HIGHEST GUST DIRECTION     E (80)
  AVERAGE WIND SPEED     6.8


SKY COVER
  AVERAGE SKY COVER 0.1


WEATHER CONDITIONS
 THE FOLLOWING WEATHER WAS RECORDED YESTERDAY.
  NO SIGNIFICANT WEATHER WAS OBSERVED.


RELATIVE HUMIDITY (PERCENT)
 HIGHEST    44           400 AM
 LOWEST      8           400 PM
 AVERAGE    26

..........................................................


THE PHOENIX AZ CLIMATE NORMALS FOR TODAY
                         NORMAL    RECORD    YEAR
 MAXIMUM TEMPERATURE (F)   70        84      1987
                                             1951
                                             1926
 MINIMUM TEMPERATURE (F)   48        28      1933


SUNRISE AND SUNSET
FEBRUARY  9 2016......SUNRISE   718 AM MST   SUNSET   607 PM MST
FEBRUARY 10 2016......SUNRISE   717 AM MST   SUNSET   608 PM MST


-  INDICATES NEGATIVE NUMBERS.
R  INDICATES RECORD WAS SET OR TIED.
MM INDICATES DATA IS MISSING.
T  INDICATES TRACE AMOUNT.

&&
.....................................................................

DEW POINT
  HIGHEST DEW POINT    30
   LOWEST DEW POINT    17
  AVERAGE DEW POINT    23
.....................................................................

$$
