000
CDUS45 KPSR 232321
CLIPHX

CLIMATE REPORT
NATIONAL WEATHER SERVICE PHOENIX AZ
420 PM MST SAT JUL 23 2016


...................................

...THE PHOENIX AZ CLIMATE SUMMARY FOR JULY 23 2016...
VALID TODAY AS OF 0400 PM LOCAL TIME.

CLIMATE NORMAL PERIOD 1981 TO 2010
CLIMATE RECORD PERIOD 1895 TO 2016


WEATHER ITEM   OBSERVED TIME   RECORD YEAR NORMAL DEPARTURE LAST
                VALUE   (LST)  VALUE       VALUE  FROM      YEAR
                                                  NORMAL
..................................................................
TEMPERATURE (F)
 TODAY
  MAXIMUM        111    345 PM 114    2014 106      5      105
                                      2006
  MINIMUM         90    646 AM  69    1913  84      6       84
  AVERAGE        101                        95      6       95

PRECIPITATION (IN)
  TODAY            0.00          0.41 2002   0.04  -0.04     0.00
  MONTH TO DATE    0.36                      0.71  -0.35     0.41
  SINCE OCT 1      3.41                      6.05  -2.64     4.20
  SINCE JAN 1      2.24                      3.94  -1.70     3.16

SNOWFALL (IN)
  TODAY            0.0
  MONTH TO DATE    0.0
  SINCE JAN 1      0.0
  SINCE JUL 1      0.0
  SNOW DEPTH       0

DEGREE DAYS
 HEATING
  TODAY            0                         0      0        0
  MONTH TO DATE    0                         0      0        0
  SINCE JUN 1      0                         0      0        0
  SINCE JUL 1      0                         0      0        0

 COOLING
  TODAY           36                        30      6       30
  MONTH TO DATE  746                       687     59      677
  SINCE JUN 1   1646                      1461    185     1553
  SINCE JAN 1   2653                      2347    306     2578
..................................................................


WIND (MPH)
  HIGHEST WIND SPEED    21   HIGHEST WIND DIRECTION     W (290)
  HIGHEST GUST SPEED    25   HIGHEST GUST DIRECTION     W (270)
  AVERAGE WIND SPEED     8.8


SKY COVER
  AVERAGE SKY COVER 0.6


WEATHER CONDITIONS
 THE FOLLOWING WEATHER WAS RECORDED TODAY.
  NO SIGNIFICANT WEATHER WAS OBSERVED.


RELATIVE HUMIDITY (PERCENT)
 HIGHEST    32           700 AM
 LOWEST     17           300 PM
 AVERAGE    25

..........................................................


THE PHOENIX AZ CLIMATE NORMALS FOR TOMORROW
                         NORMAL    RECORD    YEAR
 MAXIMUM TEMPERATURE (F)  106       116      2014
 MINIMUM TEMPERATURE (F)   84        68      1913


SUNRISE AND SUNSET
JULY 23 2016..........SUNRISE   535 AM MST   SUNSET   734 PM MST
JULY 24 2016..........SUNRISE   536 AM MST   SUNSET   733 PM MST


-  INDICATES NEGATIVE NUMBERS.
R  INDICATES RECORD WAS SET OR TIED.
MM INDICATES DATA IS MISSING.
T  INDICATES TRACE AMOUNT.

$$
