000
CDUS45 KPSR 190823
CLIPHX

CLIMATE REPORT
NATIONAL WEATHER SERVICE PHOENIX AZ
121 AM MST FRI SEP 19 2014


...................................

...THE PHOENIX AZ CLIMATE SUMMARY FOR SEPTEMBER 18 2014...

CLIMATE NORMAL PERIOD 1981 TO 2010
CLIMATE RECORD PERIOD 1895 TO 2014


WEATHER ITEM   OBSERVED TIME   RECORD YEAR NORMAL DEPARTURE LAST
                VALUE   (LST)  VALUE       VALUE  FROM      YEAR
                                                  NORMAL
..................................................................
TEMPERATURE (F)
 YESTERDAY
  MAXIMUM         96    321 PM 109    2010  99     -3      107
  MINIMUM         76    526 AM  58    1950  76      0       84
  AVERAGE         86                        88     -2       96

PRECIPITATION (IN)
  YESTERDAY        0.00          1.46 1946   0.02  -0.02     0.00
  MONTH TO DATE    3.45                      0.41   3.04     0.86
  SINCE OCT 1      8.49                      7.80   0.69     6.52
  SINCE JAN 1      5.67                      5.69  -0.02     5.60

SNOWFALL (IN)
  YESTERDAY        0.0
  MONTH TO DATE    0.0
  SINCE JAN 1      0.0
  SINCE JUL 1      0.0
  SNOW DEPTH       0

DEGREE DAYS
 HEATING
  YESTERDAY        0                         0      0        0
  MONTH TO DATE    0                         0      0        0
  SINCE SEP 1      0                         0      0        0
  SINCE JUL 1      0                         0      0        0

 COOLING
  YESTERDAY       21                        23     -2       31
  MONTH TO DATE  465                       457      8      488
  SINCE SEP 1    465                       457      8      488
  SINCE JAN 1   4210                      3926    284     4376
..................................................................


WIND (MPH)
  HIGHEST WIND SPEED    13   HIGHEST WIND DIRECTION     S (180)
  HIGHEST GUST SPEED    16   HIGHEST GUST DIRECTION     S (180)
  AVERAGE WIND SPEED     4.8


SKY COVER
  AVERAGE SKY COVER 0.2


WEATHER CONDITIONS
 THE FOLLOWING WEATHER WAS RECORDED YESTERDAY.
  NO SIGNIFICANT WEATHER WAS OBSERVED.


RELATIVE HUMIDITY (PERCENT)
 HIGHEST    69           500 AM
 LOWEST     33           200 PM
 AVERAGE    51

..........................................................


THE PHOENIX AZ CLIMATE NORMALS FOR TODAY
                         NORMAL    RECORD    YEAR
 MAXIMUM TEMPERATURE (F)   99       111      2010
 MINIMUM TEMPERATURE (F)   76        54      1965


SUNRISE AND SUNSET
SEPTEMBER 19 2014.....SUNRISE   614 AM MST   SUNSET   629 PM MST
SEPTEMBER 20 2014.....SUNRISE   615 AM MST   SUNSET   627 PM MST


-  INDICATES NEGATIVE NUMBERS.
R  INDICATES RECORD WAS SET OR TIED.
MM INDICATES DATA IS MISSING.
T  INDICATES TRACE AMOUNT.

&&
.....................................................................

DEW POINT
  HIGHEST DEW POINT    67
   LOWEST DEW POINT    61
  AVERAGE DEW POINT    64
.....................................................................

$$
