000
CDUS43 KILX 202143
CLIPIA


CLIMATE REPORT
NATIONAL WEATHER SERVICE LINCOLN IL
433 PM CDT MON OCT 20 2014


...................................

...THE PEORIA IL CLIMATE SUMMARY FOR OCTOBER 20 2014...
VALID TODAY AS OF 0400 PM LOCAL TIME.

CLIMATE NORMAL PERIOD 1981 TO 2010
CLIMATE RECORD PERIOD 1883 TO 2014


WEATHER ITEM   OBSERVED TIME   RECORD YEAR NORMAL DEPARTURE LAST
                VALUE   (LST)  VALUE       VALUE  FROM      YEAR
                                                  NORMAL
..................................................................
TEMPERATURE (F)
 TODAY
  MAXIMUM         70    236 PM  87    2003  63      7       70
  MINIMUM         47    616 AM  22    1960  42      5       39
  AVERAGE         59                        53      6       55

PRECIPITATION (IN)
  TODAY            0.00          1.15 1916   0.10  -0.10      T
  MONTH TO DATE    2.33                      1.77   0.56     2.45
  SINCE SEP 1      7.31                      4.92   2.39     4.30
  SINCE JAN 1     37.39                     29.87   7.52    36.13

SNOWFALL (IN)
  TODAY            0.0           0.3  1916   0.0    0.0      0.0
  MONTH TO DATE    T                         0.0    0.0      0.0
  SINCE SEP 1      T                         0.0    0.0      0.0
  SINCE JUL 1      T                         0.0    0.0      0.0
  SNOW DEPTH       0

DEGREE DAYS
 HEATING
  TODAY            6                        13     -7       10
  MONTH TO DATE  164                       197    -33      127
  SINCE SEP 1    240                       281    -41      154
  SINCE JUL 1    242                       287    -45      159

 COOLING
  TODAY            0                         0      0        0
  MONTH TO DATE    4                        12     -8       40
  SINCE SEP 1    127                       129     -2      232
  SINCE JAN 1   1151                      1036    115     1174
..................................................................


WIND (MPH)
  HIGHEST WIND SPEED    16   HIGHEST WIND DIRECTION    NW (320)
  HIGHEST GUST SPEED    24   HIGHEST GUST DIRECTION    NW (320)
  AVERAGE WIND SPEED     8.1


SKY COVER
  POSSIBLE SUNSHINE  MM
  AVERAGE SKY COVER 0.0


WEATHER CONDITIONS
 THE FOLLOWING WEATHER WAS RECORDED TODAY.
  NO SIGNIFICANT WEATHER WAS OBSERVED.


RELATIVE HUMIDITY (PERCENT)
 HIGHEST    86           300 AM
 LOWEST     37           200 PM
 AVERAGE    62

..........................................................


THE PEORIA IL CLIMATE NORMALS FOR TOMORROW
                         NORMAL    RECORD    YEAR
 MAXIMUM TEMPERATURE (F)   63        86      1979
 MINIMUM TEMPERATURE (F)   42        22      1930


SUNRISE AND SUNSET
OCTOBER 20 2014.......SUNRISE   715 AM CDT   SUNSET   611 PM CDT
OCTOBER 21 2014.......SUNRISE   716 AM CDT   SUNSET   610 PM CDT


-  INDICATES NEGATIVE NUMBERS.
R  INDICATES RECORD WAS SET OR TIED.
MM INDICATES DATA IS MISSING.
T  INDICATES TRACE AMOUNT.




$$
