000
CDUS43 KILX 150638
CLIPIA


CLIMATE REPORT
NATIONAL WEATHER SERVICE LINCOLN IL
138 AM CDT MON SEP 15 2014


...................................

...THE PEORIA IL CLIMATE SUMMARY FOR SEPTEMBER 14 2014...

CLIMATE NORMAL PERIOD 1981 TO 2010
CLIMATE RECORD PERIOD 1883 TO 2014


WEATHER ITEM   OBSERVED TIME   RECORD YEAR NORMAL DEPARTURE LAST
                VALUE   (LST)  VALUE       VALUE  FROM      YEAR
                                                  NORMAL
..................................................................
TEMPERATURE (F)
 YESTERDAY
  MAXIMUM         70    411 PM 102    1939  78     -8       74
  MINIMUM         43    558 AM  37    1923  56    -13       47
  AVERAGE         57                        67    -10       61

PRECIPITATION (IN)
  YESTERDAY        0.00          2.58 1965   0.10  -0.10     0.00
  MONTH TO DATE    4.66                      1.54   3.12     0.60
  SINCE SEP 1      4.66                      1.54   3.12     0.60
  SINCE JAN 1     34.74                     26.49   8.25    32.43

SNOWFALL (IN)
  YESTERDAY        0.0           0.0    MM   0.0    0.0      0.0
  MONTH TO DATE    0.0                       0.0    0.0      0.0
  SINCE SEP 1      0.0                       0.0    0.0      0.0
  SINCE JUL 1      0.0                       0.0    0.0      0.0
  SNOW DEPTH       0

DEGREE DAYS
 HEATING
  YESTERDAY        8                         2      6        4
  MONTH TO DATE   44                        16     28        5
  SINCE SEP 1     44                        16     28        5
  SINCE JUL 1     46                        22     24       10

 COOLING
  YESTERDAY        0                         4     -4        0
  MONTH TO DATE   76                        77     -1      147
  SINCE SEP 1     76                        77     -1      147
  SINCE JAN 1   1100                       984    116     1089
..................................................................


WIND (MPH)
  HIGHEST WIND SPEED    10   HIGHEST WIND DIRECTION     S (190)
  HIGHEST GUST SPEED    13   HIGHEST GUST DIRECTION     S (190)
  AVERAGE WIND SPEED     2.1


SKY COVER
  POSSIBLE SUNSHINE  MM
  AVERAGE SKY COVER 0.0


WEATHER CONDITIONS
 THE FOLLOWING WEATHER WAS RECORDED YESTERDAY.
  NO SIGNIFICANT WEATHER WAS OBSERVED.


RELATIVE HUMIDITY (PERCENT)
 HIGHEST    89           100 AM
 LOWEST     40           300 PM
 AVERAGE    65

..........................................................


THE PEORIA IL CLIMATE NORMALS FOR TODAY
                         NORMAL    RECORD    YEAR
 MAXIMUM TEMPERATURE (F)   78       100      1939
 MINIMUM TEMPERATURE (F)   56        37      1916


SUNRISE AND SUNSET
SEPTEMBER 15 2014.....SUNRISE   639 AM CDT   SUNSET   708 PM CDT
SEPTEMBER 16 2014.....SUNRISE   640 AM CDT   SUNSET   706 PM CDT


-  INDICATES NEGATIVE NUMBERS.
R  INDICATES RECORD WAS SET OR TIED.
MM INDICATES DATA IS MISSING.
T  INDICATES TRACE AMOUNT.




$$
