000
CDUS43 KILX 300701
CLIPIA


CLIMATE REPORT
NATIONAL WEATHER SERVICE LINCOLN IL
101 AM CST FRI JAN 30 2015


...................................

...THE PEORIA IL CLIMATE SUMMARY FOR JANUARY 29 2015...

CLIMATE NORMAL PERIOD 1981 TO 2010
CLIMATE RECORD PERIOD 1883 TO 2015


WEATHER ITEM   OBSERVED TIME   RECORD YEAR NORMAL DEPARTURE LAST
                VALUE   (LST)  VALUE       VALUE  FROM      YEAR
                                                  NORMAL
..................................................................
TEMPERATURE (F)
 YESTERDAY
  MAXIMUM         42    446 AM  64    2013  34      8       31
  MINIMUM         32   1159 PM -14    1966  17     15        2
  AVERAGE         37                        25     12       17

PRECIPITATION (IN)
  YESTERDAY        T             2.35 2001   0.05  -0.05     0.00
  MONTH TO DATE    1.94                      1.67   0.27     1.93
  SINCE DEC 1      3.17                      4.09  -0.92     3.42
  SINCE JAN 1      1.94                      1.67   0.27     1.93

SNOWFALL (IN)
  YESTERDAY        0.0           3.1  2000   0.2   -0.2      0.0
  MONTH TO DATE    9.9                       6.4    3.5     15.0
  SINCE DEC 1      9.9                      13.5   -3.6     23.5
  SINCE JUL 1     11.2                      14.6   -3.4     24.1
  SNOW DEPTH       0

DEGREE DAYS
 HEATING
  YESTERDAY       28                        40    -12       48
  MONTH TO DATE 1138                      1160    -22     1361
  SINCE DEC 1   2106                      2290   -184     2605
  SINCE JUL 1   3347                      3438    -91     3787

 COOLING
  YESTERDAY        0                         0      0        0
  MONTH TO DATE    0                         0      0        0
  SINCE DEC 1      0                         0      0        0
  SINCE JAN 1      0                         0      0        0
..................................................................


WIND (MPH)
  HIGHEST WIND SPEED    21   HIGHEST WIND DIRECTION    NW (320)
  HIGHEST GUST SPEED    36   HIGHEST GUST DIRECTION    NW (300)
  AVERAGE WIND SPEED    12.4


SKY COVER
  POSSIBLE SUNSHINE  MM
  AVERAGE SKY COVER 0.7


WEATHER CONDITIONS
 THE FOLLOWING WEATHER WAS RECORDED YESTERDAY.
  HAZE


RELATIVE HUMIDITY (PERCENT)
 HIGHEST    82           200 AM
 LOWEST     56          1100 PM
 AVERAGE    69

..........................................................


THE PEORIA IL CLIMATE NORMALS FOR TODAY
                         NORMAL    RECORD    YEAR
 MAXIMUM TEMPERATURE (F)   34        60      2012
 MINIMUM TEMPERATURE (F)   18       -12      1966


SUNRISE AND SUNSET
JANUARY 30 2015.......SUNRISE   711 AM CST   SUNSET   514 PM CST
JANUARY 31 2015.......SUNRISE   710 AM CST   SUNSET   515 PM CST


-  INDICATES NEGATIVE NUMBERS.
R  INDICATES RECORD WAS SET OR TIED.
MM INDICATES DATA IS MISSING.
T  INDICATES TRACE AMOUNT.




$$
