000
CDUS43 KILX 010643
CLIPIA


CLIMATE REPORT
NATIONAL WEATHER SERVICE LINCOLN IL
143 AM CDT TUE SEP 1 2015


...................................

...THE PEORIA IL CLIMATE SUMMARY FOR AUGUST 31 2015...

CLIMATE NORMAL PERIOD 1981 TO 2010
CLIMATE RECORD PERIOD 1883 TO 2015


WEATHER ITEM   OBSERVED TIME   RECORD YEAR NORMAL DEPARTURE LAST
                VALUE   (LST)  VALUE       VALUE  FROM      YEAR
                                                  NORMAL
..................................................................
TEMPERATURE (F)
 YESTERDAY
  MAXIMUM         91    427 PM  96    2000  82      9       86
                                      1953
                                      1943
  MINIMUM         67    535 AM  41    1915  61      6       71
  AVERAGE         79                        72      7       79

PRECIPITATION (IN)
  YESTERDAY        0.00          1.79 1938   0.11  -0.11     0.00
  MONTH TO DATE    2.03                      3.24  -1.21     6.94
  SINCE JUN 1     19.47                     10.62   8.85    18.10
  SINCE JAN 1     32.24                     24.95   7.29    30.08

SNOWFALL (IN)
  YESTERDAY        0.0           0.0    MM   0.0    0.0      0.0
  MONTH TO DATE    0.0                       0.0    0.0      0.0
  SINCE JUN 1      0.0                       0.0    0.0      0.0
  SINCE JUL 1      0.0                       0.0    0.0      0.0
  SNOW DEPTH       0

DEGREE DAYS
 HEATING
  YESTERDAY        0                         0      0        0
  MONTH TO DATE    0                         0      0        0
  SINCE JUN 1     12                        24    -12        2
  SINCE JUL 1      5                         6     -1        2

 COOLING
  YESTERDAY       14                         7      7       14
  MONTH TO DATE  302                       276     26      342
  SINCE JUN 1    958                       826    132      866
  SINCE JAN 1   1112                       907    205     1024
..................................................................


WIND (MPH)
  HIGHEST WIND SPEED    14   HIGHEST WIND DIRECTION     S (200)
  HIGHEST GUST SPEED    16   HIGHEST GUST DIRECTION     S (200)
  AVERAGE WIND SPEED     4.8


SKY COVER
  POSSIBLE SUNSHINE  MM
  AVERAGE SKY COVER 0.1


WEATHER CONDITIONS
 THE FOLLOWING WEATHER WAS RECORDED YESTERDAY.
  FOG
  HAZE


RELATIVE HUMIDITY (PERCENT)
 HIGHEST    90          1200 AM
 LOWEST     49           200 PM
 AVERAGE    70

..........................................................


THE PEORIA IL CLIMATE NORMALS FOR TODAY
                         NORMAL    RECORD    YEAR
 MAXIMUM TEMPERATURE (F)   82       101      1913
 MINIMUM TEMPERATURE (F)   61        44      1967


SUNRISE AND SUNSET
SEPTEMBER  1 2015.....SUNRISE   626 AM CDT   SUNSET   731 PM CDT
SEPTEMBER  2 2015.....SUNRISE   626 AM CDT   SUNSET   730 PM CDT


-  INDICATES NEGATIVE NUMBERS.
R  INDICATES RECORD WAS SET OR TIED.
MM INDICATES DATA IS MISSING.
T  INDICATES TRACE AMOUNT.




$$
