000
CDUS43 KILX 270638
CLIPIA


CLIMATE REPORT
NATIONAL WEATHER SERVICE LINCOLN IL
1238 AM CST MON FEB 27 2017


...................................

...THE PEORIA IL CLIMATE SUMMARY FOR FEBRUARY 26 2017...

CLIMATE NORMAL PERIOD 1981 TO 2010
CLIMATE RECORD PERIOD 1883 TO 2017


WEATHER ITEM   OBSERVED TIME   RECORD YEAR NORMAL DEPARTURE LAST
                VALUE   (LST)  VALUE       VALUE  FROM      YEAR
                                                  NORMAL
..................................................................
TEMPERATURE (F)
 YESTERDAY
  MAXIMUM         51    312 PM  71    1996  42      9       37
  MINIMUM         23    353 AM -13    1963  25     -2       24
  AVERAGE         37                        33      4       31

PRECIPITATION (IN)
  YESTERDAY        0.00          1.28 1997   0.07  -0.07     0.00
  MONTH TO DATE    0.72                      1.63  -0.91     0.61
  SINCE DEC 1      3.51                      5.83  -2.32     7.68
  SINCE JAN 1      2.29                      3.41  -1.12     1.37

SNOWFALL (IN)
  YESTERDAY        0.0           5.5  1913   0.1   -0.1      0.0
  MONTH TO DATE    3.7                       5.8   -2.1      2.8
  SINCE DEC 1      9.7                      19.8  -10.1     10.5
  SINCE JUL 1      9.7                      20.9  -11.2     15.1
  SNOW DEPTH       0

DEGREE DAYS
 HEATING
  YESTERDAY       28                        32     -4       34
  MONTH TO DATE  651                       933   -282      859
  SINCE DEC 1   2842                      3306   -464     2772
  SINCE JUL 1   3580                      4454   -874     3529

 COOLING
  YESTERDAY        0                         0      0        0
  MONTH TO DATE    0                         0      0        0
  SINCE DEC 1      0                         0      0        0
  SINCE JAN 1      0                         0      0        0
..................................................................


WIND (MPH)
  HIGHEST WIND SPEED    28   HIGHEST WIND DIRECTION    SW (210)
  HIGHEST GUST SPEED    35   HIGHEST GUST DIRECTION    SW (220)
  AVERAGE WIND SPEED    12.7


SKY COVER
  POSSIBLE SUNSHINE  MM
  AVERAGE SKY COVER 0.4


WEATHER CONDITIONS
 THE FOLLOWING WEATHER WAS RECORDED YESTERDAY.
  NO SIGNIFICANT WEATHER WAS OBSERVED.


RELATIVE HUMIDITY (PERCENT)
 HIGHEST    74          1200 AM
 LOWEST     29           200 PM
 AVERAGE    52

..........................................................


THE PEORIA IL CLIMATE NORMALS FOR TODAY
                         NORMAL    RECORD    YEAR
 MAXIMUM TEMPERATURE (F)   42        72      1976
 MINIMUM TEMPERATURE (F)   25        -9      1934


SUNRISE AND SUNSET
FEBRUARY 27 2017......SUNRISE   635 AM CST   SUNSET   548 PM CST
FEBRUARY 28 2017......SUNRISE   634 AM CST   SUNSET   549 PM CST


-  INDICATES NEGATIVE NUMBERS.
R  INDICATES RECORD WAS SET OR TIED.
MM INDICATES DATA IS MISSING.
T  INDICATES TRACE AMOUNT.




$$
