000
CDUS43 KILX 270725
CLIPIA


CLIMATE REPORT
NATIONAL WEATHER SERVICE LINCOLN IL
125 AM CST THU NOV 27 2014


...................................

...THE PEORIA IL CLIMATE SUMMARY FOR NOVEMBER 26 2014...

CLIMATE NORMAL PERIOD 1981 TO 2010
CLIMATE RECORD PERIOD 1883 TO 2014


WEATHER ITEM   OBSERVED TIME   RECORD YEAR NORMAL DEPARTURE LAST
                VALUE   (LST)  VALUE       VALUE  FROM      YEAR
                                                  NORMAL
..................................................................
TEMPERATURE (F)
 YESTERDAY
  MAXIMUM         32    300 PM  69    1927  44    -12       36
  MINIMUM         22    342 AM  -2    1977  28     -6       18
  AVERAGE         27                        36     -9       27

PRECIPITATION (IN)
  YESTERDAY        T             1.36 2011   0.10  -0.10     0.00
  MONTH TO DATE    1.07                      2.72  -1.65     3.26
  SINCE SEP 1      8.46                      8.71  -0.25    10.24
  SINCE JAN 1     38.54                     33.66   4.88    42.07

SNOWFALL (IN)
  YESTERDAY        0.1           6.8  1975   0.0    0.1      0.0
  MONTH TO DATE    1.2                       0.7    0.5      0.6
  SINCE SEP 1      1.2                       0.7    0.5      0.6
  SINCE JUL 1      1.2                       0.7    0.5      0.6
  SNOW DEPTH       1

DEGREE DAYS
 HEATING
  YESTERDAY       38                        29      9       38
  MONTH TO DATE  741                       582    159      661
  SINCE SEP 1   1115                      1022     93     1034
  SINCE JUL 1   1117                      1028     89     1039

 COOLING
  YESTERDAY        0                         0      0        0
  MONTH TO DATE    0                         0      0        0
  SINCE SEP 1    132                       132      0      232
  SINCE JAN 1   1156                      1039    117     1174
..................................................................


WIND (MPH)
  HIGHEST WIND SPEED    15   HIGHEST WIND DIRECTION     E (80)
  HIGHEST GUST SPEED    20   HIGHEST GUST DIRECTION    SE (130)
  AVERAGE WIND SPEED     7.3


SKY COVER
  POSSIBLE SUNSHINE  MM
  AVERAGE SKY COVER 0.5


WEATHER CONDITIONS
 THE FOLLOWING WEATHER WAS RECORDED YESTERDAY.
  LIGHT SNOW
  HAZE


RELATIVE HUMIDITY (PERCENT)
 HIGHEST    85           800 PM
 LOWEST     72          1100 AM
 AVERAGE    79

..........................................................


THE PEORIA IL CLIMATE NORMALS FOR TODAY
                         NORMAL    RECORD    YEAR
 MAXIMUM TEMPERATURE (F)   44        72      1989
 MINIMUM TEMPERATURE (F)   28         3      1930
                                             1898


SUNRISE AND SUNSET
NOVEMBER 27 2014......SUNRISE   659 AM CST   SUNSET   433 PM CST
NOVEMBER 28 2014......SUNRISE   700 AM CST   SUNSET   433 PM CST


-  INDICATES NEGATIVE NUMBERS.
R  INDICATES RECORD WAS SET OR TIED.
MM INDICATES DATA IS MISSING.
T  INDICATES TRACE AMOUNT.




$$
