000
CDUS43 KILX 250653
CLIPIA


CLIMATE REPORT
NATIONAL WEATHER SERVICE LINCOLN IL
152 AM CDT SUN JUN 25 2017


...................................

...THE PEORIA IL CLIMATE SUMMARY FOR JUNE 24 2017...

CLIMATE NORMAL PERIOD 1981 TO 2010
CLIMATE RECORD PERIOD 1883 TO 2017


WEATHER ITEM   OBSERVED TIME   RECORD YEAR NORMAL DEPARTURE LAST
                VALUE   (LST)  VALUE       VALUE  FROM      YEAR
                                                  NORMAL
..................................................................
TEMPERATURE (F)
 YESTERDAY
  MAXIMUM         75    332 PM  99    1937  85    -10       87
  MINIMUM         60   1101 PM  44    1972  64     -4       64
  AVERAGE         68                        74     -6       76

PRECIPITATION (IN)
  YESTERDAY        0.00          4.74 1911   0.12  -0.12     0.00
  MONTH TO DATE    1.60                      2.82  -1.22     3.13
  SINCE JUN 1      1.60                      2.82  -1.22     3.13
  SINCE JAN 1     20.09                     17.15   2.94    12.24

SNOWFALL (IN)
  YESTERDAY        0.0           0.0    MM   0.0    0.0      0.0
  MONTH TO DATE    0.0                       0.0    0.0      0.0
  SINCE JUN 1      0.0                       0.0    0.0      0.0
  SINCE JUL 1     13.9                      24.6  -10.7     15.3
  SNOW DEPTH       0

DEGREE DAYS
 HEATING
  YESTERDAY        0                         0      0        0
  MONTH TO DATE    0                        17    -17        0
  SINCE JUN 1      0                        17    -17        0
  SINCE JUL 1   4701                      5830  -1129     4641

 COOLING
  YESTERDAY        3                         9     -6       11
  MONTH TO DATE  230                       162     68      272
  SINCE JUN 1    230                       162     68      272
  SINCE JAN 1    311                       243     68      378
..................................................................


WIND (MPH)
  HIGHEST WIND SPEED    21   HIGHEST WIND DIRECTION    NW (300)
  HIGHEST GUST SPEED    31   HIGHEST GUST DIRECTION    NW (300)
  AVERAGE WIND SPEED     8.6


SKY COVER
  POSSIBLE SUNSHINE  MM
  AVERAGE SKY COVER 0.0


WEATHER CONDITIONS
 THE FOLLOWING WEATHER WAS RECORDED YESTERDAY.
  NO SIGNIFICANT WEATHER WAS OBSERVED.


RELATIVE HUMIDITY (PERCENT)
 HIGHEST    84           400 AM
 LOWEST     29           500 PM
 AVERAGE    57

..........................................................


THE PEORIA IL CLIMATE NORMALS FOR TODAY
                         NORMAL    RECORD    YEAR
 MAXIMUM TEMPERATURE (F)   85       105      1988
 MINIMUM TEMPERATURE (F)   64        49      1979
                                             1974


SUNRISE AND SUNSET
JUNE 25 2017..........SUNRISE   529 AM CDT   SUNSET   834 PM CDT
JUNE 26 2017..........SUNRISE   529 AM CDT   SUNSET   834 PM CDT


-  INDICATES NEGATIVE NUMBERS.
R  INDICATES RECORD WAS SET OR TIED.
MM INDICATES DATA IS MISSING.
T  INDICATES TRACE AMOUNT.




$$
