000
CDUS43 KILX 260647
CLIPIA


CLIMATE REPORT
NATIONAL WEATHER SERVICE LINCOLN IL
1247 AM CST FRI DEC 26 2014


...................................

...THE PEORIA IL CLIMATE SUMMARY FOR DECEMBER 25 2014...

CLIMATE NORMAL PERIOD 1981 TO 2010
CLIMATE RECORD PERIOD 1883 TO 2014


WEATHER ITEM   OBSERVED TIME   RECORD YEAR NORMAL DEPARTURE LAST
                VALUE   (LST)  VALUE       VALUE  FROM      YEAR
                                                  NORMAL
..................................................................
TEMPERATURE (F)
 YESTERDAY
  MAXIMUM         49    321 PM  62    1936  34     15       29
  MINIMUM         36    838 AM -14    1983  19     17       20
  AVERAGE         43                        26     17       25

PRECIPITATION (IN)
  YESTERDAY        0.00          0.84 1957   0.07  -0.07      T
  MONTH TO DATE    1.22                      2.02  -0.80     1.47
  SINCE DEC 1      1.22                      2.02  -0.80     1.47
  SINCE JAN 1     39.76                     36.09   3.67    43.54

SNOWFALL (IN)
  YESTERDAY        0.0           6.4  1909   0.2   -0.2       T
  MONTH TO DATE    T                         5.6   -5.6      7.9
  SINCE DEC 1      T                         5.6   -5.6      7.9
  SINCE JUL 1      1.3                       6.7   -5.4      8.5
  SNOW DEPTH       0

DEGREE DAYS
 HEATING
  YESTERDAY       22                        39    -17       40
  MONTH TO DATE  755                       894   -139     1003
  SINCE DEC 1    755                       894   -139     1003
  SINCE JUL 1   1996                      2042    -46     2185

 COOLING
  YESTERDAY        0                         0      0        0
  MONTH TO DATE    0                         0      0        0
  SINCE DEC 1      0                         0      0        0
  SINCE JAN 1   1156                      1039    117     1174
..................................................................


WIND (MPH)
  HIGHEST WIND SPEED    22   HIGHEST WIND DIRECTION     S (170)
  HIGHEST GUST SPEED    31   HIGHEST GUST DIRECTION     S (170)
  AVERAGE WIND SPEED    13.2


SKY COVER
  POSSIBLE SUNSHINE  MM
  AVERAGE SKY COVER 0.4


WEATHER CONDITIONS
 THE FOLLOWING WEATHER WAS RECORDED YESTERDAY.
  NO SIGNIFICANT WEATHER WAS OBSERVED.


RELATIVE HUMIDITY (PERCENT)
 HIGHEST    75           300 AM
 LOWEST     56           200 PM
 AVERAGE    66

..........................................................


THE PEORIA IL CLIMATE NORMALS FOR TODAY
                         NORMAL    RECORD    YEAR
 MAXIMUM TEMPERATURE (F)   33        59      1942
 MINIMUM TEMPERATURE (F)   18       -19      1914


SUNRISE AND SUNSET
DECEMBER 26 2014......SUNRISE   721 AM CST   SUNSET   438 PM CST
DECEMBER 27 2014......SUNRISE   722 AM CST   SUNSET   438 PM CST


-  INDICATES NEGATIVE NUMBERS.
R  INDICATES RECORD WAS SET OR TIED.
MM INDICATES DATA IS MISSING.
T  INDICATES TRACE AMOUNT.




$$
