000
CDUS43 KILX 070642
CLIPIA


CLIMATE REPORT
NATIONAL WEATHER SERVICE LINCOLN IL
1242 AM CST WED DEC 7 2016


...................................

...THE PEORIA IL CLIMATE SUMMARY FOR DECEMBER 6 2016...

CLIMATE NORMAL PERIOD 1981 TO 2010
CLIMATE RECORD PERIOD 1883 TO 2016


WEATHER ITEM   OBSERVED TIME   RECORD YEAR NORMAL DEPARTURE LAST
                VALUE   (LST)  VALUE       VALUE  FROM      YEAR
                                                  NORMAL
..................................................................
TEMPERATURE (F)
 YESTERDAY
  MAXIMUM         39    215 PM  66    1980  39      0       47
  MINIMUM         28    829 PM  -5    1977  24      4       32
  AVERAGE         34                        32      2       40

PRECIPITATION (IN)
  YESTERDAY        0.00          1.36 1994   0.09  -0.09      T
  MONTH TO DATE    0.41                      0.55  -0.14     0.22
  SINCE DEC 1      0.41                      0.55  -0.14     0.22
  SINCE JAN 1     36.43                     34.62   1.81    43.89

SNOWFALL (IN)
  YESTERDAY        0.0           3.2  1976   0.2   -0.2      0.0
  MONTH TO DATE    4.2                       1.1    3.1      1.1
  SINCE DEC 1      4.2                       1.1    3.1      1.1
  SINCE JUL 1      4.2                       2.2    2.0      5.7
  SNOW DEPTH       0

DEGREE DAYS
 HEATING
  YESTERDAY       31                        34     -3       25
  MONTH TO DATE  175                       195    -20      164
  SINCE DEC 1    175                       195    -20      164
  SINCE JUL 1    913                      1343   -430      921

 COOLING
  YESTERDAY        0                         0      0        0
  MONTH TO DATE    0                         0      0        0
  SINCE DEC 1      0                         0      0        0
  SINCE JAN 1   1423                      1039    384     1419
..................................................................


WIND (MPH)
  HIGHEST WIND SPEED    18   HIGHEST WIND DIRECTION     W (280)
  HIGHEST GUST SPEED    27   HIGHEST GUST DIRECTION     W (270)
  AVERAGE WIND SPEED     7.9


SKY COVER
  POSSIBLE SUNSHINE  MM
  AVERAGE SKY COVER 0.5


WEATHER CONDITIONS
 THE FOLLOWING WEATHER WAS RECORDED YESTERDAY.
  FOG
  FOG W/VISIBILITY <= 1/4 MILE


RELATIVE HUMIDITY (PERCENT)
 HIGHEST   100          1200 AM
 LOWEST     61           600 PM
 AVERAGE    81

..........................................................


THE PEORIA IL CLIMATE NORMALS FOR TODAY
                         NORMAL    RECORD    YEAR
 MAXIMUM TEMPERATURE (F)   39        67      1916
 MINIMUM TEMPERATURE (F)   23        -9      1977


SUNRISE AND SUNSET
DECEMBER  7 2016......SUNRISE   709 AM CST   SUNSET   431 PM CST
DECEMBER  8 2016......SUNRISE   710 AM CST   SUNSET   431 PM CST


-  INDICATES NEGATIVE NUMBERS.
R  INDICATES RECORD WAS SET OR TIED.
MM INDICATES DATA IS MISSING.
T  INDICATES TRACE AMOUNT.




$$
