000
CDUS43 KILX 282134
CLIPIA


CLIMATE REPORT
NATIONAL WEATHER SERVICE LINCOLN IL
433 PM CDT SUN AUG 28 2016


...................................

...THE PEORIA IL CLIMATE SUMMARY FOR AUGUST 28 2016...
VALID TODAY AS OF 0400 PM LOCAL TIME.

CLIMATE NORMAL PERIOD 1981 TO 2010
CLIMATE RECORD PERIOD 1883 TO 2016


WEATHER ITEM   OBSERVED TIME   RECORD YEAR NORMAL DEPARTURE LAST
                VALUE   (LST)  VALUE       VALUE  FROM      YEAR
                                                  NORMAL
..................................................................
TEMPERATURE (F)
 TODAY
  MAXIMUM         88    238 PM  96    2013  83      5       77
                                      1899
                                      1897
  MINIMUM         70    511 AM  41    1986  62      8       62
  AVERAGE         79                        72      7       70

PRECIPITATION (IN)
  TODAY            T             2.60 1884   0.11  -0.11     0.01
  MONTH TO DATE    6.37                      2.92   3.45     2.01
  SINCE JUN 1     14.82                     10.30   4.52    19.45
  SINCE JAN 1     23.93                     24.63  -0.70    32.22

SNOWFALL (IN)
  TODAY            0.0           0.0    MM   0.0    0.0      0.0
  MONTH TO DATE    0.0                       0.0    0.0      0.0
  SINCE JUN 1      0.0                       0.0    0.0      0.0
  SINCE JUL 1      0.0                       0.0    0.0      0.0
  SNOW DEPTH       0

DEGREE DAYS
 HEATING
  TODAY            0                         0      0        0
  MONTH TO DATE    0                         0      0        0
  SINCE JUN 1      4                        19    -15       12
  SINCE JUL 1      4                         1      3        5

 COOLING
  TODAY           14                         8      6        5
  MONTH TO DATE  327                       255     72      265
  SINCE JUN 1   1018                       805    213      921
  SINCE JAN 1   1124                       886    238     1075
..................................................................


WIND (MPH)
  HIGHEST WIND SPEED    15   HIGHEST WIND DIRECTION     N (20)
  HIGHEST GUST SPEED    19   HIGHEST GUST DIRECTION     N (360)
  AVERAGE WIND SPEED     3.8


SKY COVER
  POSSIBLE SUNSHINE  MM
  AVERAGE SKY COVER 0.1


WEATHER CONDITIONS
 THE FOLLOWING WEATHER WAS RECORDED TODAY.
  LIGHT RAIN
  FOG


RELATIVE HUMIDITY (PERCENT)
 HIGHEST   100          1200 AM
 LOWEST     59           100 PM
 AVERAGE    80

..........................................................


THE PEORIA IL CLIMATE NORMALS FOR TOMORROW
                         NORMAL    RECORD    YEAR
 MAXIMUM TEMPERATURE (F)   83        96      1984
 MINIMUM TEMPERATURE (F)   62        43      1986


SUNRISE AND SUNSET
AUGUST 28 2016........SUNRISE   622 AM CDT   SUNSET   736 PM CDT
AUGUST 29 2016........SUNRISE   623 AM CDT   SUNSET   735 PM CDT


-  INDICATES NEGATIVE NUMBERS.
R  INDICATES RECORD WAS SET OR TIED.
MM INDICATES DATA IS MISSING.
T  INDICATES TRACE AMOUNT.




$$
