000
CDUS43 KILX 022141
CLIPIA


CLIMATE REPORT
NATIONAL WEATHER SERVICE LINCOLN IL
430 PM CDT TUE JUN 2 2015


...................................

...THE PEORIA IL CLIMATE SUMMARY FOR JUNE 2 2015...
VALID TODAY AS OF 0400 PM LOCAL TIME.

CLIMATE NORMAL PERIOD 1981 TO 2010
CLIMATE RECORD PERIOD 1883 TO 2015


WEATHER ITEM   OBSERVED TIME   RECORD YEAR NORMAL DEPARTURE LAST
                VALUE   (LST)  VALUE       VALUE  FROM      YEAR
                                                  NORMAL
..................................................................
TEMPERATURE (F)
 TODAY
  MAXIMUM         74    257 PM 100    1934  78     -4       87
  MINIMUM         50    357 AM  44    1929  57     -7       74
                                      1910
  AVERAGE         62                        68     -6       81

PRECIPITATION (IN)
  TODAY            0.00          4.42 1980   0.12  -0.12     0.00
  MONTH TO DATE    0.00                      0.24  -0.24     0.07
  SINCE JUN 1      0.00                      0.24  -0.24     0.07
  SINCE JAN 1     12.77                     14.57  -1.80    12.05

SNOWFALL (IN)
  TODAY            0.0           0.0    MM   0.0    0.0      0.0
  MONTH TO DATE    0.0                       0.0    0.0      0.0
  SINCE JUN 1      0.0                       0.0    0.0      0.0
  SINCE JUL 1     27.0                      24.6    2.4     57.6
  SNOW DEPTH       0

DEGREE DAYS
 HEATING
  TODAY            3                         2      1        0
  MONTH TO DATE    7                         4      3        0
  SINCE JUN 1      7                         4      3        0
  SINCE JUL 1   5817                      5817      0     6586

 COOLING
  TODAY            0                         4     -4       16
  MONTH TO DATE    0                         8     -8       32
  SINCE JUN 1      0                         8     -8       32
  SINCE JAN 1    154                        89     65      190
..................................................................


WIND (MPH)
  HIGHEST WIND SPEED    14   HIGHEST WIND DIRECTION     E (90)
  HIGHEST GUST SPEED    17   HIGHEST GUST DIRECTION     E (80)
  AVERAGE WIND SPEED     6.5


SKY COVER
  POSSIBLE SUNSHINE  MM
  AVERAGE SKY COVER 0.2


WEATHER CONDITIONS
 THE FOLLOWING WEATHER WAS RECORDED TODAY.
  NO SIGNIFICANT WEATHER WAS OBSERVED.


RELATIVE HUMIDITY (PERCENT)
 HIGHEST    77          1200 AM
 LOWEST     41           200 PM
 AVERAGE    59

..........................................................


THE PEORIA IL CLIMATE NORMALS FOR TOMORROW
                         NORMAL    RECORD    YEAR
 MAXIMUM TEMPERATURE (F)   79       100      1934
 MINIMUM TEMPERATURE (F)   57        40      1969


SUNRISE AND SUNSET
JUNE  2 2015..........SUNRISE   530 AM CDT   SUNSET   824 PM CDT
JUNE  3 2015..........SUNRISE   529 AM CDT   SUNSET   825 PM CDT


-  INDICATES NEGATIVE NUMBERS.
R  INDICATES RECORD WAS SET OR TIED.
MM INDICATES DATA IS MISSING.
T  INDICATES TRACE AMOUNT.




$$
