000
CDUS45 KPIH 272322
CLIPIH


CLIMATE REPORT
NATIONAL WEATHER SERVICE POCATELLO ID
522 PM MDT WED JUL 27 2016


...................................

...THE POCATELLO ID CLIMATE SUMMARY FOR JULY 27 2016...
VALID TODAY AS OF 0500 PM LOCAL TIME.

CLIMATE NORMAL PERIOD 1981 TO 2010
CLIMATE RECORD PERIOD 1939 TO 2016


WEATHER ITEM   OBSERVED TIME   RECORD YEAR NORMAL DEPARTURE LAST
                VALUE   (LST)  VALUE       VALUE  FROM      YEAR
                                                  NORMAL
..................................................................
TEMPERATURE (F)
 TODAY
  MAXIMUM         96    354 PM 100    1969  90      6       69
  MINIMUM         47    532 AM  41    2005  53     -6       44
  AVERAGE         72                        71      1       57

PRECIPITATION (IN)
  TODAY            0.00          0.94 1984   0.03  -0.03     0.19
  MONTH TO DATE    0.14                      0.56  -0.42     1.38
  SINCE OCT 1     10.90                     10.60   0.30     8.68
  SINCE JAN 1      7.33                      7.38  -0.05     6.29

SNOWFALL (IN)
  TODAY            0.0
  MONTH TO DATE    0.0
  SINCE JUN 1      0.0
  SINCE JUL 1      0.0
  SNOW DEPTH       0

DEGREE DAYS
 HEATING
  TODAY            0                         0      0        8
  MONTH TO DATE   17                        17      0       10
  SINCE JUN 1     60                       148    -88       38
  SINCE JUL 1     17                        17      0       10

 COOLING
  TODAY            7                         7      0        0
  MONTH TO DATE  147                       144      3      155
  SINCE JUN 1    237                       190     47      290
  SINCE JAN 1    237                       195     42      294
..................................................................


WIND (MPH)
  HIGHEST WIND SPEED    15   HIGHEST WIND DIRECTION    SW (240)
  HIGHEST GUST SPEED    20   HIGHEST GUST DIRECTION     W (250)
  AVERAGE WIND SPEED     5.4


SKY COVER
  POSSIBLE SUNSHINE  MM
  AVERAGE SKY COVER 0.0


WEATHER CONDITIONS
 THE FOLLOWING WEATHER WAS RECORDED TODAY.
  NO SIGNIFICANT WEATHER WAS OBSERVED.


RELATIVE HUMIDITY (PERCENT)
 HIGHEST    76           500 AM
 LOWEST     11           300 PM
 AVERAGE    44

..........................................................


THE POCATELLO ID CLIMATE NORMALS FOR TOMORROW
                         NORMAL    RECORD    YEAR
 MAXIMUM TEMPERATURE (F)   90       100      2006
 MINIMUM TEMPERATURE (F)   53        39      2015


SUNRISE AND SUNSET
JULY 27 2016..........SUNRISE   617 AM MDT   SUNSET   856 PM MDT
JULY 28 2016..........SUNRISE   618 AM MDT   SUNSET   855 PM MDT


-  INDICATES NEGATIVE NUMBERS.
R  INDICATES RECORD WAS SET OR TIED.
MM INDICATES DATA IS MISSING.
T  INDICATES TRACE AMOUNT.




$$
