000
CDUS45 KPIH 062334
CLIPIH


CLIMATE REPORT
NATIONAL WEATHER SERVICE POCATELLO ID
430 PM MST FRI MAR 6 2015


...................................

...THE POCATELLO ID CLIMATE SUMMARY FOR MARCH 6 2015...
VALID TODAY AS OF 0400 PM LOCAL TIME.

CLIMATE NORMAL PERIOD 1981 TO 2010
CLIMATE RECORD PERIOD 1939 TO 2015


WEATHER ITEM   OBSERVED TIME   RECORD YEAR NORMAL DEPARTURE LAST
                VALUE   (LST)  VALUE       VALUE  FROM      YEAR
                                                  NORMAL
..................................................................
TEMPERATURE (F)
 TODAY
  MAXIMUM         56    359 PM  61    1986  45     11       53
  MINIMUM         21    710 AM   0    1945  25     -4       38
  AVERAGE         39                        35      4       46

PRECIPITATION (IN)
  TODAY            0.00          0.44 1975   0.04  -0.04     0.14
  MONTH TO DATE    0.14                      0.25  -0.11     1.19
  SINCE OCT 1      3.63                      5.43  -1.80     4.27
  SINCE JAN 1      1.24                      2.21  -0.97     2.90

SNOWFALL (IN)
  TODAY            0.0
  MONTH TO DATE    2.6
  SINCE MAR 1      2.6
  SINCE JUL 1     17.4
  SNOW DEPTH       0

DEGREE DAYS
 HEATING
  TODAY           26                        30     -4       19
  MONTH TO DATE  211                       187     24      129
  SINCE MAR 1    211                       187     24      129
  SINCE JUL 1   4552                      5460   -908     5109

 COOLING
  TODAY            0                         0      0        0
  MONTH TO DATE    0                         0      0        0
  SINCE MAR 1      0                         0      0        0
  SINCE JAN 1      0                         0      0        0
..................................................................


WIND (MPH)
  HIGHEST WIND SPEED    15   HIGHEST WIND DIRECTION     S (190)
  HIGHEST GUST SPEED    20   HIGHEST GUST DIRECTION    SW (220)
  AVERAGE WIND SPEED     7.2


SKY COVER
  POSSIBLE SUNSHINE  MM
  AVERAGE SKY COVER 0.0


WEATHER CONDITIONS
 THE FOLLOWING WEATHER WAS RECORDED TODAY.
  NO SIGNIFICANT WEATHER WAS OBSERVED.


RELATIVE HUMIDITY (PERCENT)
 HIGHEST    92           700 AM
 LOWEST     24           300 PM
 AVERAGE    58

..........................................................


THE POCATELLO ID CLIMATE NORMALS FOR TOMORROW
                         NORMAL    RECORD    YEAR
 MAXIMUM TEMPERATURE (F)   46        60      2007
                                             1970
                                             1954
 MINIMUM TEMPERATURE (F)   25        -1      1964


SUNRISE AND SUNSET
MARCH  6 2015.........SUNRISE   658 AM MST   SUNSET   626 PM MST
MARCH  7 2015.........SUNRISE   657 AM MST   SUNSET   627 PM MST


-  INDICATES NEGATIVE NUMBERS.
R  INDICATES RECORD WAS SET OR TIED.
MM INDICATES DATA IS MISSING.
T  INDICATES TRACE AMOUNT.




$$
