000
CDUS45 KPIH 290737
CLIPIH


CLIMATE REPORT
NATIONAL WEATHER SERVICE POCATELLO ID
136 AM MDT FRI AUG 29 2014


...................................

...THE POCATELLO ID CLIMATE SUMMARY FOR AUGUST 28 2014...

CLIMATE NORMAL PERIOD 1981 TO 2010
CLIMATE RECORD PERIOD 1939 TO 2014


WEATHER ITEM   OBSERVED TIME   RECORD YEAR NORMAL DEPARTURE LAST
                VALUE   (LST)  VALUE       VALUE  FROM      YEAR
                                                  NORMAL
..................................................................
TEMPERATURE (F)
 YESTERDAY
  MAXIMUM         87    405 PM  97    2012  84      3       84
  MINIMUM         51    441 AM  38    2004  48      3       59
  AVERAGE         69                        66      3       72

PRECIPITATION (IN)
  YESTERDAY        0.00          0.69 1982   0.02  -0.02     0.11
  MONTH TO DATE    2.18                      0.54   1.64     0.20
  SINCE OCT 1     10.15                     11.22  -1.07     8.18
  SINCE JAN 1      8.78                      8.00   0.78     4.02

SNOWFALL (IN)
  YESTERDAY        0.0
  MONTH TO DATE    0.0
  SINCE JUN 1      0.0
  SINCE JUL 1      0.0
  SNOW DEPTH       0

DEGREE DAYS
 HEATING
  YESTERDAY        0                         2     -2        0
  MONTH TO DATE   29                        17     12        0
  SINCE JUN 1    141                       168    -27       90
  SINCE JUL 1     31                        37     -6        0

 COOLING
  YESTERDAY        4                         3      1        7
  MONTH TO DATE  113                       137    -24      213
  SINCE JUN 1    380                       355     25      598
  SINCE JAN 1    380                       360     20      607
..................................................................


WIND (MPH)
  HIGHEST WIND SPEED    18   HIGHEST WIND DIRECTION    SW (220)
  HIGHEST GUST SPEED    24   HIGHEST GUST DIRECTION    SW (230)
  AVERAGE WIND SPEED     8.2


SKY COVER
  POSSIBLE SUNSHINE  MM
  AVERAGE SKY COVER 0.1


WEATHER CONDITIONS
 THE FOLLOWING WEATHER WAS RECORDED YESTERDAY.
  NO SIGNIFICANT WEATHER WAS OBSERVED.


RELATIVE HUMIDITY (PERCENT)
 HIGHEST    96           600 AM
 LOWEST     17           300 PM
 AVERAGE    57

..........................................................


THE POCATELLO ID CLIMATE NORMALS FOR TODAY
                         NORMAL    RECORD    YEAR
 MAXIMUM TEMPERATURE (F)   84        97      1990
 MINIMUM TEMPERATURE (F)   48        35      1975


SUNRISE AND SUNSET
AUGUST 29 2014........SUNRISE   652 AM MDT   SUNSET   810 PM MDT
AUGUST 30 2014........SUNRISE   653 AM MDT   SUNSET   808 PM MDT


-  INDICATES NEGATIVE NUMBERS.
R  INDICATES RECORD WAS SET OR TIED.
MM INDICATES DATA IS MISSING.
T  INDICATES TRACE AMOUNT.




$$
