258
CDUS45 KPIH 282321
CLIPIH


CLIMATE REPORT
NATIONAL WEATHER SERVICE POCATELLO ID
521 PM MDT SUN MAY 28 2017


...................................

...THE POCATELLO ID CLIMATE SUMMARY FOR MAY 28 2017...
VALID TODAY AS OF 0500 PM LOCAL TIME.

CLIMATE NORMAL PERIOD 1981 TO 2010
CLIMATE RECORD PERIOD 1939 TO 2017


WEATHER ITEM   OBSERVED TIME   RECORD YEAR NORMAL DEPARTURE LAST
                VALUE   (LST)  VALUE       VALUE  FROM      YEAR
                                                  NORMAL
..................................................................
TEMPERATURE (F)
 TODAY
  MAXIMUM         75    358 PM  97    2003  71      4       68
  MINIMUM         36    528 AM  32    1991  43     -7       39
                                      1955
  AVERAGE         56                        57     -1       54

PRECIPITATION (IN)
  TODAY            0.00          1.16 1946   0.05  -0.05     0.00
  MONTH TO DATE    0.56                      1.32  -0.76     1.28
  SINCE OCT 1     16.47                      8.91   7.56    10.71
  SINCE JAN 1      9.91                      5.69   4.22     7.14

SNOWFALL (IN)
  TODAY            0.0
  MONTH TO DATE    T
  SINCE MAR 1      4.1
  SINCE JUL 1     87.6
  SNOW DEPTH       0

DEGREE DAYS
 HEATING
  TODAY            9                         8      1       11
  MONTH TO DATE  338                       329      9      310
  SINCE MAR 1   1603                      1750   -147     1483
  SINCE JUL 1   6852                      7023   -171     6325

 COOLING
  TODAY            0                         0      0        0
  MONTH TO DATE    0                         0      0        0
  SINCE MAR 1      0                         0      0        0
  SINCE JAN 1      0                         0      0        0
..................................................................


WIND (MPH)
  HIGHEST WIND SPEED    13   HIGHEST WIND DIRECTION     W (290)
  HIGHEST GUST SPEED    15   HIGHEST GUST DIRECTION     W (290)
  AVERAGE WIND SPEED     4.3


SKY COVER
  POSSIBLE SUNSHINE  MM
  AVERAGE SKY COVER 0.2


WEATHER CONDITIONS
 THE FOLLOWING WEATHER WAS RECORDED TODAY.
  NO SIGNIFICANT WEATHER WAS OBSERVED.


RELATIVE HUMIDITY (PERCENT)
 HIGHEST   100           400 AM
 LOWEST     25           300 PM
 AVERAGE    63

..........................................................


THE POCATELLO ID CLIMATE NORMALS FOR TOMORROW
                         NORMAL    RECORD    YEAR
 MAXIMUM TEMPERATURE (F)   72        96      2003
 MINIMUM TEMPERATURE (F)   43        29      1982


SUNRISE AND SUNSET
MAY 28 2017...........SUNRISE   556 AM MDT   SUNSET   900 PM MDT
MAY 29 2017...........SUNRISE   556 AM MDT   SUNSET   900 PM MDT


-  INDICATES NEGATIVE NUMBERS.
R  INDICATES RECORD WAS SET OR TIED.
MM INDICATES DATA IS MISSING.
T  INDICATES TRACE AMOUNT.




$$
