000
CDUS45 KPIH 250741
CLIPIH


CLIMATE REPORT
NATIONAL WEATHER SERVICE POCATELLO ID
140 AM MDT THU AUG 25 2016


...................................

...THE POCATELLO ID CLIMATE SUMMARY FOR AUGUST 24 2016...

CLIMATE NORMAL PERIOD 1981 TO 2010
CLIMATE RECORD PERIOD 1939 TO 2016


WEATHER ITEM   OBSERVED TIME   RECORD YEAR NORMAL DEPARTURE LAST
                VALUE   (LST)  VALUE       VALUE  FROM      YEAR
                                                  NORMAL
..................................................................
TEMPERATURE (F)
 YESTERDAY
  MAXIMUM         77    551 PM  98    1988  85     -8       95
  MINIMUM         45    618 AM  35    2010  49     -4       46
  AVERAGE         61                        67     -6       71

PRECIPITATION (IN)
  YESTERDAY        0.00          0.36 1951   0.02  -0.02     0.00
  MONTH TO DATE    0.24                      0.45  -0.21     0.48
  SINCE OCT 1     11.15                     11.13   0.02     9.16
  SINCE JAN 1      7.58                      7.91  -0.33     6.77

SNOWFALL (IN)
  YESTERDAY        0.0
  MONTH TO DATE    0.0
  SINCE JUN 1      0.0
  SINCE JUL 1      0.0
  SNOW DEPTH       0

DEGREE DAYS
 HEATING
  YESTERDAY        4                         1      3        0
  MONTH TO DATE   11                        11      0       15
  SINCE JUN 1     71                       162    -91       66
  SINCE JUL 1     28                        31     -3       38

 COOLING
  YESTERDAY        0                         3     -3        6
  MONTH TO DATE   95                       125    -30      115
  SINCE JUN 1    381                       343     38      411
  SINCE JAN 1    381                       348     33      415
..................................................................


WIND (MPH)
  HIGHEST WIND SPEED    18   HIGHEST WIND DIRECTION    NE (50)
  HIGHEST GUST SPEED    22   HIGHEST GUST DIRECTION    NE (40)
  AVERAGE WIND SPEED     8.2


SKY COVER
  POSSIBLE SUNSHINE  MM
  AVERAGE SKY COVER 0.0


WEATHER CONDITIONS
 THE FOLLOWING WEATHER WAS RECORDED YESTERDAY.
  NO SIGNIFICANT WEATHER WAS OBSERVED.


RELATIVE HUMIDITY (PERCENT)
 HIGHEST    43          1100 PM
 LOWEST     15           500 PM
 AVERAGE    29

..........................................................


THE POCATELLO ID CLIMATE NORMALS FOR TODAY
                         NORMAL    RECORD    YEAR
 MAXIMUM TEMPERATURE (F)   85        98      1988
                                             1985
                                             1981
 MINIMUM TEMPERATURE (F)   49        30      1992


SUNRISE AND SUNSET
AUGUST 25 2016........SUNRISE   648 AM MDT   SUNSET   816 PM MDT
AUGUST 26 2016........SUNRISE   649 AM MDT   SUNSET   814 PM MDT


-  INDICATES NEGATIVE NUMBERS.
R  INDICATES RECORD WAS SET OR TIED.
MM INDICATES DATA IS MISSING.
T  INDICATES TRACE AMOUNT.




$$
