000
CDUS45 KPIH 010739
CLIPIH


CLIMATE REPORT
NATIONAL WEATHER SERVICE POCATELLO ID
136 AM MDT WED JUL 1 2015


...................................

...THE POCATELLO ID CLIMATE SUMMARY FOR JUNE 30 2015...

CLIMATE NORMAL PERIOD 1981 TO 2010
CLIMATE RECORD PERIOD 1939 TO 2015


WEATHER ITEM   OBSERVED TIME   RECORD YEAR NORMAL DEPARTURE LAST
                VALUE   (LST)  VALUE       VALUE  FROM      YEAR
                                                  NORMAL
..................................................................
TEMPERATURE (F)
 YESTERDAY
  MAXIMUM         97    335 PM  98    2013  83     14       78
  MINIMUM         62    542 AM  30    1968  50     12       45
  AVERAGE         80                        66     14       62

PRECIPITATION (IN)
  YESTERDAY        T             0.19 1998   0.02  -0.02     0.00
  MONTH TO DATE    0.21                      0.99  -0.78     0.43
  SINCE OCT 1      7.30                     10.04  -2.74     7.51
  SINCE JAN 1      4.91                      6.82  -1.91     6.14

SNOWFALL (IN)
  YESTERDAY        0.0
  MONTH TO DATE    0.0
  SINCE JUN 1      0.0
  SINCE JUL 1     20.3
  SNOW DEPTH       0

DEGREE DAYS
 HEATING
  YESTERDAY        0                         2     -2        3
  MONTH TO DATE   28                       131   -103      110
  SINCE JUN 1     28                       131   -103      110
  SINCE JUL 1   5842                      7178  -1336     6650

 COOLING
  YESTERDAY       15                         3     12        0
  MONTH TO DATE  135                        46     89       20
  SINCE JUN 1    135                        46     89       20
  SINCE JAN 1    139                        51     88       20
..................................................................


WIND (MPH)
  HIGHEST WIND SPEED    22   HIGHEST WIND DIRECTION     N (360)
  HIGHEST GUST SPEED    30   HIGHEST GUST DIRECTION     N (350)
  AVERAGE WIND SPEED     6.1


SKY COVER
  POSSIBLE SUNSHINE  MM
  AVERAGE SKY COVER 0.1


WEATHER CONDITIONS
 THE FOLLOWING WEATHER WAS RECORDED YESTERDAY.
  NO SIGNIFICANT WEATHER WAS OBSERVED.


RELATIVE HUMIDITY (PERCENT)
 HIGHEST    87           400 AM
 LOWEST     24           300 PM
 AVERAGE    56

..........................................................


THE POCATELLO ID CLIMATE NORMALS FOR TODAY
                         NORMAL    RECORD    YEAR
 MAXIMUM TEMPERATURE (F)   84       101      2013
 MINIMUM TEMPERATURE (F)   50        36      1945


SUNRISE AND SUNSET
JULY  1 2015..........SUNRISE   555 AM MDT   SUNSET   913 PM MDT
JULY  2 2015..........SUNRISE   556 AM MDT   SUNSET   913 PM MDT


-  INDICATES NEGATIVE NUMBERS.
R  INDICATES RECORD WAS SET OR TIED.
MM INDICATES DATA IS MISSING.
T  INDICATES TRACE AMOUNT.




$$
