000
CDUS45 KPIH 250742
CLIPIH


CLIMATE REPORT
NATIONAL WEATHER SERVICE POCATELLO ID
131 AM MDT MON SEP 25 2017


...................................

...THE POCATELLO ID CLIMATE SUMMARY FOR SEPTEMBER 24 2017...

CLIMATE NORMAL PERIOD 1981 TO 2010
CLIMATE RECORD PERIOD 1939 TO 2017


WEATHER ITEM   OBSERVED TIME   RECORD YEAR NORMAL DEPARTURE LAST
                VALUE   (LST)  VALUE       VALUE  FROM      YEAR
                                                  NORMAL
..................................................................
TEMPERATURE (F)
 YESTERDAY
  MAXIMUM         60    249 PM  91    2001  72    -12       62
  MINIMUM         34    513 AM  22    2000  39     -5       44
  AVERAGE         47                        55     -8       53

PRECIPITATION (IN)
  YESTERDAY        0.00          0.09 1973   0.03  -0.03     0.01
  MONTH TO DATE    2.89                      0.66   2.23     2.10
  SINCE OCT 1     21.00                     11.95   9.05    13.25
  SINCE JAN 1     14.44                      8.73   5.71     9.68

SNOWFALL (IN)
  YESTERDAY        0.0
  MONTH TO DATE    0.0
  SINCE SEP 1      0.0
  SINCE JUL 1      0.0
  SNOW DEPTH       0

DEGREE DAYS
 HEATING
  YESTERDAY       18                        10      8       12
  MONTH TO DATE  162                       137     25      173
  SINCE SEP 1    162                       137     25      173
  SINCE JUL 1    166                       183    -17      211

 COOLING
  YESTERDAY        0                         0      0        0
  MONTH TO DATE   66                        20     46       16
  SINCE SEP 1     66                        20     46       16
  SINCE JAN 1    575                       390    185      415
..................................................................


WIND (MPH)
  HIGHEST WIND SPEED    16   HIGHEST WIND DIRECTION     W (250)
  HIGHEST GUST SPEED    19   HIGHEST GUST DIRECTION     W (250)
  AVERAGE WIND SPEED     5.9


SKY COVER
  POSSIBLE SUNSHINE  MM
  AVERAGE SKY COVER 0.5


WEATHER CONDITIONS
 THE FOLLOWING WEATHER WAS RECORDED YESTERDAY.
  NO SIGNIFICANT WEATHER WAS OBSERVED.


RELATIVE HUMIDITY (PERCENT)
 HIGHEST    92           400 AM
 LOWEST     36           400 PM
 AVERAGE    64

..........................................................


THE POCATELLO ID CLIMATE NORMALS FOR TODAY
                         NORMAL    RECORD    YEAR
 MAXIMUM TEMPERATURE (F)   71        93      2015
 MINIMUM TEMPERATURE (F)   39        23      1970


SUNRISE AND SUNSET
SEPTEMBER 25 2017.....SUNRISE   721 AM MDT   SUNSET   722 PM MDT
SEPTEMBER 26 2017.....SUNRISE   722 AM MDT   SUNSET   720 PM MDT


-  INDICATES NEGATIVE NUMBERS.
R  INDICATES RECORD WAS SET OR TIED.
MM INDICATES DATA IS MISSING.
T  INDICATES TRACE AMOUNT.




$$
