000
CDUS45 KPIH 230736
CLIPIH


CLIMATE REPORT
NATIONAL WEATHER SERVICE POCATELLO ID
131 AM MDT SUN APR 23 2017


...................................

...THE POCATELLO ID CLIMATE SUMMARY FOR APRIL 22 2017...

CLIMATE NORMAL PERIOD 1981 TO 2010
CLIMATE RECORD PERIOD 1939 TO 2017


WEATHER ITEM   OBSERVED TIME   RECORD YEAR NORMAL DEPARTURE LAST
                VALUE   (LST)  VALUE       VALUE  FROM      YEAR
                                                  NORMAL
..................................................................
TEMPERATURE (F)
 YESTERDAY
  MAXIMUM         62    400 PM  85    2012  60      2       77
  MINIMUM         26    533 AM  21    2008  34     -8       48
  AVERAGE         44                        47     -3       63

PRECIPITATION (IN)
  YESTERDAY        0.00          0.46 2010   0.04  -0.04     0.00
  MONTH TO DATE    1.93                      0.80   1.13     0.52
  SINCE OCT 1     15.38                      7.24   8.14     8.70
  SINCE JAN 1      8.82                      4.02   4.80     5.13

SNOWFALL (IN)
  YESTERDAY        0.0
  MONTH TO DATE    T
  SINCE MAR 1      3.3
  SINCE JUL 1     86.8
  SNOW DEPTH       0

DEGREE DAYS
 HEATING
  YESTERDAY       21                        18      3        2
  MONTH TO DATE  438                       448    -10      321
  SINCE MAR 1   1106                      1287   -181     1033
  SINCE JUL 1   6355                      6560   -205     5875

 COOLING
  YESTERDAY        0                         0      0        0
  MONTH TO DATE    0                         0      0        0
  SINCE MAR 1      0                         0      0        0
  SINCE JAN 1      0                         0      0        0
..................................................................


WIND (MPH)
  HIGHEST WIND SPEED    24   HIGHEST WIND DIRECTION     S (180)
  HIGHEST GUST SPEED    30   HIGHEST GUST DIRECTION     S (170)
  AVERAGE WIND SPEED     8.8


SKY COVER
  POSSIBLE SUNSHINE  MM
  AVERAGE SKY COVER 0.1


WEATHER CONDITIONS
 THE FOLLOWING WEATHER WAS RECORDED YESTERDAY.
  NO SIGNIFICANT WEATHER WAS OBSERVED.


RELATIVE HUMIDITY (PERCENT)
 HIGHEST    92           300 AM
 LOWEST     25           500 PM
 AVERAGE    59

..........................................................


THE POCATELLO ID CLIMATE NORMALS FOR TODAY
                         NORMAL    RECORD    YEAR
 MAXIMUM TEMPERATURE (F)   61        86      2012
 MINIMUM TEMPERATURE (F)   34        17      2013


SUNRISE AND SUNSET
APRIL 23 2017.........SUNRISE   636 AM MDT   SUNSET   822 PM MDT
APRIL 24 2017.........SUNRISE   634 AM MDT   SUNSET   824 PM MDT


-  INDICATES NEGATIVE NUMBERS.
R  INDICATES RECORD WAS SET OR TIED.
MM INDICATES DATA IS MISSING.
T  INDICATES TRACE AMOUNT.




$$
