000
CDUS45 KPIH 302334
CLIPIH


CLIMATE REPORT
NATIONAL WEATHER SERVICE POCATELLO ID
531 PM MDT THU OCT 30 2014


...................................

...THE POCATELLO ID CLIMATE SUMMARY FOR OCTOBER 30 2014...
VALID TODAY AS OF 0500 PM LOCAL TIME.

CLIMATE NORMAL PERIOD 1981 TO 2010
CLIMATE RECORD PERIOD 1939 TO 2014


WEATHER ITEM   OBSERVED TIME   RECORD YEAR NORMAL DEPARTURE LAST
                VALUE   (LST)  VALUE       VALUE  FROM      YEAR
                                                  NORMAL
..................................................................
TEMPERATURE (F)
 TODAY
  MAXIMUM         71    222 PM  72    1962  54     17       42
  MINIMUM         35    723 AM  11    1991  30      5       38
  AVERAGE         53                        42     11       40

PRECIPITATION (IN)
  TODAY            0.00          0.60 1974   0.03  -0.03     0.00
  MONTH TO DATE    0.04                      0.84  -0.80     0.49
  SINCE OCT 1      0.04                      0.84  -0.80     0.49
  SINCE JAN 1     10.30                      9.75   0.55     5.29

SNOWFALL (IN)
  TODAY            0.0
  MONTH TO DATE    0.0
  SINCE SEP 1      0.0
  SINCE JUL 1      0.0
  SNOW DEPTH       0

DEGREE DAYS
 HEATING
  TODAY           12                        23    -11       25
  MONTH TO DATE  413                       534   -121      609
  SINCE SEP 1    556                       737   -181      746
  SINCE JUL 1    591                       783   -192      746

 COOLING
  TODAY            0                         0      0        0
  MONTH TO DATE    0                         0      0        0
  SINCE SEP 1     35                        22     13       61
  SINCE JAN 1    421                       392     29      688
..................................................................


WIND (MPH)
  HIGHEST WIND SPEED    10   HIGHEST WIND DIRECTION     N (20)
  HIGHEST GUST SPEED    15   HIGHEST GUST DIRECTION    NE (40)
  AVERAGE WIND SPEED     5.8


SKY COVER
  POSSIBLE SUNSHINE  MM
  AVERAGE SKY COVER 0.4


WEATHER CONDITIONS
 THE FOLLOWING WEATHER WAS RECORDED TODAY.
  NO SIGNIFICANT WEATHER WAS OBSERVED.


RELATIVE HUMIDITY (PERCENT)
 HIGHEST    76           700 AM
 LOWEST     26           200 PM
 AVERAGE    51

..........................................................


THE POCATELLO ID CLIMATE NORMALS FOR TOMORROW
                         NORMAL    RECORD    YEAR
 MAXIMUM TEMPERATURE (F)   54        75      2012
 MINIMUM TEMPERATURE (F)   29         7      2003


SUNRISE AND SUNSET
OCTOBER 30 2014.......SUNRISE   802 AM MDT   SUNSET   625 PM MDT
OCTOBER 31 2014.......SUNRISE   804 AM MDT   SUNSET   624 PM MDT


-  INDICATES NEGATIVE NUMBERS.
R  INDICATES RECORD WAS SET OR TIED.
MM INDICATES DATA IS MISSING.
T  INDICATES TRACE AMOUNT.




$$
