000
CDUS45 KPIH 192325
CLIPIH


CLIMATE REPORT
NATIONAL WEATHER SERVICE POCATELLO ID
423 PM MST SUN FEB 19 2017


...................................

...THE POCATELLO ID CLIMATE SUMMARY FOR FEBRUARY 19 2017...
VALID TODAY AS OF 0400 PM LOCAL TIME.

CLIMATE NORMAL PERIOD 1981 TO 2010
CLIMATE RECORD PERIOD 1939 TO 2017


WEATHER ITEM   OBSERVED TIME   RECORD YEAR NORMAL DEPARTURE LAST
                VALUE   (LST)  VALUE       VALUE  FROM      YEAR
                                                  NORMAL
..................................................................
TEMPERATURE (F)
 TODAY
  MAXIMUM         46    103 PM  62    1958  39      7       51
  MINIMUM         35    358 PM -18    1942  20     15       37
  AVERAGE         41                        29     12       44

PRECIPITATION (IN)
  TODAY            0.42          0.54 1986   0.04   0.38     0.00
  MONTH TO DATE    1.80                      0.62   1.18     0.20
  SINCE OCT 1     11.21                      4.83   6.38     5.18
  SINCE JAN 1      4.65                      1.61   3.04     1.61

SNOWFALL (IN)
  TODAY            T
  MONTH TO DATE    5.7
  SINCE DEC 1     66.4
  SINCE JUL 1     69.0
  SNOW DEPTH       0

DEGREE DAYS
 HEATING
  TODAY           24                        36    -12       21
  MONTH TO DATE  566                       722   -156      669
  SINCE DEC 1   3464                      3241    223     3117
  SINCE JUL 1   4899                      4969    -70     4561

 COOLING
  TODAY            0                         0      0        0
  MONTH TO DATE    0                         0      0        0
  SINCE DEC 1      0                         0      0        0
  SINCE JAN 1      0                         0      0        0
..................................................................


WIND (MPH)
  HIGHEST WIND SPEED    33   HIGHEST WIND DIRECTION     S (180)
  HIGHEST GUST SPEED    45   HIGHEST GUST DIRECTION     S (180)
  AVERAGE WIND SPEED    12.1


SKY COVER
  POSSIBLE SUNSHINE  MM
  AVERAGE SKY COVER 0.9


WEATHER CONDITIONS
 THE FOLLOWING WEATHER WAS RECORDED TODAY.
  THUNDERSTORM
  HEAVY RAIN
  LIGHT RAIN
  HAIL
  SNOW
  LIGHT SNOW
  FOG


RELATIVE HUMIDITY (PERCENT)
 HIGHEST   100           300 AM
 LOWEST     65          1200 AM
 AVERAGE    83

..........................................................


THE POCATELLO ID CLIMATE NORMALS FOR TOMORROW
                         NORMAL    RECORD    YEAR
 MAXIMUM TEMPERATURE (F)   39        60      1995
                                             1958
 MINIMUM TEMPERATURE (F)   20       -11      1984
                                             1942


SUNRISE AND SUNSET
FEBRUARY 19 2017......SUNRISE   721 AM MST   SUNSET   608 PM MST
FEBRUARY 20 2017......SUNRISE   720 AM MST   SUNSET   609 PM MST


-  INDICATES NEGATIVE NUMBERS.
R  INDICATES RECORD WAS SET OR TIED.
MM INDICATES DATA IS MISSING.
T  INDICATES TRACE AMOUNT.




$$
