000
CDUS45 KPIH 300732
CLIPIH


CLIMATE REPORT
NATIONAL WEATHER SERVICE POCATELLO ID
132 AM MDT SAT MAY 30 2015


...................................

...THE POCATELLO ID CLIMATE SUMMARY FOR MAY 29 2015...

CLIMATE NORMAL PERIOD 1981 TO 2010
CLIMATE RECORD PERIOD 1939 TO 2015


WEATHER ITEM   OBSERVED TIME   RECORD YEAR NORMAL DEPARTURE LAST
                VALUE   (LST)  VALUE       VALUE  FROM      YEAR
                                                  NORMAL
..................................................................
TEMPERATURE (F)
 YESTERDAY
  MAXIMUM         75    606 PM  96    2003  72      3       70
  MINIMUM         43    345 AM  29    1982  43      0       45
  AVERAGE         59                        57      2       58

PRECIPITATION (IN)
  YESTERDAY        0.00          0.58 2011   0.05  -0.05     0.00
  MONTH TO DATE    2.69                      1.37   1.32     0.34
  SINCE OCT 1      6.84                      8.96  -2.12     7.08
  SINCE JAN 1      4.45                      5.74  -1.29     5.71

SNOWFALL (IN)
  YESTERDAY        0.0
  MONTH TO DATE    0.0
  SINCE MAR 1      5.5
  SINCE JUL 1     20.3
  SNOW DEPTH       0

DEGREE DAYS
 HEATING
  YESTERDAY        6                         8     -2        7
  MONTH TO DATE  283                       337    -54      262
  SINCE MAR 1   1473                      1758   -285     1552
  SINCE JUL 1   5814                      7031  -1217     6532

 COOLING
  YESTERDAY        0                         0      0        0
  MONTH TO DATE    0                         0      0        0
  SINCE MAR 1      0                         0      0        0
  SINCE JAN 1      0                         0      0        0
..................................................................


WIND (MPH)
  HIGHEST WIND SPEED    12   HIGHEST WIND DIRECTION    NW (310)
  HIGHEST GUST SPEED    15   HIGHEST GUST DIRECTION    NW (300)
  AVERAGE WIND SPEED     3.8


SKY COVER
  POSSIBLE SUNSHINE  MM
  AVERAGE SKY COVER 0.1


WEATHER CONDITIONS
 THE FOLLOWING WEATHER WAS RECORDED YESTERDAY.
  NO SIGNIFICANT WEATHER WAS OBSERVED.


RELATIVE HUMIDITY (PERCENT)
 HIGHEST   100           300 AM
 LOWEST     29           600 PM
 AVERAGE    65

..........................................................


THE POCATELLO ID CLIMATE NORMALS FOR TODAY
                         NORMAL    RECORD    YEAR
 MAXIMUM TEMPERATURE (F)   72        91      2002
 MINIMUM TEMPERATURE (F)   43        28      1979


SUNRISE AND SUNSET
MAY 30 2015...........SUNRISE   555 AM MDT   SUNSET   901 PM MDT
MAY 31 2015...........SUNRISE   555 AM MDT   SUNSET   902 PM MDT


-  INDICATES NEGATIVE NUMBERS.
R  INDICATES RECORD WAS SET OR TIED.
MM INDICATES DATA IS MISSING.
T  INDICATES TRACE AMOUNT.




$$
