000
CDUS45 KPIH 030744
CLIPIH


CLIMATE REPORT
NATIONAL WEATHER SERVICE POCATELLO ID
135 AM MDT MON AUG 3 2015


...................................

...THE POCATELLO ID CLIMATE SUMMARY FOR AUGUST 2 2015...

CLIMATE NORMAL PERIOD 1981 TO 2010
CLIMATE RECORD PERIOD 1939 TO 2015


WEATHER ITEM   OBSERVED TIME   RECORD YEAR NORMAL DEPARTURE LAST
                VALUE   (LST)  VALUE       VALUE  FROM      YEAR
                                                  NORMAL
..................................................................
TEMPERATURE (F)
 YESTERDAY
  MAXIMUM         98    329 PM 104    1969  90      8       94
  MINIMUM         50    422 AM  43    1991  53     -3       48
  AVERAGE         74                        71      3       71

PRECIPITATION (IN)
  YESTERDAY        0.00          0.18 1947   0.01  -0.01     0.00
  MONTH TO DATE    0.00                      0.03  -0.03     0.00
  SINCE OCT 1      8.68                     10.71  -2.03     7.97
  SINCE JAN 1      6.29                      7.49  -1.20     6.60

SNOWFALL (IN)
  YESTERDAY        0.0
  MONTH TO DATE    0.0
  SINCE JUN 1      0.0
  SINCE JUL 1      0.0
  SNOW DEPTH       0

DEGREE DAYS
 HEATING
  YESTERDAY        0                         0      0        0
  MONTH TO DATE    0                         0      0        0
  SINCE JUN 1     51                       151   -100      112
  SINCE JUL 1     23                        20      3        2

 COOLING
  YESTERDAY        9                         6      3        6
  MONTH TO DATE   17                        12      5       15
  SINCE JUN 1    313                       230     83      282
  SINCE JAN 1    317                       235     82      282
..................................................................


WIND (MPH)
  HIGHEST WIND SPEED    13   HIGHEST WIND DIRECTION    NW (320)
  HIGHEST GUST SPEED    17   HIGHEST GUST DIRECTION    NW (330)
  AVERAGE WIND SPEED     5.7


SKY COVER
  POSSIBLE SUNSHINE  MM
  AVERAGE SKY COVER 0.1


WEATHER CONDITIONS
 THE FOLLOWING WEATHER WAS RECORDED YESTERDAY.
  NO SIGNIFICANT WEATHER WAS OBSERVED.


RELATIVE HUMIDITY (PERCENT)
 HIGHEST    62           700 AM
 LOWEST     11           200 PM
 AVERAGE    37

..........................................................


THE POCATELLO ID CLIMATE NORMALS FOR TODAY
                         NORMAL    RECORD    YEAR
 MAXIMUM TEMPERATURE (F)   90        99      1961
 MINIMUM TEMPERATURE (F)   53        43      1981


SUNRISE AND SUNSET
AUGUST  3 2015........SUNRISE   623 AM MDT   SUNSET   849 PM MDT
AUGUST  4 2015........SUNRISE   624 AM MDT   SUNSET   848 PM MDT


-  INDICATES NEGATIVE NUMBERS.
R  INDICATES RECORD WAS SET OR TIED.
MM INDICATES DATA IS MISSING.
T  INDICATES TRACE AMOUNT.




$$
