000
CDUS43 KABR 222236
CLIPIR


CLIMATE REPORT
NATIONAL WEATHER SERVICE ABERDEEN SD
535 PM CDT SUN OCT 22 2017


...................................

...THE PIERRE SD CLIMATE SUMMARY FOR OCTOBER 22 2017...
VALID TODAY AS OF 0500 PM LOCAL TIME.

CLIMATE NORMAL PERIOD 1981 TO 2010
CLIMATE RECORD PERIOD 1892 TO 2017


WEATHER ITEM   OBSERVED TIME   RECORD YEAR NORMAL DEPARTURE LAST
                VALUE   (LST)  VALUE       VALUE  FROM      YEAR
                                                  NORMAL
..................................................................
TEMPERATURE (F)
 TODAY
  MAXIMUM         71    359 PM  85    1992  58     13       80
  MINIMUM         34    714 AM  18    1981  34      0       31
  AVERAGE         53                        46      7       56

PRECIPITATION (IN)
  TODAY            0.00          0.50 2015   0.05  -0.05     0.00
  MONTH TO DATE    1.11                      1.30  -0.19     0.72
  SINCE SEP 1      2.97                      3.17  -0.20     1.95
  SINCE JAN 1     13.41                     18.35  -4.94    17.67

SNOWFALL (IN)
  TODAY            0.0
  MONTH TO DATE    0.0
  SINCE OCT 1      0.0
  SINCE JUL 1      0.0
  SNOW DEPTH       0

DEGREE DAYS
 HEATING
  TODAY           12                        19     -7        9
  MONTH TO DATE  264                       319    -55      251
  SINCE SEP 1    395                       470    -75      345
  SINCE JUL 1    400                       490    -90      365

 COOLING
  TODAY            0                         0      0        0
  MONTH TO DATE    2                         2      0       15
  SINCE SEP 1    110                        88     22       95
  SINCE JAN 1    868                       865      3      959
..................................................................


WIND (MPH)
  HIGHEST GUST SPEED    22   HIGHEST GUST DIRECTION    SW (220)




..........................................................


THE PIERRE SD CLIMATE NORMALS FOR TOMORROW
                         NORMAL    RECORD    YEAR
 MAXIMUM TEMPERATURE (F)   58        85      1973
 MINIMUM TEMPERATURE (F)   34        15      1981


SUNRISE AND SUNSET
OCTOBER 22 2017.......SUNRISE   806 AM CDT   SUNSET   645 PM CDT
OCTOBER 23 2017.......SUNRISE   807 AM CDT   SUNSET   643 PM CDT


-  INDICATES NEGATIVE NUMBERS.
R  INDICATES RECORD WAS SET OR TIED.
MM INDICATES DATA IS MISSING.
T  INDICATES TRACE AMOUNT.




$$
