766
CDUS43 KABR 131032
CLIPIR


CLIMATE REPORT
NATIONAL WEATHER SERVICE ABERDEEN SD
431 AM CST SAT FEB 13 2016


...................................

...THE PIERRE SD CLIMATE SUMMARY FOR FEBRUARY 12 2016...

CLIMATE NORMAL PERIOD 1981 TO 2010
CLIMATE RECORD PERIOD 1892 TO 2016


WEATHER ITEM   OBSERVED TIME   RECORD YEAR NORMAL DEPARTURE LAST
                VALUE   (LST)  VALUE       VALUE  FROM      YEAR
                                                  NORMAL
..................................................................
TEMPERATURE (F)
 YESTERDAY
  MAXIMUM         28   1216 AM  66    1983  34     -6       32
  MINIMUM         13   1159 PM -28    1944  13      0        0
  AVERAGE         21                        23     -2       16

PRECIPITATION (IN)
  YESTERDAY        T             0.42 1950   0.02  -0.02      T
  MONTH TO DATE    T                         0.19  -0.19     0.15
  SINCE DEC 1      1.18                      1.16   0.02     1.10
  SINCE JAN 1      0.17                      0.61  -0.44     0.28

SNOWFALL (IN)
  YESTERDAY        T             6.0  2007   0.1   -0.1       T
  MONTH TO DATE    T                         2.0   -2.0      1.5
  SINCE OCT 1     22.9                      17.9    5.0     22.3
  SINCE JUL 1     22.9                      17.9    5.0     22.3
  SNOW DEPTH       0

DEGREE DAYS
 HEATING
  YESTERDAY       44                        42      2       49
  MONTH TO DATE  430                       514    -84      496
  SINCE DEC 1   3055                      3254   -199     3041
  SINCE JUL 1   4352                      4874   -522     4763

 COOLING
  YESTERDAY        0                         0      0        0
  MONTH TO DATE    0                         0      0        0
  SINCE DEC 1      0                         0      0        0
  SINCE JAN 1      0                         0      0        0
..................................................................


WIND (MPH)
  RESULTANT WIND SPEED   8   RESULTANT WIND DIRECTION  NE (50)
  HIGHEST WIND SPEED    20   HIGHEST WIND DIRECTION    SE (120)
  HIGHEST GUST SPEED    22   HIGHEST GUST DIRECTION    SE (120)
  AVERAGE WIND SPEED    11.3




RELATIVE HUMIDITY (PERCENT)
 HIGHEST    88           100 AM
 LOWEST     62           300 PM
 AVERAGE    75

..........................................................


THE PIERRE SD CLIMATE NORMALS FOR TODAY
                         NORMAL    RECORD    YEAR
 MAXIMUM TEMPERATURE (F)   34        68      1983
 MINIMUM TEMPERATURE (F)   13       -16      2007


SUNRISE AND SUNSET
FEBRUARY 13 2016......SUNRISE   744 AM CST   SUNSET   607 PM CST
FEBRUARY 14 2016......SUNRISE   743 AM CST   SUNSET   608 PM CST


-  INDICATES NEGATIVE NUMBERS.
R  INDICATES RECORD WAS SET OR TIED.
MM INDICATES DATA IS MISSING.
T  INDICATES TRACE AMOUNT.




$$
