000
CDUS43 KABR 270908
CLIPIR


CLIMATE REPORT
NATIONAL WEATHER SERVICE ABERDEEN SD
406 AM CDT TUE JUN 27 2017


...................................

...THE PIERRE SD CLIMATE SUMMARY FOR JUNE 26 2017...

CLIMATE NORMAL PERIOD 1981 TO 2010
CLIMATE RECORD PERIOD 1892 TO 2017


WEATHER ITEM   OBSERVED TIME   RECORD YEAR NORMAL DEPARTURE LAST
                VALUE   (LST)  VALUE       VALUE  FROM      YEAR
                                                  NORMAL
..................................................................
TEMPERATURE (F)
 YESTERDAY
  MAXIMUM         75    411 PM 104    1961  84     -9       92
  MINIMUM         45    546 AM  42    2004  59    -14       55
  AVERAGE         60                        71    -11       74

PRECIPITATION (IN)
  YESTERDAY        0.00          1.50 1943   0.10  -0.10     0.00
  MONTH TO DATE    2.48                      3.18  -0.70     1.70
  SINCE JUN 1      2.48                      3.18  -0.70     1.70
  SINCE JAN 1      6.93                     10.38  -3.45     9.14

DEGREE DAYS
 HEATING
  YESTERDAY        5                         1      4        0
  MONTH TO DATE   20                        52    -32       12
  SINCE JUN 1     20                        52    -32       12
  SINCE JUL 1   6804                      7289   -485     6342

 COOLING
  YESTERDAY        0                         7     -7        9
  MONTH TO DATE  150                       103     47      204
  SINCE JUN 1    150                       103     47      204
  SINCE JAN 1    171                       135     36      227
..................................................................


WIND (MPH)
  RESULTANT WIND SPEED   7   RESULTANT WIND DIRECTION   E (100)
  HIGHEST WIND SPEED    16   HIGHEST WIND DIRECTION    SE (130)
  HIGHEST GUST SPEED    20   HIGHEST GUST DIRECTION    SE (140)
  AVERAGE WIND SPEED     8.1




RELATIVE HUMIDITY (PERCENT)
 HIGHEST    92           400 AM
 LOWEST     31           300 PM
 AVERAGE    62

..........................................................


THE PIERRE SD CLIMATE NORMALS FOR TODAY
                         NORMAL    RECORD    YEAR
 MAXIMUM TEMPERATURE (F)   85       103      1990
 MINIMUM TEMPERATURE (F)   59        46      1976


SUNRISE AND SUNSET
JUNE 27 2017..........SUNRISE   559 AM CDT   SUNSET   930 PM CDT
JUNE 28 2017..........SUNRISE   559 AM CDT   SUNSET   929 PM CDT


-  INDICATES NEGATIVE NUMBERS.
R  INDICATES RECORD WAS SET OR TIED.
MM INDICATES DATA IS MISSING.
T  INDICATES TRACE AMOUNT.




$$
