000
CDUS43 KABR 171037
CLIPIR


CLIMATE REPORT
NATIONAL WEATHER SERVICE ABERDEEN SD
435 AM CST TUE JAN 17 2017


...................................

...THE PIERRE SD CLIMATE SUMMARY FOR JANUARY 16 2017...

CLIMATE NORMAL PERIOD 1981 TO 2010
CLIMATE RECORD PERIOD 1892 TO 2017


WEATHER ITEM   OBSERVED TIME   RECORD YEAR NORMAL DEPARTURE LAST
                VALUE   (LST)  VALUE       VALUE  FROM      YEAR
                                                  NORMAL
..................................................................
TEMPERATURE (F)
 YESTERDAY
  MAXIMUM         22    421 PM  65    1974  30     -8       26
  MINIMUM          2    917 AM -23    1977  10     -8       -9
  AVERAGE         12                        20     -8        9

PRECIPITATION (IN)
  YESTERDAY        0.00          0.21 1943   0.01  -0.01     0.07
  MONTH TO DATE    0.37                      0.23   0.14     0.12
  SINCE DEC 1      2.07                      0.78   1.29     1.13
  SINCE JAN 1      0.37                      0.23   0.14     0.12

SNOWFALL (IN)
  YESTERDAY        0.0           2.3  1941   0.1   -0.1      1.0
  MONTH TO DATE    3.0                       2.5    0.5      1.8
  SINCE OCT 1     21.4                      13.7    7.7     22.2
  SINCE JUL 1     21.4                      13.7    7.7     22.2
  SNOW DEPTH       5

DEGREE DAYS
 HEATING
  YESTERDAY       53                        45      8       56
  MONTH TO DATE  935                       725    210      753
  SINCE DEC 1   2454                      2067    387     1998
  SINCE JUL 1   3591                      3687    -96     3295

 COOLING
  YESTERDAY        0                         0      0        0
  MONTH TO DATE    0                         0      0        0
  SINCE DEC 1      0                         0      0        0
  SINCE JAN 1      0                         0      0        0
..................................................................


WIND (MPH)
  RESULTANT WIND SPEED   6   RESULTANT WIND DIRECTION   W (290)
  HIGHEST WIND SPEED    17   HIGHEST WIND DIRECTION    NW (310)
  HIGHEST GUST SPEED    19   HIGHEST GUST DIRECTION    NW (320)
  AVERAGE WIND SPEED     6.8




RELATIVE HUMIDITY (PERCENT)
 HIGHEST    92          1000 PM
 LOWEST     68           200 PM
 AVERAGE    80

..........................................................


THE PIERRE SD CLIMATE NORMALS FOR TODAY
                         NORMAL    RECORD    YEAR
 MAXIMUM TEMPERATURE (F)   30        56      1934
 MINIMUM TEMPERATURE (F)   10       -22      1943


SUNRISE AND SUNSET
JANUARY 17 2017.......SUNRISE   812 AM CST   SUNSET   531 PM CST
JANUARY 18 2017.......SUNRISE   812 AM CST   SUNSET   532 PM CST


-  INDICATES NEGATIVE NUMBERS.
R  INDICATES RECORD WAS SET OR TIED.
MM INDICATES DATA IS MISSING.
T  INDICATES TRACE AMOUNT.




$$
