000
CDUS43 KABR 172335
CLIPIR


CLIMATE REPORT
NATIONAL WEATHER SERVICE ABERDEEN SD
533 PM CST WED JAN 17 2018


...................................

...THE PIERRE SD CLIMATE SUMMARY FOR JANUARY 17 2018...
VALID TODAY AS OF 0500 PM LOCAL TIME.

CLIMATE NORMAL PERIOD 1981 TO 2010
CLIMATE RECORD PERIOD 1892 TO 2018


WEATHER ITEM   OBSERVED TIME   RECORD YEAR NORMAL DEPARTURE LAST
                VALUE   (LST)  VALUE       VALUE  FROM      YEAR
                                                  NORMAL
..................................................................
TEMPERATURE (F)
 TODAY
  MAXIMUM         44    347 PM  56    1934  30     14       27
  MINIMUM          0    517 AM -22    1943  10    -10        7
  AVERAGE         22                        20      2       17

PRECIPITATION (IN)
  TODAY            0.00          0.31 1996   0.01  -0.01     0.00
  MONTH TO DATE    0.04                      0.24  -0.20     0.37
  SINCE DEC 1      0.51                      0.79  -0.28     2.07
  SINCE JAN 1      0.04                      0.24  -0.20     0.37

SNOWFALL (IN)
  TODAY            0.0
  MONTH TO DATE    T
  SINCE OCT 1      4.4
  SINCE JUL 1      4.4
  SNOW DEPTH      MM

DEGREE DAYS
 HEATING
  TODAY           43                        45     -2       48
  MONTH TO DATE  899                       770    129      983
  SINCE DEC 1   2178                      2112     66     2502
  SINCE JUL 1   3635                      3732    -97     3639
..................................................................


WIND (MPH)
  HIGHEST GUST SPEED    22   HIGHEST GUST DIRECTION     W (280)




..........................................................


THE PIERRE SD CLIMATE NORMALS FOR TOMORROW
                         NORMAL    RECORD    YEAR
 MAXIMUM TEMPERATURE (F)   30        54      1964
 MINIMUM TEMPERATURE (F)   10       -27      1970


SUNRISE AND SUNSET
JANUARY 17 2018.......SUNRISE   813 AM CST   SUNSET   530 PM CST
JANUARY 18 2018.......SUNRISE   812 AM CST   SUNSET   532 PM CST


-  INDICATES NEGATIVE NUMBERS.
R  INDICATES RECORD WAS SET OR TIED.
MM INDICATES DATA IS MISSING.
T  INDICATES TRACE AMOUNT.




$$
