000
CDUS43 KABR 240916
CLIPIR


CLIMATE REPORT
NATIONAL WEATHER SERVICE ABERDEEN SD
415 AM CDT SUN JUL 24 2016


...................................

...THE PIERRE SD CLIMATE SUMMARY FOR JULY 23 2016...

CLIMATE NORMAL PERIOD 1981 TO 2010
CLIMATE RECORD PERIOD 1892 TO 2016


WEATHER ITEM   OBSERVED TIME   RECORD YEAR NORMAL DEPARTURE LAST
                VALUE   (LST)  VALUE       VALUE  FROM      YEAR
                                                  NORMAL
..................................................................
TEMPERATURE (F)
 YESTERDAY
  MAXIMUM         95    106 PM 115    1940  90      5       98
  MINIMUM         66   1138 PM  49    2004  63      3       66
  AVERAGE         81                        76      5       82

PRECIPITATION (IN)
  YESTERDAY        T             2.04 1997   0.08  -0.08     0.00
  MONTH TO DATE    2.10                      1.93   0.17     1.79
  SINCE JUN 1      3.93                      5.50  -1.57     7.95
  SINCE JAN 1     11.37                     12.70  -1.33    15.30

DEGREE DAYS
 HEATING
  YESTERDAY        0                         0      0        0
  MONTH TO DATE    4                         0      4        2
  SINCE JUN 1     16                        53    -37        7
  SINCE JUL 1      4                         0      4        2

 COOLING
  YESTERDAY       16                        11      5       17
  MONTH TO DATE  261                       234     27      209
  SINCE JUN 1    488                       368    120      344
  SINCE JAN 1    511                       400    111      358
..................................................................


WIND (MPH)
  RESULTANT WIND SPEED   8   RESULTANT WIND DIRECTION   N (340)
  HIGHEST WIND SPEED    28   HIGHEST WIND DIRECTION    NW (320)
  HIGHEST GUST SPEED    36   HIGHEST GUST DIRECTION    NW (320)
  AVERAGE WIND SPEED    13.3




RELATIVE HUMIDITY (PERCENT)
 HIGHEST    94           600 AM
 LOWEST     35           700 PM
 AVERAGE    65

..........................................................


THE PIERRE SD CLIMATE NORMALS FOR TODAY
                         NORMAL    RECORD    YEAR
 MAXIMUM TEMPERATURE (F)   90       112      1952
 MINIMUM TEMPERATURE (F)   63        53      2004


SUNRISE AND SUNSET
JULY 24 2016..........SUNRISE   620 AM CDT   SUNSET   914 PM CDT
JULY 25 2016..........SUNRISE   621 AM CDT   SUNSET   913 PM CDT


-  INDICATES NEGATIVE NUMBERS.
R  INDICATES RECORD WAS SET OR TIED.
MM INDICATES DATA IS MISSING.
T  INDICATES TRACE AMOUNT.




$$
