000
CDUS43 KABR 160913
CLIPIR


CLIMATE REPORT
NATIONAL WEATHER SERVICE ABERDEEN SD
412 AM CDT WED APR 16 2014


...................................

...THE PIERRE SD CLIMATE SUMMARY FOR APRIL 15 2014...

CLIMATE NORMAL PERIOD 1981 TO 2010
CLIMATE RECORD PERIOD 1892 TO 2014


WEATHER ITEM   OBSERVED TIME   RECORD YEAR NORMAL DEPARTURE LAST
                VALUE   (LST)  VALUE       VALUE  FROM      YEAR
                                                  NORMAL
..................................................................
TEMPERATURE (F)
 YESTERDAY
  MAXIMUM         65    504 PM  91    2008  60      5       37
  MINIMUM         12R   314 AM  20    1988  34    -22       25
  AVERAGE         39                        47     -8       31

PRECIPITATION (IN)
  YESTERDAY        0.00          1.40 2012   0.06  -0.06     0.00
  MONTH TO DATE    0.05                      0.78  -0.73     2.16
  SINCE MAR 1      1.04                      2.01  -0.97     2.31
  SINCE JAN 1      1.61                      3.02  -1.41     3.97

SNOWFALL (IN)
  YESTERDAY        0.0           4.3  2011   0.1   -0.1      0.0
  MONTH TO DATE    T                         2.4   -2.4     11.5
  SINCE OCT 1     34.6                      30.2    4.4     46.2
  SINCE JUL 1     34.6                      30.2    4.4     46.2
  SNOW DEPTH       0

DEGREE DAYS
 HEATING
  YESTERDAY       26                        18      8       34
  MONTH TO DATE  367                       319     48      462
  SINCE MAR 1   1440                      1266    174     1563
  SINCE JUL 1   7435                      6764    671     6987

 COOLING
  YESTERDAY        0                         0      0        0
  MONTH TO DATE    0                         0      0        0
  SINCE MAR 1      0                         0      0        0
  SINCE JAN 1      0                         0      0        0
..................................................................


WIND (MPH)
  RESULTANT WIND SPEED  14   RESULTANT WIND DIRECTION  SE (130)
  HIGHEST WIND SPEED    29   HIGHEST WIND DIRECTION    SE (140)
  HIGHEST GUST SPEED    36   HIGHEST GUST DIRECTION    SE (140)
  AVERAGE WIND SPEED    15.4




RELATIVE HUMIDITY (PERCENT)
 HIGHEST    88           700 AM
 LOWEST     18           500 PM
 AVERAGE    53

..........................................................


THE PIERRE SD CLIMATE NORMALS FOR TODAY
                         NORMAL    RECORD    YEAR
 MAXIMUM TEMPERATURE (F)   60        91      1958
 MINIMUM TEMPERATURE (F)   34        15      1961


SUNRISE AND SUNSET
APRIL 16 2014.........SUNRISE   656 AM CDT   SUNSET   827 PM CDT
APRIL 17 2014.........SUNRISE   654 AM CDT   SUNSET   828 PM CDT


-  INDICATES NEGATIVE NUMBERS.
R  INDICATES RECORD WAS SET OR TIED.
MM INDICATES DATA IS MISSING.
T  INDICATES TRACE AMOUNT.




$$
