303
CDUS41 KPBZ 062139
CLIPIT

CLIMATE REPORT
NATIONAL WEATHER SERVICE PITTSBURGH PA
539 PM EDT FRI MAY 6 2016

...................................

...THE PITTSBURGH PA CLIMATE SUMMARY FOR MAY 6 2016...
VALID TODAY AS OF 0500 PM LOCAL TIME.

CLIMATE NORMAL PERIOD 1981 TO 2010
CLIMATE RECORD PERIOD 1871 TO 2016

WEATHER ITEM   OBSERVED TIME   RECORD YEAR NORMAL DEPARTURE LAST
                VALUE   (LST)  VALUE       VALUE  FROM      YEAR
                                                  NORMAL
..................................................................
TEMPERATURE (F)
 TODAY
  MAXIMUM         70    145 PM  89    1949  68      2       83
                                      1895
  MINIMUM         50    533 AM  29    1968  46      4       55
  AVERAGE         60                        57      3       69

PRECIPITATION (IN)
  TODAY            0.00          1.72 1971   0.12  -0.12     0.00
  MONTH TO DATE    1.04                      0.66   0.38     0.33
  SINCE JUN 1     37.13                     34.90   2.23    33.84
  SINCE JAN 1     11.05                     11.81  -0.76    12.09

SNOWFALL (IN)
  TODAY            0.0           0.0  2002   0.0    0.0      0.0
                                      2001
  MONTH TO DATE    0.0                       0.0    0.0      0.0
  SINCE OCT 1     29.6                      41.9  -12.3     47.5
  SINCE JUL 1     29.6                      41.9  -12.3     47.5
  SNOW DEPTH       0

DEGREE DAYS
 HEATING
  TODAY            5                         8     -3        0
  MONTH TO DATE   38                        54    -16       15
  SINCE MAR 1    964                      1273   -309     1272
  SINCE JUL 1   4530                      5530  -1000     5940

 COOLING
  TODAY            0                         1     -1        4
  MONTH TO DATE    0                         5     -5        7
  SINCE MAR 1      3                        15    -12        8
  SINCE JAN 1      3                        15    -12        8
..................................................................

WIND (MPH)
  HIGHEST WIND SPEED    26   HIGHEST WIND DIRECTION     N (350)
  HIGHEST GUST SPEED    33   HIGHEST GUST DIRECTION     N (340)
  AVERAGE WIND SPEED    15.2


SKY COVER
  POSSIBLE SUNSHINE  MM
  AVERAGE SKY COVER 0.7


WEATHER CONDITIONS
 THE FOLLOWING WEATHER WAS RECORDED TODAY.
  NO SIGNIFICANT WEATHER WAS OBSERVED.


RELATIVE HUMIDITY (PERCENT)
 HIGHEST    74           100 AM
 LOWEST     25           200 PM
 AVERAGE    50

..........................................................


THE PITTSBURGH PA CLIMATE NORMALS FOR TOMORROW
                         NORMAL    RECORD    YEAR
 MAXIMUM TEMPERATURE (F)   69        88      1880
 MINIMUM TEMPERATURE (F)   47        26      1970


SUNRISE AND SUNSET
MAY  6 2016...........SUNRISE   613 AM EDT   SUNSET   822 PM EDT
MAY  7 2016...........SUNRISE   612 AM EDT   SUNSET   823 PM EDT


-  INDICATES NEGATIVE NUMBERS.
R  INDICATES RECORD WAS SET OR TIED.
MM INDICATES DATA IS MISSING.
T  INDICATES TRACE AMOUNT.

&&

SNOW DEPTH IS MEASURED AT 7 AM EST OR 8 AM EDT.

$$
