675
CDUS41 KPBZ 230723
CLIPIT

CLIMATE REPORT
NATIONAL WEATHER SERVICE PITTSBURGH PA
322 AM EDT FRI JUN 23 2017

...................................

...THE PITTSBURGH PA CLIMATE SUMMARY FOR JUNE 22 2017...

CLIMATE NORMAL PERIOD 1981 TO 2010
CLIMATE RECORD PERIOD 1871 TO 2017

WEATHER ITEM   OBSERVED TIME   RECORD YEAR NORMAL DEPARTURE LAST
                VALUE   (LST)  VALUE       VALUE  FROM      YEAR
                                                  NORMAL
..................................................................
TEMPERATURE (F)
 YESTERDAY
  MAXIMUM         86    258 PM  98    1988  81      5       83
  MINIMUM         62    405 AM  39    1992  60      2       60
                                      1963
  AVERAGE         74                        71      3       72

PRECIPITATION (IN)
  YESTERDAY        0.00          1.95 1921   0.14  -0.14      T
  MONTH TO DATE    2.32                      3.15  -0.83     2.58
  SINCE JUN 1      2.32                      3.15  -0.83     2.58
  SINCE JAN 1     21.03                     18.25   2.78    16.20

SNOWFALL (IN)
  YESTERDAY        0.0           0.0  2002   0.0    0.0      0.0
                                      2001
  MONTH TO DATE    0.0                       0.0    0.0      0.0
  SINCE OCT 1     32.0                      41.9   -9.9     29.6
  SINCE JUL 1     32.0                      41.9   -9.9     29.6
  SNOW DEPTH       0

DEGREE DAYS
 HEATING
  YESTERDAY        0                         1     -1        0
  MONTH TO DATE   19                        36    -17       13
  SINCE JUN 1     19                        36    -17       13
  SINCE JUL 1   4641                      5708  -1067     4683

 COOLING
  YESTERDAY        9                         6      3        7
  MONTH TO DATE  141                        96     45      155
  SINCE JUN 1    141                        96     45      155
  SINCE JAN 1    215                       148     67      225
..................................................................

WIND (MPH)
  HIGHEST WIND SPEED    18   HIGHEST WIND DIRECTION    SW (210)
  HIGHEST GUST SPEED    24   HIGHEST GUST DIRECTION     S (200)
  AVERAGE WIND SPEED     6.7


SKY COVER
  POSSIBLE SUNSHINE  MM
  AVERAGE SKY COVER 0.8


WEATHER CONDITIONS
 THE FOLLOWING WEATHER WAS RECORDED YESTERDAY.
  THUNDERSTORM


RELATIVE HUMIDITY (PERCENT)
 HIGHEST    93           500 AM
 LOWEST     58           500 PM
 AVERAGE    76

..........................................................


THE PITTSBURGH PA CLIMATE NORMALS FOR TODAY
                         NORMAL    RECORD    YEAR
 MAXIMUM TEMPERATURE (F)   81        95      1894
 MINIMUM TEMPERATURE (F)   61        42      1963


SUNRISE AND SUNSET
JUNE 23 2017..........SUNRISE   551 AM EDT   SUNSET   855 PM EDT
JUNE 24 2017..........SUNRISE   551 AM EDT   SUNSET   855 PM EDT


-  INDICATES NEGATIVE NUMBERS.
R  INDICATES RECORD WAS SET OR TIED.
MM INDICATES DATA IS MISSING.
T  INDICATES TRACE AMOUNT.

&&

SNOW DEPTH IS MEASURED AT 7 AM EST OR 8 AM EDT.

$$
