000
CDUS41 KPBZ 172118
CLIPIT

CLIMATE REPORT
NATIONAL WEATHER SERVICE PITTSBURGH PA
516 PM EDT TUE OCT 17 2017

...................................

...THE PITTSBURGH PA CLIMATE SUMMARY FOR OCTOBER 17 2017...
VALID TODAY AS OF 0500 PM LOCAL TIME.

CLIMATE NORMAL PERIOD 1981 TO 2010
CLIMATE RECORD PERIOD 1871 TO 2017

WEATHER ITEM   OBSERVED TIME   RECORD YEAR NORMAL DEPARTURE LAST
                VALUE   (LST)  VALUE       VALUE  FROM      YEAR
                                                  NORMAL
..................................................................
TEMPERATURE (F)
 TODAY
  MAXIMUM         63    349 PM  83    1928  62      1       78
                                      1881
  MINIMUM         35    618 AM  28    1991  42     -7       61
  AVERAGE         49                        52     -3       70

PRECIPITATION (IN)
  TODAY            0.00          1.83 1911   0.07  -0.07     0.31
  MONTH TO DATE    2.53                      1.22   1.31     0.90
  SINCE JUN 1     15.94                     15.94   0.00    13.49
  SINCE JAN 1     34.65                     31.04   3.61    27.11

SNOWFALL (IN)
  TODAY            0.0           T    2015   0.0    0.0      0.0
                                      2004
                                      1943
  MONTH TO DATE    0.0                       0.0    0.0      0.0
  SINCE OCT 1      0.0                       0.0    0.0      0.0
  SINCE JUL 1      0.0                       0.0    0.0      0.0
  SNOW DEPTH       0

DEGREE DAYS
 HEATING
  TODAY           16                        13      3        0
  MONTH TO DATE   53                       179   -126      117
  SINCE SEP 1    121                       280   -159      132
  SINCE JUL 1    126                       293   -167      133

 COOLING
  TODAY            0                         0      0        5
  MONTH TO DATE   39                         6     33        8
  SINCE SEP 1    160                        82     78      164
  SINCE JAN 1    864                       734    130     1139
..................................................................

WIND (MPH)
  HIGHEST WIND SPEED    15   HIGHEST WIND DIRECTION     S (200)
  HIGHEST GUST SPEED    20   HIGHEST GUST DIRECTION    SW (210)
  AVERAGE WIND SPEED     3.0


SKY COVER
  POSSIBLE SUNSHINE  MM
  AVERAGE SKY COVER 0.1


WEATHER CONDITIONS
 THE FOLLOWING WEATHER WAS RECORDED TODAY.
  NO SIGNIFICANT WEATHER WAS OBSERVED.


RELATIVE HUMIDITY (PERCENT)
 HIGHEST    92           100 AM
 LOWEST     37          1100 AM
 AVERAGE    65

..........................................................


THE PITTSBURGH PA CLIMATE NORMALS FOR TOMORROW
                         NORMAL    RECORD    YEAR
 MAXIMUM TEMPERATURE (F)   62        83      1938
 MINIMUM TEMPERATURE (F)   42        26      1976


SUNRISE AND SUNSET
OCTOBER 17 2017.......SUNRISE   734 AM EDT   SUNSET   637 PM EDT
OCTOBER 18 2017.......SUNRISE   735 AM EDT   SUNSET   636 PM EDT


-  INDICATES NEGATIVE NUMBERS.
R  INDICATES RECORD WAS SET OR TIED.
MM INDICATES DATA IS MISSING.
T  INDICATES TRACE AMOUNT.

&&

SNOW DEPTH IS MEASURED AT 7 AM EST OR 8 AM EDT.

$$
