000
CDUS41 KPBZ 230702
CLIPIT

CLIMATE REPORT
NATIONAL WEATHER SERVICE PITTSBURGH PA
301 AM EDT THU MAR 23 2017

...................................

...THE PITTSBURGH PA CLIMATE SUMMARY FOR MARCH 22 2017...

CLIMATE NORMAL PERIOD 1981 TO 2010
CLIMATE RECORD PERIOD 1871 TO 2017

WEATHER ITEM   OBSERVED TIME   RECORD YEAR NORMAL DEPARTURE LAST
                VALUE   (LST)  VALUE       VALUE  FROM      YEAR
                                                  NORMAL
..................................................................
TEMPERATURE (F)
 YESTERDAY
  MAXIMUM         38    401 PM  82    1938  52    -14       60
  MINIMUM         23   1159 PM   6    1885  32     -9       28
  AVERAGE         31                        42    -11       44

PRECIPITATION (IN)
  YESTERDAY        T             1.46 1898   0.10  -0.10     0.00
  MONTH TO DATE    2.69                      2.04   0.65     2.07
  SINCE JUN 1     29.08                     30.22  -1.14    33.08
  SINCE JAN 1      7.69                      7.13   0.56     7.00

SNOWFALL (IN)
  YESTERDAY        T             4.5  1970   0.2   -0.2      0.0
  MONTH TO DATE    9.7                       6.1    3.6      2.1
  SINCE OCT 1     32.0                      38.9   -6.9     26.5
  SINCE JUL 1     32.0                      38.9   -6.9     26.5
  SNOW DEPTH       0

DEGREE DAYS
 HEATING
  YESTERDAY       34                        23     11       21
  MONTH TO DATE  668                       596     72      415
  SINCE MAR 1    668                       596     72      415
  SINCE JUL 1   4094                      4853   -759     3981

 COOLING
  YESTERDAY        0                         0      0        0
  MONTH TO DATE    0                         0      0        0
  SINCE MAR 1      0                         0      0        0
  SINCE JAN 1      1                         0      1        0
..................................................................

WIND (MPH)
  HIGHEST WIND SPEED    26   HIGHEST WIND DIRECTION    NW (330)
  HIGHEST GUST SPEED    37   HIGHEST GUST DIRECTION    NW (320)
  AVERAGE WIND SPEED    14.0


SKY COVER
  POSSIBLE SUNSHINE  MM
  AVERAGE SKY COVER 0.4


WEATHER CONDITIONS
 THE FOLLOWING WEATHER WAS RECORDED YESTERDAY.
  LIGHT SNOW


RELATIVE HUMIDITY (PERCENT)
 HIGHEST    64          1200 AM
 LOWEST     25           400 PM
 AVERAGE    45

..........................................................


THE PITTSBURGH PA CLIMATE NORMALS FOR TODAY
                         NORMAL    RECORD    YEAR
 MAXIMUM TEMPERATURE (F)   52        81      2012
                                             1907
 MINIMUM TEMPERATURE (F)   32         9      1885


SUNRISE AND SUNSET
MARCH 23 2017.........SUNRISE   719 AM EDT   SUNSET   736 PM EDT
MARCH 24 2017.........SUNRISE   717 AM EDT   SUNSET   737 PM EDT


-  INDICATES NEGATIVE NUMBERS.
R  INDICATES RECORD WAS SET OR TIED.
MM INDICATES DATA IS MISSING.
T  INDICATES TRACE AMOUNT.

&&

SNOW DEPTH IS MEASURED AT 7 AM EST OR 8 AM EDT.

$$
