000
CDUS41 KPBZ 292116
CLIPIT

CLIMATE REPORT
NATIONAL WEATHER SERVICE PITTSBURGH PA
515 PM EDT MON AUG 29 2016

...................................

...THE PITTSBURGH PA CLIMATE SUMMARY FOR AUGUST 29 2016...
VALID TODAY AS OF 0500 PM LOCAL TIME.

CLIMATE NORMAL PERIOD 1981 TO 2010
CLIMATE RECORD PERIOD 1871 TO 2016

WEATHER ITEM   OBSERVED TIME   RECORD YEAR NORMAL DEPARTURE LAST
                VALUE   (LST)  VALUE       VALUE  FROM      YEAR
                                                  NORMAL
..................................................................
TEMPERATURE (F)
 TODAY
  MAXIMUM         87    355 PM  96    1881  80      7       84
                                      1880
  MINIMUM         66    601 AM  39    1982  60      6       55
  AVERAGE         77                        70      7       70

PRECIPITATION (IN)
  TODAY            0.00          1.67 1936   0.11  -0.11     0.00
  MONTH TO DATE    3.21                      3.26  -0.05     2.19
  SINCE JUN 1      9.43                     11.39  -1.96    13.14
  SINCE JAN 1     23.05                     26.49  -3.44    27.62

SNOWFALL (IN)
  TODAY            0.0           0.0  2002   0.0    0.0      0.0
                                      2001
  MONTH TO DATE    0.0                       0.0    0.0      0.0
  SINCE OCT 1     29.6                      41.9  -12.3     47.5
  SINCE JUL 1      0.0                       0.0    0.0      0.0
  SNOW DEPTH       0

DEGREE DAYS
 HEATING
  TODAY            0                         1     -1        0
  MONTH TO DATE    0                         2     -2        6
  SINCE JUN 1     15                        44    -29       31
  SINCE JUL 1      1                         6     -5        6

 COOLING
  TODAY           12                         5      7        5
  MONTH TO DATE  333                       197    136      187
  SINCE JUN 1    888                       588    300      646
  SINCE JAN 1    958                       640    318      780
..................................................................

WIND (MPH)
  HIGHEST WIND SPEED    12   HIGHEST WIND DIRECTION     N (10)
  HIGHEST GUST SPEED    16   HIGHEST GUST DIRECTION    NW (330)
  AVERAGE WIND SPEED     3.8


SKY COVER
  POSSIBLE SUNSHINE  MM
  AVERAGE SKY COVER 0.5


WEATHER CONDITIONS
 THE FOLLOWING WEATHER WAS RECORDED TODAY.
  FOG
  HAZE


RELATIVE HUMIDITY (PERCENT)
 HIGHEST    93           600 AM
 LOWEST     32           400 PM
 AVERAGE    63

..........................................................


THE PITTSBURGH PA CLIMATE NORMALS FOR TOMORROW
                         NORMAL    RECORD    YEAR
 MAXIMUM TEMPERATURE (F)   80        97      1953
 MINIMUM TEMPERATURE (F)   60        43      1986


SUNRISE AND SUNSET
AUGUST 29 2016........SUNRISE   646 AM EDT   SUNSET   757 PM EDT
AUGUST 30 2016........SUNRISE   647 AM EDT   SUNSET   755 PM EDT


-  INDICATES NEGATIVE NUMBERS.
R  INDICATES RECORD WAS SET OR TIED.
MM INDICATES DATA IS MISSING.
T  INDICATES TRACE AMOUNT.

&&

SNOW DEPTH IS MEASURED AT 7 AM EST OR 8 AM EDT.

$$
