000
CDUS41 KPBZ 101326
CLIPIT

CLIMATE REPORT
NATIONAL WEATHER SERVICE PITTSBURGH PA
826 AM EST SAT DEC 10 2016

...................................

...THE PITTSBURGH PA CLIMATE SUMMARY FOR DECEMBER 10 2016...
VALID AS OF 0800 AM LOCAL TIME.

CLIMATE NORMAL PERIOD 1981 TO 2010
CLIMATE RECORD PERIOD 1871 TO 2016

WEATHER ITEM   OBSERVED TIME   RECORD YEAR NORMAL DEPARTURE LAST
                VALUE   (LST)  VALUE       VALUE  FROM      YEAR
                                                  NORMAL
..................................................................
TEMPERATURE (F)
 TODAY
  MAXIMUM         25    659 AM  72    1971
  MINIMUM         24    227 AM  -6    1876  27     -3       39

PRECIPITATION (IN)
  TODAY            T             1.20 1878   0.10  -0.10     0.00
  MONTH TO DATE    0.49                      0.98  -0.49     0.41
  SINCE JUN 1     18.45                     21.22  -2.77    23.45
  SINCE JAN 1     32.07                     36.32  -4.25    37.93

SNOWFALL (IN)
  TODAY            T             8.3  1992   0.2   -0.2      0.0
  MONTH TO DATE    T                         2.2   -2.2       T
  SINCE OCT 1      2.1                       4.6   -2.5       T
  SINCE JUL 1      2.1                       4.6   -2.5       T
  SNOW DEPTH       0

DEGREE DAYS
 HEATING
  TODAY           40

 COOLING
  TODAY            0
..................................................................


WEATHER CONDITIONS
 THE FOLLOWING WEATHER WAS RECORDED TODAY.
  LIGHT SNOW


RELATIVE HUMIDITY (PERCENT)
 HIGHEST    81          1200 AM

..........................................................


THE PITTSBURGH PA CLIMATE NORMALS FOR TOMORROW
                         NORMAL    RECORD    YEAR
 MAXIMUM TEMPERATURE (F)   41        66      2007
 MINIMUM TEMPERATURE (F)   27        -2      1958


SUNRISE AND SUNSET
DECEMBER 10 2016......SUNRISE   734 AM EST   SUNSET   454 PM EST
DECEMBER 11 2016......SUNRISE   734 AM EST   SUNSET   454 PM EST


-  INDICATES NEGATIVE NUMBERS.
R  INDICATES RECORD WAS SET OR TIED.
MM INDICATES DATA IS MISSING.
T  INDICATES TRACE AMOUNT.

&&

SNOW DEPTH IS MEASURED AT 7 AM EST OR 8 AM EDT.

$$
