000
CDUS41 KRLX 280720
CLIPKB


CLIMATE REPORT
NATIONAL WEATHER SERVICE CHARLESTON WV
320 AM EDT WED JUN 28 2017


...................................

...THE PARKERSBURG WV CLIMATE SUMMARY FOR JUNE 27 2017...

CLIMATE NORMAL PERIOD 1981 TO 2010
CLIMATE RECORD PERIOD 1889 TO 2017


WEATHER ITEM   OBSERVED TIME   RECORD YEAR NORMAL DEPARTURE LAST
                VALUE   (LST)  VALUE       VALUE  FROM      YEAR
                                                  NORMAL
..................................................................
TEMPERATURE (F)
 YESTERDAY
  MAXIMUM         73    438 PM  96    1966  84    -11       88
                                      1944
  MINIMUM         53    549 AM  49    1988  63    -10       70
  AVERAGE         63                        73    -10       79

PRECIPITATION (IN)
  YESTERDAY        0.00          1.50 2011   0.12  -0.12     0.07
  MONTH TO DATE    5.92                      3.65   2.27     3.84
  SINCE JAN 1     26.51                     20.60   5.91    20.37

SNOWFALL (IN)
  YESTERDAY       MM
  MONTH TO DATE   MM
  SINCE SEP 1     MM
  SNOW DEPTH      MM

DEGREE DAYS
 HEATING
  YESTERDAY        2                         0      2        0
  MONTH TO DATE   18                        18      0        7
  SINCE JUN 1     18                        18      0        7
  SINCE JUL 1   3993                      4971   -978     4148

 COOLING
  YESTERDAY        0                         9     -9       14
  MONTH TO DATE  167                       166      1      216
  SINCE JUN 1    167                       166      1      216
  SINCE JAN 1    287                       250     37      304
..................................................................


WIND (MPH)
  HIGHEST WIND SPEED    15   HIGHEST WIND DIRECTION     W (270)
  HIGHEST GUST SPEED    20   HIGHEST GUST DIRECTION    NW (310)
  AVERAGE WIND SPEED     3.5


SKY COVER
  POSSIBLE SUNSHINE  MM
  AVERAGE SKY COVER 0.2


WEATHER CONDITIONS
 THE FOLLOWING WEATHER WAS RECORDED YESTERDAY.
  FOG


RELATIVE HUMIDITY (PERCENT)
 HIGHEST   100           600 AM
 LOWEST     44           400 PM
 AVERAGE    72

..........................................................


THE PARKERSBURG WV CLIMATE NORMALS FOR TODAY
                         NORMAL    RECORD    YEAR
 MAXIMUM TEMPERATURE (F)   85        98      2012
                                             1934
 MINIMUM TEMPERATURE (F)   63        48      1988


SUNRISE AND SUNSET
JUNE 28 2017..........SUNRISE   601 AM EDT   SUNSET   857 PM EDT
JUNE 29 2017..........SUNRISE   602 AM EDT   SUNSET   857 PM EDT


-  INDICATES NEGATIVE NUMBERS.
R  INDICATES RECORD WAS SET OR TIED.
MM INDICATES DATA IS MISSING.
T  INDICATES TRACE AMOUNT.




$$
