000
CDUS41 KRLX 262139
CLIPKB


CLIMATE REPORT
NATIONAL WEATHER SERVICE CHARLESTON WV
536 PM EDT THU MAR 26 2015


...................................

...THE PARKERSBURG WV CLIMATE SUMMARY FOR MARCH 26 2015...
VALID TODAY AS OF 0500 PM LOCAL TIME.

CLIMATE NORMAL PERIOD 1981 TO 2010
CLIMATE RECORD PERIOD 1889 TO 2015


WEATHER ITEM   OBSERVED TIME   RECORD YEAR NORMAL DEPARTURE LAST
                VALUE   (LST)  VALUE       VALUE  FROM      YEAR
                                                  NORMAL
..................................................................
TEMPERATURE (F)
 TODAY
  MAXIMUM         58   1032 AM  84    1907  58      0       MM
  MINIMUM         47    154 PM  14    1940  36     11       MM
  AVERAGE         53                        47      6       MM

PRECIPITATION (IN)
  TODAY            0.03          1.23 2002   0.12  -0.09     0.00
  MONTH TO DATE    5.55                      3.10   2.45       MM
  SINCE MAR 1      5.55                      3.10   2.45       MM
  SINCE JAN 1      9.44                      8.75   0.69       MM

DEGREE DAYS
 HEATING
  TODAY           12                        18     -6       MM
  MONTH TO DATE  608                       584     24       MM
  SINCE MAR 1    608                       584     24       MM
  SINCE JUL 1   4826                      4374    452       MM

 COOLING
  TODAY            0                         0      0       MM
  MONTH TO DATE    0                         0      0       MM
  SINCE MAR 1      0                         0      0       MM
  SINCE JAN 1      0                         0      0       MM
..................................................................


WIND (MPH)
  HIGHEST WIND SPEED    18   HIGHEST WIND DIRECTION    NW (300)
  HIGHEST GUST SPEED    24   HIGHEST GUST DIRECTION    NW (300)
  AVERAGE WIND SPEED     3.5


SKY COVER
  POSSIBLE SUNSHINE  MM
  AVERAGE SKY COVER 0.8


WEATHER CONDITIONS
 THE FOLLOWING WEATHER WAS RECORDED TODAY.
  LIGHT RAIN
  FOG


RELATIVE HUMIDITY (PERCENT)
 HIGHEST    93           200 AM
 LOWEST     72          1000 AM
 AVERAGE    83

..........................................................


THE PARKERSBURG WV CLIMATE NORMALS FOR TOMORROW
                         NORMAL    RECORD    YEAR
 MAXIMUM TEMPERATURE (F)   59        86      1950
 MINIMUM TEMPERATURE (F)   36        16      2001


SUNRISE AND SUNSET
MARCH 26 2015.........SUNRISE   720 AM EDT   SUNSET   743 PM EDT
MARCH 27 2015.........SUNRISE   718 AM EDT   SUNSET   744 PM EDT


-  INDICATES NEGATIVE NUMBERS.
R  INDICATES RECORD WAS SET OR TIED.
MM INDICATES DATA IS MISSING.
T  INDICATES TRACE AMOUNT.




$$
