000
CDUS41 KRLX 312116
CLIPKB


CLIMATE REPORT
NATIONAL WEATHER SERVICE CHARLESTON WV
516 PM EDT WED AUG 31 2016


...................................

...THE PARKERSBURG WV CLIMATE SUMMARY FOR AUGUST 31 2016...
VALID TODAY AS OF 0500 PM LOCAL TIME.

CLIMATE NORMAL PERIOD 1981 TO 2010
CLIMATE RECORD PERIOD 1889 TO 2016


WEATHER ITEM   OBSERVED TIME   RECORD YEAR NORMAL DEPARTURE LAST
                VALUE   (LST)  VALUE       VALUE  FROM      YEAR
                                                  NORMAL
..................................................................
TEMPERATURE (F)
 TODAY
  MAXIMUM         92    300 PM  99    1953  83      9       91
  MINIMUM         60    526 AM  46    1890  60      0       66
  AVERAGE         76                        71      5       79

PRECIPITATION (IN)
  TODAY            0.00          0.90 2014   0.12  -0.12     0.00
  MONTH TO DATE    1.28                      3.61  -2.33     2.74
  SINCE JUN 1      9.31                     11.84  -2.53     9.78
  SINCE JAN 1     25.84                     28.79  -2.95    27.97

DEGREE DAYS
 HEATING
  TODAY            0                         0      0        0
  MONTH TO DATE    0                         0      0        3
  SINCE JUN 1      7                        24    -17       18
  SINCE JUL 1      0                         5     -5        3

 COOLING
  TODAY           11                         7      4       14
  MONTH TO DATE  412                       263    149      213
  SINCE JUN 1    990                       746    244      715
  SINCE JAN 1   1078                       830    248      876
..................................................................


WIND (MPH)
  HIGHEST WIND SPEED    13   HIGHEST WIND DIRECTION     W (280)
  HIGHEST GUST SPEED    17   HIGHEST GUST DIRECTION     W (290)
  AVERAGE WIND SPEED     2.3


SKY COVER
  POSSIBLE SUNSHINE  MM
  AVERAGE SKY COVER 0.2


WEATHER CONDITIONS
 THE FOLLOWING WEATHER WAS RECORDED TODAY.
  FOG


RELATIVE HUMIDITY (PERCENT)
 HIGHEST   100           700 AM
 LOWEST     38          1200 PM
 AVERAGE    69

..........................................................


THE PARKERSBURG WV CLIMATE NORMALS FOR TOMORROW
                         NORMAL    RECORD    YEAR
 MAXIMUM TEMPERATURE (F)   82       101      1953
 MINIMUM TEMPERATURE (F)   60        45      1967


SUNRISE AND SUNSET
AUGUST 31 2016........SUNRISE   654 AM EDT   SUNSET   757 PM EDT
SEPTEMBER  1 2016.....SUNRISE   655 AM EDT   SUNSET   756 PM EDT


-  INDICATES NEGATIVE NUMBERS.
R  INDICATES RECORD WAS SET OR TIED.
MM INDICATES DATA IS MISSING.
T  INDICATES TRACE AMOUNT.




$$
