000
CDUS41 KRLX 082221
CLIPKB


CLIMATE REPORT
NATIONAL WEATHER SERVICE CHARLESTON WV
520 PM EST MON FEB 8 2016


...................................

...THE PARKERSBURG WV CLIMATE SUMMARY FOR FEBRUARY 8 2016...
VALID TODAY AS OF 0500 PM LOCAL TIME.

CLIMATE NORMAL PERIOD 1981 TO 2010
CLIMATE RECORD PERIOD 1889 TO 2016


WEATHER ITEM   OBSERVED TIME   RECORD YEAR NORMAL DEPARTURE LAST
                VALUE   (LST)  VALUE       VALUE  FROM      YEAR
                                                  NORMAL
..................................................................
TEMPERATURE (F)
 TODAY
  MAXIMUM         40    913 AM  77    1900  42     -2       63
  MINIMUM         34   1033 AM  -8    1895  25      9       43
  AVERAGE         37                        33      4       53

PRECIPITATION (IN)
  TODAY            0.10R         T    2006   0.09   0.01     0.00
                                      2004
                                      2003
  MONTH TO DATE    0.64                      0.78  -0.14     0.64
  SINCE DEC 1      7.03                      6.83   0.20     6.27
  SINCE JAN 1      2.39                      3.73  -1.34     2.87

DEGREE DAYS
 HEATING
  TODAY           28                        32     -4       12
  MONTH TO DATE  198                       258    -60      250
  SINCE DEC 1   1826                      2218   -392     2180
  SINCE JUL 1   2588                      3203   -615     3291

 COOLING
  TODAY            0                         0      0        0
  MONTH TO DATE    0                         0      0        0
  SINCE DEC 1      0                         0      0        0
  SINCE JAN 1      0                         0      0        0
..................................................................


WIND (MPH)
  HIGHEST WIND SPEED    14   HIGHEST WIND DIRECTION    SW (230)
  HIGHEST GUST SPEED    19   HIGHEST GUST DIRECTION    SW (240)
  AVERAGE WIND SPEED     4.8


SKY COVER
  POSSIBLE SUNSHINE  MM
  AVERAGE SKY COVER 0.7


WEATHER CONDITIONS
 THE FOLLOWING WEATHER WAS RECORDED TODAY.
  LIGHT RAIN
  LIGHT SNOW
  FOG
  HAZE


RELATIVE HUMIDITY (PERCENT)
 HIGHEST    92           500 PM
 LOWEST     54           700 AM
 AVERAGE    73

..........................................................


THE PARKERSBURG WV CLIMATE NORMALS FOR TOMORROW
                         NORMAL    RECORD    YEAR
 MAXIMUM TEMPERATURE (F)   42        68      2001
 MINIMUM TEMPERATURE (F)   25       -12      1899


SUNRISE AND SUNSET
FEBRUARY  8 2016......SUNRISE   726 AM EST   SUNSET   554 PM EST
FEBRUARY  9 2016......SUNRISE   725 AM EST   SUNSET   555 PM EST


-  INDICATES NEGATIVE NUMBERS.
R  INDICATES RECORD WAS SET OR TIED.
MM INDICATES DATA IS MISSING.
T  INDICATES TRACE AMOUNT.




$$
