000
CDUS41 KRLX 220716
CLIPKB


CLIMATE REPORT
NATIONAL WEATHER SERVICE CHARLESTON WV
316 AM EDT MON MAY 22 2017


...................................

...THE PARKERSBURG WV CLIMATE SUMMARY FOR MAY 21 2017...

CLIMATE NORMAL PERIOD 1981 TO 2010
CLIMATE RECORD PERIOD 1889 TO 2017


WEATHER ITEM   OBSERVED TIME   RECORD YEAR NORMAL DEPARTURE LAST
                VALUE   (LST)  VALUE       VALUE  FROM      YEAR
                                                  NORMAL
..................................................................
TEMPERATURE (F)
 YESTERDAY
  MAXIMUM         72    814 AM  93    1934  75     -3       66
  MINIMUM         66   1159 PM  35    2002  52     14       56
  AVERAGE         69                        64      5       61

PRECIPITATION (IN)
  YESTERDAY        0.20          1.10 2001   0.14   0.06     0.24
  MONTH TO DATE    1.93                      2.82  -0.89     3.65
  SINCE JAN 1     19.93                     15.47   4.46    16.37

SNOWFALL (IN)
  YESTERDAY       MM
  MONTH TO DATE   MM
  SINCE SEP 1     MM
  SNOW DEPTH      MM

DEGREE DAYS
 HEATING
  YESTERDAY        0                         4     -4        4
  MONTH TO DATE  113                       117     -4      153
  SINCE MAR 1    932                      1133   -201      922
  SINCE JUL 1   3963                      4923   -960     4135

 COOLING
  YESTERDAY        4                         2      2        0
  MONTH TO DATE   49                        31     18       14
  SINCE MAR 1     88                        52     36       34
  SINCE JAN 1     92                        52     40       34
..................................................................


WIND (MPH)
  HIGHEST WIND SPEED    14   HIGHEST WIND DIRECTION     S (200)
  HIGHEST GUST SPEED    20   HIGHEST GUST DIRECTION    SW (220)
  AVERAGE WIND SPEED     6.5


SKY COVER
  POSSIBLE SUNSHINE  MM
  AVERAGE SKY COVER 0.5


WEATHER CONDITIONS
 THE FOLLOWING WEATHER WAS RECORDED YESTERDAY.
  LIGHT RAIN
  FOG


RELATIVE HUMIDITY (PERCENT)
 HIGHEST    93          1000 PM
 LOWEST     73           100 AM
 AVERAGE    83

..........................................................


THE PARKERSBURG WV CLIMATE NORMALS FOR TODAY
                         NORMAL    RECORD    YEAR
 MAXIMUM TEMPERATURE (F)   75        93      1941
 MINIMUM TEMPERATURE (F)   52        30      2002


SUNRISE AND SUNSET
MAY 22 2017...........SUNRISE   606 AM EDT   SUNSET   839 PM EDT
MAY 23 2017...........SUNRISE   606 AM EDT   SUNSET   840 PM EDT


-  INDICATES NEGATIVE NUMBERS.
R  INDICATES RECORD WAS SET OR TIED.
MM INDICATES DATA IS MISSING.
T  INDICATES TRACE AMOUNT.




$$
