000
CDUS41 KRLX 252219
CLIPKB


CLIMATE REPORT
NATIONAL WEATHER SERVICE CHARLESTON WV
518 PM EST THU DEC 25 2014


...................................

...THE PARKERSBURG WV CLIMATE SUMMARY FOR DECEMBER 25 2014...
VALID TODAY AS OF 0500 PM LOCAL TIME.

CLIMATE NORMAL PERIOD 1981 TO 2010
CLIMATE RECORD PERIOD 1889 TO 2014


WEATHER ITEM   OBSERVED TIME   RECORD YEAR NORMAL DEPARTURE LAST
                VALUE   (LST)  VALUE       VALUE  FROM      YEAR
                                                  NORMAL
..................................................................
TEMPERATURE (F)
 TODAY
  MAXIMUM         43    230 PM  70    1982  41      2       35
  MINIMUM         38    128 PM -10    1983  25     13       14
  AVERAGE         41                        33      8       25

PRECIPITATION (IN)
  TODAY            0.04R         T    2003   0.09  -0.05     0.00
                                      2001
  MONTH TO DATE    3.27                      2.54   0.73     3.77
  SINCE DEC 1      3.27                      2.54   0.73     3.77
  SINCE JAN 1         M                     40.63      M    43.59

DEGREE DAYS
 HEATING
  TODAY           24                        32     -8       40
  MONTH TO DATE  645                       731    -86      674
  SINCE DEC 1    645                       731    -86      674
  SINCE JUL 1      M                      1716      M     1776

 COOLING
  TODAY            0                         0      0        0
  MONTH TO DATE    0                         0      0        0
  SINCE DEC 1      0                         0      0        0
  SINCE JAN 1      M                       955      M      955
..................................................................


WIND (MPH)
  HIGHEST WIND SPEED    20   HIGHEST WIND DIRECTION     W (250)
  HIGHEST GUST SPEED    28   HIGHEST GUST DIRECTION     W (260)
  AVERAGE WIND SPEED     9.5


SKY COVER
  POSSIBLE SUNSHINE  MM
  AVERAGE SKY COVER 0.9


WEATHER CONDITIONS
 THE FOLLOWING WEATHER WAS RECORDED TODAY.
  LIGHT RAIN
  FOG


RELATIVE HUMIDITY (PERCENT)
 HIGHEST    79           300 AM
 LOWEST     62           400 PM
 AVERAGE    71

..........................................................


THE PARKERSBURG WV CLIMATE NORMALS FOR TOMORROW
                         NORMAL    RECORD    YEAR
 MAXIMUM TEMPERATURE (F)   41        64      1922
 MINIMUM TEMPERATURE (F)   25        -1      1985


SUNRISE AND SUNSET
DECEMBER 25 2014......SUNRISE   744 AM EST   SUNSET   508 PM EST
DECEMBER 26 2014......SUNRISE   744 AM EST   SUNSET   509 PM EST


-  INDICATES NEGATIVE NUMBERS.
R  INDICATES RECORD WAS SET OR TIED.
MM INDICATES DATA IS MISSING.
T  INDICATES TRACE AMOUNT.




$$
