000
CDUS41 KRLX 010720
CLIPKB


CLIMATE REPORT
NATIONAL WEATHER SERVICE CHARLESTON WV
320 AM EDT TUE SEP 1 2015


...................................

...THE PARKERSBURG WV CLIMATE SUMMARY FOR AUGUST 31 2015...

CLIMATE NORMAL PERIOD 1981 TO 2010
CLIMATE RECORD PERIOD 1889 TO 2015


WEATHER ITEM   OBSERVED TIME   RECORD YEAR NORMAL DEPARTURE LAST
                VALUE   (LST)  VALUE       VALUE  FROM      YEAR
                                                  NORMAL
..................................................................
TEMPERATURE (F)
 YESTERDAY
  MAXIMUM         91    327 PM  99    1953  83      8       78
  MINIMUM         66    702 AM  46    1890  60      6       70
  AVERAGE         79                        71      8       74

PRECIPITATION (IN)
  YESTERDAY        0.00          0.90 2014   0.12  -0.12     0.90
  MONTH TO DATE    2.74                      3.61  -0.87     3.95
  SINCE JAN 1     27.97                     28.79  -0.82       MM

SNOWFALL (IN)
  YESTERDAY        0.0
  MONTH TO DATE    0.0
  SINCE SEP 1      0.0
  SINCE JUL 1      0.0
  SNOW DEPTH       0

DEGREE DAYS
 HEATING
  YESTERDAY        0                         0      0        0
  MONTH TO DATE    3                         0      3        1
  SINCE JUN 1     18                        24     -6       MM
  SINCE JUL 1      3                         5     -2       MM

 COOLING
  YESTERDAY       14                         7      7        9
  MONTH TO DATE  213                       263    -50      238
  SINCE JUN 1    715                       746    -31       MM
  SINCE JAN 1    876                       830     46       MM
..................................................................


WIND (MPH)
  HIGHEST WIND SPEED    10   HIGHEST WIND DIRECTION     W (280)
  HIGHEST GUST SPEED    16   HIGHEST GUST DIRECTION    SW (210)
  AVERAGE WIND SPEED     2.7


SKY COVER
  POSSIBLE SUNSHINE  MM
  AVERAGE SKY COVER 0.2


WEATHER CONDITIONS
 THE FOLLOWING WEATHER WAS RECORDED YESTERDAY.
  FOG


RELATIVE HUMIDITY (PERCENT)
 HIGHEST    93           200 AM
 LOWEST     43           200 PM
 AVERAGE    68

..........................................................


THE PARKERSBURG WV CLIMATE NORMALS FOR TODAY
                         NORMAL    RECORD    YEAR
 MAXIMUM TEMPERATURE (F)   82       101      1953
 MINIMUM TEMPERATURE (F)   60        45      1967


SUNRISE AND SUNSET
SEPTEMBER  1 2015.....SUNRISE   654 AM EDT   SUNSET   757 PM EDT
SEPTEMBER  2 2015.....SUNRISE   655 AM EDT   SUNSET   755 PM EDT


-  INDICATES NEGATIVE NUMBERS.
R  INDICATES RECORD WAS SET OR TIED.
MM INDICATES DATA IS MISSING.
T  INDICATES TRACE AMOUNT.




$$
