000
CDUS46 KLOX 290114
CLIPMD


CLIMATE REPORT
NATIONAL WEATHER SERVICE LOS ANGELES/OXNARD CA
614 PM PDT WED JUN 28 2017


...................................

...THE PALMDALE AIRPORT CA CLIMATE SUMMARY FOR JUNE 28 2017...
VALID TODAY AS OF 0600 PM LOCAL TIME.

CLIMATE NORMAL PERIOD 1981 TO 2010
CLIMATE RECORD PERIOD 1931 TO 2017


WEATHER ITEM   OBSERVED TIME   RECORD YEAR NORMAL DEPARTURE LAST
                VALUE   (LST)  VALUE       VALUE  FROM      YEAR
                                                  NORMAL
..................................................................
TEMPERATURE (F)
 TODAY
  MAXIMUM         97   1248 PM 112    1994  94      3       99
  MINIMUM         68    428 AM  48    1952  62      6       76
  AVERAGE         83                        78      5       88

PRECIPITATION (IN)
  TODAY            0.00          0.15 2006   0.00   0.00     0.00
                                      1937
  MONTH TO DATE    0.00                      0.09  -0.09     0.00
  SINCE OCT 1      5.93                      7.77  -1.84     4.28
  SINCE JAN 1      4.14                      5.32  -1.18     2.47

SNOWFALL (IN)
  TODAY            0.0           0.0  1973  MM               0.0
  MONTH TO DATE    0.0                      MM               0.0
  SINCE JUN 1      0.0                      MM               0.0
  SINCE JUL 1      0.0                      MM                T
  SNOW DEPTH       0

DEGREE DAYS
 HEATING
  TODAY            0                         0      0        0
  MONTH TO DATE    7                         6      1        0
  SINCE JUN 1      7                         6      1        0
  SINCE JUL 1   2331                      2924   -593     2605

 COOLING
  TODAY           18                        13      5       23
  MONTH TO DATE  424                       279    145      442
  SINCE JUN 1    424                       279    145      442
  SINCE JAN 1    605                       449    156      586
..................................................................


WIND (MPH)
  HIGHEST WIND SPEED    23   HIGHEST WIND DIRECTION    SW (240)
  HIGHEST GUST SPEED    31   HIGHEST GUST DIRECTION    SW (230)
  AVERAGE WIND SPEED    13.0


SKY COVER
  POSSIBLE SUNSHINE  MM
  AVERAGE SKY COVER 0.0


WEATHER CONDITIONS
 THE FOLLOWING WEATHER WAS RECORDED TODAY.
  NO SIGNIFICANT WEATHER WAS OBSERVED.


RELATIVE HUMIDITY (PERCENT)
 HIGHEST    40           500 AM
 LOWEST     12          1100 AM
 AVERAGE    26

..........................................................


THE PALMDALE AIRPORT CA CLIMATE NORMALS FOR TOMORROW
                         NORMAL    RECORD    YEAR
 MAXIMUM TEMPERATURE (F)   94       110      1994
 MINIMUM TEMPERATURE (F)   62        46      1952


SUNRISE AND SUNSET
JUNE 28 2017..........SUNRISE   542 AM PDT   SUNSET   809 PM PDT
JUNE 29 2017..........SUNRISE   542 AM PDT   SUNSET   809 PM PDT


-  INDICATES NEGATIVE NUMBERS.
R  INDICATES RECORD WAS SET OR TIED.
MM INDICATES DATA IS MISSING.
T  INDICATES TRACE AMOUNT.




$$
