000
CDUS46 KLOX 270856
CLIPMD


CLIMATE REPORT
NATIONAL WEATHER SERVICE LOS ANGELES/OXNARD CA
156 AM PDT WED MAY 27 2015


...................................

...THE PALMDALE AIRPORT CA CLIMATE SUMMARY FOR MAY 26 2015...

CLIMATE NORMAL PERIOD 1981 TO 2010
CLIMATE RECORD PERIOD 1931 TO 2015


WEATHER ITEM   OBSERVED TIME   RECORD YEAR NORMAL DEPARTURE LAST
                VALUE   (LST)  VALUE       VALUE  FROM      YEAR
                                                  NORMAL
..................................................................
TEMPERATURE (F)
 YESTERDAY
  MAXIMUM         83    204 PM 100    1974  86     -3       96
  MINIMUM         56    420 AM  38    1980  55      1       67
  AVERAGE         70                        70      0       82

PRECIPITATION (IN)
  YESTERDAY        0.00          0.07 1937   0.00   0.00     0.00
  MONTH TO DATE    0.10                      0.23  -0.13     0.96
  SINCE OCT 1      4.22                      7.66  -3.44     4.99
  SINCE JAN 1      1.65                      5.21  -3.56     3.05

SNOWFALL (IN)
  YESTERDAY        0.0          MM      MM  MM               0.0
  MONTH TO DATE    0.0                      MM               0.0
  SINCE MAR 1      0.0                      MM               0.0
  SINCE JUL 1      0.0                      MM               0.0
  SNOW DEPTH       0

DEGREE DAYS
 HEATING
  YESTERDAY        0                         1     -1        0
  MONTH TO DATE   98                        63     35       35
  SINCE MAR 1    444                       668   -224      433
  SINCE JUL 1   2099                      2913   -814     2331

 COOLING
  YESTERDAY        5                         7     -2       17
  MONTH TO DATE   35                       111    -76      125
  SINCE MAR 1     70                       134    -64      168
  SINCE JAN 1     70                       134    -64      169
..................................................................


WIND (MPH)
  HIGHEST WIND SPEED    26   HIGHEST WIND DIRECTION     W (250)
  HIGHEST GUST SPEED    32   HIGHEST GUST DIRECTION    SW (240)
  AVERAGE WIND SPEED    12.9


SKY COVER
  POSSIBLE SUNSHINE  MM
  AVERAGE SKY COVER 0.0


WEATHER CONDITIONS
 THE FOLLOWING WEATHER WAS RECORDED YESTERDAY.
  NO SIGNIFICANT WEATHER WAS OBSERVED.


RELATIVE HUMIDITY (PERCENT)
 HIGHEST    62           100 AM
 LOWEST     13           200 PM
 AVERAGE    38

..........................................................


THE PALMDALE AIRPORT CA CLIMATE NORMALS FOR TODAY
                         NORMAL    RECORD    YEAR
 MAXIMUM TEMPERATURE (F)   86       102      1984
 MINIMUM TEMPERATURE (F)   55        41      1934


SUNRISE AND SUNSET
MAY 27 2015...........SUNRISE   542 AM PDT   SUNSET   757 PM PDT
MAY 28 2015...........SUNRISE   542 AM PDT   SUNSET   757 PM PDT


-  INDICATES NEGATIVE NUMBERS.
R  INDICATES RECORD WAS SET OR TIED.
MM INDICATES DATA IS MISSING.
T  INDICATES TRACE AMOUNT.




$$
