000
CDUS46 KLOX 040123
CLIPMD


CLIMATE REPORT
NATIONAL WEATHER SERVICE LOS ANGELES/OXNARD CA
623 PM PDT TUE MAY 3 2016


...................................

...THE PALMDALE AIRPORT CA CLIMATE SUMMARY FOR MAY 3 2016...
VALID TODAY AS OF 0600 PM LOCAL TIME.

CLIMATE NORMAL PERIOD 1981 TO 2010
CLIMATE RECORD PERIOD 1931 TO 2016


WEATHER ITEM   OBSERVED TIME   RECORD YEAR NORMAL DEPARTURE LAST
                VALUE   (LST)  VALUE       VALUE  FROM      YEAR
                                                  NORMAL
..................................................................
TEMPERATURE (F)
 TODAY
  MAXIMUM         85    248 PM  99    1947  79      6       81
  MINIMUM         51    528 AM  34    1964  49      2       59
  AVERAGE         68                        64      4       70

PRECIPITATION (IN)
  TODAY            0.00          0.29 2003   0.01  -0.01     0.00
  MONTH TO DATE    T                         0.04  -0.04     0.00
  SINCE OCT 1      4.28                      7.47  -3.19     4.12
  SINCE JAN 1      2.47                      5.02  -2.55     1.55

SNOWFALL (IN)
  TODAY            0.0           0.0  1973  MM               0.0
  MONTH TO DATE    0.0                      MM               0.0
  SINCE MAR 1      0.0                      MM               0.0
  SINCE JUL 1      T                        MM               0.0
  SNOW DEPTH       0

DEGREE DAYS
 HEATING
  TODAY            0                         4     -4        0
  MONTH TO DATE    2                        12    -10        0
  SINCE MAR 1    385                       617   -232      346
  SINCE JUL 1   2546                      2862   -316     2001

 COOLING
  TODAY            3                         2      1        5
  MONTH TO DATE    5                         6     -1       20
  SINCE MAR 1     25                        29     -4       55
  SINCE JAN 1     25                        29     -4       55
..................................................................


WIND (MPH)
  HIGHEST WIND SPEED    20   HIGHEST WIND DIRECTION     E (80)
  HIGHEST GUST SPEED    25   HIGHEST GUST DIRECTION     E (70)
  AVERAGE WIND SPEED     7.5


SKY COVER
  POSSIBLE SUNSHINE  MM
  AVERAGE SKY COVER 0.0


WEATHER CONDITIONS
 THE FOLLOWING WEATHER WAS RECORDED TODAY.
  NO SIGNIFICANT WEATHER WAS OBSERVED.


RELATIVE HUMIDITY (PERCENT)
 HIGHEST    64           600 AM
 LOWEST     12           300 PM
 AVERAGE    38

..........................................................


THE PALMDALE AIRPORT CA CLIMATE NORMALS FOR TOMORROW
                         NORMAL    RECORD    YEAR
 MAXIMUM TEMPERATURE (F)   79       100      1947
 MINIMUM TEMPERATURE (F)   49        33      1938


SUNRISE AND SUNSET
MAY  3 2016...........SUNRISE   600 AM PDT   SUNSET   739 PM PDT
MAY  4 2016...........SUNRISE   559 AM PDT   SUNSET   740 PM PDT


-  INDICATES NEGATIVE NUMBERS.
R  INDICATES RECORD WAS SET OR TIED.
MM INDICATES DATA IS MISSING.
T  INDICATES TRACE AMOUNT.




$$
