000
CDUS46 KLOX 300908
CLIPMD


CLIMATE REPORT
NATIONAL WEATHER SERVICE LOS ANGELES/OXNARD CA
208 AM PDT MON MAY 30 2016


...................................

...THE PALMDALE AIRPORT CA CLIMATE SUMMARY FOR MAY 29 2016...

CLIMATE NORMAL PERIOD 1981 TO 2010
CLIMATE RECORD PERIOD 1931 TO 2016


WEATHER ITEM   OBSERVED TIME   RECORD YEAR NORMAL DEPARTURE LAST
                VALUE   (LST)  VALUE       VALUE  FROM      YEAR
                                                  NORMAL
..................................................................
TEMPERATURE (F)
 YESTERDAY
  MAXIMUM         87    202 PM 102    1984  87      0       95
  MINIMUM         59    517 AM  39    1942  55      4       59
  AVERAGE         73                        71      2       77

PRECIPITATION (IN)
  YESTERDAY        0.00          0.02 1988   0.00   0.00     0.00
  MONTH TO DATE    T                         0.24  -0.24     0.10
  SINCE OCT 1      4.28                      7.67  -3.39     4.22
  SINCE JAN 1      2.47                      5.22  -2.75     1.65

SNOWFALL (IN)
  YESTERDAY        0.0          MM      MM  MM               0.0
  MONTH TO DATE    0.0                      MM               0.0
  SINCE MAR 1      0.0                      MM               0.0
  SINCE JUL 1      T                        MM               0.0
  SNOW DEPTH       0

DEGREE DAYS
 HEATING
  YESTERDAY        0                         1     -1        0
  MONTH TO DATE   61                        66     -5       98
  SINCE MAR 1    444                       671   -227      444
  SINCE JUL 1   2605                      2916   -311     2099

 COOLING
  YESTERDAY        8                         7      1       12
  MONTH TO DATE   93                       132    -39       63
  SINCE MAR 1    113                       155    -42       98
  SINCE JAN 1    113                       155    -42       98
..................................................................


WIND (MPH)
  HIGHEST WIND SPEED    22   HIGHEST WIND DIRECTION    SW (220)
  HIGHEST GUST SPEED    28   HIGHEST GUST DIRECTION    SW (220)
  AVERAGE WIND SPEED    10.7


SKY COVER
  POSSIBLE SUNSHINE  MM
  AVERAGE SKY COVER 0.1


WEATHER CONDITIONS
 THE FOLLOWING WEATHER WAS RECORDED YESTERDAY.
  NO SIGNIFICANT WEATHER WAS OBSERVED.


RELATIVE HUMIDITY (PERCENT)
 HIGHEST    60           300 AM
 LOWEST     13           100 PM
 AVERAGE    37

..........................................................


THE PALMDALE AIRPORT CA CLIMATE NORMALS FOR TODAY
                         NORMAL    RECORD    YEAR
 MAXIMUM TEMPERATURE (F)   87       103      1984
 MINIMUM TEMPERATURE (F)   56        39      1998


SUNRISE AND SUNSET
MAY 30 2016...........SUNRISE   541 AM PDT   SUNSET   759 PM PDT
MAY 31 2016...........SUNRISE   541 AM PDT   SUNSET   800 PM PDT


-  INDICATES NEGATIVE NUMBERS.
R  INDICATES RECORD WAS SET OR TIED.
MM INDICATES DATA IS MISSING.
T  INDICATES TRACE AMOUNT.




$$
