000
CDUS44 KMOB 250645
CLIPNS


CLIMATE REPORT
NATIONAL WEATHER SERVICE MOBILE AL
1245 AM CST SAT FEB 25 2017


...................................

...THE PENSACOLA CLIMATE SUMMARY FOR FEBRUARY 24 2017...

CLIMATE NORMAL PERIOD 1981 TO 2010
CLIMATE RECORD PERIOD 1879 TO 2017


WEATHER ITEM   OBSERVED TIME   RECORD YEAR NORMAL DEPARTURE LAST
                VALUE   (LST)  VALUE       VALUE  FROM      YEAR
                                                  NORMAL
..................................................................
TEMPERATURE (F)
 YESTERDAY
  MAXIMUM         77    237 PM  81    2012  66     11       71
                                      1996
  MINIMUM         59    322 AM  23    1989  47     12       47
  AVERAGE         68                        56     12       59

PRECIPITATION (IN)
  YESTERDAY        0.00          2.46 1912   0.19  -0.19     0.00
  MONTH TO DATE    3.62                      4.33  -0.71     4.71
  SINCE MAR 1     71.32                     64.54   6.78    73.92
  SINCE JAN 1     15.35                      8.96   6.39     8.65

SNOWFALL (IN)
  YESTERDAY        0.0          MM      MM   0.0    0.0      0.0
  MONTH TO DATE    0.0                       0.0    0.0      0.0
  SINCE MAR 1      0.0                       0.0    0.0      0.0
  SINCE JUL 1      0.0                       0.0    0.0      0.0
  SNOW DEPTH       0

DEGREE DAYS
 HEATING
  YESTERDAY        0                         9     -9        6
  MONTH TO DATE   74                       264   -190      201
  SINCE DEC 1    457                      1063   -606      753
  SINCE JUL 1    526                      1275   -749      830

 COOLING
  YESTERDAY        3                         0      3        0
  MONTH TO DATE   40                         0     40       18
  SINCE DEC 1    151                        19    132       93
  SINCE JAN 1    104                         6     98       18
..................................................................


WIND (MPH)
  HIGHEST WIND SPEED    15   HIGHEST WIND DIRECTION     S (170)
  HIGHEST GUST SPEED    20   HIGHEST GUST DIRECTION    SE (150)
  AVERAGE WIND SPEED     6.1


SKY COVER
  POSSIBLE SUNSHINE  MM
  AVERAGE SKY COVER 0.5


WEATHER CONDITIONS
 THE FOLLOWING WEATHER WAS RECORDED YESTERDAY.
  FOG
  FOG W/VISIBILITY <= 1/4 MILE
  HAZE


RELATIVE HUMIDITY (PERCENT)
 HIGHEST   100           400 AM
 LOWEST     69          1200 PM
 AVERAGE    85

..........................................................


THE PENSACOLA CLIMATE NORMALS FOR TODAY
                         NORMAL    RECORD    YEAR
 MAXIMUM TEMPERATURE (F)   66        82      2011
 MINIMUM TEMPERATURE (F)   48        27      1989


SUNRISE AND SUNSET
FEBRUARY 25 2017......SUNRISE   619 AM CST   SUNSET   545 PM CST
FEBRUARY 26 2017......SUNRISE   618 AM CST   SUNSET   546 PM CST


-  INDICATES NEGATIVE NUMBERS.
R  INDICATES RECORD WAS SET OR TIED.
MM INDICATES DATA IS MISSING.
T  INDICATES TRACE AMOUNT.




$$
