000
CDUS44 KMOB 200645
CLIPNS


CLIMATE REPORT
NATIONAL WEATHER SERVICE MOBILE AL
1245 AM CST FRI JAN 20 2017


...................................

...THE PENSACOLA CLIMATE SUMMARY FOR JANUARY 19 2017...

CLIMATE NORMAL PERIOD 1981 TO 2010
CLIMATE RECORD PERIOD 1879 TO 2017


WEATHER ITEM   OBSERVED TIME   RECORD YEAR NORMAL DEPARTURE LAST
                VALUE   (LST)  VALUE       VALUE  FROM      YEAR
                                                  NORMAL
..................................................................
TEMPERATURE (F)
 YESTERDAY
  MAXIMUM         78R  1216 PM  78    1950  60     18       56
  MINIMUM         66   1159 PM  10    1977  42     24       32
  AVERAGE         72                        51     21       44

PRECIPITATION (IN)
  YESTERDAY        0.71          1.98 2008   0.16   0.55     0.00
  MONTH TO DATE    9.99                      2.69   7.30     1.30
  SINCE MAR 1     65.96                     58.27   7.69    66.57
  SINCE JAN 1      9.99                      2.69   7.30     1.30

SNOWFALL (IN)
  YESTERDAY        0.0          MM      MM   0.0    0.0      0.0
  MONTH TO DATE    0.0                       0.0    0.0      0.0
  SINCE MAR 1      0.0                       0.0    0.0      0.0
  SINCE JUL 1      0.0                       0.0    0.0      0.0
  SNOW DEPTH       0

DEGREE DAYS
 HEATING
  YESTERDAY        0                        14    -14       21
  MONTH TO DATE  118                       266   -148      291
  SINCE DEC 1    312                       636   -324      408
  SINCE JUL 1    381                       848   -467      485

 COOLING
  YESTERDAY        7                         0      7        0
  MONTH TO DATE   54                         0     54        0
  SINCE DEC 1    101                        13     88       75
  SINCE JAN 1     54                         0     54        0
..................................................................


WIND (MPH)
  HIGHEST WIND SPEED    22   HIGHEST WIND DIRECTION     S (200)
  HIGHEST GUST SPEED    28   HIGHEST GUST DIRECTION    SW (220)
  AVERAGE WIND SPEED     9.6


SKY COVER
  POSSIBLE SUNSHINE  MM
  AVERAGE SKY COVER 0.9


WEATHER CONDITIONS
 THE FOLLOWING WEATHER WAS RECORDED YESTERDAY.
  THUNDERSTORM
  HEAVY RAIN
  RAIN
  LIGHT RAIN
  FOG
  FOG W/VISIBILITY <= 1/4 MILE


RELATIVE HUMIDITY (PERCENT)
 HIGHEST   100           100 AM
 LOWEST     74          1200 PM
 AVERAGE    87

..........................................................


THE PENSACOLA CLIMATE NORMALS FOR TODAY
                         NORMAL    RECORD    YEAR
 MAXIMUM TEMPERATURE (F)   61        76      1974
 MINIMUM TEMPERATURE (F)   42        11      1985


SUNRISE AND SUNSET
JANUARY 20 2017.......SUNRISE   645 AM CST   SUNSET   515 PM CST
JANUARY 21 2017.......SUNRISE   645 AM CST   SUNSET   516 PM CST


-  INDICATES NEGATIVE NUMBERS.
R  INDICATES RECORD WAS SET OR TIED.
MM INDICATES DATA IS MISSING.
T  INDICATES TRACE AMOUNT.




$$
