000
CDUS44 KMOB 180645
CLIPNS


CLIMATE REPORT
NATIONAL WEATHER SERVICE MOBILE AL
1245 AM CST SAT NOV 18 2017


...................................

...THE PENSACOLA CLIMATE SUMMARY FOR NOVEMBER 17 2017...

CLIMATE NORMAL PERIOD 1981 TO 2010
CLIMATE RECORD PERIOD 1879 TO 2017


WEATHER ITEM   OBSERVED TIME   RECORD YEAR NORMAL DEPARTURE LAST
                VALUE   (LST)  VALUE       VALUE  FROM      YEAR
                                                  NORMAL
..................................................................
TEMPERATURE (F)
 YESTERDAY
  MAXIMUM         73    204 PM  81    2013  70      3       77
                                      1978
  MINIMUM         56    550 AM  31    1997  51      5       49
                                      1920
  AVERAGE         65                        60      5       63

PRECIPITATION (IN)
  YESTERDAY        0.00          4.54 1930   0.16  -0.16     0.00
  MONTH TO DATE    0.05                      2.74  -2.69     0.36
  SINCE MAR 1     72.86                     49.04  23.82    45.85
  SINCE JAN 1     88.21                     58.73  29.48    54.50

SNOWFALL (IN)
  YESTERDAY        0.0           0.0  2002   0.0    0.0      0.0
                                      2001
                                      2000
  MONTH TO DATE    0.0                       0.0    0.0      0.0
  SINCE MAR 1      0.0                       0.0    0.0      0.0
  SINCE JUL 1      0.0                       0.0    0.0      0.0
  SNOW DEPTH       0

DEGREE DAYS
 HEATING
  YESTERDAY        0                         6     -6        2
  MONTH TO DATE   26                        74    -48       10
  SINCE SEP 1     59                       112    -53       11
  SINCE JUL 1     59                       112    -53       11

 COOLING
  YESTERDAY        0                         1     -1        0
  MONTH TO DATE   66                        33     33       60
  SINCE SEP 1    844                       616    228      878
  SINCE JAN 1   3323                      2583    740     3181
..................................................................


WIND (MPH)
  HIGHEST WIND SPEED    10   HIGHEST WIND DIRECTION     S (180)
  HIGHEST GUST SPEED    16   HIGHEST GUST DIRECTION     N (20)
  AVERAGE WIND SPEED     4.6


SKY COVER
  POSSIBLE SUNSHINE  MM
  AVERAGE SKY COVER 0.0


WEATHER CONDITIONS
 THE FOLLOWING WEATHER WAS RECORDED YESTERDAY.
  NO SIGNIFICANT WEATHER WAS OBSERVED.


RELATIVE HUMIDITY (PERCENT)
 HIGHEST    90          1100 PM
 LOWEST     53           100 PM
 AVERAGE    72

..........................................................


THE PENSACOLA CLIMATE NORMALS FOR TODAY
                         NORMAL    RECORD    YEAR
 MAXIMUM TEMPERATURE (F)   70        82      1958
 MINIMUM TEMPERATURE (F)   51        27      1951


SUNRISE AND SUNSET
NOVEMBER 18 2017......SUNRISE   617 AM CST   SUNSET   450 PM CST
NOVEMBER 19 2017......SUNRISE   618 AM CST   SUNSET   450 PM CST


-  INDICATES NEGATIVE NUMBERS.
R  INDICATES RECORD WAS SET OR TIED.
MM INDICATES DATA IS MISSING.
T  INDICATES TRACE AMOUNT.




$$
