000
CDUS44 KMOB 020645
CLIPNS


CLIMATE REPORT
NATIONAL WEATHER SERVICE MOBILE AL
1245 AM CST FRI DEC 2 2016


...................................

...THE PENSACOLA CLIMATE SUMMARY FOR DECEMBER 1 2016...

CLIMATE NORMAL PERIOD 1981 TO 2010
CLIMATE RECORD PERIOD 1879 TO 2016


WEATHER ITEM   OBSERVED TIME   RECORD YEAR NORMAL DEPARTURE LAST
                VALUE   (LST)  VALUE       VALUE  FROM      YEAR
                                                  NORMAL
..................................................................
TEMPERATURE (F)
 YESTERDAY
  MAXIMUM         66    208 PM  80    1985  66      0       78
  MINIMUM         47   1055 PM  27    1979  47      0       64
                                      1976
                                      1964
  AVERAGE         57                        56      1       71

PRECIPITATION (IN)
  YESTERDAY        0.00          1.35 1996   0.16  -0.16     0.03
  MONTH TO DATE    0.00                      0.16  -0.16     0.03
  SINCE MAR 1     46.35                     51.19  -4.84    56.97
  SINCE JAN 1     55.00                     60.88  -5.88    67.38

SNOWFALL (IN)
  YESTERDAY        0.0           0.0  2002   0.0    0.0      0.0
                                      2001
                                      2000
  MONTH TO DATE    0.0                       0.0    0.0      0.0
  SINCE MAR 1      0.0                       0.0    0.0      0.0
  SINCE JUL 1      0.0                       0.0    0.0      0.0
  SNOW DEPTH       0

DEGREE DAYS
 HEATING
  YESTERDAY        8                         9     -1        0
  MONTH TO DATE    8                         9     -1        0
  SINCE DEC 1      8                         9     -1        0
  SINCE JUL 1     77                       221   -144       77

 COOLING
  YESTERDAY        0                         1     -1        6
  MONTH TO DATE    0                         1     -1        6
  SINCE DEC 1      0                         1     -1        6
  SINCE JAN 1   3208                      2597    611     3039
..................................................................


WIND (MPH)
  HIGHEST WIND SPEED    16   HIGHEST WIND DIRECTION     N (360)
  HIGHEST GUST SPEED    21   HIGHEST GUST DIRECTION     N (360)
  AVERAGE WIND SPEED     8.9


SKY COVER
  POSSIBLE SUNSHINE  MM
  AVERAGE SKY COVER 0.0


WEATHER CONDITIONS
 THE FOLLOWING WEATHER WAS RECORDED YESTERDAY.
  NO SIGNIFICANT WEATHER WAS OBSERVED.


RELATIVE HUMIDITY (PERCENT)
 HIGHEST    71           900 PM
 LOWEST     34           400 PM
 AVERAGE    53

..........................................................


THE PENSACOLA CLIMATE NORMALS FOR TODAY
                         NORMAL    RECORD    YEAR
 MAXIMUM TEMPERATURE (F)   66        79      1982
 MINIMUM TEMPERATURE (F)   47        28      1929
                                             1910


SUNRISE AND SUNSET
DECEMBER  2 2016......SUNRISE   629 AM CST   SUNSET   448 PM CST
DECEMBER  3 2016......SUNRISE   630 AM CST   SUNSET   448 PM CST


-  INDICATES NEGATIVE NUMBERS.
R  INDICATES RECORD WAS SET OR TIED.
MM INDICATES DATA IS MISSING.
T  INDICATES TRACE AMOUNT.




$$
