000
CDUS44 KMOB 260645
CLIPNS


CLIMATE REPORT
NATIONAL WEATHER SERVICE MOBILE AL
145 AM CDT WED JUL 26 2017


...................................

...THE PENSACOLA CLIMATE SUMMARY FOR JULY 25 2017...

CLIMATE NORMAL PERIOD 1981 TO 2010
CLIMATE RECORD PERIOD 1879 TO 2017


WEATHER ITEM   OBSERVED TIME   RECORD YEAR NORMAL DEPARTURE LAST
                VALUE   (LST)  VALUE       VALUE  FROM      YEAR
                                                  NORMAL
..................................................................
TEMPERATURE (F)
 YESTERDAY
  MAXIMUM         89   1236 PM  98    1952  90     -1       91
  MINIMUM         77   1159 PM  70    1963  74      3       79
                                      1931
                                      1924
  AVERAGE         83                        82      1       85

PRECIPITATION (IN)
  YESTERDAY        0.14          2.42 1991   0.24  -0.10     0.02
  MONTH TO DATE    4.35                      5.94  -1.59     6.29
  SINCE MAR 1     38.23                     26.85  11.38    29.55
  SINCE JAN 1     53.58                     36.54  17.04    38.20

DEGREE DAYS
 COOLING
  YESTERDAY       18                        17      1       20
  MONTH TO DATE  494                       425     69      493
  SINCE JUN 1    964                       890     74     1014
  SINCE JAN 1   1760                      1338    422     1610
..................................................................


WIND (MPH)
  HIGHEST WIND SPEED    18   HIGHEST WIND DIRECTION    NW (310)
  HIGHEST GUST SPEED    25   HIGHEST GUST DIRECTION     W (270)
  AVERAGE WIND SPEED     6.5


SKY COVER
  POSSIBLE SUNSHINE  MM
  AVERAGE SKY COVER 0.2


WEATHER CONDITIONS
 THE FOLLOWING WEATHER WAS RECORDED YESTERDAY.
  THUNDERSTORM
  HEAVY RAIN
  RAIN
  LIGHT RAIN
  HAZE


RELATIVE HUMIDITY (PERCENT)
 HIGHEST    85          1200 AM
 LOWEST     63           400 PM
 AVERAGE    74

..........................................................


THE PENSACOLA CLIMATE NORMALS FOR TODAY
                         NORMAL    RECORD    YEAR
 MAXIMUM TEMPERATURE (F)   90        98      1990
 MINIMUM TEMPERATURE (F)   74        68      1927
                                             1911
                                             1890


SUNRISE AND SUNSET
JULY 26 2017..........SUNRISE   603 AM CDT   SUNSET   747 PM CDT
JULY 27 2017..........SUNRISE   604 AM CDT   SUNSET   746 PM CDT


-  INDICATES NEGATIVE NUMBERS.
R  INDICATES RECORD WAS SET OR TIED.
MM INDICATES DATA IS MISSING.
T  INDICATES TRACE AMOUNT.




$$
