000
CDUS44 KMOB 290645
CLIPNS


CLIMATE REPORT
NATIONAL WEATHER SERVICE MOBILE AL
145 AM CDT SAT AUG 29 2015


...................................

...THE PENSACOLA CLIMATE SUMMARY FOR AUGUST 28 2015...

CLIMATE NORMAL PERIOD 1981 TO 2010
CLIMATE RECORD PERIOD 1879 TO 2015


WEATHER ITEM   OBSERVED TIME   RECORD YEAR NORMAL DEPARTURE LAST
                VALUE   (LST)  VALUE       VALUE  FROM      YEAR
                                                  NORMAL
..................................................................
TEMPERATURE (F)
 YESTERDAY
  MAXIMUM         88    316 PM  97    2011  89     -1       91
                                      1951
  MINIMUM         69    552 AM  67    1918  74     -5       72
  AVERAGE         79                        82     -3       82

PRECIPITATION (IN)
  YESTERDAY        T             2.66 1895   0.18  -0.18     0.00
  MONTH TO DATE    6.68                      6.19   0.49     1.36
  SINCE MAR 1     35.27                     34.51   0.76    57.41
  SINCE JAN 1     45.68                     44.20   1.48    68.74

DEGREE DAYS
 COOLING
  YESTERDAY       14                        16     -2       17
  MONTH TO DATE  493                       475     18      478
  SINCE JUN 1   1587                      1473    114     1451
  SINCE JAN 1   2240                      1921    319     1902
..................................................................


WIND (MPH)
  HIGHEST WIND SPEED    12   HIGHEST WIND DIRECTION     S (170)
  HIGHEST GUST SPEED    16   HIGHEST GUST DIRECTION     S (170)
  AVERAGE WIND SPEED     5.0


SKY COVER
  POSSIBLE SUNSHINE  MM
  AVERAGE SKY COVER 0.1


WEATHER CONDITIONS
 THE FOLLOWING WEATHER WAS RECORDED YESTERDAY.
  THUNDERSTORM


RELATIVE HUMIDITY (PERCENT)
 HIGHEST    90           200 AM
 LOWEST     50          1100 AM
 AVERAGE    70

..........................................................


THE PENSACOLA CLIMATE NORMALS FOR TODAY
                         NORMAL    RECORD    YEAR
 MAXIMUM TEMPERATURE (F)   89       101      1954
 MINIMUM TEMPERATURE (F)   74        65      1992
                                             1968


SUNRISE AND SUNSET
AUGUST 29 2015........SUNRISE   624 AM CDT   SUNSET   715 PM CDT
AUGUST 30 2015........SUNRISE   624 AM CDT   SUNSET   714 PM CDT


-  INDICATES NEGATIVE NUMBERS.
R  INDICATES RECORD WAS SET OR TIED.
MM INDICATES DATA IS MISSING.
T  INDICATES TRACE AMOUNT.




$$
