000
CDUS44 KMOB 190635
CLIPNS


CLIMATE REPORT
NATIONAL WEATHER SERVICE MOBILE AL
1225 AM CST FRI JAN 19 2018


...................................

...THE PENSACOLA CLIMATE SUMMARY FOR JANUARY 18 2018...

CLIMATE NORMAL PERIOD 1981 TO 2010
CLIMATE RECORD PERIOD 1879 TO 2018


WEATHER ITEM   OBSERVED TIME   RECORD YEAR NORMAL DEPARTURE LAST
                VALUE   (LST)  VALUE       VALUE  FROM      YEAR
                                                  NORMAL
..................................................................
TEMPERATURE (F)
 YESTERDAY
  MAXIMUM         47    414 PM  79    1952  60    -13       78
  MINIMUM         21    711 AM  19    1948  42    -21       64
  AVERAGE         34                        51    -17       71

PRECIPITATION (IN)
  YESTERDAY        0.00          2.46 1925   0.15  -0.15     0.00
  MONTH TO DATE    1.30                      2.53  -1.23     9.28
  SINCE MAR 1     77.86                     58.11  19.75    65.25
  SINCE JAN 1      1.30                      2.53  -1.23     9.28

SNOWFALL (IN)
  YESTERDAY        0.0          MM      MM   0.0    0.0      0.0
  MONTH TO DATE    T                         0.0    0.0      0.0
  SINCE MAR 1      T                         0.0    0.0      0.0
  SINCE JUL 1      T                         0.0    0.0      0.0
  SNOW DEPTH       0

DEGREE DAYS
 HEATING
  YESTERDAY       31                        14     17        0
  MONTH TO DATE  364                       252    112      118
  SINCE DEC 1    685                       622     63      312
  SINCE JUL 1    820                       834    -14      381

 COOLING
  YESTERDAY        0                         0      0        6
  MONTH TO DATE    0                         0      0       47
  SINCE DEC 1     37                        13     24       94
  SINCE JAN 1      0                         0      0       47
..................................................................


WIND (MPH)
  HIGHEST WIND SPEED    15   HIGHEST WIND DIRECTION    NW (330)
  HIGHEST GUST SPEED    20   HIGHEST GUST DIRECTION     N (350)
  AVERAGE WIND SPEED     8.6


SKY COVER
  POSSIBLE SUNSHINE  MM
  AVERAGE SKY COVER 0.0


WEATHER CONDITIONS
 THE FOLLOWING WEATHER WAS RECORDED YESTERDAY.
  NO SIGNIFICANT WEATHER WAS OBSERVED.


RELATIVE HUMIDITY (PERCENT)
 HIGHEST    68           500 AM
 LOWEST     25           100 PM
 AVERAGE    47

..........................................................


THE PENSACOLA CLIMATE NORMALS FOR TODAY
                         NORMAL    RECORD    YEAR
 MAXIMUM TEMPERATURE (F)   60        78      2017
                                             1950
 MINIMUM TEMPERATURE (F)   42        10      1977


SUNRISE AND SUNSET
JANUARY 19 2018.......SUNRISE   645 AM CST   SUNSET   514 PM CST
JANUARY 20 2018.......SUNRISE   645 AM CST   SUNSET   515 PM CST


-  INDICATES NEGATIVE NUMBERS.
R  INDICATES RECORD WAS SET OR TIED.
MM INDICATES DATA IS MISSING.
T  INDICATES TRACE AMOUNT.




$$
