000
CDUS44 KMOB 272349
CLIPNS


CLIMATE REPORT
NATIONAL WEATHER SERVICE MOBILE AL
546 PM CST TUE JAN 27 2015


...................................

...THE PENSACOLA CLIMATE SUMMARY FOR JANUARY 27 2015...
VALID TODAY AS OF 0500 PM LOCAL TIME.

CLIMATE NORMAL PERIOD 1981 TO 2010
CLIMATE RECORD PERIOD 1879 TO 2015


WEATHER ITEM   OBSERVED TIME   RECORD YEAR NORMAL DEPARTURE LAST
                VALUE   (LST)  VALUE       VALUE  FROM      YEAR
                                                  NORMAL
..................................................................
TEMPERATURE (F)
 TODAY
  MAXIMUM         68    256 PM  79    1954  61      7       65
  MINIMUM         42   1201 AM  14    1940  43     -1       49
  AVERAGE         55                        52      3       57

PRECIPITATION (IN)
  TODAY            0.00          1.57 1985   0.16  -0.16     0.21
  MONTH TO DATE    6.47                      3.97   2.50     2.97
  SINCE MAR 1     78.31                     59.55  18.76    63.31
  SINCE JAN 1      6.47                      3.97   2.50     2.97

DEGREE DAYS
 HEATING
  TODAY           10                        13     -3        8
  MONTH TO DATE  376                       376      0      463
  SINCE DEC 1    649                       746    -97      753
  SINCE JUL 1    976                       958     18      958
..................................................................


WIND (MPH)
  HIGHEST WIND SPEED    18   HIGHEST WIND DIRECTION    NW (320)
  HIGHEST GUST SPEED    24   HIGHEST GUST DIRECTION    NW (330)
  AVERAGE WIND SPEED    10.9


SKY COVER
  POSSIBLE SUNSHINE  MM
  AVERAGE SKY COVER 0.0


WEATHER CONDITIONS
 THE FOLLOWING WEATHER WAS RECORDED TODAY.
  NO SIGNIFICANT WEATHER WAS OBSERVED.


RELATIVE HUMIDITY (PERCENT)
 HIGHEST    70          1200 AM
 LOWEST     27           300 PM
 AVERAGE    49

..........................................................


THE PENSACOLA CLIMATE NORMALS FOR TOMORROW
                         NORMAL    RECORD    YEAR
 MAXIMUM TEMPERATURE (F)   61        79      1974
 MINIMUM TEMPERATURE (F)   43        17      1897


SUNRISE AND SUNSET
JANUARY 27 2015.......SUNRISE   643 AM CST   SUNSET   521 PM CST
JANUARY 28 2015.......SUNRISE   642 AM CST   SUNSET   522 PM CST


-  INDICATES NEGATIVE NUMBERS.
R  INDICATES RECORD WAS SET OR TIED.
MM INDICATES DATA IS MISSING.
T  INDICATES TRACE AMOUNT.




$$
