000
CDUS41 KALY 290622
CLIPOU


CLIMATE REPORT
NATIONAL WEATHER SERVICE ALBANY NY
221 AM EDT SUN MAY 29 2016


...................................

...THE POUGHKEEPSIE NY CLIMATE SUMMARY FOR MAY 28 2016...

CLIMATE NORMAL PERIOD 1981 TO 2010
CLIMATE RECORD PERIOD 1949 TO 2016


WEATHER ITEM   OBSERVED TIME   RECORD YEAR NORMAL DEPARTURE LAST
                VALUE   (LST)  VALUE       VALUE  FROM      YEAR
                                                  NORMAL
..................................................................
TEMPERATURE (F)
 YESTERDAY
  MAXIMUM         94R   404 PM  90    2012  75     19       88
  MINIMUM         66    443 AM  32    1949  50     16       60
  AVERAGE         80                        62     18       74

PRECIPITATION (IN)
  YESTERDAY        0.00          1.13 1984   0.15  -0.15     0.00
  MONTH TO DATE    2.82                      3.94  -1.12     1.41
  SINCE MAR 1      6.09                     11.29  -5.20     5.81
  SINCE JAN 1     11.77                     17.03  -5.26    10.11

DEGREE DAYS
 HEATING
  YESTERDAY        0                         4     -4        0
  MONTH TO DATE  184                       211    -27       94
  SINCE MAR 1   1237                      1579   -342     1560
  SINCE JUL 1   4769                      6150  -1381     6245

 COOLING
  YESTERDAY       15                         2     13        9
  MONTH TO DATE   41                        26     15      100
  SINCE MAR 1     45                        31     14      100
  SINCE JAN 1     45                        31     14      100
..................................................................


WIND (MPH)
  HIGHEST WIND SPEED    15   HIGHEST WIND DIRECTION    SW (230)
  HIGHEST GUST SPEED    20   HIGHEST GUST DIRECTION    SW (230)
  AVERAGE WIND SPEED     3.8


SKY COVER
  AVERAGE SKY COVER 0.1



RELATIVE HUMIDITY (PERCENT)
 HIGHEST    93           300 AM
 LOWEST     36           400 PM
 AVERAGE    65

..........................................................


THE POUGHKEEPSIE NY CLIMATE NORMALS FOR TODAY
                         NORMAL    RECORD    YEAR
 MAXIMUM TEMPERATURE (F)   75        96      1969
 MINIMUM TEMPERATURE (F)   51        35      2008


SUNRISE AND SUNSET
MAY 29 2016...........SUNRISE   525 AM EDT   SUNSET   821 PM EDT
MAY 30 2016...........SUNRISE   524 AM EDT   SUNSET   822 PM EDT


-  INDICATES NEGATIVE NUMBERS.
R  INDICATES RECORD WAS SET OR TIED.
MM INDICATES DATA IS MISSING.
T  INDICATES TRACE AMOUNT.




RECORDS FOR KPOU DATE BACK TO 1949...
HOWEVER...DATA IS MISSING FROM JANUARY 1993 - JULY 2000.
$$
