000
CDUS41 KALY 190622
CLIPOU


CLIMATE REPORT
NATIONAL WEATHER SERVICE ALBANY NY
222 AM EDT THU OCT 19 2017


...................................

...THE POUGHKEEPSIE NY CLIMATE SUMMARY FOR OCTOBER 18 2017...

CLIMATE NORMAL PERIOD 1981 TO 2010
CLIMATE RECORD PERIOD 1949 TO 2017


WEATHER ITEM   OBSERVED TIME   RECORD YEAR NORMAL DEPARTURE LAST
                VALUE   (LST)  VALUE       VALUE  FROM      YEAR
                                                  NORMAL
..................................................................
TEMPERATURE (F)
 YESTERDAY
  MAXIMUM         71    401 PM  84    2016  62      9       84
  MINIMUM         39    241 AM  21    1978  38      1       52
  AVERAGE         55                        50      5       68

PRECIPITATION (IN)
  YESTERDAY        0.00          1.48 1975   0.15  -0.15     0.00
  MONTH TO DATE    1.23                      2.69  -1.46     0.04
  SINCE SEP 1      2.98                      6.97  -3.99     0.97
  SINCE JAN 1     32.08                     37.75  -5.67    23.29

DEGREE DAYS
 HEATING
  YESTERDAY       10                        15     -5        0
  MONTH TO DATE  109                       216   -107      182
  SINCE SEP 1    202                       339   -137      253
  SINCE JUL 1    222                       356   -134      255

 COOLING
  YESTERDAY        0                         0      0        3
  MONTH TO DATE   27                         0     27        4
  SINCE SEP 1    141                        64     77      111
  SINCE JAN 1    715                       668     47     1053
..................................................................


WIND (MPH)
  HIGHEST WIND SPEED     9   HIGHEST WIND DIRECTION    SW (220)
  HIGHEST GUST SPEED    14   HIGHEST GUST DIRECTION     W (250)
  AVERAGE WIND SPEED     2.8


SKY COVER
  AVERAGE SKY COVER 0.0



RELATIVE HUMIDITY (PERCENT)
 HIGHEST    93           900 PM
 LOWEST     41           300 PM
 AVERAGE    67

..........................................................


THE POUGHKEEPSIE NY CLIMATE NORMALS FOR TODAY
                         NORMAL    RECORD    YEAR
 MAXIMUM TEMPERATURE (F)   62        83      1963
 MINIMUM TEMPERATURE (F)   38        21      2015
                                             1974


SUNRISE AND SUNSET
OCTOBER 19 2017.......SUNRISE   712 AM EDT   SUNSET   608 PM EDT
OCTOBER 20 2017.......SUNRISE   714 AM EDT   SUNSET   606 PM EDT


-  INDICATES NEGATIVE NUMBERS.
R  INDICATES RECORD WAS SET OR TIED.
MM INDICATES DATA IS MISSING.
T  INDICATES TRACE AMOUNT.




RECORDS FOR KPOU DATE BACK TO 1949...
HOWEVER...DATA IS MISSING FROM JANUARY 1993 - JULY 2000.
$$
