000
CDUS41 KALY 140719
CLIPOU


CLIMATE REPORT
NATIONAL WEATHER SERVICE ALBANY NY
218 AM EST THU DEC 14 2017


...................................

...THE POUGHKEEPSIE NY CLIMATE SUMMARY FOR DECEMBER 13 2017...

CLIMATE NORMAL PERIOD 1981 TO 2010
CLIMATE RECORD PERIOD 1949 TO 2017


WEATHER ITEM   OBSERVED TIME   RECORD YEAR NORMAL DEPARTURE LAST
                VALUE   (LST)  VALUE       VALUE  FROM      YEAR
                                                  NORMAL
..................................................................
TEMPERATURE (F)
 YESTERDAY
  MAXIMUM         26    341 PM  61    1984  41    -15       40
  MINIMUM         18    807 AM   1    1988  23     -5       22
                                      1982
  AVERAGE         22                        32    -10       31

PRECIPITATION (IN)
  YESTERDAY        0.00          2.74 1983   0.12  -0.12     0.00
  MONTH TO DATE    0.67                      1.56  -0.89     1.16
  SINCE DEC 1      0.67                      1.56  -0.89     1.16
  SINCE JAN 1     36.21                     44.56  -8.35    31.68

DEGREE DAYS
 HEATING
  YESTERDAY       43                        33     10       34
  MONTH TO DATE  399                       401     -2      397
  SINCE DEC 1    399                       401     -2      397
  SINCE JUL 1   1482                      1679   -197     1543

 COOLING
  YESTERDAY        0                         0      0        0
  MONTH TO DATE    0                         0      0        0
  SINCE DEC 1      0                         0      0        0
  SINCE JAN 1    718                       672     46     1053
..................................................................


WIND (MPH)
  HIGHEST WIND SPEED    28   HIGHEST WIND DIRECTION     W (260)
  HIGHEST GUST SPEED    43   HIGHEST GUST DIRECTION     W (250)
  AVERAGE WIND SPEED    13.8


SKY COVER
  AVERAGE SKY COVER 0.4



RELATIVE HUMIDITY (PERCENT)
 HIGHEST    54           600 AM
 LOWEST     36           700 PM
 AVERAGE    45

..........................................................


THE POUGHKEEPSIE NY CLIMATE NORMALS FOR TODAY
                         NORMAL    RECORD    YEAR
 MAXIMUM TEMPERATURE (F)   41        64      2015
 MINIMUM TEMPERATURE (F)   23        -6      1960


SUNRISE AND SUNSET
DECEMBER 14 2017......SUNRISE   715 AM EST   SUNSET   426 PM EST
DECEMBER 15 2017......SUNRISE   715 AM EST   SUNSET   426 PM EST


-  INDICATES NEGATIVE NUMBERS.
R  INDICATES RECORD WAS SET OR TIED.
MM INDICATES DATA IS MISSING.
T  INDICATES TRACE AMOUNT.




RECORDS FOR KPOU DATE BACK TO 1949...
HOWEVER...DATA IS MISSING FROM JANUARY 1993 - JULY 2000.
$$
