000
CDUS41 KALY 232052
CLIPOU


CLIMATE REPORT
NATIONAL WEATHER SERVICE ALBANY NY
451 PM EDT FRI JUN 23 2017


...................................

...THE POUGHKEEPSIE NY CLIMATE SUMMARY FOR JUNE 23 2017...
VALID TODAY AS OF 0400 PM LOCAL TIME.

CLIMATE NORMAL PERIOD 1981 TO 2010
CLIMATE RECORD PERIOD 1949 TO 2017


WEATHER ITEM   OBSERVED TIME   RECORD YEAR NORMAL DEPARTURE LAST
                VALUE   (LST)  VALUE       VALUE  FROM      YEAR
                                                  NORMAL
..................................................................
TEMPERATURE (F)
 TODAY
  MAXIMUM         85   1230 PM  94    1965  82      3       86
  MINIMUM         67    124 AM  40    1992  58      9       52
  AVERAGE         76                        70      6       69

PRECIPITATION (IN)
  TODAY            0.01          0.89 2001   0.13  -0.12     0.00
  MONTH TO DATE    2.61                      3.51  -0.90     1.23
  SINCE JUN 1      2.61                      3.51  -0.90     1.23
  SINCE JAN 1     19.17                     21.01  -1.84    13.39

DEGREE DAYS
 HEATING
  TODAY            0                         1     -1        0
  MONTH TO DATE   50                        45      5        8
  SINCE JUN 1     50                        45      5        8
  SINCE JUL 1   5714                      6207   -493     4777

 COOLING
  TODAY           11                         5      6        4
  MONTH TO DATE  102                        84     18      110
  SINCE JUN 1    102                        84     18      110
  SINCE JAN 1    150                       120     30      191
..................................................................


WIND (MPH)
  HIGHEST WIND SPEED    14   HIGHEST WIND DIRECTION    SW (230)
  HIGHEST GUST SPEED    20   HIGHEST GUST DIRECTION     S (200)
  AVERAGE WIND SPEED     3.7


SKY COVER
  AVERAGE SKY COVER 0.4



RELATIVE HUMIDITY (PERCENT)
 HIGHEST    90           500 AM
 LOWEST     63           100 PM
 AVERAGE    77

..........................................................


THE POUGHKEEPSIE NY CLIMATE NORMALS FOR TOMORROW
                         NORMAL    RECORD    YEAR
 MAXIMUM TEMPERATURE (F)   82        94      2013
 MINIMUM TEMPERATURE (F)   58        42      2007


SUNRISE AND SUNSET
JUNE 23 2017..........SUNRISE   522 AM EDT   SUNSET   834 PM EDT
JUNE 24 2017..........SUNRISE   522 AM EDT   SUNSET   834 PM EDT


-  INDICATES NEGATIVE NUMBERS.
R  INDICATES RECORD WAS SET OR TIED.
MM INDICATES DATA IS MISSING.
T  INDICATES TRACE AMOUNT.




RECORDS FOR KPOU DATE BACK TO 1949...
HOWEVER...DATA IS MISSING FROM JANUARY 1993 - JULY 2000.
$$
