000
CDUS46 KLOX 290901
CLIPRB


CLIMATE REPORT
NATIONAL WEATHER SERVICE LOS ANGELES/OXNARD CA
201 AM PDT FRI APR 29 2016


...................................

...THE PASO ROBLES AIRPORT CA CLIMATE SUMMARY FOR APRIL 28 2016...

CLIMATE NORMAL PERIOD 1981 TO 2010
CLIMATE RECORD PERIOD 1948 TO 2016


WEATHER ITEM   OBSERVED TIME   RECORD YEAR NORMAL DEPARTURE LAST
                VALUE   (LST)  VALUE       VALUE  FROM      YEAR
                                                  NORMAL
..................................................................
TEMPERATURE (F)
 YESTERDAY
  MAXIMUM         77    358 PM  98    2007  76      1       94
  MINIMUM         46    604 AM  29    1970  43      3       48
  AVERAGE         62                        60      2       71

PRECIPITATION (IN)
  YESTERDAY        0.00          0.45 1951   0.01  -0.01     0.00
  MONTH TO DATE    0.16                      0.65  -0.49     0.43
  SINCE OCT 1      8.06                     12.14  -4.08     8.48
  SINCE JAN 1      6.00                      8.48  -2.48     2.76

SNOWFALL (IN)
  YESTERDAY        0.0
  MONTH TO DATE    0.0
  SINCE MAR 1      0.0
  SINCE JUL 1      0.0

DEGREE DAYS
 HEATING
  YESTERDAY        3                         6     -3        0
  MONTH TO DATE  115                       241   -126      166
  SINCE MAR 1    394                       607   -213      328
  SINCE JUL 1   2181                      2700   -519     1688

 COOLING
  YESTERDAY        0                         1     -1        6
  MONTH TO DATE    5                         2      3        7
  SINCE MAR 1      5                         2      3       28
  SINCE JAN 1      5                         2      3       28
..................................................................


WIND (MPH)
  HIGHEST WIND SPEED    26   HIGHEST WIND DIRECTION     N (340)
  HIGHEST GUST SPEED    31   HIGHEST GUST DIRECTION     N (340)
  AVERAGE WIND SPEED    11.4


SKY COVER
  POSSIBLE SUNSHINE  MM
  AVERAGE SKY COVER 0.3


WEATHER CONDITIONS
 THE FOLLOWING WEATHER WAS RECORDED YESTERDAY.
  NO SIGNIFICANT WEATHER WAS OBSERVED.


RELATIVE HUMIDITY (PERCENT)
 HIGHEST    82           500 AM
 LOWEST     26           300 PM
 AVERAGE    54

..........................................................


THE PASO ROBLES AIRPORT CA CLIMATE NORMALS FOR TODAY
                         NORMAL    RECORD    YEAR
 MAXIMUM TEMPERATURE (F)   76        97      1981
 MINIMUM TEMPERATURE (F)   43        27      1970


SUNRISE AND SUNSET
APRIL 29 2016.........SUNRISE   612 AM PDT   SUNSET   748 PM PDT
APRIL 30 2016.........SUNRISE   611 AM PDT   SUNSET   749 PM PDT


-  INDICATES NEGATIVE NUMBERS.
R  INDICATES RECORD WAS SET OR TIED.
MM INDICATES DATA IS MISSING.
T  INDICATES TRACE AMOUNT.




$$
