000
CDUS46 KLOX 290857
CLIPRB


CLIMATE REPORT
NATIONAL WEATHER SERVICE LOS ANGELES/OXNARD CA
157 AM PDT FRI MAY 29 2015


...................................

...THE PASO ROBLES AIRPORT CA CLIMATE SUMMARY FOR MAY 28 2015...

CLIMATE NORMAL PERIOD 1981 TO 2010
CLIMATE RECORD PERIOD 1948 TO 2015


WEATHER ITEM   OBSERVED TIME   RECORD YEAR NORMAL DEPARTURE LAST
                VALUE   (LST)  VALUE       VALUE  FROM      YEAR
                                                  NORMAL
..................................................................
TEMPERATURE (F)
 YESTERDAY
  MAXIMUM         93    323 PM 101    2000  83     10       91
                                      1973
  MINIMUM         50    230 AM  39    2008  48      2       50
  AVERAGE         72                        66      6       71

PRECIPITATION (IN)
  YESTERDAY        0.00          0.17 1998   0.00   0.00     0.00
  MONTH TO DATE    0.15                      0.25  -0.10      T
  SINCE OCT 1      8.63                     12.42  -3.79     4.92
  SINCE JAN 1      2.91                      8.76  -5.85     4.46

SNOWFALL (IN)
  YESTERDAY        0.0
  MONTH TO DATE    0.0
  SINCE MAR 1      0.0
  SINCE JUL 1      0.0

DEGREE DAYS
 HEATING
  YESTERDAY        0                         2     -2        0
  MONTH TO DATE  115                       102     13       31
  SINCE MAR 1    443                       721   -278      401
  SINCE JUL 1   1803                      2814  -1011     2106

 COOLING
  YESTERDAY        7                         3      4        6
  MONTH TO DATE   18                        50    -32      126
  SINCE MAR 1     58                        59     -1      144
  SINCE JAN 1     58                        59     -1      144
..................................................................


WIND (MPH)
  HIGHEST WIND SPEED    20   HIGHEST WIND DIRECTION    NW (310)
  HIGHEST GUST SPEED    24   HIGHEST GUST DIRECTION    NW (300)
  AVERAGE WIND SPEED     7.6


SKY COVER
  POSSIBLE SUNSHINE  MM
  AVERAGE SKY COVER 0.3


WEATHER CONDITIONS
 THE FOLLOWING WEATHER WAS RECORDED YESTERDAY.
  FOG


RELATIVE HUMIDITY (PERCENT)
 HIGHEST    89           200 AM
 LOWEST     14           200 PM
 AVERAGE    52

..........................................................


THE PASO ROBLES AIRPORT CA CLIMATE NORMALS FOR TODAY
                         NORMAL    RECORD    YEAR
 MAXIMUM TEMPERATURE (F)   84       102      1984
 MINIMUM TEMPERATURE (F)   48        40      2010
                                             1980


SUNRISE AND SUNSET
MAY 29 2015...........SUNRISE   549 AM PDT   SUNSET   811 PM PDT
MAY 30 2015...........SUNRISE   549 AM PDT   SUNSET   812 PM PDT


-  INDICATES NEGATIVE NUMBERS.
R  INDICATES RECORD WAS SET OR TIED.
MM INDICATES DATA IS MISSING.
T  INDICATES TRACE AMOUNT.




$$
