000
CDUS46 KLOX 300119
CLIPRB


CLIMATE REPORT
NATIONAL WEATHER SERVICE LOS ANGELES/OXNARD CA
618 PM PDT SAT AUG 29 2015


...................................

...THE PASO ROBLES AIRPORT CA CLIMATE SUMMARY FOR AUGUST 29 2015...
VALID TODAY AS OF 0600 PM LOCAL TIME.

CLIMATE NORMAL PERIOD 1981 TO 2010
CLIMATE RECORD PERIOD 1948 TO 2015


WEATHER ITEM   OBSERVED TIME   RECORD YEAR NORMAL DEPARTURE LAST
                VALUE   (LST)  VALUE       VALUE  FROM      YEAR
                                                  NORMAL
..................................................................
TEMPERATURE (F)
 TODAY
  MAXIMUM         96    300 PM 109    1998  92      4      102
  MINIMUM         61    549 AM  44    1964  53      8       58
  AVERAGE         79                        72      7       80

PRECIPITATION (IN)
  TODAY            0.00          0.00   MM   0.00   0.00     0.00
  MONTH TO DATE    0.00                      0.10  -0.10     0.00
  SINCE OCT 1     10.98                     12.55  -1.57     4.92
  SINCE JAN 1      5.26                      8.89  -3.63     4.46

SNOWFALL (IN)
  TODAY            0.0
  MONTH TO DATE    0.0
  SINCE JUN 1      0.0
  SINCE JUL 1      0.0

DEGREE DAYS
 HEATING
  TODAY            0                         0      0        0
  MONTH TO DATE    0                         0      0        0
  SINCE JUN 1      8                        31    -23       11
  SINCE JUL 1      0                         4     -4        0

 COOLING
  TODAY           14                         7      7       15
  MONTH TO DATE  303                       244     59      249
  SINCE JUN 1    849                       653    196      825
  SINCE JAN 1    920                       721    199      978
..................................................................


WIND (MPH)
  HIGHEST WIND SPEED    18   HIGHEST WIND DIRECTION     S (200)
  HIGHEST GUST SPEED    22   HIGHEST GUST DIRECTION     S (200)
  AVERAGE WIND SPEED     5.8


SKY COVER
  POSSIBLE SUNSHINE  MM
  AVERAGE SKY COVER 0.0


WEATHER CONDITIONS
 THE FOLLOWING WEATHER WAS RECORDED TODAY.
  NO SIGNIFICANT WEATHER WAS OBSERVED.


RELATIVE HUMIDITY (PERCENT)
 HIGHEST    87           700 AM
 LOWEST     23           100 PM
 AVERAGE    55

..........................................................


THE PASO ROBLES AIRPORT CA CLIMATE NORMALS FOR TOMORROW
                         NORMAL    RECORD    YEAR
 MAXIMUM TEMPERATURE (F)   92       110      1998
 MINIMUM TEMPERATURE (F)   53        43      1957


SUNRISE AND SUNSET
AUGUST 29 2015........SUNRISE   632 AM PDT   SUNSET   734 PM PDT
AUGUST 30 2015........SUNRISE   633 AM PDT   SUNSET   733 PM PDT


-  INDICATES NEGATIVE NUMBERS.
R  INDICATES RECORD WAS SET OR TIED.
MM INDICATES DATA IS MISSING.
T  INDICATES TRACE AMOUNT.




$$
