000
CDUS46 KLOX 241215
CLIPRB


CLIMATE REPORT
NATIONAL WEATHER SERVICE LOS ANGELES/OXNARD CA
515 AM PDT FRI OCT 24 2014


...................................

...THE PASO ROBLES AIRPORT CA CLIMATE SUMMARY FOR OCTOBER 23 2014...

CLIMATE NORMAL PERIOD 1981 TO 2010
CLIMATE RECORD PERIOD 1948 TO 2014


WEATHER ITEM   OBSERVED TIME   RECORD YEAR NORMAL DEPARTURE LAST
                VALUE   (LST)  VALUE       VALUE  FROM      YEAR
                                                  NORMAL
..................................................................
TEMPERATURE (F)
 YESTERDAY
  MAXIMUM         83    338 PM  97    1959  77      6       86
  MINIMUM         43    628 AM  29    1961  43      0       42
  AVERAGE         63                        60      3       64

PRECIPITATION (IN)
  YESTERDAY        0.00          0.33 1989   0.03  -0.03     0.00
  MONTH TO DATE    0.00                      0.38  -0.38     0.02
  SINCE JUL 1      T                         0.71  -0.71     0.02
  SINCE JAN 1      4.46                      9.50  -5.04     1.48

SNOWFALL (IN)
  YESTERDAY        0.0
  MONTH TO DATE    0.0
  SINCE SEP 1      0.0
  SINCE JUL 1      0.0

DEGREE DAYS
 HEATING
  YESTERDAY        2                         6     -4        1
  MONTH TO DATE   16                        83    -67       84
  SINCE SEP 1     17                       107    -90       95
  SINCE JUL 1     17                       115    -98       95

 COOLING
  YESTERDAY        0                         0      0        0
  MONTH TO DATE  103                        34     69        5
  SINCE SEP 1    348                       192    156      199
  SINCE JAN 1   1355                       925    430     1173
..................................................................


WIND (MPH)
  HIGHEST WIND SPEED    14   HIGHEST WIND DIRECTION     E (100)
  HIGHEST GUST SPEED    18   HIGHEST GUST DIRECTION    SE (130)
  AVERAGE WIND SPEED     3.4


SKY COVER
  POSSIBLE SUNSHINE  MM
  AVERAGE SKY COVER 0.0


WEATHER CONDITIONS
 THE FOLLOWING WEATHER WAS RECORDED YESTERDAY.
  NO SIGNIFICANT WEATHER WAS OBSERVED.


RELATIVE HUMIDITY (PERCENT)
 HIGHEST    70           700 AM
 LOWEST     22           200 PM
 AVERAGE    46

..........................................................


THE PASO ROBLES AIRPORT CA CLIMATE NORMALS FOR TODAY
                         NORMAL    RECORD    YEAR
 MAXIMUM TEMPERATURE (F)   76       100      1959
 MINIMUM TEMPERATURE (F)   43        27      1975


SUNRISE AND SUNSET
OCTOBER 24 2014.......SUNRISE   717 AM PDT   SUNSET   616 PM PDT
OCTOBER 25 2014.......SUNRISE   718 AM PDT   SUNSET   615 PM PDT


-  INDICATES NEGATIVE NUMBERS.
R  INDICATES RECORD WAS SET OR TIED.
MM INDICATES DATA IS MISSING.
T  INDICATES TRACE AMOUNT.




$$
