000
CDUS46 KLOX 260901
CLIPRB


CLIMATE REPORT
NATIONAL WEATHER SERVICE LOS ANGELES/OXNARD CA
101 AM PST FRI DEC 26 2014


...................................

...THE PASO ROBLES AIRPORT CA CLIMATE SUMMARY FOR DECEMBER 25 2014...

CLIMATE NORMAL PERIOD 1981 TO 2010
CLIMATE RECORD PERIOD 1948 TO 2014


WEATHER ITEM   OBSERVED TIME   RECORD YEAR NORMAL DEPARTURE LAST
                VALUE   (LST)  VALUE       VALUE  FROM      YEAR
                                                  NORMAL
..................................................................
TEMPERATURE (F)
 YESTERDAY
  MAXIMUM         56    328 PM  75    1980  59     -3       73
  MINIMUM         35   1134 PM  13    1990  33      2       29
  AVERAGE         46                        46      0       51

PRECIPITATION (IN)
  YESTERDAY        0.00          0.70 1971   0.07  -0.07     0.00
  MONTH TO DATE    4.45                      1.53   2.92     0.17
  SINCE JUL 1      5.67                      3.51   2.16     0.46
  SINCE JAN 1     10.13                     12.30  -2.17     1.92

SNOWFALL (IN)
  YESTERDAY        0.0
  MONTH TO DATE    0.0
  SINCE DEC 1      0.0
  SINCE JUL 1      0.0

DEGREE DAYS
 HEATING
  YESTERDAY       19                        19      0       14
  MONTH TO DATE  256                       462   -206      491
  SINCE DEC 1    256                       462   -206      491
  SINCE JUL 1    535                      1011   -476      943

 COOLING
  YESTERDAY        0                         0      0        0
  MONTH TO DATE    0                         0      0        0
  SINCE DEC 1      0                         0      0        0
  SINCE JAN 1   1357                       927    430     1173
..................................................................


WIND (MPH)
  HIGHEST WIND SPEED    20   HIGHEST WIND DIRECTION    NW (330)
  HIGHEST GUST SPEED    25   HIGHEST GUST DIRECTION     N (340)
  AVERAGE WIND SPEED     9.7


SKY COVER
  POSSIBLE SUNSHINE  MM
  AVERAGE SKY COVER 0.0


WEATHER CONDITIONS
 THE FOLLOWING WEATHER WAS RECORDED YESTERDAY.
  NO SIGNIFICANT WEATHER WAS OBSERVED.


RELATIVE HUMIDITY (PERCENT)
 HIGHEST    76          1200 AM
 LOWEST     43           200 PM
 AVERAGE    60

..........................................................


THE PASO ROBLES AIRPORT CA CLIMATE NORMALS FOR TODAY
                         NORMAL    RECORD    YEAR
 MAXIMUM TEMPERATURE (F)   59        78      2013
 MINIMUM TEMPERATURE (F)   33        17      1990


SUNRISE AND SUNSET
DECEMBER 26 2014......SUNRISE   711 AM PST   SUNSET   456 PM PST
DECEMBER 27 2014......SUNRISE   711 AM PST   SUNSET   456 PM PST


-  INDICATES NEGATIVE NUMBERS.
R  INDICATES RECORD WAS SET OR TIED.
MM INDICATES DATA IS MISSING.
T  INDICATES TRACE AMOUNT.




$$
