000
CDUS46 KLOX 200140
CLIPRB


CLIMATE REPORT
NATIONAL WEATHER SERVICE LOS ANGELES/OXNARD CA
640 PM PDT THU OCT 19 2017


...................................

...THE PASO ROBLES AIRPORT CA CLIMATE SUMMARY FOR OCTOBER 19 2017...
VALID TODAY AS OF 0600 PM LOCAL TIME.

CLIMATE NORMAL PERIOD 1981 TO 2010
CLIMATE RECORD PERIOD 1948 TO 2017


WEATHER ITEM   OBSERVED TIME   RECORD YEAR NORMAL DEPARTURE LAST
                VALUE   (LST)  VALUE       VALUE  FROM      YEAR
                                                  NORMAL
..................................................................
TEMPERATURE (F)
 TODAY
  MAXIMUM         83    304 PM  99    1984  78      5       82
  MINIMUM         38    520 AM  27    1949  44     -6       38
  AVERAGE         61                        61      0       60

PRECIPITATION (IN)
  TODAY            0.00          1.86 2004   0.02  -0.02     0.00
  MONTH TO DATE    T                         0.29  -0.29     0.15
  SINCE OCT 1      T                         0.29  -0.29     0.15
  SINCE JAN 1     12.49                      9.41   3.08     6.15

SNOWFALL (IN)
  TODAY            0.0
  MONTH TO DATE    0.0
  SINCE SEP 1      0.0
  SINCE JUL 1      0.0

DEGREE DAYS
 HEATING
  TODAY            4                         5     -1        5
  MONTH TO DATE   58                        62     -4       64
  SINCE SEP 1     74                        86    -12       82
  SINCE JUL 1     75                        94    -19       82

 COOLING
  TODAY            0                         1     -1        0
  MONTH TO DATE   16                        33    -17       10
  SINCE SEP 1    240                       191     49      174
  SINCE JAN 1   1340                       924    416     1063
..................................................................


WIND (MPH)
  HIGHEST WIND SPEED    17   HIGHEST WIND DIRECTION     S (200)
  HIGHEST GUST SPEED    22   HIGHEST GUST DIRECTION     S (200)
  AVERAGE WIND SPEED     4.2


SKY COVER
  POSSIBLE SUNSHINE  MM
  AVERAGE SKY COVER 0.3


WEATHER CONDITIONS
 THE FOLLOWING WEATHER WAS RECORDED TODAY.
  FOG
  FOG W/VISIBILITY <= 1/4 MILE


RELATIVE HUMIDITY (PERCENT)
 HIGHEST   100           600 AM
 LOWEST     21          1200 PM
 AVERAGE    61

..........................................................


THE PASO ROBLES AIRPORT CA CLIMATE NORMALS FOR TOMORROW
                         NORMAL    RECORD    YEAR
 MAXIMUM TEMPERATURE (F)   78        95      2003
                                             1964
 MINIMUM TEMPERATURE (F)   44        26      1949


SUNRISE AND SUNSET
OCTOBER 19 2017.......SUNRISE   713 AM PDT   SUNSET   621 PM PDT
OCTOBER 20 2017.......SUNRISE   714 AM PDT   SUNSET   620 PM PDT


-  INDICATES NEGATIVE NUMBERS.
R  INDICATES RECORD WAS SET OR TIED.
MM INDICATES DATA IS MISSING.
T  INDICATES TRACE AMOUNT.




$$
