000
CDUS45 KFGZ 250803
CLIPRC
CLIMATE REPORT
NATIONAL WEATHER SERVICE FLAGSTAFF, AZ
102 AM MST FRI APR 25 2014


...................................

...THE PRESCOTT AZ AIRPORT CLIMATE SUMMARY FOR APRIL 24 2014...

CLIMATE NORMAL PERIOD 1981 TO 2010
CLIMATE RECORD PERIOD 1948 TO 2014


WEATHER ITEM   OBSERVED TIME   RECORD YEAR NORMAL DEPARTURE LAST
                VALUE   (LST)  VALUE       VALUE  FROM      YEAR
                                                  NORMAL
..................................................................
TEMPERATURE (F)
 YESTERDAY
  MAXIMUM         75    256 PM  85    1949  70      5       73
  MINIMUM         37    541 AM  27    1960  40     -3       36
  AVERAGE         56                        55      1

PRECIPITATION (IN)
  YESTERDAY        0.00          0.26 1990   0.01  -0.01     0.00
  MONTH TO DATE    0.01                      0.42  -0.41     0.08
  SINCE SEP 1      5.41                      8.31  -2.90     4.43
  SINCE JAN 1      0.69                      4.00  -3.31     2.47

DEGREE DAYS
 HEATING
  YESTERDAY        9                               -1
  MONTH TO DATE  228                              -88
  SINCE JUL 1   3602                             -461

 COOLING
  YESTERDAY        0                                0
  MONTH TO DATE    0                                0
  SINCE JAN 1      0                                0
..................................................................


WIND (MPH)
  HIGHEST WIND SPEED    20   HIGHEST WIND DIRECTION    SW (240)
  HIGHEST GUST SPEED    26   HIGHEST GUST DIRECTION    SW (230)
  AVERAGE WIND SPEED     7.0


SKY COVER
  AVERAGE SKY COVER 0.0


WEATHER CONDITIONS
 THE FOLLOWING WEATHER WAS RECORDED YESTERDAY.
  NO SIGNIFICANT WEATHER WAS OBSERVED.


RELATIVE HUMIDITY (PERCENT)
 HIGHEST    34
 LOWEST      8

..........................................................


THE PRESCOTT AZ AIRPORT CLIMATE NORMALS FOR TODAY
                         NORMAL    RECORD    YEAR
 MAXIMUM TEMPERATURE (F)   70        86      1996
 MINIMUM TEMPERATURE (F)   41        24      1960


SUNRISE AND SUNSET
APRIL 25 2014.........SUNRISE   546 AM MST   SUNSET   710 PM MST
APRIL 26 2014.........SUNRISE   545 AM MST   SUNSET   711 PM MST


-  INDICATES NEGATIVE NUMBERS.
R  INDICATES RECORD WAS SET OR TIED.
MM INDICATES DATA IS MISSING.
T  INDICATES TRACE AMOUNT.




$$
