000
CDUS45 KFGZ 240735
CLIPRC
CLIMATE REPORT
NATIONAL WEATHER SERVICE FLAGSTAFF, AZ
1233 AM MST FRI NOV 24 2017


...................................

...THE PRESCOTT AZ AIRPORT CLIMATE SUMMARY FOR NOVEMBER 23 2017...

CLIMATE NORMAL PERIOD 1981 TO 2010
CLIMATE RECORD PERIOD 1948 TO 2017


WEATHER ITEM   OBSERVED TIME   RECORD YEAR NORMAL DEPARTURE LAST
                VALUE   (LST)  VALUE       VALUE  FROM      YEAR
                                                  NORMAL
..................................................................
TEMPERATURE (F)
 YESTERDAY
  MAXIMUM         78R   401 PM  75    1954  57     21       60
  MINIMUM         38    714 AM  16    2003  29      9       31
  AVERAGE         58                        43     15

PRECIPITATION (IN)
  YESTERDAY        0.00          0.71 1965   0.03  -0.03     0.00
  MONTH TO DATE    T                         0.69  -0.69     0.95
  SINCE SEP 1      0.53                      3.12  -2.59     3.98
  SINCE JAN 1     12.38                     12.78  -0.40    14.74

DEGREE DAYS
 HEATING
  YESTERDAY        7                              -15
  MONTH TO DATE  263                             -145
  SINCE JUL 1    473                             -241

 COOLING
  YESTERDAY        0                                0
  MONTH TO DATE    0                                0
  SINCE JAN 1   1145                              204
..................................................................


WIND (MPH)
  HIGHEST WIND SPEED    10   HIGHEST WIND DIRECTION     S (190)
  HIGHEST GUST SPEED    12   HIGHEST GUST DIRECTION     S (200)
  AVERAGE WIND SPEED     4.6


SKY COVER
  AVERAGE SKY COVER 0.0


WEATHER CONDITIONS
 THE FOLLOWING WEATHER WAS RECORDED YESTERDAY.
  HAZE


RELATIVE HUMIDITY (PERCENT)
 HIGHEST    70
 LOWEST     12

..........................................................


THE PRESCOTT AZ AIRPORT CLIMATE NORMALS FOR TODAY
                         NORMAL    RECORD    YEAR
 MAXIMUM TEMPERATURE (F)   57        74      1954
 MINIMUM TEMPERATURE (F)   29        19      2003


SUNRISE AND SUNSET
NOVEMBER 24 2017......SUNRISE   712 AM MST   SUNSET   520 PM MST
NOVEMBER 25 2017......SUNRISE   713 AM MST   SUNSET   520 PM MST


-  INDICATES NEGATIVE NUMBERS.
R  INDICATES RECORD WAS SET OR TIED.
MM INDICATES DATA IS MISSING.
T  INDICATES TRACE AMOUNT.




$$
