000
CDUS45 KFGZ 270801
CLIPRC
CLIMATE REPORT
NATIONAL WEATHER SERVICE FLAGSTAFF, AZ
1258 AM MST TUE JAN 27 2015


...................................

...THE PRESCOTT AZ AIRPORT CLIMATE SUMMARY FOR JANUARY 26 2015...

CLIMATE NORMAL PERIOD 1981 TO 2010
CLIMATE RECORD PERIOD 1948 TO 2015


WEATHER ITEM   OBSERVED TIME   RECORD YEAR NORMAL DEPARTURE LAST
                VALUE   (LST)  VALUE       VALUE  FROM      YEAR
                                                  NORMAL
..................................................................
TEMPERATURE (F)
 YESTERDAY
  MAXIMUM         62    301 PM  69    1951  53      9       63
  MINIMUM         31    749 AM   4    1949  26      5       28
  AVERAGE         47                        40      7

PRECIPITATION (IN)
  YESTERDAY        0.04          1.05 2013   0.03   0.01     0.00
  MONTH TO DATE    0.74                      0.94  -0.20     0.00
  SINCE SEP 1      5.42                      5.25   0.17     4.72
  SINCE JAN 1      0.74                      0.94  -0.20     0.00

DEGREE DAYS
 HEATING
  YESTERDAY       18                               -8
  MONTH TO DATE  619                              -69
  SINCE JUL 1   2004                             -387

 COOLING
  YESTERDAY        0                                0
  MONTH TO DATE    0                                0
  SINCE JAN 1      0                                0
..................................................................


WIND (MPH)
  HIGHEST WIND SPEED    18   HIGHEST WIND DIRECTION    SE (150)
  HIGHEST GUST SPEED    25   HIGHEST GUST DIRECTION    SE (150)
  AVERAGE WIND SPEED     5.5


SKY COVER
  AVERAGE SKY COVER 0.3


WEATHER CONDITIONS
 THE FOLLOWING WEATHER WAS RECORDED YESTERDAY.
  LIGHT RAIN


RELATIVE HUMIDITY (PERCENT)
 HIGHEST    61
 LOWEST     22

..........................................................


THE PRESCOTT AZ AIRPORT CLIMATE NORMALS FOR TODAY
                         NORMAL    RECORD    YEAR
 MAXIMUM TEMPERATURE (F)   53        67      2003
 MINIMUM TEMPERATURE (F)   26         6      1979


SUNRISE AND SUNSET
JANUARY 27 2015.......SUNRISE   731 AM MST   SUNSET   554 PM MST
JANUARY 28 2015.......SUNRISE   731 AM MST   SUNSET   555 PM MST


-  INDICATES NEGATIVE NUMBERS.
R  INDICATES RECORD WAS SET OR TIED.
MM INDICATES DATA IS MISSING.
T  INDICATES TRACE AMOUNT.




$$
