000
CDUS45 KFGZ 220727
CLIPRC
CLIMATE REPORT
NATIONAL WEATHER SERVICE FLAGSTAFF, AZ
1226 AM MST SAT NOV 22 2014


...................................

...THE PRESCOTT AZ AIRPORT CLIMATE SUMMARY FOR NOVEMBER 21 2014...

CLIMATE NORMAL PERIOD 1981 TO 2010
CLIMATE RECORD PERIOD 1948 TO 2014


WEATHER ITEM   OBSERVED TIME   RECORD YEAR NORMAL DEPARTURE LAST
                VALUE   (LST)  VALUE       VALUE  FROM      YEAR
                                                  NORMAL
..................................................................
TEMPERATURE (F)
 YESTERDAY
  MAXIMUM         59    237 PM  73    2002  58      1       52
  MINIMUM         34   1156 PM  13    1956  30      4       43
  AVERAGE         47                        44      3

PRECIPITATION (IN)
  YESTERDAY        0.00          0.39 1967   0.03  -0.03     0.04
  MONTH TO DATE    0.02                      0.62  -0.60     0.09
  SINCE SEP 1      2.75                      3.05  -0.30     2.80
  SINCE JAN 1     10.22                     12.71  -2.49    11.02

DEGREE DAYS
 HEATING
  YESTERDAY       18                               -3
  MONTH TO DATE  346                              -19
  SINCE JUL 1    488                             -183

 COOLING
  YESTERDAY        0                                0
  MONTH TO DATE    0                                0
  SINCE JAN 1   1039                               98
..................................................................


WIND (MPH)
  HIGHEST WIND SPEED    12   HIGHEST WIND DIRECTION     S (200)
  HIGHEST GUST SPEED    12   HIGHEST GUST DIRECTION     S (200)
  AVERAGE WIND SPEED     4.2


SKY COVER
  AVERAGE SKY COVER 0.2


WEATHER CONDITIONS
 THE FOLLOWING WEATHER WAS RECORDED YESTERDAY.
  NO SIGNIFICANT WEATHER WAS OBSERVED.


RELATIVE HUMIDITY (PERCENT)
 HIGHEST    56
 LOWEST     23

..........................................................


THE PRESCOTT AZ AIRPORT CLIMATE NORMALS FOR TODAY
                         NORMAL    RECORD    YEAR
 MAXIMUM TEMPERATURE (F)   58        73      1995
 MINIMUM TEMPERATURE (F)   30        17      1975


SUNRISE AND SUNSET
NOVEMBER 22 2014......SUNRISE   710 AM MST   SUNSET   521 PM MST
NOVEMBER 23 2014......SUNRISE   711 AM MST   SUNSET   521 PM MST


-  INDICATES NEGATIVE NUMBERS.
R  INDICATES RECORD WAS SET OR TIED.
MM INDICATES DATA IS MISSING.
T  INDICATES TRACE AMOUNT.




$$
