000
CDUS45 KFGZ 060801
CLIPRC
CLIMATE REPORT
NATIONAL WEATHER SERVICE FLAGSTAFF, AZ
1256 AM MST MON JUL 6 2015


...................................

...THE PRESCOTT AZ AIRPORT CLIMATE SUMMARY FOR JULY 5 2015...

CLIMATE NORMAL PERIOD 1981 TO 2010
CLIMATE RECORD PERIOD 1948 TO 2015


WEATHER ITEM   OBSERVED TIME   RECORD YEAR NORMAL DEPARTURE LAST
                VALUE   (LST)  VALUE       VALUE  FROM      YEAR
                                                  NORMAL
..................................................................
TEMPERATURE (F)
 YESTERDAY
  MAXIMUM         84   1015 AM 101    2007  90     -6       83
  MINIMUM         62   1141 PM  50    2000  61      1       63
  AVERAGE         73                        75     -2

PRECIPITATION (IN)
  YESTERDAY        0.28          0.53 2014   0.05   0.23     0.53
  MONTH TO DATE    0.30                      0.21   0.09     0.54
  SINCE SEP 1     12.27                      9.45   2.82     6.23
  SINCE JAN 1      7.59                      5.14   2.45     1.51

DEGREE DAYS
 HEATING
  YESTERDAY        0                                0
  MONTH TO DATE    0                                0
  SINCE JUL 1      0                                0

 COOLING
  YESTERDAY        8                               -2
  MONTH TO DATE   62                               12
  SINCE JAN 1    376                               98
..................................................................


WIND (MPH)
  HIGHEST WIND SPEED    26   HIGHEST WIND DIRECTION    SE (140)
  HIGHEST GUST SPEED    34   HIGHEST GUST DIRECTION    SE (140)
  AVERAGE WIND SPEED     6.0


SKY COVER
  AVERAGE SKY COVER 0.6


WEATHER CONDITIONS
 THE FOLLOWING WEATHER WAS RECORDED YESTERDAY.
  THUNDERSTORM
  HEAVY RAIN
  RAIN
  LIGHT RAIN
  FOG
  HAZE


RELATIVE HUMIDITY (PERCENT)
 HIGHEST    93
 LOWEST     37

..........................................................


THE PRESCOTT AZ AIRPORT CLIMATE NORMALS FOR TODAY
                         NORMAL    RECORD    YEAR
 MAXIMUM TEMPERATURE (F)   90       103      1989
 MINIMUM TEMPERATURE (F)   61        50      1978


SUNRISE AND SUNSET
JULY  6 2015..........SUNRISE   523 AM MST   SUNSET   746 PM MST
JULY  7 2015..........SUNRISE   523 AM MST   SUNSET   746 PM MST


-  INDICATES NEGATIVE NUMBERS.
R  INDICATES RECORD WAS SET OR TIED.
MM INDICATES DATA IS MISSING.
T  INDICATES TRACE AMOUNT.




$$
