000
CDUS45 KFGZ 140746
CLIPRC
CLIMATE REPORT
NATIONAL WEATHER SERVICE FLAGSTAFF, AZ
1244 AM MST SUN FEB 14 2016


...................................

...THE PRESCOTT AZ AIRPORT CLIMATE SUMMARY FOR FEBRUARY 13 2016...

CLIMATE NORMAL PERIOD 1981 TO 2010
CLIMATE RECORD PERIOD 1948 TO 2016


WEATHER ITEM   OBSERVED TIME   RECORD YEAR NORMAL DEPARTURE LAST
                VALUE   (LST)  VALUE       VALUE  FROM      YEAR
                                                  NORMAL
..................................................................
TEMPERATURE (F)
 YESTERDAY
  MAXIMUM         73    333 PM  76    1957  55     18       70
  MINIMUM         30    721 AM  11    1948  28      2       31
  AVERAGE         52                        41     11

PRECIPITATION (IN)
  YESTERDAY        0.00          1.02 1992   0.06  -0.06     0.00
  MONTH TO DATE    0.09                      0.58  -0.49     0.00
  SINCE SEP 1      4.97                      6.01  -1.04     6.18
  SINCE JAN 1      1.48                      1.70  -0.22     1.50

DEGREE DAYS
 HEATING
  YESTERDAY       13                              -11
  MONTH TO DATE  299                              -19
  SINCE JUL 1   2724                             -111

 COOLING
  YESTERDAY        0                                0
  MONTH TO DATE    0                                0
  SINCE JAN 1      0                                0
..................................................................


WIND (MPH)
  HIGHEST WIND SPEED    12   HIGHEST WIND DIRECTION     W (280)
  HIGHEST GUST SPEED    17   HIGHEST GUST DIRECTION    NW (300)
  AVERAGE WIND SPEED     5.5


SKY COVER
  AVERAGE SKY COVER 0.0


WEATHER CONDITIONS
 THE FOLLOWING WEATHER WAS RECORDED YESTERDAY.
  NO SIGNIFICANT WEATHER WAS OBSERVED.


RELATIVE HUMIDITY (PERCENT)
 HIGHEST    63
 LOWEST      7

..........................................................


THE PRESCOTT AZ AIRPORT CLIMATE NORMALS FOR TODAY
                         NORMAL    RECORD    YEAR
 MAXIMUM TEMPERATURE (F)   55        76      2014
 MINIMUM TEMPERATURE (F)   28         5      1949


SUNRISE AND SUNSET
FEBRUARY 14 2016......SUNRISE   717 AM MST   SUNSET   612 PM MST
FEBRUARY 15 2016......SUNRISE   716 AM MST   SUNSET   613 PM MST


-  INDICATES NEGATIVE NUMBERS.
R  INDICATES RECORD WAS SET OR TIED.
MM INDICATES DATA IS MISSING.
T  INDICATES TRACE AMOUNT.




$$
