000
CDUS45 KFGZ 020110
CLIPRC
CLIMATE REPORT
NATIONAL WEATHER SERVICE FLAGSTAFF, AZ
609 PM MST THU DEC 1 2016


...................................

...THE PRESCOTT AZ AIRPORT CLIMATE SUMMARY FOR DECEMBER 1 2016...
VALID TODAY AS OF 0500 PM LOCAL TIME.

CLIMATE NORMAL PERIOD 1981 TO 2010
CLIMATE RECORD PERIOD 1948 TO 2016


WEATHER ITEM   OBSERVED TIME   RECORD YEAR NORMAL DEPARTURE LAST
                VALUE   (LST)  VALUE       VALUE  FROM      YEAR
                                                  NORMAL
..................................................................
TEMPERATURE (F)
 TODAY
  MAXIMUM         44    328 PM  71    1995  54    -10       53
  MINIMUM         23    721 AM   9    1991  27     -4       18
  AVERAGE         34                        41     -7

PRECIPITATION (IN)
  TODAY            0.00          0.63 2007   0.03  -0.03
  MONTH TO DATE    0.00                      0.03  -0.03
  SINCE SEP 1      4.09                      3.38   0.71
  SINCE JAN 1     14.85                     13.04   1.81

DEGREE DAYS
 HEATING
  TODAY           31                        24      7
  SINCE JUL 1    666                       898   -232

 COOLING
  TODAY            0                         0      0
  SINCE JAN 1   1092                       941    151
..................................................................


WIND (MPH)
  HIGHEST WIND SPEED     9   HIGHEST WIND DIRECTION     N (360)
  HIGHEST GUST SPEED    11   HIGHEST GUST DIRECTION     N (360)
  AVERAGE WIND SPEED     3.9


SKY COVER
  POSSIBLE SUNSHINE  MM
  AVERAGE SKY COVER 0.1


WEATHER CONDITIONS
 THE FOLLOWING WEATHER WAS RECORDED TODAY.
  NO SIGNIFICANT WEATHER WAS OBSERVED.


RELATIVE HUMIDITY (PERCENT)
 HIGHEST    74           200 AM
 LOWEST     33           400 PM

..........................................................


THE PRESCOTT AZ AIRPORT CLIMATE NORMALS FOR TOMORROW
                         NORMAL    RECORD    YEAR
 MAXIMUM TEMPERATURE (F)   54        69      1958
 MINIMUM TEMPERATURE (F)   27         4      1991


SUNRISE AND SUNSET
DECEMBER  1 2016......SUNRISE   719 AM MST   SUNSET   519 PM MST
DECEMBER  2 2016......SUNRISE   720 AM MST   SUNSET   519 PM MST


-  INDICATES NEGATIVE NUMBERS.
R  INDICATES RECORD WAS SET OR TIED.
MM INDICATES DATA IS MISSING.
T  INDICATES TRACE AMOUNT.




$$
