182
CDUS45 KFGZ 290746
CLIPRC
CLIMATE REPORT
NATIONAL WEATHER SERVICE FLAGSTAFF, AZ
1244 AM MST FRI APR 29 2016


...................................

...THE PRESCOTT AZ AIRPORT CLIMATE SUMMARY FOR APRIL 28 2016...

CLIMATE NORMAL PERIOD 1981 TO 2010
CLIMATE RECORD PERIOD 1948 TO 2016


WEATHER ITEM   OBSERVED TIME   RECORD YEAR NORMAL DEPARTURE LAST
                VALUE   (LST)  VALUE       VALUE  FROM      YEAR
                                                  NORMAL
..................................................................
TEMPERATURE (F)
 YESTERDAY
  MAXIMUM         54   1212 AM  87    2007  71    -17       76
  MINIMUM         39   1139 PM  26    1970  42     -3       43
  AVERAGE         47                        56     -9

PRECIPITATION (IN)
  YESTERDAY        0.10          0.44 1953   0.01   0.09     0.00
  MONTH TO DATE    1.20                      0.47   0.73     0.35
  SINCE SEP 1      6.33                      8.36  -2.03     8.77
  SINCE JAN 1      2.84                      4.05  -1.21     4.09

DEGREE DAYS
 HEATING
  YESTERDAY       18                                9
  MONTH TO DATE  284                              -70
  SINCE JUL 1   3613                             -488

 COOLING
  YESTERDAY        0                                0
  MONTH TO DATE    0                                0
  SINCE JAN 1      0                                0
..................................................................


WIND (MPH)
  HIGHEST WIND SPEED    25   HIGHEST WIND DIRECTION    SW (220)
  HIGHEST GUST SPEED    34   HIGHEST GUST DIRECTION    SW (220)
  AVERAGE WIND SPEED     8.4


SKY COVER
  AVERAGE SKY COVER 0.6


WEATHER CONDITIONS
 THE FOLLOWING WEATHER WAS RECORDED YESTERDAY.
  LIGHT RAIN


RELATIVE HUMIDITY (PERCENT)
 HIGHEST    93
 LOWEST     41

..........................................................


THE PRESCOTT AZ AIRPORT CLIMATE NORMALS FOR TODAY
                         NORMAL    RECORD    YEAR
 MAXIMUM TEMPERATURE (F)   71        86      2013
 MINIMUM TEMPERATURE (F)   42        24      1970


SUNRISE AND SUNSET
APRIL 29 2016.........SUNRISE   541 AM MST   SUNSET   713 PM MST
APRIL 30 2016.........SUNRISE   540 AM MST   SUNSET   714 PM MST


-  INDICATES NEGATIVE NUMBERS.
R  INDICATES RECORD WAS SET OR TIED.
MM INDICATES DATA IS MISSING.
T  INDICATES TRACE AMOUNT.




$$
