000
CDUS45 KFGZ 260746
CLIPRC
CLIMATE REPORT
NATIONAL WEATHER SERVICE FLAGSTAFF, AZ
1245 AM MST TUE SEP 26 2017


...................................

...THE PRESCOTT AZ AIRPORT CLIMATE SUMMARY FOR SEPTEMBER 25 2017...

CLIMATE NORMAL PERIOD 1981 TO 2010
CLIMATE RECORD PERIOD 1948 TO 2017


WEATHER ITEM   OBSERVED TIME   RECORD YEAR NORMAL DEPARTURE LAST
                VALUE   (LST)  VALUE       VALUE  FROM      YEAR
                                                  NORMAL
..................................................................
TEMPERATURE (F)
 YESTERDAY
  MAXIMUM         74    344 PM  90    2015  79     -5       75
  MINIMUM         36R   651 AM  37    2000  50    -14       46
  AVERAGE         55                        64     -9

PRECIPITATION (IN)
  YESTERDAY        0.00          0.53 1964   0.04  -0.04     0.00
  MONTH TO DATE    0.53                      1.30  -0.77     2.06
  SINCE SEP 1      0.53                      1.30  -0.77     2.06
  SINCE JAN 1     12.38                     10.96   1.42    12.82

DEGREE DAYS
 HEATING
  YESTERDAY       10                                8
  MONTH TO DATE   45                               26
  SINCE JUL 1     45                               25

 COOLING
  YESTERDAY        0                               -2
  MONTH TO DATE  123                               15
  SINCE JAN 1   1141                              212
..................................................................


WIND (MPH)
  HIGHEST WIND SPEED    13   HIGHEST WIND DIRECTION    SW (240)
  HIGHEST GUST SPEED    16   HIGHEST GUST DIRECTION    SW (240)
  AVERAGE WIND SPEED     5.4


SKY COVER
  AVERAGE SKY COVER 0.0


WEATHER CONDITIONS
 THE FOLLOWING WEATHER WAS RECORDED YESTERDAY.
  NO SIGNIFICANT WEATHER WAS OBSERVED.


RELATIVE HUMIDITY (PERCENT)
 HIGHEST    54
 LOWEST     10

..........................................................


THE PRESCOTT AZ AIRPORT CLIMATE NORMALS FOR TODAY
                         NORMAL    RECORD    YEAR
 MAXIMUM TEMPERATURE (F)   79        91      1956
 MINIMUM TEMPERATURE (F)   49        35      1970


SUNRISE AND SUNSET
SEPTEMBER 26 2017.....SUNRISE   621 AM MST   SUNSET   620 PM MST
SEPTEMBER 27 2017.....SUNRISE   622 AM MST   SUNSET   619 PM MST


-  INDICATES NEGATIVE NUMBERS.
R  INDICATES RECORD WAS SET OR TIED.
MM INDICATES DATA IS MISSING.
T  INDICATES TRACE AMOUNT.




$$
