000
CDUS46 KPDT 260830
CLIPSC

CLIMATE REPORT
NATIONAL WEATHER SERVICE PENDLETON OR
1227 AM PST MON JAN 26 2015


...................................

...THE PASCO WA CLIMATE SUMMARY FOR JANUARY 25 2015...

CLIMATE NORMAL PERIOD 1981 TO 2010
CLIMATE RECORD PERIOD 1948 TO 2015


WEATHER ITEM   OBSERVED TIME   RECORD YEAR NORMAL DEPARTURE LAST
                VALUE   (LST)  VALUE       VALUE  FROM      YEAR
                                                  NORMAL
..................................................................
TEMPERATURE (F)
 YESTERDAY
  MAXIMUM         42    401 PM  57    1992  43     -1       32
  MINIMUM         30    521 AM   8    2008  29      1       30
  AVERAGE         36                        36      0       31

PRECIPITATION (IN)
  YESTERDAY        0.00          0.31 1975   0.03  -0.03      T
  MONTH TO DATE    0.69                      1.05  -0.36     0.11
  SINCE OCT 1      3.06                      4.00  -0.94     0.69
  SINCE JAN 1      0.69                      1.05  -0.36     0.11

SNOWFALL (IN)
  YESTERDAY        0.0
  SNOW DEPTH       0

DEGREE DAYS
 HEATING
  YESTERDAY       29                        29      0       34
  MONTH TO DATE  746                       764    -18      728
  SINCE DEC 1   1624                      1751   -127     1880
  SINCE JUL 1   2689                      2980   -291     3230

 COOLING
  YESTERDAY        0                         0      0        0
  MONTH TO DATE    0                         0      0        0
  SINCE DEC 1      0                         0      0        0
  SINCE JAN 1      0                         0      0        0
..................................................................


WIND (MPH)
  RESULTANT WIND SPEED  MM   RESULTANT WIND DIRECTION  MM
  HIGHEST WIND SPEED    10   HIGHEST WIND DIRECTION     N (360)
  HIGHEST GUST SPEED    13   HIGHEST GUST DIRECTION     N (360)


SKY COVER
  POSSIBLE SUNSHINE  MM
  AVERAGE SKY COVER  MM


WEATHER CONDITIONS
 THE FOLLOWING WEATHER WAS RECORDED YESTERDAY.
  FOG W/VISIBILITY <= 1/4 MILE


RELATIVE HUMIDITY (PERCENT)
 HIGHEST    MM
 LOWEST     MM
 AVERAGE    MM

..........................................................


THE PASCO WA CLIMATE NORMALS FOR TODAY
                         NORMAL    RECORD    YEAR
 MAXIMUM TEMPERATURE (F)   44        65      2003
 MINIMUM TEMPERATURE (F)   29        12      2008


SUNRISE AND SUNSET
JANUARY 26 2015.......SUNRISE   726 AM PST   SUNSET   452 PM PST
JANUARY 27 2015.......SUNRISE   725 AM PST   SUNSET   454 PM PST


-  INDICATES NEGATIVE NUMBERS.
R  INDICATES RECORD WAS SET OR TIED.
MM INDICATES DATA IS MISSING.
T  INDICATES TRACE AMOUNT.




$$
