000
CDUS46 KPDT 011030
CLIPSC

CLIMATE REPORT
NATIONAL WEATHER SERVICE PENDLETON OR
226 AM PST WED MAR 1 2017


...................................

...THE PASCO WA CLIMATE SUMMARY FOR FEBRUARY 28 2017...

CLIMATE NORMAL PERIOD 1981 TO 2010
CLIMATE RECORD PERIOD 1948 TO 2017


WEATHER ITEM   OBSERVED TIME   RECORD YEAR NORMAL DEPARTURE LAST
                VALUE   (LST)  VALUE       VALUE  FROM      YEAR
                                                  NORMAL
..................................................................
TEMPERATURE (F)
 YESTERDAY
  MAXIMUM         51    400 PM  64    2008  54     -3       61
  MINIMUM         29    729 AM   7    1993  30     -1       34
  AVERAGE         40                        42     -2       48

PRECIPITATION (IN)
  YESTERDAY        0.00          0.37 1977   0.03  -0.03     0.00
  MONTH TO DATE    1.62                      0.86   0.76     0.38
  SINCE OCT 1      6.34                      5.03   1.31     4.33
  SINCE JAN 1      2.57                      2.08   0.49     1.57

SNOWFALL (IN)
  YESTERDAY        0.0
  SNOW DEPTH       0

DEGREE DAYS
 HEATING
  YESTERDAY       25                        23      2       17
  MONTH TO DATE  895                       732    163      599
  SINCE DEC 1   3376                      2654    722     2398
  SINCE JUL 1   4322                      3883    439     3500

 COOLING
  YESTERDAY        0                         0      0        0
  MONTH TO DATE    0                         0      0        0
  SINCE DEC 1      0                         0      0        0
  SINCE JAN 1      0                         0      0        0
..................................................................


WIND (MPH)
  RESULTANT WIND SPEED   5   RESULTANT WIND DIRECTION   W (250)
  HIGHEST WIND SPEED    18   HIGHEST WIND DIRECTION    SW (210)
  HIGHEST GUST SPEED    23   HIGHEST GUST DIRECTION     W (260)


SKY COVER
  POSSIBLE SUNSHINE  MM
  AVERAGE SKY COVER 0.4


WEATHER CONDITIONS
 THE FOLLOWING WEATHER WAS RECORDED YESTERDAY.
  NO SIGNIFICANT WEATHER WAS OBSERVED.


RELATIVE HUMIDITY (PERCENT)
 HIGHEST    85
 LOWEST     30
 AVERAGE    58

..........................................................


THE PASCO WA CLIMATE NORMALS FOR TODAY
                         NORMAL    RECORD    YEAR
 MAXIMUM TEMPERATURE (F)   54        66      1994
 MINIMUM TEMPERATURE (F)   30        15      2015


SUNRISE AND SUNSET
MARCH  1 2017.........SUNRISE   635 AM PST   SUNSET   543 PM PST
MARCH  2 2017.........SUNRISE   633 AM PST   SUNSET   545 PM PST


-  INDICATES NEGATIVE NUMBERS.
R  INDICATES RECORD WAS SET OR TIED.
MM INDICATES DATA IS MISSING.
T  INDICATES TRACE AMOUNT.




$$
