000
CDUS46 KPDT 220832
CLIPSC

CLIMATE REPORT
NATIONAL WEATHER SERVICE PENDLETON OR
130 AM PDT MON SEP 22 2014


...................................

...THE PASCO WA CLIMATE SUMMARY FOR SEPTEMBER 21 2014...

CLIMATE NORMAL PERIOD 1981 TO 2010
CLIMATE RECORD PERIOD 1948 TO 2014


WEATHER ITEM   OBSERVED TIME   RECORD YEAR NORMAL DEPARTURE LAST
                VALUE   (LST)  VALUE       VALUE  FROM      YEAR
                                                  NORMAL
..................................................................
TEMPERATURE (F)
 YESTERDAY
  MAXIMUM         89    430 PM  91    1999  78     11       76
  MINIMUM         51    621 AM  36    2007  45      6       60
  AVERAGE         70                        62      8       68

PRECIPITATION (IN)
  YESTERDAY        0.00          0.16 2000   0.02  -0.02     0.01
  MONTH TO DATE    T                         0.24  -0.24     0.71
  SINCE OCT 1      3.64                      8.67  -5.03     7.39
  SINCE JAN 1      3.06                      5.72  -2.66     4.03

SNOWFALL (IN)
  YESTERDAY        0.0
  SNOW DEPTH       0

DEGREE DAYS
 HEATING
  YESTERDAY        0                         4     -4        0
  MONTH TO DATE   33                        44    -11       16
  SINCE SEP 1     33                        44    -11       16
  SINCE JUL 1     33                        56    -23       16

 COOLING
  YESTERDAY        5                         1      4        3
  MONTH TO DATE   42                        46     -4      133
  SINCE SEP 1     42                        46     -4      133
  SINCE JAN 1    960                       703    257      995
..................................................................


WIND (MPH)
  RESULTANT WIND SPEED   3   RESULTANT WIND DIRECTION   N (350)
  HIGHEST WIND SPEED    12   HIGHEST WIND DIRECTION     N (360)
  HIGHEST GUST SPEED    12   HIGHEST GUST DIRECTION     N (360)


SKY COVER
  POSSIBLE SUNSHINE  MM
  AVERAGE SKY COVER 0.0


WEATHER CONDITIONS
 THE FOLLOWING WEATHER WAS RECORDED YESTERDAY.
  HAZE


RELATIVE HUMIDITY (PERCENT)
 HIGHEST    90
 LOWEST     29
 AVERAGE    60

..........................................................


THE PASCO WA CLIMATE NORMALS FOR TODAY
                         NORMAL    RECORD    YEAR
 MAXIMUM TEMPERATURE (F)   78        94      1999
 MINIMUM TEMPERATURE (F)   45        34      2002


SUNRISE AND SUNSET
SEPTEMBER 22 2014.....SUNRISE   643 AM PDT   SUNSET   654 PM PDT
SEPTEMBER 23 2014.....SUNRISE   645 AM PDT   SUNSET   652 PM PDT


-  INDICATES NEGATIVE NUMBERS.
R  INDICATES RECORD WAS SET OR TIED.
MM INDICATES DATA IS MISSING.
T  INDICATES TRACE AMOUNT.




$$
