000
CDUS46 KPDT 301022
CLIPSC

PDTCLIPSM 000
TTAA00 KPDT 300843

CLIMATE REPORT
NATIONAL WEATHER SERVICE PENDLETON OR
322 AM PDT SAT MAY 30 2015

...................................

...THE PASCO WA CLIMATE SUMMARY FOR MAY 29 2015...

CLIMATE NORMAL PERIOD 1981 TO 2010
CLIMATE RECORD PERIOD 1948 TO 2015


WEATHER ITEM   OBSERVED TIME   RECORD YEAR NORMAL DEPARTURE LAST
                VALUE   (LST)  VALUE       VALUE  FROM      YEAR
                                                  NORMAL
..................................................................
TEMPERATURE (F)
 YESTERDAY
  MAXIMUM         94    533 PM  96    2009  79     15       75
  MINIMUM         54    409 AM  39    2007  50      4       48
                                      2001
  AVERAGE         74                        64     10       62

PRECIPITATION (IN)
  YESTERDAY        0.00          0.52 1988   0.03  -0.03     0.00
  MONTH TO DATE    1.28                      0.67   0.61     0.29
  SINCE OCT 1      5.57                      7.14  -1.57     2.96
  SINCE JAN 1      3.20                      4.19  -0.99     2.38

SNOWFALL (IN)
  YESTERDAY        0.0
  SNOW DEPTH       0

DEGREE DAYS
 HEATING
  YESTERDAY        0                         3     -3        3
  MONTH TO DATE  107                       160    -53       92
  SINCE MAR 1    935                      1101   -166      976
  SINCE JUL 1   4391                      4984   -593     5205

COOLING
  YESTERDAY        9                         2      7        0
  MONTH TO DATE   60                        28     32       28
  SINCE MAR 1     60                        29     31       28
  SINCE JAN 1     60                        29     31       28
..................................................................


WIND (MPH)
  RESULTANT WIND SPEED   1   RESULTANT WIND DIRECTION   E (80)
  HIGHEST WIND SPEED    21   HIGHEST WIND DIRECTION     S (160)
  HIGHEST GUST SPEED    28   HIGHEST GUST DIRECTION    SE (140)


SKY COVER
  POSSIBLE SUNSHINE  MM
  AVERAGE SKY COVER 0.0


WEATHER CONDITIONS
 THE FOLLOWING WEATHER WAS RECORDED YESTERDAY.
  NO SIGNIFICANT WEATHER WAS OBSERVED.


RELATIVE HUMIDITY (PERCENT)
 HIGHEST    93
 LOWEST     16
 AVERAGE    55

..........................................................


THE PASCO WA CLIMATE NORMALS FOR TODAY
                         NORMAL    RECORD    YEAR
 MAXIMUM TEMPERATURE (F)   79        98      2009
 MINIMUM TEMPERATURE (F)   50        41      2006
                                             2001


SUNRISE AND SUNSET
MAY 30 2015...........SUNRISE   510 AM PDT   SUNSET   839 PM PDT
MAY 31 2015...........SUNRISE   509 AM PDT   SUNSET   840 PM PDT


-  INDICATES NEGATIVE NUMBERS.
R  INDICATES RECORD WAS SET OR TIED.
MM INDICATES DATA IS MISSING.
T  INDICATES TRACE AMOUNT.

$$
