000
CDUS46 KPDT 170040 RRA
CLIPSC

CLIMATE REPORT
NATIONAL WEATHER SERVICE PENDLETON OR
439 PM PST SAT DEC 16 2017


...................................

...THE PASCO WA CLIMATE SUMMARY FOR DECEMBER 16 2017...
VALID TODAY AS OF 0400 PM LOCAL TIME.

CLIMATE NORMAL PERIOD 1981 TO 2010
CLIMATE RECORD PERIOD 1948 TO 2017


WEATHER ITEM   OBSERVED TIME   RECORD YEAR NORMAL DEPARTURE LAST
                VALUE   (LST)  VALUE       VALUE  FROM      YEAR
                                                  NORMAL
..................................................................
TEMPERATURE (F)
 TODAY
  MAXIMUM         36    238 PM  65    1973  39     -3       23
  MINIMUM         30    314 AM -14    1922  26      4       -9
  AVERAGE         33                        32      1        7

PRECIPITATION (IN)
  TODAY            0.00          0.29 1972   0.04  -0.04     0.00
  MONTH TO DATE    0.05                      0.50  -0.45     0.42
  SINCE OCT 1      1.89                      2.24  -0.35     3.54
  SINCE JAN 1      8.24                      8.12   0.12     9.16

SNOWFALL (IN)
  TODAY            0.0
  SNOW DEPTH       0

DEGREE DAYS
 HEATING
  TODAY           32                        32      0       58
  MONTH TO DATE  517                       495     22      600
  SINCE DEC 1    517                       495     22      600
  SINCE JUL 1   1685                      1724    -39     1546

 COOLING
  TODAY            0                         0      0        0
  MONTH TO DATE    0                         0      0        0
  SINCE DEC 1      0                         0      0        0
  SINCE JAN 1    981                       710    271      778
..................................................................


WIND (MPH)
  RESULTANT WIND SPEED   1   RESULTANT WIND DIRECTION   E (100)
  HIGHEST WIND SPEED     7   HIGHEST WIND DIRECTION     E (80)
  HIGHEST GUST SPEED     9   HIGHEST GUST DIRECTION     E (90)


SKY COVER
  POSSIBLE SUNSHINE  MM
  AVERAGE SKY COVER 1.0


WEATHER CONDITIONS
 THE FOLLOWING WEATHER WAS RECORDED TODAY.
  FOG


RELATIVE HUMIDITY (PERCENT)
 HIGHEST    92
 LOWEST     82
 AVERAGE    87

..........................................................


THE PASCO WA CLIMATE NORMALS FOR TOMORROW
                         NORMAL    RECORD    YEAR
 MAXIMUM TEMPERATURE (F)   39        61      1997
                                             1933
                                             1917
 MINIMUM TEMPERATURE (F)   26       -14      1922


SUNRISE AND SUNSET
DECEMBER 16 2017......SUNRISE   734 AM PST   SUNSET   411 PM PST
DECEMBER 17 2017......SUNRISE   734 AM PST   SUNSET   411 PM PST


-  INDICATES NEGATIVE NUMBERS.
R  INDICATES RECORD WAS SET OR TIED.
MM INDICATES DATA IS MISSING.
T  INDICATES TRACE AMOUNT.




$$
