000
CDUS46 KPDT 190827
CLIPSC

CLIMATE REPORT
NATIONAL WEATHER SERVICE PENDLETON OR
1225 AM PST FRI DEC 19 2014


...................................

...THE PASCO WA CLIMATE SUMMARY FOR DECEMBER 18 2014...

CLIMATE NORMAL PERIOD 1981 TO 2010
CLIMATE RECORD PERIOD 1948 TO 2014


WEATHER ITEM   OBSERVED TIME   RECORD YEAR NORMAL DEPARTURE LAST
                VALUE   (LST)  VALUE       VALUE  FROM      YEAR
                                                  NORMAL
..................................................................
TEMPERATURE (F)
 YESTERDAY
  MAXIMUM         41    400 PM  55    1999  39      2       48
  MINIMUM         31    655 AM   5    2005  26      5       24
  AVERAGE         36                        32      4       36

PRECIPITATION (IN)
  YESTERDAY        0.05          0.35 1960   0.05   0.00     0.00
  MONTH TO DATE    0.48                      0.59  -0.11     0.05
  SINCE OCT 1      1.70                      2.33  -0.63     0.49
  SINCE JAN 1      4.81                      8.21  -3.40     4.80

SNOWFALL (IN)
  YESTERDAY       MM
  SNOW DEPTH       0

DEGREE DAYS
 HEATING
  YESTERDAY       29                        33     -4       29
  MONTH TO DATE  527                       561    -34      710
  SINCE DEC 1    527                       561    -34      710
  SINCE JUL 1   1592                      1790   -198     2060

 COOLING
  YESTERDAY        0                         0      0        0
  MONTH TO DATE    0                         0      0        0
  SINCE DEC 1      0                         0      0        0
  SINCE JAN 1    991                       710    281      995
..................................................................


WIND (MPH)
  RESULTANT WIND SPEED   1   RESULTANT WIND DIRECTION   N (350)
  HIGHEST WIND SPEED     7   HIGHEST WIND DIRECTION    NW (300)
  HIGHEST GUST SPEED     8   HIGHEST GUST DIRECTION    NW (300)


SKY COVER
  POSSIBLE SUNSHINE  MM
  AVERAGE SKY COVER 0.8


WEATHER CONDITIONS
THE FOLLOWING WEATHER WAS RECORDED YESTERDAY.
  RAIN
  LIGHT RAIN
  FOG
  HAZE


RELATIVE HUMIDITY (PERCENT)
 HIGHEST   100
 LOWEST     86
 AVERAGE    93

..........................................................


THE PASCO WA CLIMATE NORMALS FOR TODAY
                         NORMAL    RECORD    YEAR
 MAXIMUM TEMPERATURE (F)   39        56      1994
 MINIMUM TEMPERATURE (F)   26         3      2008


SUNRISE AND SUNSET
DECEMBER 19 2014......SUNRISE   735 AM PST   SUNSET   412 PM PST
DECEMBER 20 2014......SUNRISE   736 AM PST   SUNSET   412 PM PST


-  INDICATES NEGATIVE NUMBERS.
R  INDICATES RECORD WAS SET OR TIED.
MM INDICATES DATA IS MISSING.
T  INDICATES TRACE AMOUNT.




$$
