000
CDUS46 KPDT 290828
CLIPSC

CLIMATE REPORT
NATIONAL WEATHER SERVICE PENDLETON OR
127 AM PDT SUN MAR 29 2015


...................................

...THE PASCO WA CLIMATE SUMMARY FOR MARCH 28 2015...

CLIMATE NORMAL PERIOD 1981 TO 2010
CLIMATE RECORD PERIOD 1948 TO 2015


WEATHER ITEM   OBSERVED TIME   RECORD YEAR NORMAL DEPARTURE LAST
                VALUE   (LST)  VALUE       VALUE  FROM      YEAR
                                                  NORMAL
..................................................................
TEMPERATURE (F)
 YESTERDAY
  MAXIMUM         67    331 PM  77    1994  63      4       55
  MINIMUM         45   1136 PM  24    2008  37      8       39
                                      1998
  AVERAGE         56                        50      6       47

PRECIPITATION (IN)
  YESTERDAY        0.00          0.31 2014   0.02  -0.02     0.31
  MONTH TO DATE    0.49                      0.71  -0.22     0.76
  SINCE OCT 1      4.09                      5.74  -1.65     2.32
  SINCE JAN 1      1.72                      2.79  -1.07     1.74

SNOWFALL (IN)
  YESTERDAY        0.0
  SNOW DEPTH       0

DEGREE DAYS
 HEATING
  YESTERDAY        9                        15     -6       18
  MONTH TO DATE  423                       534   -111      516
  SINCE MAR 1    423                       534   -111      516
  SINCE JUL 1   3879                      4417   -538     4745

 COOLING
  YESTERDAY        0                         0      0        0
  MONTH TO DATE    0                         0      0        0
  SINCE MAR 1      0                         0      0        0
  SINCE JAN 1      0                         0      0        0
..................................................................


WIND (MPH)
  RESULTANT WIND SPEED  18   RESULTANT WIND DIRECTION  SW (230)
  HIGHEST WIND SPEED    35   HIGHEST WIND DIRECTION    SW (240)
  HIGHEST GUST SPEED    44   HIGHEST GUST DIRECTION     W (250)


SKY COVER
  POSSIBLE SUNSHINE  MM
  AVERAGE SKY COVER 0.1


WEATHER CONDITIONS
 THE FOLLOWING WEATHER WAS RECORDED YESTERDAY.
  LIGHT RAIN


RELATIVE HUMIDITY (PERCENT)
 HIGHEST    66
 LOWEST     32
 AVERAGE    49

..........................................................


THE PASCO WA CLIMATE NORMALS FOR TODAY
                         NORMAL    RECORD    YEAR
 MAXIMUM TEMPERATURE (F)   63        77      2004
 MINIMUM TEMPERATURE (F)   37        28      2007
                                             1995


SUNRISE AND SUNSET
MARCH 29 2015.........SUNRISE   642 AM PDT   SUNSET   721 PM PDT
MARCH 30 2015.........SUNRISE   640 AM PDT   SUNSET   722 PM PDT


-  INDICATES NEGATIVE NUMBERS.
R  INDICATES RECORD WAS SET OR TIED.
MM INDICATES DATA IS MISSING.
T  INDICATES TRACE AMOUNT.




$$
