000
CDUS46 KPDT 220920
CLIPSC

CLIMATE REPORT
NATIONAL WEATHER SERVICE PENDLETON OR
220 AM PDT SUN OCT 22 2017


...................................

...THE PASCO WA CLIMATE SUMMARY FOR OCTOBER 21 2017...

CLIMATE NORMAL PERIOD 1981 TO 2010
CLIMATE RECORD PERIOD 1948 TO 2017


WEATHER ITEM   OBSERVED TIME   RECORD YEAR NORMAL DEPARTURE LAST
                VALUE   (LST)  VALUE       VALUE  FROM      YEAR
                                                  NORMAL
..................................................................
TEMPERATURE (F)
 YESTERDAY
  MAXIMUM         61   1100 PM  88    2003  63     -2       53
  MINIMUM         45        MM  23    1928  37      8       46
                                      1905
  AVERAGE         53                        50      3       50

PRECIPITATION (IN)
  YESTERDAY        0.20          0.64 1954   0.02   0.18     0.10
  MONTH TO DATE    0.54                      0.45   0.09     1.49
  SINCE OCT 1      0.54                      0.45   0.09     1.49
  SINCE JAN 1      6.89                      6.33   0.56     7.11

SNOWFALL (IN)
  YESTERDAY        0.0
  SNOW DEPTH       0

DEGREE DAYS
 HEATING
  YESTERDAY       12                        15     -3       15
  MONTH TO DATE  257                       238     19      186
  SINCE SEP 1    345                       337      8      265
  SINCE JUL 1    345                       349     -4      265

 COOLING
  YESTERDAY        0                         0      0        0
  MONTH TO DATE    0                         0      0        0
  SINCE SEP 1    103                        52     51       27
  SINCE JAN 1    981                       709    272      778
..................................................................


WIND (MPH)
  RESULTANT WIND SPEED   6   RESULTANT WIND DIRECTION   S (160)
  HIGHEST WIND SPEED    18   HIGHEST WIND DIRECTION    SW (210)
  HIGHEST GUST SPEED    25   HIGHEST GUST DIRECTION     S (170)


SKY COVER
  POSSIBLE SUNSHINE  MM
  AVERAGE SKY COVER 0.8


WEATHER CONDITIONS
 THE FOLLOWING WEATHER WAS RECORDED YESTERDAY.
  LIGHT RAIN


RELATIVE HUMIDITY (PERCENT)
 HIGHEST   100
 LOWEST     60
 AVERAGE    80

..........................................................


THE PASCO WA CLIMATE NORMALS FOR TODAY
                         NORMAL    RECORD    YEAR
 MAXIMUM TEMPERATURE (F)   63        81      2003
                                             1942
 MINIMUM TEMPERATURE (F)   37        24      1984
                                             1981


SUNRISE AND SUNSET
OCTOBER 22 2017.......SUNRISE   724 AM PDT   SUNSET   557 PM PDT
OCTOBER 23 2017.......SUNRISE   725 AM PDT   SUNSET   556 PM PDT


-  INDICATES NEGATIVE NUMBERS.
R  INDICATES RECORD WAS SET OR TIED.
MM INDICATES DATA IS MISSING.
T  INDICATES TRACE AMOUNT.

$$
