000
CDUS46 KPDT 160827 RRA
CLIPSC

CLIMATE REPORT
NATIONAL WEATHER SERVICE PENDLETON OR
126 AM PDT WED AUG 16 2017


...................................

...THE PASCO WA CLIMATE SUMMARY FOR AUGUST 15 2017...

CLIMATE NORMAL PERIOD 1981 TO 2010
CLIMATE RECORD PERIOD 1948 TO 2017


WEATHER ITEM   OBSERVED TIME   RECORD YEAR NORMAL DEPARTURE LAST
                VALUE   (LST)  VALUE       VALUE  FROM      YEAR
                                                  NORMAL
..................................................................
TEMPERATURE (F)
 YESTERDAY
  MAXIMUM         87    415 PM 103    2008  91     -4       97
                                      2004
                                      1992
  MINIMUM         48    547 AM  43    1937  56     -8       54
  AVERAGE         68                        73     -5       76

PRECIPITATION (IN)
  YESTERDAY        0.00          0.57 1912   0.01  -0.01     0.00
  MONTH TO DATE    0.05                      0.10  -0.05     0.04
  SINCE OCT 1      9.99                      8.26   1.73     8.14
  SINCE JAN 1      6.22                      5.31   0.91     5.38

SNOWFALL (IN)
  YESTERDAY        0.0
  SNOW DEPTH       0

DEGREE DAYS
 HEATING
  YESTERDAY        0                         0      0        0
  MONTH TO DATE    0                         0      0        0
  SINCE JUN 1     26                        37    -11       30
  SINCE JUL 1      0                         5     -5        0

 COOLING
  YESTERDAY        3                         8     -5       11
  MONTH TO DATE  207                       143     64      136
  SINCE JUN 1    718                       520    198      588
  SINCE JAN 1    767                       553    214      621
..................................................................


WIND (MPH)
  RESULTANT WIND SPEED   1   RESULTANT WIND DIRECTION   N (340)
  HIGHEST WIND SPEED     9   HIGHEST WIND DIRECTION     N (350)
  HIGHEST GUST SPEED    13   HIGHEST GUST DIRECTION    NW (320)


SKY COVER
  POSSIBLE SUNSHINE  MM
  AVERAGE SKY COVER 0.0


WEATHER CONDITIONS
 THE FOLLOWING WEATHER WAS RECORDED YESTERDAY.
  FOG


RELATIVE HUMIDITY (PERCENT)
 HIGHEST    93
 LOWEST     22
 AVERAGE    58

..........................................................


THE PASCO WA CLIMATE NORMALS FOR TODAY
                         NORMAL    RECORD    YEAR
 MAXIMUM TEMPERATURE (F)   90       106      1942
 MINIMUM TEMPERATURE (F)   56        42      1910


SUNRISE AND SUNSET
AUGUST 16 2017........SUNRISE   557 AM PDT   SUNSET   803 PM PDT
AUGUST 17 2017........SUNRISE   558 AM PDT   SUNSET   802 PM PDT


-  INDICATES NEGATIVE NUMBERS.
R  INDICATES RECORD WAS SET OR TIED.
MM INDICATES DATA IS MISSING.
T  INDICATES TRACE AMOUNT.




$$
