000
CDUS41 KALY 182044
CLIPSF


CLIMATE REPORT
NATIONAL WEATHER SERVICE ALBANY NY
443 PM EDT THU SEP 18 2014


...................................

...THE PITTSFIELD MA CLIMATE SUMMARY FOR SEPTEMBER 18 2014...
VALID TODAY AS OF 0400 PM LOCAL TIME.

CLIMATE NORMAL PERIOD 1981 TO 2010
CLIMATE RECORD PERIOD 9999 TO 9999


WEATHER ITEM   OBSERVED TIME   NORMAL DEPARTURE LAST
                VALUE   (LST)  VALUE  FROM      YEAR
                                      NORMAL
......................................................
TEMPERATURE (F)
 TODAY
  MAXIMUM         68   1243 PM  68      0       67
  MINIMUM         39    559 AM  47     -8       39
  AVERAGE         54            58     -4       53

PRECIPITATION (IN)
  TODAY            0.00          0.13  -0.13     0.00
  MONTH TO DATE    1.39          2.17  -0.78     2.51
  SINCE SEP 1      1.39          2.17  -0.78     2.51
  SINCE JAN 1     32.31         31.95   0.36    30.61

DEGREE DAYS
 HEATING
  TODAY           11             8      3       12
  MONTH TO DATE  113            92     21      127
  SINCE SEP 1    113            92     21      127
  SINCE JUL 1    186           170     16      183

 COOLING
  TODAY            0             0      0        0
  MONTH TO DATE   33            16     17       33
  SINCE SEP 1     33            16     17       33
  SINCE JAN 1    232           286    -54      433
......................................................


WIND (MPH)
  HIGHEST WIND SPEED    16   HIGHEST WIND DIRECTION     W (260)
  HIGHEST GUST SPEED    23   HIGHEST GUST DIRECTION    NW (300)
  AVERAGE WIND SPEED     4.4


SKY COVER
  AVERAGE SKY COVER 0.7



RELATIVE HUMIDITY (PERCENT)
 HIGHEST   100
 LOWEST     48
 AVERAGE    74

..........................................................


THE PITTSFIELD MA CLIMATE NORMALS FOR TOMORROW
                         NORMAL
 MAXIMUM TEMPERATURE (F)   68
 MINIMUM TEMPERATURE (F)   47


SUNRISE AND SUNSET
SEPTEMBER 18 2014.....SUNRISE   636 AM EDT   SUNSET   658 PM EDT
SEPTEMBER 19 2014.....SUNRISE   637 AM EDT   SUNSET   656 PM EDT


-  INDICATES NEGATIVE NUMBERS.
R  INDICATES RECORD WAS SET OR TIED.
MM INDICATES DATA IS MISSING.
T  INDICATES TRACE AMOUNT.




$$
