000
CDUS41 KALY 020622
CLIPSF


CLIMATE REPORT
NATIONAL WEATHER SERVICE ALBANY NY
221 AM EDT THU JUL 2 2015


...................................

...THE PITTSFIELD MA CLIMATE SUMMARY FOR JULY 1 2015...

CLIMATE NORMAL PERIOD 1981 TO 2010
CLIMATE RECORD PERIOD 9999 TO 9999


WEATHER ITEM   OBSERVED TIME   NORMAL DEPARTURE LAST
                VALUE   (LST)  VALUE  FROM      YEAR
                                      NORMAL
......................................................
TEMPERATURE (F)
 YESTERDAY
  MAXIMUM         76    330 PM  78     -2       86
  MINIMUM         58   1159 PM  56      2       61
  AVERAGE         67            67      0       74

PRECIPITATION (IN)
  YESTERDAY        2.03          0.11   1.92     0.00
  MONTH TO DATE    2.03          0.11   1.92     0.00
  SINCE JUN 1     10.16          4.51   5.65     5.35
  SINCE JAN 1     21.30         21.55  -0.25    19.35

DEGREE DAYS
 HEATING
  YESTERDAY        0             1     -1        0
  MONTH TO DATE    0             1     -1        0
  SINCE JUN 1    111           102      9       58
  SINCE JUL 1      0             1     -1        0

 COOLING
  YESTERDAY        2             3     -1        9
  MONTH TO DATE    2             3     -1        9
  SINCE JUN 1     35            59    -24       52
  SINCE JAN 1     79            72      7       58
......................................................


WIND (MPH)
  HIGHEST WIND SPEED    26   HIGHEST WIND DIRECTION    NW (300)
  HIGHEST GUST SPEED    34   HIGHEST GUST DIRECTION     W (290)
  AVERAGE WIND SPEED     6.7


SKY COVER
  AVERAGE SKY COVER 0.7



RELATIVE HUMIDITY (PERCENT)
 HIGHEST    93
 LOWEST     60
 AVERAGE    77

..........................................................


THE PITTSFIELD MA CLIMATE NORMALS FOR TODAY
                         NORMAL
 MAXIMUM TEMPERATURE (F)   78
 MINIMUM TEMPERATURE (F)   56


SUNRISE AND SUNSET
JULY  2 2015..........SUNRISE   520 AM EDT   SUNSET   834 PM EDT
JULY  3 2015..........SUNRISE   521 AM EDT   SUNSET   834 PM EDT


-  INDICATES NEGATIVE NUMBERS.
R  INDICATES RECORD WAS SET OR TIED.
MM INDICATES DATA IS MISSING.
T  INDICATES TRACE AMOUNT.




$$
