000
CDUS41 KALY 030625
CLIPSF


CLIMATE REPORT
NATIONAL WEATHER SERVICE ALBANY NY
224 AM EDT TUE MAY 3 2016


...................................

...THE PITTSFIELD MA CLIMATE SUMMARY FOR MAY 2 2016...

CLIMATE NORMAL PERIOD 1981 TO 2010
CLIMATE RECORD PERIOD 9999 TO 9999


WEATHER ITEM   OBSERVED TIME   NORMAL DEPARTURE LAST
                VALUE   (LST)  VALUE  FROM      YEAR
                                      NORMAL
......................................................
TEMPERATURE (F)
 YESTERDAY
  MAXIMUM         51    504 PM  62    -11       70
  MINIMUM         38    241 AM  39     -1       37
  AVERAGE         45            51     -6       54

PRECIPITATION (IN)
  YESTERDAY        0.45          0.11   0.34     0.00
  MONTH TO DATE    0.63          0.21   0.42     0.00
  SINCE MAR 1      5.38          7.44  -2.06     4.47
  SINCE JAN 1     10.75         13.04  -2.29     9.56

DEGREE DAYS
 HEATING
  YESTERDAY       20            15      5       11
  MONTH TO DATE   41            30     11       27
  SINCE MAR 1   1490          1685   -195     1856
  SINCE JUL 1   5857          7065  -1208     7519

 COOLING
  YESTERDAY        0             0      0        0
  MONTH TO DATE    0             0      0        0
  SINCE MAR 1      0             2     -2        0
  SINCE JAN 1      0             2     -2        0
......................................................


WIND (MPH)
  HIGHEST WIND SPEED    12   HIGHEST WIND DIRECTION     W (290)
  HIGHEST GUST SPEED    18   HIGHEST GUST DIRECTION     W (270)
  AVERAGE WIND SPEED     4.7


SKY COVER
  AVERAGE SKY COVER 1.0



RELATIVE HUMIDITY (PERCENT)
 HIGHEST   100
 LOWEST     83
 AVERAGE    92

..........................................................


THE PITTSFIELD MA CLIMATE NORMALS FOR TODAY
                         NORMAL
 MAXIMUM TEMPERATURE (F)   62
 MINIMUM TEMPERATURE (F)   40


SUNRISE AND SUNSET
MAY  3 2016...........SUNRISE   545 AM EDT   SUNSET   756 PM EDT
MAY  4 2016...........SUNRISE   544 AM EDT   SUNSET   757 PM EDT


-  INDICATES NEGATIVE NUMBERS.
R  INDICATES RECORD WAS SET OR TIED.
MM INDICATES DATA IS MISSING.
T  INDICATES TRACE AMOUNT.




$$
