000
CDUS41 KALY 180623
CLIPSF


CLIMATE REPORT
NATIONAL WEATHER SERVICE ALBANY NY
222 AM EDT FRI AUG 18 2017


...................................

...THE PITTSFIELD MA CLIMATE SUMMARY FOR AUGUST 17 2017...

CLIMATE NORMAL PERIOD 1981 TO 2010
CLIMATE RECORD PERIOD 9999 TO 9999


WEATHER ITEM   OBSERVED TIME   NORMAL DEPARTURE LAST
                VALUE   (LST)  VALUE  FROM      YEAR
                                      NORMAL
......................................................
TEMPERATURE (F)
 YESTERDAY
  MAXIMUM         77    328 PM  77      0       76
  MINIMUM         48    519 AM  56     -8       60
  AVERAGE         63            67     -4       68

PRECIPITATION (IN)
  YESTERDAY        0.00          0.13  -0.13      T
  MONTH TO DATE    2.64          2.31   0.33     1.83
  SINCE JUN 1     10.06         10.96  -0.90     8.48
  SINCE JAN 1     28.84         28.00   0.84    22.58

DEGREE DAYS
 HEATING
  YESTERDAY        2             1      1        0
  MONTH TO DATE   12            17     -5        0
  SINCE JUN 1    141           149     -8       87
  SINCE JUL 1     35            48    -13       11

 COOLING
  YESTERDAY        0             3     -3        3
  MONTH TO DATE   44            63    -19      101
  SINCE JUN 1    232           227      5      295
  SINCE JAN 1    246           240      6      336
......................................................


WIND (MPH)
  HIGHEST WIND SPEED     9   HIGHEST WIND DIRECTION     W (270)
  HIGHEST GUST SPEED    12   HIGHEST GUST DIRECTION    SW (240)
  AVERAGE WIND SPEED     1.9


SKY COVER
  AVERAGE SKY COVER 0.3



RELATIVE HUMIDITY (PERCENT)
 HIGHEST   100
 LOWEST     31
 AVERAGE    66

..........................................................


THE PITTSFIELD MA CLIMATE NORMALS FOR TODAY
                         NORMAL
 MAXIMUM TEMPERATURE (F)   77
 MINIMUM TEMPERATURE (F)   56


SUNRISE AND SUNSET
AUGUST 18 2017........SUNRISE   604 AM EDT   SUNSET   750 PM EDT
AUGUST 19 2017........SUNRISE   605 AM EDT   SUNSET   748 PM EDT


-  INDICATES NEGATIVE NUMBERS.
R  INDICATES RECORD WAS SET OR TIED.
MM INDICATES DATA IS MISSING.
T  INDICATES TRACE AMOUNT.




$$
