000
CDUS46 KSGX 190120
CLIPSP


CLIMATE REPORT
NATIONAL WEATHER SERVICE SAN DIEGO, CA
519 PM PST WED JAN 18 2017


...................................

...THE PALM SPRINGS INTL AIRPORT CA CLIMATE SUMMARY FOR JANUARY 18 2017...
VALID TODAY AS OF 0500 PM LOCAL TIME.

CLIMATE NORMAL PERIOD 1981 TO 2010
CLIMATE RECORD PERIOD 1893 TO 2016


WEATHER ITEM   OBSERVED TIME   RECORD YEAR NORMAL DEPARTURE LAST
                VALUE   (LST)  VALUE       VALUE  FROM      YEAR
                                                  NORMAL
..................................................................
TEMPERATURE (F)
 TODAY
  MAXIMUM         66    253 PM  95    1971  69     -3       70
  MINIMUM         44    721 AM  30    1960  46     -2       51
                                      1951
                                      1937
  AVERAGE         55                        58     -3       61

PRECIPITATION (IN)
  TODAY            0.00          0.95 2010   0.03  -0.03     0.00
  MONTH TO DATE    0.67                      0.75  -0.08     2.12
  SINCE OCT 1      2.46                      2.60  -0.14     2.31
  SINCE JAN 1      0.67                      0.75  -0.08     2.12

DEGREE DAYS
 HEATING
  TODAY           10                         8      2        4
  MONTH TO DATE  158                       150      8      195
  SINCE DEC 1    380                       440    -60      490
  SINCE JUL 1    441                       536    -95      597

 COOLING
  TODAY            0                         0      0        0
  MONTH TO DATE    0                         0      0        0
  SINCE DEC 1      1                         4     -3        0
  SINCE JAN 1      0                         0      0        0
..................................................................


WIND (MPH)
  RESULTANT WIND SPEED   2   RESULTANT WIND DIRECTION   N (20)
  HIGHEST WIND SPEED    12   HIGHEST WIND DIRECTION     E (110)
  HIGHEST GUST SPEED    18   HIGHEST GUST DIRECTION     E (90)
  AVERAGE WIND SPEED     5.3


SKY COVER
  POSSIBLE SUNSHINE  MM
  AVERAGE SKY COVER 0.0


WEATHER CONDITIONS
 THE FOLLOWING WEATHER WAS RECORDED TODAY.
  NO SIGNIFICANT WEATHER WAS OBSERVED.


RELATIVE HUMIDITY (PERCENT)
 HIGHEST    70           500 AM
 LOWEST     29           300 PM
 AVERAGE    50

..........................................................


THE PALM SPRINGS INTL AIRPORT CA CLIMATE NORMALS FOR TOMORROW
                         NORMAL    RECORD    YEAR
 MAXIMUM TEMPERATURE (F)   70        91      1971
 MINIMUM TEMPERATURE (F)   46        23      1943


SUNRISE AND SUNSET
JANUARY 18 2017.......SUNRISE   650 AM PST   SUNSET   504 PM PST
JANUARY 19 2017.......SUNRISE   650 AM PST   SUNSET   504 PM PST


-  INDICATES NEGATIVE NUMBERS.
R  INDICATES RECORD WAS SET OR TIED.
MM INDICATES DATA IS MISSING.
T  INDICATES TRACE AMOUNT.




$$
