000
CDUS46 KSGX 191141
CLIPSP


CLIMATE REPORT
NATIONAL WEATHER SERVICE SAN DIEGO, CA
431 AM PDT THU OCT 19 2017


...................................

...THE PALM SPRINGS INTL AIRPORT CA CLIMATE SUMMARY FOR OCTOBER 18 2017...

CLIMATE NORMAL PERIOD 1981 TO 2010
CLIMATE RECORD PERIOD 1893 TO 2017


WEATHER ITEM   OBSERVED TIME   RECORD YEAR NORMAL DEPARTURE LAST
                VALUE   (LST)  VALUE       VALUE  FROM      YEAR
                                                  NORMAL
..................................................................
TEMPERATURE (F)
 YESTERDAY
  MAXIMUM         99    210 PM 110    1991  88     11       88
  MINIMUM         72    157 AM  42    1971  62     10       63
  AVERAGE         86                        75     11       76

PRECIPITATION (IN)
  YESTERDAY        0.00          1.60 1963   0.02  -0.02     0.00
  MONTH TO DATE    0.00                      0.22  -0.22     0.00
  SINCE OCT 1      0.00                      0.22  -0.22     0.00
  SINCE JAN 1      7.17                      4.11   3.06     3.36

DEGREE DAYS
 HEATING
  YESTERDAY        0                         0      0        0
  MONTH TO DATE    0                         0      0        0
  SINCE SEP 1      0                         0      0        0
  SINCE JUL 1      0                         0      0        0

 COOLING
  YESTERDAY       21                        10     11       11
  MONTH TO DATE  281                       232     49      255
  SINCE SEP 1    911                       874     37      838
  SINCE JAN 1   4794                      3958    836     4493
..................................................................


WIND (MPH)
  RESULTANT WIND SPEED   1   RESULTANT WIND DIRECTION  NW (320)
  HIGHEST WIND SPEED    13   HIGHEST WIND DIRECTION    NW (320)
  HIGHEST GUST SPEED    16   HIGHEST GUST DIRECTION     E (110)
  AVERAGE WIND SPEED     4.7


SKY COVER
  POSSIBLE SUNSHINE  MM
  AVERAGE SKY COVER 0.0


WEATHER CONDITIONS
 THE FOLLOWING WEATHER WAS RECORDED YESTERDAY.
  NO SIGNIFICANT WEATHER WAS OBSERVED.


RELATIVE HUMIDITY (PERCENT)
 HIGHEST    35          1100 PM
 LOWEST     11          1200 PM
 AVERAGE    23

..........................................................


THE PALM SPRINGS INTL AIRPORT CA CLIMATE NORMALS FOR TODAY
                         NORMAL    RECORD    YEAR
 MAXIMUM TEMPERATURE (F)   88       111      1991
 MINIMUM TEMPERATURE (F)   61        42      1949


SUNRISE AND SUNSET
OCTOBER 19 2017.......SUNRISE   654 AM PDT   SUNSET   607 PM PDT
OCTOBER 20 2017.......SUNRISE   655 AM PDT   SUNSET   606 PM PDT


-  INDICATES NEGATIVE NUMBERS.
R  INDICATES RECORD WAS SET OR TIED.
MM INDICATES DATA IS MISSING.
T  INDICATES TRACE AMOUNT.




$$
