000
CDUS46 KSGX 301416
CLIPSP


CLIMATE REPORT
NATIONAL WEATHER SERVICE SAN DIEGO, CA
716 AM PDT TUE AUG 30 2016


...................................

...THE PALM SPRINGS INTL AIRPORT CA CLIMATE SUMMARY FOR AUGUST 29 2016...

CLIMATE NORMAL PERIOD 1981 TO 2010
CLIMATE RECORD PERIOD 1893 TO 2016


WEATHER ITEM   OBSERVED TIME   RECORD YEAR NORMAL DEPARTURE LAST
                VALUE   (LST)  VALUE       VALUE  FROM      YEAR
                                                  NORMAL
..................................................................
TEMPERATURE (F)
 YESTERDAY
  MAXIMUM        112    325 PM 118    1998 105      7      115
                                      1967
  MINIMUM         81    431 AM  57    1947  77      4       85
  AVERAGE         97                        91      6      100

PRECIPITATION (IN)
  YESTERDAY        0.00          0.12 1988   0.02  -0.02     0.00
  MONTH TO DATE    0.00                      0.32  -0.32      T
  SINCE OCT 1      2.63                      5.36  -2.73     2.63
  SINCE JAN 1      2.44                      3.51  -1.07     1.76

DEGREE DAYS
 HEATING
  YESTERDAY        0                         0      0        0
  MONTH TO DATE    0                         0      0        0
  SINCE JUN 1      0                         0      0        0
  SINCE JUL 1      0                         0      0        0

 COOLING
  YESTERDAY       32                        26      6       35
  MONTH TO DATE  845                       781     64      897
  SINCE JUN 1   2594                      2274    320     2487
  SINCE JAN 1   3591                      3033    558     3552
..................................................................


WIND (MPH)
  RESULTANT WIND SPEED   1   RESULTANT WIND DIRECTION  NW (320)
  HIGHEST WIND SPEED    14   HIGHEST WIND DIRECTION    NW (320)
  HIGHEST GUST SPEED    17   HIGHEST GUST DIRECTION    NW (320)
  AVERAGE WIND SPEED     4.9


SKY COVER
  POSSIBLE SUNSHINE  MM
  AVERAGE SKY COVER 0.0


WEATHER CONDITIONS
 THE FOLLOWING WEATHER WAS RECORDED YESTERDAY.
  NO SIGNIFICANT WEATHER WAS OBSERVED.


RELATIVE HUMIDITY (PERCENT)
 HIGHEST    37           300 AM
 LOWEST      9           100 PM
 AVERAGE    23

..........................................................


THE PALM SPRINGS INTL AIRPORT CA CLIMATE NORMALS FOR TODAY
                         NORMAL    RECORD    YEAR
 MAXIMUM TEMPERATURE (F)  105       119      1984
 MINIMUM TEMPERATURE (F)   77        52      1957


SUNRISE AND SUNSET
AUGUST 30 2016........SUNRISE   619 AM PDT   SUNSET   713 PM PDT
AUGUST 31 2016........SUNRISE   619 AM PDT   SUNSET   712 PM PDT


-  INDICATES NEGATIVE NUMBERS.
R  INDICATES RECORD WAS SET OR TIED.
MM INDICATES DATA IS MISSING.
T  INDICATES TRACE AMOUNT.




$$
