000
CDUS46 KSGX 011426
CLIPSP


CLIMATE REPORT
NATIONAL WEATHER SERVICE SAN DIEGO, CA
726 AM PDT SUN MAY 1 2016


...................................

...THE PALM SPRINGS INTL AIRPORT CA CLIMATE SUMMARY FOR APRIL 30 2016...

CLIMATE NORMAL PERIOD 1981 TO 2010
CLIMATE RECORD PERIOD 1893 TO 2016


WEATHER ITEM   OBSERVED TIME   RECORD YEAR NORMAL DEPARTURE LAST
                VALUE   (LST)  VALUE       VALUE  FROM      YEAR
                                                  NORMAL
..................................................................
TEMPERATURE (F)
 YESTERDAY
  MAXIMUM         77   1233 PM 106    1996  89    -12      102
  MINIMUM         60    459 AM  40    1942  61     -1       70
  AVERAGE         69                        75     -6       86

PRECIPITATION (IN)
  YESTERDAY        0.00          0.17 1951   0.00   0.00     0.00
  MONTH TO DATE    0.14                      0.11   0.03      T
  SINCE OCT 1      2.61                      4.60  -1.99     2.09
  SINCE JAN 1      2.42                      2.75  -0.33     1.22

DEGREE DAYS
 HEATING
  YESTERDAY        0                         0      0        0
  MONTH TO DATE    0                        17    -17        1
  SINCE MAR 1     28                        94    -66       30
  SINCE JUL 1    738                       872   -134      401

 COOLING
  YESTERDAY        4                        10     -6       21
  MONTH TO DATE  280                       200     80      280
  SINCE MAR 1    467                       293    174      591
  SINCE JAN 1    617                       320    297      711
..................................................................


WIND (MPH)
  RESULTANT WIND SPEED  12   RESULTANT WIND DIRECTION  NW (310)
  HIGHEST WIND SPEED    29   HIGHEST WIND DIRECTION    NW (330)
  HIGHEST GUST SPEED    36   HIGHEST GUST DIRECTION    NW (310)
  AVERAGE WIND SPEED    12.7


SKY COVER
  POSSIBLE SUNSHINE  MM
  AVERAGE SKY COVER 0.4


WEATHER CONDITIONS
 THE FOLLOWING WEATHER WAS RECORDED YESTERDAY.
  NO SIGNIFICANT WEATHER WAS OBSERVED.


RELATIVE HUMIDITY (PERCENT)
 HIGHEST    60           200 AM
 LOWEST     31          1200 PM
 AVERAGE    46

..........................................................


THE PALM SPRINGS INTL AIRPORT CA CLIMATE NORMALS FOR TODAY
                         NORMAL    RECORD    YEAR
 MAXIMUM TEMPERATURE (F)   89       108      1947
 MINIMUM TEMPERATURE (F)   61        44      1967
                                             1953
                                             1935


SUNRISE AND SUNSET
MAY  1 2016...........SUNRISE   557 AM PDT   SUNSET   730 PM PDT
MAY  2 2016...........SUNRISE   556 AM PDT   SUNSET   731 PM PDT


-  INDICATES NEGATIVE NUMBERS.
R  INDICATES RECORD WAS SET OR TIED.
MM INDICATES DATA IS MISSING.
T  INDICATES TRACE AMOUNT.




$$
