000
CDUS46 KSGX 281138
CLIPSP


CLIMATE REPORT
NATIONAL WEATHER SERVICE SAN DIEGO, CA
438 AM PDT FRI APR 28 2017


...................................

...THE PALM SPRINGS INTL AIRPORT CA CLIMATE SUMMARY FOR APRIL 27 2017...

CLIMATE NORMAL PERIOD 1981 TO 2010
CLIMATE RECORD PERIOD 1893 TO 2017


WEATHER ITEM   OBSERVED TIME   RECORD YEAR NORMAL DEPARTURE LAST
                VALUE   (LST)  VALUE       VALUE  FROM      YEAR
                                                  NORMAL
..................................................................
TEMPERATURE (F)
 YESTERDAY
  MAXIMUM         93    230 PM 107    1996  88      5       84
  MINIMUM         67    426 AM  40    1932  60      7       57
  AVERAGE         80                        74      6       71

PRECIPITATION (IN)
  YESTERDAY        0.00          0.20 1944   0.00   0.00     0.00
  MONTH TO DATE    0.00                      0.10  -0.10     0.14
  SINCE OCT 1      6.97                      4.59   2.38     2.61
  SINCE JAN 1      5.18                      2.74   2.44     2.42

DEGREE DAYS
 HEATING
  YESTERDAY        0                         0      0        0
  MONTH TO DATE    0                        17    -17        0
  SINCE MAR 1     19                        90    -71       28
  SINCE JUL 1    679                       868   -189      738

 COOLING
  YESTERDAY       15                         9      6        6
  MONTH TO DATE  310                       171    139      264
  SINCE MAR 1    556                       264    292      451
  SINCE JAN 1    601                       291    310      601
..................................................................


WIND (MPH)
  RESULTANT WIND SPEED  10   RESULTANT WIND DIRECTION  NW (320)
  HIGHEST WIND SPEED    29   HIGHEST WIND DIRECTION    NW (320)
  HIGHEST GUST SPEED    38   HIGHEST GUST DIRECTION    NW (300)
  AVERAGE WIND SPEED    11.7


SKY COVER
  POSSIBLE SUNSHINE  MM
  AVERAGE SKY COVER 0.0


WEATHER CONDITIONS
 THE FOLLOWING WEATHER WAS RECORDED YESTERDAY.
  NO SIGNIFICANT WEATHER WAS OBSERVED.


RELATIVE HUMIDITY (PERCENT)
 HIGHEST    51           400 AM
 LOWEST     18           100 PM
 AVERAGE    35

..........................................................


THE PALM SPRINGS INTL AIRPORT CA CLIMATE NORMALS FOR TODAY
                         NORMAL    RECORD    YEAR
 MAXIMUM TEMPERATURE (F)   88       106      2013
                                             2007
                                             1992
 MINIMUM TEMPERATURE (F)   60        40      1970


SUNRISE AND SUNSET
APRIL 28 2017.........SUNRISE   600 AM PDT   SUNSET   727 PM PDT
APRIL 29 2017.........SUNRISE   559 AM PDT   SUNSET   728 PM PDT


-  INDICATES NEGATIVE NUMBERS.
R  INDICATES RECORD WAS SET OR TIED.
MM INDICATES DATA IS MISSING.
T  INDICATES TRACE AMOUNT.




$$
