000
CDUS45 KPUB 221048
CLIPUB


CLIMATE REPORT
NATIONAL WEATHER SERVICE PUEBLO
448 AM MDT MON SEP 22 2014


...................................

...THE PUEBLO CO CLIMATE SUMMARY FOR SEPTEMBER 21 2014...

CLIMATE NORMAL PERIOD 1981 TO 2010
CLIMATE RECORD PERIOD 1888 TO 2014


WEATHER ITEM   OBSERVED TIME   RECORD YEAR NORMAL DEPARTURE LAST
                VALUE   (LST)  VALUE       VALUE  FROM      YEAR
                                                  NORMAL
..................................................................
TEMPERATURE (F)
 YESTERDAY
  MAXIMUM         77    341 PM  93    1926  80     -3       87
  MINIMUM         59    521 AM  27    1983  45     14       49
  AVERAGE         68                        62      6       68

PRECIPITATION (IN)
  YESTERDAY        0.22          0.57 2006   0.02   0.20     0.00
  MONTH TO DATE    0.35                      0.58  -0.23     1.02
  SINCE SEP 1      0.35                      0.58  -0.23     1.02
  SINCE JAN 1      9.95                     10.81  -0.86     8.82

SNOWFALL (IN)
  YESTERDAY        0.0           1.7  1995   0.1   -0.1      0.0
  MONTH TO DATE    0.0                       0.2   -0.2      0.0
  SINCE SEP 1      0.0                       0.2   -0.2      0.0
  SINCE JUL 1      T                         0.2   -0.2       T
  SNOW DEPTH       0

DEGREE DAYS
 HEATING
  YESTERDAY        0                         4     -4        0
  MONTH TO DATE   46                        42      4        2
  SINCE SEP 1     46                        42      4        2
  SINCE JUL 1     47                        47      0        2

 COOLING
  YESTERDAY        3                         1      2        3
  MONTH TO DATE   99                        74     25      153
  SINCE SEP 1     99                        74     25      153
  SINCE JAN 1    974                       885     89     1213
..................................................................


WIND (MPH)
  HIGHEST WIND SPEED    17   HIGHEST WIND DIRECTION    SW (240)
  HIGHEST GUST SPEED    21   HIGHEST GUST DIRECTION    SW (240)
  AVERAGE WIND SPEED     8.9


SKY COVER
  POSSIBLE SUNSHINE  MM
  AVERAGE SKY COVER 0.6


WEATHER CONDITIONS
 THE FOLLOWING WEATHER WAS RECORDED YESTERDAY.
  THUNDERSTORM
  RAIN
  LIGHT RAIN
  FOG


RELATIVE HUMIDITY (PERCENT)
 HIGHEST    97           600 AM
 LOWEST     38           300 PM
 AVERAGE    68

..........................................................


THE PUEBLO CO CLIMATE NORMALS FOR TODAY
                         NORMAL    RECORD    YEAR
 MAXIMUM TEMPERATURE (F)   79        93      1953
 MINIMUM TEMPERATURE (F)   45        28      1912


SUNRISE AND SUNSET
SEPTEMBER 22 2014.....SUNRISE   646 AM MDT   SUNSET   655 PM MDT
SEPTEMBER 23 2014.....SUNRISE   647 AM MDT   SUNSET   653 PM MDT


-  INDICATES NEGATIVE NUMBERS.
R  INDICATES RECORD WAS SET OR TIED.
MM INDICATES DATA IS MISSING.
T  INDICATES TRACE AMOUNT.




$$
