381
CDUS45 KPUB 201202
CLIPUB


CLIMATE REPORT
NATIONAL WEATHER SERVICE PUEBLO
502 AM MST FRI JAN 20 2017


...................................

...THE PUEBLO CO CLIMATE SUMMARY FOR JANUARY 19 2017...

CLIMATE NORMAL PERIOD 1981 TO 2010
CLIMATE RECORD PERIOD 1888 TO 2017


WEATHER ITEM   OBSERVED TIME   RECORD YEAR NORMAL DEPARTURE LAST
                VALUE   (LST)  VALUE       VALUE  FROM      YEAR
                                                  NORMAL
..................................................................
TEMPERATURE (F)
 YESTERDAY
  MAXIMUM         56    237 PM  75    1986  47      9       49
  MINIMUM         21    440 AM -26    1943  14      7       27
  AVERAGE         39                        31      8       38

PRECIPITATION (IN)
  YESTERDAY        0.00          0.55 1990   0.01  -0.01     0.00
  MONTH TO DATE    0.73                      0.21   0.52     0.41
  SINCE DEC 1      1.49                      0.59   0.90     0.81
  SINCE JAN 1      0.73                      0.21   0.52     0.41

SNOWFALL (IN)
  YESTERDAY        0.0          11.6  1990   0.2   -0.2      0.0
  MONTH TO DATE    8.7                       4.0    4.7      5.0
  SINCE DEC 1     13.1                       9.5    3.6     10.5
  SINCE JUL 1     13.1                      15.5   -2.4     16.9
  SNOW DEPTH       0

DEGREE DAYS
 HEATING
  YESTERDAY       26                        34     -8       27
  MONTH TO DATE  668                       660      8      687
  SINCE DEC 1   1743                      1742      1     1634
  SINCE JUL 1   2525                      3023   -498     2508

 COOLING
  YESTERDAY        0                         0      0        0
  MONTH TO DATE    0                         0      0        0
  SINCE DEC 1      0                         0      0        0
  SINCE JAN 1      0                         0      0        0
..................................................................


WIND (MPH)
  HIGHEST WIND SPEED    30   HIGHEST WIND DIRECTION     W (280)
  HIGHEST GUST SPEED    39   HIGHEST GUST DIRECTION     W (280)
  AVERAGE WIND SPEED     4.6


SKY COVER
  POSSIBLE SUNSHINE  MM
  AVERAGE SKY COVER 0.0


WEATHER CONDITIONS
 THE FOLLOWING WEATHER WAS RECORDED YESTERDAY.
  NO SIGNIFICANT WEATHER WAS OBSERVED.


RELATIVE HUMIDITY (PERCENT)
 HIGHEST    88          1200 AM
 LOWEST     26           300 PM
 AVERAGE    57

..........................................................


THE PUEBLO CO CLIMATE NORMALS FOR TODAY
                         NORMAL    RECORD    YEAR
 MAXIMUM TEMPERATURE (F)   47        78      1971
 MINIMUM TEMPERATURE (F)   14       -13      1984


SUNRISE AND SUNSET
JANUARY 20 2017.......SUNRISE   711 AM MST   SUNSET   508 PM MST
JANUARY 21 2017.......SUNRISE   711 AM MST   SUNSET   509 PM MST


-  INDICATES NEGATIVE NUMBERS.
R  INDICATES RECORD WAS SET OR TIED.
MM INDICATES DATA IS MISSING.
T  INDICATES TRACE AMOUNT.




$$
