000
CDUS46 KOTX 010820
CLIPUW


CLIMATE REPORT
NATIONAL WEATHER SERVICE SPOKANE, WA
120 AM PDT FRI AUG 1 2014


...................................

...THE PULLMAN-MOSCOW  AIRPORT CLIMATE SUMMARY FOR JULY 31 2014...

CLIMATE NORMAL PERIOD 1981 TO 2010
CLIMATE RECORD PERIOD 9999 TO 9999


WEATHER ITEM   OBSERVED TIME   RECORD YEAR NORMAL DEPARTURE LAST
                VALUE   (LST)  VALUE       VALUE  FROM      YEAR
                                                  NORMAL
..................................................................
TEMPERATURE (F)
 YESTERDAY
  MAXIMUM         97    303 PM  99    1949  84     13       90
  MINIMUM         53    444 AM  32    1945  51      2       47
  AVERAGE         75                        68      7       69

PRECIPITATION (IN)
  YESTERDAY        0.00          0.10 1990   0.02  -0.02      T
  MONTH TO DATE    0.33                      0.69  -0.36     0.12
  SINCE OCT 1     14.28                     15.48  -1.20    15.97
  SINCE JAN 1     10.94                     10.28   0.66     8.43

SNOWFALL (IN)
  YESTERDAY       MM            MM      MM  MM     MM       MM
  MONTH TO DATE   MM                        MM     MM       MM
  SINCE JUN 1     MM                        MM     MM       MM
  SINCE JUL 1     MM                        MM     MM       MM
  SNOW DEPTH      MM

DEGREE DAYS
 HEATING
  YESTERDAY        0                         1     -1        0
  MONTH TO DATE   10                        62    -52       24
  SINCE JUN 1    214                       270    -56      214
  SINCE JUL 1     10                        64    -54       24

 COOLING
  YESTERDAY       10                         4      6        4
  MONTH TO DATE  189                        82    107      105
  SINCE JUN 1    190                        95     95      138
  SINCE JAN 1    191                       100     91      150
..................................................................


WIND (MPH)
  HIGHEST WIND SPEED    17   HIGHEST WIND DIRECTION     W (260)
  HIGHEST GUST SPEED    24   HIGHEST GUST DIRECTION     W (270)
  AVERAGE WIND SPEED     3.9


SKY COVER
  POSSIBLE SUNSHINE  MM
  AVERAGE SKY COVER 0.0


WEATHER CONDITIONS
 THE FOLLOWING WEATHER WAS RECORDED YESTERDAY.
  NO SIGNIFICANT WEATHER WAS OBSERVED.


RELATIVE HUMIDITY (PERCENT)
 HIGHEST    67           100 AM
 LOWEST     13           200 PM
 AVERAGE    40

..........................................................


THE PULLMAN-MOSCOW  AIRPORT CLIMATE NORMALS FOR TODAY
                         NORMAL    RECORD    YEAR
 MAXIMUM TEMPERATURE (F)   84        99      2009
 MINIMUM TEMPERATURE (F)   51        35      1945


SUNRISE AND SUNSET
AUGUST  1 2014........SUNRISE   529 AM PDT   SUNSET   820 PM PDT
AUGUST  2 2014........SUNRISE   530 AM PDT   SUNSET   819 PM PDT


-  INDICATES NEGATIVE NUMBERS.
R  INDICATES RECORD WAS SET OR TIED.
MM INDICATES DATA IS MISSING.
T  INDICATES TRACE AMOUNT.




$$
