000
CDUS46 KOTX 050828
CLIPUW


CLIMATE REPORT
NATIONAL WEATHER SERVICE SPOKANE, WA
1227 AM PST THU MAR 5 2015


...................................

...THE PULLMAN-MOSCOW  AIRPORT CLIMATE SUMMARY FOR MARCH 4 2015...

CLIMATE NORMAL PERIOD 1981 TO 2010
CLIMATE RECORD PERIOD 9999 TO 9999


WEATHER ITEM   OBSERVED TIME   RECORD YEAR NORMAL DEPARTURE LAST
                VALUE   (LST)  VALUE       VALUE  FROM      YEAR
                                                  NORMAL
..................................................................
TEMPERATURE (F)
 YESTERDAY
  MAXIMUM         43    431 PM  64    1968  47     -4       51
  MINIMUM         21    520 AM  -4    1955  30     -9       38
  AVERAGE         32                        38     -6       45

PRECIPITATION (IN)
  YESTERDAY        0.00          0.55 1991   0.06  -0.06     0.01
  MONTH TO DATE    T                         0.23  -0.23     0.24
  SINCE OCT 1     10.60                      8.77   1.83     8.02
  SINCE JAN 1      3.75                      3.57   0.18     4.68

SNOWFALL (IN)
  YESTERDAY       MM

DEGREE DAYS
 HEATING
  YESTERDAY       33                        27      6       20
  MONTH TO DATE  130                       108     22      116
  SINCE MAR 1    130                       108     22      116
  SINCE JUL 1   3961                      4811   -850     4967

 COOLING
  YESTERDAY        0                         0      0        0
  MONTH TO DATE    0                         0      0        0
  SINCE MAR 1      0                         0      0        0
  SINCE JAN 1      0                         0      0        0
..................................................................


WIND (MPH)
  HIGHEST WIND SPEED    15   HIGHEST WIND DIRECTION     E (90)
  HIGHEST GUST SPEED    17   HIGHEST GUST DIRECTION     E (100)
  AVERAGE WIND SPEED     4.9


SKY COVER
  POSSIBLE SUNSHINE  MM
  AVERAGE SKY COVER 0.0


WEATHER CONDITIONS
 THE FOLLOWING WEATHER WAS RECORDED YESTERDAY.
  NO SIGNIFICANT WEATHER WAS OBSERVED.


RELATIVE HUMIDITY (PERCENT)
 HIGHEST    77           200 AM
 LOWEST     22           400 PM
 AVERAGE    50

..........................................................


THE PULLMAN-MOSCOW  AIRPORT CLIMATE NORMALS FOR TODAY
                         NORMAL    RECORD    YEAR
 MAXIMUM TEMPERATURE (F)   47        60      1987
 MINIMUM TEMPERATURE (F)   30        -4      1945


SUNRISE AND SUNSET
MARCH  5 2015.........SUNRISE   621 AM PST   SUNSET   540 PM PST
MARCH  6 2015.........SUNRISE   619 AM PST   SUNSET   541 PM PST


-  INDICATES NEGATIVE NUMBERS.
R  INDICATES RECORD WAS SET OR TIED.
MM INDICATES DATA IS MISSING.
T  INDICATES TRACE AMOUNT.




$$
