000
CDUS46 KOTX 280824
CLIPUW


CLIMATE REPORT
NATIONAL WEATHER SERVICE SPOKANE, WA
124 AM PDT THU AUG 28 2014


...................................

...THE PULLMAN-MOSCOW  AIRPORT CLIMATE SUMMARY FOR AUGUST 27 2014...

CLIMATE NORMAL PERIOD 1981 TO 2010
CLIMATE RECORD PERIOD 9999 TO 9999


WEATHER ITEM   OBSERVED TIME   RECORD YEAR NORMAL DEPARTURE LAST
                VALUE   (LST)  VALUE       VALUE  FROM      YEAR
                                                  NORMAL
..................................................................
TEMPERATURE (F)
 YESTERDAY
  MAXIMUM         88    406 PM  99    1996  80      8       86
  MINIMUM         51    134 AM  35    1942  48      3       46
  AVERAGE         70                        64      6       66

PRECIPITATION (IN)
  YESTERDAY        0.00          0.66 1964   0.02  -0.02     0.00
  MONTH TO DATE    0.50                      0.55  -0.05     0.45
  SINCE OCT 1     14.78                     16.03  -1.25    16.42
  SINCE JAN 1     11.44                     10.83   0.61     8.88

SNOWFALL (IN)
  YESTERDAY       MM            MM      MM  MM     MM       MM
  MONTH TO DATE   MM                        MM     MM       MM
  SINCE JUN 1     MM                        MM     MM       MM
  SINCE JUL 1     MM                        MM     MM       MM
  SNOW DEPTH      MM

DEGREE DAYS
 HEATING
  YESTERDAY        0                         3     -3        0
  MONTH TO DATE    7                        51    -44       15
  SINCE JUN 1    221                       321   -100      229
  SINCE JUL 1     17                       115    -98       39

 COOLING
  YESTERDAY        5                         2      3        1
  MONTH TO DATE  131                        83     48      102
  SINCE JUN 1    321                       178    143      240
  SINCE JAN 1    322                       183    139      252
..................................................................


WIND (MPH)
  HIGHEST WIND SPEED    13   HIGHEST WIND DIRECTION    SW (230)
  HIGHEST GUST SPEED    17   HIGHEST GUST DIRECTION     W (250)
  AVERAGE WIND SPEED     4.0


SKY COVER
  POSSIBLE SUNSHINE  MM
  AVERAGE SKY COVER 0.0


WEATHER CONDITIONS
 THE FOLLOWING WEATHER WAS RECORDED YESTERDAY.
  NO SIGNIFICANT WEATHER WAS OBSERVED.


RELATIVE HUMIDITY (PERCENT)
 HIGHEST    59          1200 AM
 LOWEST     19           100 PM
 AVERAGE    39

..........................................................


THE PULLMAN-MOSCOW  AIRPORT CLIMATE NORMALS FOR TODAY
                         NORMAL    RECORD    YEAR
 MAXIMUM TEMPERATURE (F)   80       100      2009
 MINIMUM TEMPERATURE (F)   47        36      2007


SUNRISE AND SUNSET
AUGUST 28 2014........SUNRISE   603 AM PDT   SUNSET   735 PM PDT
AUGUST 29 2014........SUNRISE   604 AM PDT   SUNSET   733 PM PDT


-  INDICATES NEGATIVE NUMBERS.
R  INDICATES RECORD WAS SET OR TIED.
MM INDICATES DATA IS MISSING.
T  INDICATES TRACE AMOUNT.




$$
