000
CDUS46 KOTX 220822
CLIPUW


CLIMATE REPORT
NATIONAL WEATHER SERVICE SPOKANE, WA
1222 AM PST WED NOV 22 2017


...................................

...THE PULLMAN-MOSCOW  AIRPORT CLIMATE SUMMARY FOR NOVEMBER 21 2017...

CLIMATE NORMAL PERIOD 1981 TO 2010
CLIMATE RECORD PERIOD 9999 TO 9999


WEATHER ITEM   OBSERVED TIME   RECORD YEAR NORMAL DEPARTURE LAST
                VALUE   (LST)  VALUE       VALUE  FROM      YEAR
                                                  NORMAL
..................................................................
TEMPERATURE (F)
 YESTERDAY
  MAXIMUM         50   1049 PM  62    1917  41      9       47
  MINIMUM         35    318 AM   7    2003  30      5       38
  AVERAGE         43                        35      8       43

PRECIPITATION (IN)
  YESTERDAY        0.30                      0.08   0.22      T
  MONTH TO DATE    2.35                      1.61   0.74     1.16
  SINCE OCT 1      4.83                      2.95   1.88     6.17
  SINCE JAN 1     20.44                     14.64   5.80    18.49

SNOWFALL (IN)
  YESTERDAY       MM

DEGREE DAYS
 HEATING
  YESTERDAY       22                        30     -8       22
  MONTH TO DATE  536                       555    -19      342
  SINCE SEP 1   1256                      1328    -72     1010
  SINCE JUL 1   1279                      1461   -182     1112

 COOLING
  YESTERDAY        0                         0      0        0
  MONTH TO DATE    0                         0      0        0
  SINCE SEP 1     83                        23     60        6
  SINCE JAN 1    517                       213    304      203
..................................................................


WIND (MPH)
  HIGHEST WIND SPEED    20   HIGHEST WIND DIRECTION     E (90)
  HIGHEST GUST SPEED    23   HIGHEST GUST DIRECTION     E (100)
  AVERAGE WIND SPEED    13.5


SKY COVER
  POSSIBLE SUNSHINE  MM
  AVERAGE SKY COVER 0.7


WEATHER CONDITIONS
 THE FOLLOWING WEATHER WAS RECORDED YESTERDAY.
  LIGHT RAIN
  FOG


RELATIVE HUMIDITY (PERCENT)
 HIGHEST    96           400 PM
 LOWEST     79          1200 AM
 AVERAGE    88

..........................................................


THE PULLMAN-MOSCOW  AIRPORT CLIMATE NORMALS FOR TODAY
                         NORMAL    RECORD    YEAR
 MAXIMUM TEMPERATURE (F)   40        62      1933
 MINIMUM TEMPERATURE (F)   29         3      2003


SUNRISE AND SUNSET
NOVEMBER 22 2017......SUNRISE   701 AM PST   SUNSET   408 PM PST
NOVEMBER 23 2017......SUNRISE   703 AM PST   SUNSET   407 PM PST


-  INDICATES NEGATIVE NUMBERS.
R  INDICATES RECORD WAS SET OR TIED.
MM INDICATES DATA IS MISSING.
T  INDICATES TRACE AMOUNT.




$$
