000
CDUS46 KOTX 240836
CLIPUW


CLIMATE REPORT
NATIONAL WEATHER SERVICE SPOKANE, WA
1236 AM PST TUE JAN 24 2017


...................................

...THE PULLMAN-MOSCOW  AIRPORT CLIMATE SUMMARY FOR JANUARY 23 2017...

CLIMATE NORMAL PERIOD 1981 TO 2010
CLIMATE RECORD PERIOD 9999 TO 9999


WEATHER ITEM   OBSERVED TIME   RECORD YEAR NORMAL DEPARTURE LAST
                VALUE   (LST)  VALUE       VALUE  FROM      YEAR
                                                  NORMAL
..................................................................
TEMPERATURE (F)
 YESTERDAY
  MAXIMUM         33    121 PM  56    2005  37     -4       43
                                      1981
  MINIMUM         25    701 AM -12    1969  28     -3       36
  AVERAGE         29                        32     -3       40

PRECIPITATION (IN)
  YESTERDAY        T                         0.07  -0.07     0.22
  MONTH TO DATE    1.39                      1.27   0.12     1.97
  SINCE OCT 1      9.80                      6.47   3.33     9.96
  SINCE JAN 1      1.39                      1.27   0.12     1.97

SNOWFALL (IN)
  YESTERDAY       MM

DEGREE DAYS
 HEATING
  YESTERDAY       36                        33      3       25
  MONTH TO DATE 1029                       778    251      752
  SINCE DEC 1   2259                      1858    401     1741
  SINCE JUL 1   3607                      3602      5     3198

 COOLING
  YESTERDAY        0                         0      0        0
  MONTH TO DATE    0                         0      0        0
  SINCE DEC 1      0                         0      0        0
  SINCE JAN 1      0                         0      0        0
..................................................................


WIND (MPH)
  HIGHEST WIND SPEED    13   HIGHEST WIND DIRECTION     E (90)
  HIGHEST GUST SPEED    15   HIGHEST GUST DIRECTION     E (90)
  AVERAGE WIND SPEED     5.9


SKY COVER
  POSSIBLE SUNSHINE  MM
  AVERAGE SKY COVER 0.5


WEATHER CONDITIONS
 THE FOLLOWING WEATHER WAS RECORDED YESTERDAY.
  LIGHT SNOW
  FOG
  FOG W/VISIBILITY <= 1/4 MILE


RELATIVE HUMIDITY (PERCENT)
 HIGHEST   100           300 AM
 LOWEST     85          1100 AM
 AVERAGE    93

..........................................................


THE PULLMAN-MOSCOW  AIRPORT CLIMATE NORMALS FOR TODAY
                         NORMAL    RECORD    YEAR
 MAXIMUM TEMPERATURE (F)   37        53      1953
 MINIMUM TEMPERATURE (F)   28       -22      1949


SUNRISE AND SUNSET
JANUARY 24 2017.......SUNRISE   721 AM PST   SUNSET   441 PM PST
JANUARY 25 2017.......SUNRISE   720 AM PST   SUNSET   442 PM PST


-  INDICATES NEGATIVE NUMBERS.
R  INDICATES RECORD WAS SET OR TIED.
MM INDICATES DATA IS MISSING.
T  INDICATES TRACE AMOUNT.




$$
