000
CDUS46 KOTX 210829
CLIPUW


CLIMATE REPORT
NATIONAL WEATHER SERVICE SPOKANE, WA
1229 AM PST TUE FEB 21 2017


...................................

...THE PULLMAN-MOSCOW  AIRPORT CLIMATE SUMMARY FOR FEBRUARY 20 2017...

CLIMATE NORMAL PERIOD 1981 TO 2010
CLIMATE RECORD PERIOD 9999 TO 9999


WEATHER ITEM   OBSERVED TIME   RECORD YEAR NORMAL DEPARTURE LAST
                VALUE   (LST)  VALUE       VALUE  FROM      YEAR
                                                  NORMAL
..................................................................
TEMPERATURE (F)
 YESTERDAY
  MAXIMUM         50    316 PM  59    1977  43      7       44
  MINIMUM         35    810 AM   7    1986  28      7       32
  AVERAGE         43                        36      7       38

PRECIPITATION (IN)
  YESTERDAY        0.21                      0.04   0.17     0.00
  MONTH TO DATE    2.26                      1.11   1.15     1.17
  SINCE OCT 1     12.17                      8.13   4.04    11.78
  SINCE JAN 1      3.76                      2.93   0.83     3.79

SNOWFALL (IN)
  YESTERDAY       MM

DEGREE DAYS
 HEATING
  YESTERDAY       22                        29     -7       27
  MONTH TO DATE  594                       617    -23      481
  SINCE DEC 1   3148                      2732    416     2439
  SINCE JUL 1   4496                      4476     20     3896

 COOLING
  YESTERDAY        0                         0      0        0
  MONTH TO DATE    0                         0      0        0
  SINCE DEC 1      0                         0      0        0
  SINCE JAN 1      0                         0      0        0
..................................................................


WIND (MPH)
  HIGHEST WIND SPEED    30   HIGHEST WIND DIRECTION     W (260)
  HIGHEST GUST SPEED    40   HIGHEST GUST DIRECTION     W (250)
  AVERAGE WIND SPEED    13.3


SKY COVER
  POSSIBLE SUNSHINE  MM
  AVERAGE SKY COVER 0.7


WEATHER CONDITIONS
 THE FOLLOWING WEATHER WAS RECORDED YESTERDAY.
  LIGHT RAIN
  FOG


RELATIVE HUMIDITY (PERCENT)
 HIGHEST    92           800 AM
 LOWEST     70           500 PM
 AVERAGE    81

..........................................................


THE PULLMAN-MOSCOW  AIRPORT CLIMATE NORMALS FOR TODAY
                         NORMAL    RECORD    YEAR
 MAXIMUM TEMPERATURE (F)   43        62      1995
 MINIMUM TEMPERATURE (F)   28         2      1957


SUNRISE AND SUNSET
FEBRUARY 21 2017......SUNRISE   642 AM PST   SUNSET   523 PM PST
FEBRUARY 22 2017......SUNRISE   640 AM PST   SUNSET   524 PM PST


-  INDICATES NEGATIVE NUMBERS.
R  INDICATES RECORD WAS SET OR TIED.
MM INDICATES DATA IS MISSING.
T  INDICATES TRACE AMOUNT.




$$
