000
CDUS46 KOTX 030822
CLIPUW


CLIMATE REPORT
NATIONAL WEATHER SERVICE SPOKANE, WA
120 AM PDT THU SEP 3 2015


...................................

...THE PULLMAN-MOSCOW  AIRPORT CLIMATE SUMMARY FOR SEPTEMBER 2 2015...

CLIMATE NORMAL PERIOD 1981 TO 2010
CLIMATE RECORD PERIOD 9999 TO 9999


WEATHER ITEM   OBSERVED TIME   RECORD YEAR NORMAL DEPARTURE LAST
                VALUE   (LST)  VALUE       VALUE  FROM      YEAR
                                                  NORMAL
..................................................................
TEMPERATURE (F)
 YESTERDAY
  MAXIMUM         63    145 AM 100    1998  78    -15       77
  MINIMUM         50    949 PM  31    1999  46      4       50
  AVERAGE         57                        62     -5       64

PRECIPITATION (IN)
  YESTERDAY        T             0.37 1943   0.02  -0.02      T
  MONTH TO DATE    T                         0.04  -0.04      T
  SINCE OCT 1     16.78                     16.15   0.63    14.78
  SINCE JAN 1      9.93                     10.95  -1.02    11.44

SNOWFALL (IN)
  YESTERDAY       MM

DEGREE DAYS
 HEATING
  YESTERDAY        8                         4      4        1
  MONTH TO DATE    8                         8      0        7
  SINCE SEP 1      8                         8      0        7
  SINCE JUL 1     65                       141    -76       32

 COOLING
  YESTERDAY        0                         2     -2        0
  MONTH TO DATE    0                         4     -4        0
  SINCE SEP 1      0                         4     -4        0
  SINCE JAN 1    408                       194    214      327
..................................................................


WIND (MPH)
  HIGHEST WIND SPEED    23   HIGHEST WIND DIRECTION    SW (240)
  HIGHEST GUST SPEED    29   HIGHEST GUST DIRECTION    SW (230)
  AVERAGE WIND SPEED     6.9


SKY COVER
  POSSIBLE SUNSHINE  MM
  AVERAGE SKY COVER 0.7


WEATHER CONDITIONS
 THE FOLLOWING WEATHER WAS RECORDED YESTERDAY.
  LIGHT RAIN


RELATIVE HUMIDITY (PERCENT)
 HIGHEST    77          1200 PM
 LOWEST     48          1200 AM
 AVERAGE    63

..........................................................


THE PULLMAN-MOSCOW  AIRPORT CLIMATE NORMALS FOR TODAY
                         NORMAL    RECORD    YEAR
 MAXIMUM TEMPERATURE (F)   78        98      1998
 MINIMUM TEMPERATURE (F)   46        32      1999


SUNRISE AND SUNSET
SEPTEMBER  3 2015.....SUNRISE   611 AM PDT   SUNSET   724 PM PDT
SEPTEMBER  4 2015.....SUNRISE   612 AM PDT   SUNSET   722 PM PDT


-  INDICATES NEGATIVE NUMBERS.
R  INDICATES RECORD WAS SET OR TIED.
MM INDICATES DATA IS MISSING.
T  INDICATES TRACE AMOUNT.




$$
