000
CDUS46 KOTX 160830
CLIPUW


CLIMATE REPORT
NATIONAL WEATHER SERVICE SPOKANE, WA
126 AM PDT WED APR 16 2014


...................................

...THE PULLMAN-MOSCOW  AIRPORT CLIMATE SUMMARY FOR APRIL 15 2014...

CLIMATE NORMAL PERIOD 1981 TO 2010
CLIMATE RECORD PERIOD 9999 TO 9999


WEATHER ITEM   OBSERVED TIME   RECORD YEAR NORMAL DEPARTURE LAST
                VALUE   (LST)  VALUE       VALUE  FROM      YEAR
                                                  NORMAL
..................................................................
TEMPERATURE (F)
 YESTERDAY
  MAXIMUM         55    414 PM  78    1949  56     -1       47
  MINIMUM         39   1159 PM  23    1970  35      4       27
  AVERAGE         47                        46      1       37

PRECIPITATION (IN)
  YESTERDAY        0.02        0.34   2004  0.05  -0.03     0.00
  MONTH TO DATE    0.34                     0.85  -0.51     1.55
  SINCE OCT 1     10.94                    11.44  -0.50    12.40
  SINCE JAN 1      7.60                     6.24   1.36     4.86

SNOWFALL (IN)
  YESTERDAY       MM            MM     MM    MM     MM       MM
  MONTH TO DATE   MM                         MM     MM       MM
  SINCE MAR 1     MM                         MM     MM       MM
  SINCE JUL 1     MM                         MM     MM       MM
  SNOW DEPTH      MM

DEGREE DAYS
 HEATING
  YESTERDAY       18                        19     -1       28
  MONTH TO DATE  275                       308    -33      302
  SINCE MAR 1    989                      1064    -75     1032
  SINCE JUL 1   5840                      5767     73     5458

 COOLING
  YESTERDAY        0                         0      0        0
  MONTH TO DATE    0                         0      0        0
  SINCE MAR 1      0                         0      0        0
  SINCE JAN 1      0                         0      0        0
..................................................................


WIND (MPH)
  HIGHEST WIND SPEED    30   HIGHEST WIND DIRECTION    SW (240)
  HIGHEST GUST SPEED    38   HIGHEST GUST DIRECTION     W (260)
  AVERAGE WIND SPEED    17.3


SKY COVER
  POSSIBLE SUNSHINE  MM
  AVERAGE SKY COVER 0.4


WEATHER CONDITIONS
 THE FOLLOWING WEATHER WAS RECORDED YESTERDAY.
  LIGHT RAIN
  FOG


RELATIVE HUMIDITY (PERCENT)
 HIGHEST    76           800 AM
 LOWEST     26           500 PM
 AVERAGE    51

..........................................................


THE PULLMAN-MOSCOW  AIRPORT CLIMATE NORMALS FOR TODAY
                         NORMAL    RECORD    YEAR
 MAXIMUM TEMPERATURE (F)   56        80      1984
 MINIMUM TEMPERATURE (F)   36        24      1970


SUNRISE AND SUNSET
APRIL 16 2014.........SUNRISE   559 AM PDT   SUNSET   738 PM PDT
APRIL 17 2014.........SUNRISE   557 AM PDT   SUNSET   740 PM PDT


-  INDICATES NEGATIVE NUMBERS.
R  INDICATES RECORD WAS SET OR TIED.
MM INDICATES DATA IS MISSING.
T  INDICATES TRACE AMOUNT.

$$
