000
CDUS46 KOTX 230834
CLIPUW


CLIMATE REPORT
NATIONAL WEATHER SERVICE SPOKANE, WA
134 AM PDT WED JUL 23 2014


...................................

...THE PULLMAN-MOSCOW  AIRPORT CLIMATE SUMMARY FOR JULY 22 2014...

CLIMATE NORMAL PERIOD 1981 TO 2010
CLIMATE RECORD PERIOD 9999 TO 9999


WEATHER ITEM   OBSERVED TIME   RECORD YEAR NORMAL DEPARTURE LAST
                VALUE   (LST)  VALUE       VALUE  FROM      YEAR
                                                  NORMAL
..................................................................
TEMPERATURE (F)
 YESTERDAY
  MAXIMUM         82    335 PM 100    2006  84     -2       90
                                      1994
  MINIMUM         59    610 AM  37    1984  50      9       48
  AVERAGE         71                        67      4       69

PRECIPITATION (IN)
  YESTERDAY        0.21          0.43 1997   0.01   0.20     0.00
  MONTH TO DATE    0.22                      0.51  -0.29     0.12
  SINCE OCT 1     14.17                     15.30  -1.13    15.97
  SINCE JAN 1     10.83                     10.10   0.73     8.43

SNOWFALL (IN)
  YESTERDAY       MM            MM      MM  MM     MM       MM
  MONTH TO DATE   MM                        MM     MM       MM
  SINCE JUN 1     MM                        MM     MM       MM
  SINCE JUL 1     MM                        MM     MM       MM
  SNOW DEPTH      MM

DEGREE DAYS
 HEATING
  YESTERDAY        0                         1     -1        0
  MONTH TO DATE    0                        53    -53       21
  SINCE JUN 1    204                       259    -55      211
  SINCE JUL 1      0                        53    -53       21

 COOLING
  YESTERDAY        6                         3      3        4
  MONTH TO DATE  133                        49     84       75
  SINCE JUN 1    134                        62     72      108
  SINCE JAN 1    135                        67     68      120
..................................................................


WIND (MPH)
  HIGHEST WIND SPEED    18   HIGHEST WIND DIRECTION     E (90)
  HIGHEST GUST SPEED    23   HIGHEST GUST DIRECTION     E (90)
  AVERAGE WIND SPEED     5.3


SKY COVER
  POSSIBLE SUNSHINE  MM
  AVERAGE SKY COVER 0.6


WEATHER CONDITIONS
 THE FOLLOWING WEATHER WAS RECORDED YESTERDAY.
  THUNDERSTORM
  LIGHT RAIN
  FOG


RELATIVE HUMIDITY (PERCENT)
 HIGHEST    87           900 PM
 LOWEST     34           300 PM
 AVERAGE    61

..........................................................


THE PULLMAN-MOSCOW  AIRPORT CLIMATE NORMALS FOR TODAY
                         NORMAL    RECORD    YEAR
 MAXIMUM TEMPERATURE (F)   84       102      1959
 MINIMUM TEMPERATURE (F)   51        35      1963


SUNRISE AND SUNSET
JULY 23 2014..........SUNRISE   518 AM PDT   SUNSET   831 PM PDT
JULY 24 2014..........SUNRISE   519 AM PDT   SUNSET   830 PM PDT


-  INDICATES NEGATIVE NUMBERS.
R  INDICATES RECORD WAS SET OR TIED.
MM INDICATES DATA IS MISSING.
T  INDICATES TRACE AMOUNT.




$$
