000
CDUS46 KOTX 270829
CLIPUW


CLIMATE REPORT
NATIONAL WEATHER SERVICE SPOKANE, WA
130 AM PDT FRI MAR 27 2015


...................................

...THE PULLMAN-MOSCOW  AIRPORT CLIMATE SUMMARY FOR MARCH 26 2015...

CLIMATE NORMAL PERIOD 1981 TO 2010
CLIMATE RECORD PERIOD 9999 TO 9999


WEATHER ITEM   OBSERVED TIME   RECORD YEAR NORMAL DEPARTURE LAST
                VALUE   (LST)  VALUE       VALUE  FROM      YEAR
                                                  NORMAL
..................................................................
TEMPERATURE (F)
 YESTERDAY
  MAXIMUM         64    452 PM  65    1946  51     13       52
  MINIMUM         42    507 AM  18    1955  34      8       38
  AVERAGE         53                        42     11       45

PRECIPITATION (IN)
  YESTERDAY        0.00          1.03 1981   0.06  -0.06     0.25
  MONTH TO DATE    2.13                      1.72   0.41     2.33
  SINCE OCT 1     12.73                     10.26   2.47    10.11
  SINCE JAN 1      5.88                      5.06   0.82     6.77

DEGREE DAYS
 HEATING
  YESTERDAY       12                        23    -11       20
  MONTH TO DATE  524                       646   -122      605
  SINCE MAR 1    524                       646   -122      605
  SINCE JUL 1   4355                      5349   -994     5456

 COOLING
  YESTERDAY        0                         0      0        0
  MONTH TO DATE    0                         0      0        0
  SINCE MAR 1      0                         0      0        0
  SINCE JAN 1      0                         0      0        0
..................................................................


WIND (MPH)
  HIGHEST WIND SPEED    14   HIGHEST WIND DIRECTION     E (100)
  HIGHEST GUST SPEED    17   HIGHEST GUST DIRECTION    SE (150)
  AVERAGE WIND SPEED     7.3


SKY COVER
  POSSIBLE SUNSHINE  MM
  AVERAGE SKY COVER 0.3


WEATHER CONDITIONS
 THE FOLLOWING WEATHER WAS RECORDED YESTERDAY.
  NO SIGNIFICANT WEATHER WAS OBSERVED.


RELATIVE HUMIDITY (PERCENT)
 HIGHEST    96          1200 AM
 LOWEST     48           400 PM
 AVERAGE    72

..........................................................


THE PULLMAN-MOSCOW  AIRPORT CLIMATE NORMALS FOR TODAY
                         NORMAL    RECORD    YEAR
 MAXIMUM TEMPERATURE (F)   52        65      1952
 MINIMUM TEMPERATURE (F)   34         9      1944


SUNRISE AND SUNSET
MARCH 27 2015.........SUNRISE   638 AM PDT   SUNSET   711 PM PDT
MARCH 28 2015.........SUNRISE   636 AM PDT   SUNSET   712 PM PDT


-  INDICATES NEGATIVE NUMBERS.
R  INDICATES RECORD WAS SET OR TIED.
MM INDICATES DATA IS MISSING.
T  INDICATES TRACE AMOUNT.




$$
